[INFO] cloning repository https://github.com/DevYatsu/pkl_fast
[INFO] running `Command { std: "git" "-c" "credential.helper=" "-c" "credential.helper=/workspace/cargo-home/bin/git-credential-null" "clone" "--bare" "https://github.com/DevYatsu/pkl_fast" "/workspace/cache/git-repos/https%3A%2F%2Fgithub.com%2FDevYatsu%2Fpkl_fast", kill_on_drop: false }`
[INFO] [stderr] Cloning into bare repository '/workspace/cache/git-repos/https%3A%2F%2Fgithub.com%2FDevYatsu%2Fpkl_fast'...
[INFO] running `Command { std: "git" "rev-parse" "HEAD", kill_on_drop: false }`
[INFO] [stdout] 4f22584cc4ecc09a90c48190a41feff928286ad7
[INFO] checking DevYatsu/pkl_fast against 3154cc1a3e6424e44f438a95007d043ed5ceaaf6 for pr-133502-30
[INFO] running `Command { std: "git" "clone" "/workspace/cache/git-repos/https%3A%2F%2Fgithub.com%2FDevYatsu%2Fpkl_fast" "/workspace/builds/worker-1-tc2/source", kill_on_drop: false }`
[INFO] [stderr] Cloning into '/workspace/builds/worker-1-tc2/source'...
[INFO] [stderr] done.
[INFO] started tweaking git repo https://github.com/DevYatsu/pkl_fast
[INFO] finished tweaking git repo https://github.com/DevYatsu/pkl_fast
[INFO] tweaked toml for git repo https://github.com/DevYatsu/pkl_fast written to /workspace/builds/worker-1-tc2/source/Cargo.toml
[INFO] validating manifest of git repo https://github.com/DevYatsu/pkl_fast on toolchain 3154cc1a3e6424e44f438a95007d043ed5ceaaf6
[INFO] running `Command { std: CARGO_HOME="/workspace/cargo-home" RUSTUP_HOME="/workspace/rustup-home" "/workspace/cargo-home/bin/cargo" "+3154cc1a3e6424e44f438a95007d043ed5ceaaf6" "metadata" "--manifest-path" "Cargo.toml" "--no-deps", kill_on_drop: false }`
[INFO] crate git repo https://github.com/DevYatsu/pkl_fast already has a lockfile, it will not be regenerated
[INFO] running `Command { std: CARGO_HOME="/workspace/cargo-home" RUSTUP_HOME="/workspace/rustup-home" "/workspace/cargo-home/bin/cargo" "+3154cc1a3e6424e44f438a95007d043ed5ceaaf6" "fetch" "--manifest-path" "Cargo.toml", kill_on_drop: false }`
[INFO] running `Command { std: "docker" "create" "-v" "/var/lib/crater-agent-workspace/builds/worker-1-tc2/source:/opt/rustwide/workdir:ro,Z" "-v" "/var/lib/crater-agent-workspace/builds/worker-1-tc2/target:/opt/rustwide/target:rw,Z" "-v" "/var/lib/crater-agent-workspace/cargo-home:/opt/rustwide/cargo-home:ro,Z" "-v" "/var/lib/crater-agent-workspace/rustup-home:/opt/rustwide/rustup-home:ro,Z" "-m" "1610612736" "--network" "none" "ghcr.io/rust-lang/crates-build-env/linux@sha256:77db811e55d90add9212f6832c23229e3de5f1c1f9905e8cb07319ea15df73ac" "sleep" "infinity", kill_on_drop: false }`
[INFO] [stdout] 755039cf724ce31990816d1bcd5d2dbf1be310d381c488608d804821c98f82f8
[INFO] running `Command { std: "docker" "start" "755039cf724ce31990816d1bcd5d2dbf1be310d381c488608d804821c98f82f8", kill_on_drop: false }`
[INFO] running `Command { std: "docker" "inspect" "755039cf724ce31990816d1bcd5d2dbf1be310d381c488608d804821c98f82f8", kill_on_drop: false }`
[INFO] running `Command { std: "docker" "exec" "-e" "SOURCE_DIR=/opt/rustwide/workdir" "-e" "CARGO_HOME=/opt/rustwide/cargo-home" "-e" "RUSTUP_HOME=/opt/rustwide/rustup-home" "-e" "CARGO_TARGET_DIR=/opt/rustwide/target" "-w" "/opt/rustwide/workdir" "--user" "0:0" "755039cf724ce31990816d1bcd5d2dbf1be310d381c488608d804821c98f82f8" "/opt/rustwide/cargo-home/bin/cargo" "+3154cc1a3e6424e44f438a95007d043ed5ceaaf6" "metadata" "--no-deps" "--format-version=1", kill_on_drop: false }`
[INFO] running `Command { std: "docker" "inspect" "755039cf724ce31990816d1bcd5d2dbf1be310d381c488608d804821c98f82f8", kill_on_drop: false }`
[INFO] running `Command { std: "docker" "exec" "-e" "SOURCE_DIR=/opt/rustwide/workdir" "-e" "CARGO_HOME=/opt/rustwide/cargo-home" "-e" "RUSTUP_HOME=/opt/rustwide/rustup-home" "-e" "CARGO_TARGET_DIR=/opt/rustwide/target" "-e" "CARGO_INCREMENTAL=0" "-e" "RUST_BACKTRACE=full" "-e" "RUSTFLAGS=--cap-lints=forbid" "-e" "RUSTDOCFLAGS=--cap-lints=forbid" "-w" "/opt/rustwide/workdir" "--user" "0:0" "755039cf724ce31990816d1bcd5d2dbf1be310d381c488608d804821c98f82f8" "/opt/rustwide/cargo-home/bin/cargo" "+3154cc1a3e6424e44f438a95007d043ed5ceaaf6" "check" "--frozen" "--all" "--all-targets" "--message-format=json", kill_on_drop: false }`
[INFO] [stderr]    Compiling proc-macro2 v1.0.106
[INFO] [stderr]    Compiling serde_core v1.0.228
[INFO] [stderr]    Compiling serde v1.0.228
[INFO] [stderr]    Compiling rustix v0.38.44
[INFO] [stderr]    Compiling quote v1.0.46
[INFO] [stderr]    Compiling num-traits v0.2.19
[INFO] [stderr]     Checking errno v0.3.14
[INFO] [stderr]     Checking bitflags v2.13.0
[INFO] [stderr]     Checking linux-raw-sys v0.4.15
[INFO] [stderr]     Checking signal-hook-registry v1.4.8
[INFO] [stderr]     Checking getrandom v0.4.3
[INFO] [stderr]     Checking mio v1.2.2
[INFO] [stderr]     Checking either v1.16.0
[INFO] [stderr]     Checking home v0.5.12
[INFO] [stderr]     Checking uuid v1.23.5
[INFO] [stderr]     Checking unicode-ident v1.0.24
[INFO] [stderr]     Checking pkl_codegen v0.2.0 (/opt/rustwide/workdir/crates/pkl_codegen)
[INFO] [stderr]    Compiling syn v2.0.119
[INFO] [stderr]     Checking rmp v0.8.15
[INFO] [stderr]     Checking which v6.0.3
[INFO] [stderr]     Checking serde_bytes v0.11.19
[INFO] [stderr]     Checking serde_json v1.0.150
[INFO] [stderr]     Checking pkl_macros v0.2.0 (/opt/rustwide/workdir/crates/pkl_macros)
[INFO] [stderr]    Compiling serde_derive v1.0.228
[INFO] [stderr]    Compiling thiserror-impl v2.0.18
[INFO] [stderr]    Compiling tokio-macros v2.7.0
[INFO] [stderr]    Compiling async-trait v0.1.89
[INFO] [stderr]    Compiling clap_derive v4.6.1
[INFO] [stderr]     Checking tokio v1.52.3
[INFO] [stderr]     Checking thiserror v2.0.18
[INFO] [stderr]     Checking clap v4.6.1
[INFO] [stderr]     Checking rmpv v1.3.1
[INFO] [stderr]     Checking rmp-serde v1.3.1
[INFO] [stderr]     Checking pkl_core v0.2.0 (/opt/rustwide/workdir/crates/pkl_core)
[INFO] [stdout] error[E0425]: cannot find value `m` in this scope
[INFO] [stdout]   --> crates/pkl_core/src/serdes.rs:35:47
[INFO] [stdout]    |
[INFO] [stdout] 35 |                 visitor.visit_map(&mut ObjMap(m, 0))
[INFO] [stdout]    |                                               ^ not found in this scope
[INFO] [stdout]    |
[INFO] [stdout] note: `_m` defined here
[INFO] [stdout]   --> crates/pkl_core/src/serdes.rs:19:27
[INFO] [stdout]    |
[INFO] [stdout] 19 |             Value::Object(_m) => {
[INFO] [stdout]    |                           ^^
[INFO] [stdout] help: the leading underscore in `_m` marks it as unused, consider renaming it to `m`
[INFO] [stdout]    |
[INFO] [stdout] 19 -             Value::Object(_m) => {
[INFO] [stdout] 19 +             Value::Object(m) => {
[INFO] [stdout]    |
[INFO] [stdout] 
[INFO] [stdout] 
[INFO] [stdout] warning: unused import: `Error`
[INFO] [stdout]  --> crates/pkl_core/src/serdes.rs:4:37
[INFO] [stdout]   |
[INFO] [stdout] 4 | use serde::de::{self, Deserializer, Error, Visitor};
[INFO] [stdout]   |                                     ^^^^^
[INFO] [stdout]   |
[INFO] [stdout]   = note: `#[warn(unused_imports)]` (part of `#[warn(unused)]`) on by default
[INFO] [stdout] 
[INFO] [stdout] 
[INFO] [stdout] error[E0425]: cannot find value `m` in this scope
[INFO] [stdout]   --> crates/pkl_core/src/serdes.rs:35:47
[INFO] [stdout]    |
[INFO] [stdout] 35 |                 visitor.visit_map(&mut ObjMap(m, 0))
[INFO] [stdout]    |                                               ^ not found in this scope
[INFO] [stdout]    |
[INFO] [stdout] note: `_m` defined here
[INFO] [stdout]   --> crates/pkl_core/src/serdes.rs:19:27
[INFO] [stdout]    |
[INFO] [stdout] 19 |             Value::Object(_m) => {
[INFO] [stdout]    |                           ^^
[INFO] [stdout] help: the leading underscore in `_m` marks it as unused, consider renaming it to `m`
[INFO] [stdout]    |
[INFO] [stdout] 19 -             Value::Object(_m) => {
[INFO] [stdout] 19 +             Value::Object(m) => {
[INFO] [stdout]    |
[INFO] [stdout] 
[INFO] [stdout] 
[INFO] [stdout] warning: unused import: `Error`
[INFO] [stdout]  --> crates/pkl_core/src/serdes.rs:4:37
[INFO] [stdout]   |
[INFO] [stdout] 4 | use serde::de::{self, Deserializer, Error, Visitor};
[INFO] [stdout]   |                                     ^^^^^
[INFO] [stdout]   |
[INFO] [stdout]   = note: `#[warn(unused_imports)]` (part of `#[warn(unused)]`) on by default
[INFO] [stdout] 
[INFO] [stdout] 
[INFO] [stdout] error[E0425]: cannot find function, tuple struct or tuple variant `PklValSeq` in this scope
[INFO] [stdout]   --> crates/pkl_core/src/serdes.rs:38:35
[INFO] [stdout]    |
[INFO] [stdout] 38 |                 visitor.visit_seq(PklValSeq(items.iter().collect()))
[INFO] [stdout]    |                                   ^^^^^^^^^ not found in this scope
[INFO] [stdout] 
[INFO] [stdout] 
[INFO] [stdout] error[E0425]: cannot find function, tuple struct or tuple variant `PklValSeq` in this scope
[INFO] [stdout]   --> crates/pkl_core/src/serdes.rs:41:35
[INFO] [stdout]    |
[INFO] [stdout] 41 |                 visitor.visit_seq(PklValSeq(vec![&p.0, &p.1]))
[INFO] [stdout]    |                                   ^^^^^^^^^ not found in this scope
[INFO] [stdout] 
[INFO] [stdout] 
[INFO] [stdout] error[E0425]: cannot find function, tuple struct or tuple variant `PklValSeq` in this scope
[INFO] [stdout]   --> crates/pkl_core/src/serdes.rs:46:35
[INFO] [stdout]    |
[INFO] [stdout] 46 |                 visitor.visit_seq(PklValSeq(refs))
[INFO] [stdout]    |                                   ^^^^^^^^^ not found in this scope
[INFO] [stdout] 
[INFO] [stdout] 
[INFO] [stdout] error[E0425]: cannot find function, tuple struct or tuple variant `PklValSeq` in this scope
[INFO] [stdout]   --> crates/pkl_core/src/serdes.rs:51:35
[INFO] [stdout]    |
[INFO] [stdout] 51 |                 visitor.visit_seq(PklValSeq(refs))
[INFO] [stdout]    |                                   ^^^^^^^^^ not found in this scope
[INFO] [stdout] 
[INFO] [stdout] 
[INFO] [stdout] error[E0425]: cannot find function, tuple struct or tuple variant `PklValSeq` in this scope
[INFO] [stdout]   --> crates/pkl_core/src/serdes.rs:73:35
[INFO] [stdout]    |
[INFO] [stdout] 73 |                 visitor.visit_seq(PklValSeq(refs))
[INFO] [stdout]    |                                   ^^^^^^^^^ not found in this scope
[INFO] [stdout] 
[INFO] [stdout] 
[INFO] [stdout] error[E0277]: the trait bound `&value::Value: IntoDeserializer<'de, _>` is not satisfied
[INFO] [stdout]     --> crates/pkl_core/src/serdes.rs:83:35
[INFO] [stdout]      |
[INFO] [stdout]   83 |                 visitor.visit_seq(de::value::SeqDeserializer::new(items.into_iter()))
[INFO] [stdout]      |                         --------- ^^^^^^^^^^^^^^^^^^^^^^^^^^^^^^^^^^^^^^^^^^^^^^^^^^ the trait `IntoDeserializer<'de, _>` is not implemented for `&value::Value`
[INFO] [stdout]      |                         |
[INFO] [stdout]      |                         required by a bound introduced by this call
[INFO] [stdout]      |
[INFO] [stdout]      = help: the following other types implement trait `IntoDeserializer<'de, E>`:
[INFO] [stdout]                `&'a [u8]` implements `IntoDeserializer<'de, E>`
[INFO] [stdout]                `&'a str` implements `IntoDeserializer<'de, E>`
[INFO] [stdout]                `&'de serde_json::Map<std::string::String, serde_json::Value>` implements `IntoDeserializer<'de, serde_json::Error>`
[INFO] [stdout]                `&'de serde_json::Value` implements `IntoDeserializer<'de, serde_json::Error>`
[INFO] [stdout]                `()` implements `IntoDeserializer<'de, E>`
[INFO] [stdout]                `BTreeMap<K, V>` implements `IntoDeserializer<'de, E>`
[INFO] [stdout]                `BTreeSet<T>` implements `IntoDeserializer<'de, E>`
[INFO] [stdout]                `BoolDeserializer<E>` implements `IntoDeserializer<'de, E>`
[INFO] [stdout]              and 50 others
[INFO] [stdout]      = note: required for `SeqDeserializer<std::vec::IntoIter<&value::Value>, _>` to implement `SeqAccess<'de>`
[INFO] [stdout] note: required by a bound in `visit_seq`
[INFO] [stdout]     --> /opt/rustwide/cargo-home/registry/src/index.crates.io-1949cf8c6b5b557f/serde_core-1.0.228/src/de/mod.rs:1684:12
[INFO] [stdout]      |
[INFO] [stdout] 1317 | pub trait Visitor<'de>: Sized {
[INFO] [stdout] ...
[INFO] [stdout] 1682 |     fn visit_seq<A>(self, seq: A) -> Result<Self::Value, A::Error>
[INFO] [stdout] 1683 |     where
[INFO] [stdout] 1684 |         A: SeqAccess<'de>,
[INFO] [stdout]      |            ^^^^^^^^^^^^^^ required by this bound in `Visitor::visit_seq`
[INFO] [stdout] 
[INFO] [stdout] 
[INFO] [stdout] error[E0277]: the trait bound `&value::Value: IntoDeserializer<'de, _>` is not satisfied
[INFO] [stdout]     --> crates/pkl_core/src/serdes.rs:88:35
[INFO] [stdout]      |
[INFO] [stdout]   88 |                 visitor.visit_seq(de::value::SeqDeserializer::new(refs.into_iter()))
[INFO] [stdout]      |                         --------- ^^^^^^^^^^^^^^^^^^^^^^^^^^^^^^^^^^^^^^^^^^^^^^^^^ the trait `IntoDeserializer<'de, _>` is not implemented for `&value::Value`
[INFO] [stdout]      |                         |
[INFO] [stdout]      |                         required by a bound introduced by this call
[INFO] [stdout]      |
[INFO] [stdout]      = help: the following other types implement trait `IntoDeserializer<'de, E>`:
[INFO] [stdout]                `&'a [u8]` implements `IntoDeserializer<'de, E>`
[INFO] [stdout]                `&'a str` implements `IntoDeserializer<'de, E>`
[INFO] [stdout]                `&'de serde_json::Map<std::string::String, serde_json::Value>` implements `IntoDeserializer<'de, serde_json::Error>`
[INFO] [stdout]                `&'de serde_json::Value` implements `IntoDeserializer<'de, serde_json::Error>`
[INFO] [stdout]                `()` implements `IntoDeserializer<'de, E>`
[INFO] [stdout]                `BTreeMap<K, V>` implements `IntoDeserializer<'de, E>`
[INFO] [stdout]                `BTreeSet<T>` implements `IntoDeserializer<'de, E>`
[INFO] [stdout]                `BoolDeserializer<E>` implements `IntoDeserializer<'de, E>`
[INFO] [stdout]              and 50 others
[INFO] [stdout]      = note: required for `SeqDeserializer<std::vec::IntoIter<&value::Value>, _>` to implement `SeqAccess<'de>`
[INFO] [stdout] note: required by a bound in `visit_seq`
[INFO] [stdout]     --> /opt/rustwide/cargo-home/registry/src/index.crates.io-1949cf8c6b5b557f/serde_core-1.0.228/src/de/mod.rs:1684:12
[INFO] [stdout]      |
[INFO] [stdout] 1317 | pub trait Visitor<'de>: Sized {
[INFO] [stdout] ...
[INFO] [stdout] 1682 |     fn visit_seq<A>(self, seq: A) -> Result<Self::Value, A::Error>
[INFO] [stdout] 1683 |     where
[INFO] [stdout] 1684 |         A: SeqAccess<'de>,
[INFO] [stdout]      |            ^^^^^^^^^^^^^^ required by this bound in `Visitor::visit_seq`
[INFO] [stdout] 
[INFO] [stdout] 
[INFO] [stdout] error[E0277]: the trait bound `&value::Value: IntoDeserializer<'de, _>` is not satisfied
[INFO] [stdout]     --> crates/pkl_core/src/serdes.rs:94:35
[INFO] [stdout]      |
[INFO] [stdout]   94 |                 visitor.visit_seq(de::value::SeqDeserializer::new(refs.into_iter()))
[INFO] [stdout]      |                         --------- ^^^^^^^^^^^^^^^^^^^^^^^^^^^^^^^^^^^^^^^^^^^^^^^^^ the trait `IntoDeserializer<'de, _>` is not implemented for `&value::Value`
[INFO] [stdout]      |                         |
[INFO] [stdout]      |                         required by a bound introduced by this call
[INFO] [stdout]      |
[INFO] [stdout]      = help: the following other types implement trait `IntoDeserializer<'de, E>`:
[INFO] [stdout]                `&'a [u8]` implements `IntoDeserializer<'de, E>`
[INFO] [stdout]                `&'a str` implements `IntoDeserializer<'de, E>`
[INFO] [stdout]                `&'de serde_json::Map<std::string::String, serde_json::Value>` implements `IntoDeserializer<'de, serde_json::Error>`
[INFO] [stdout]                `&'de serde_json::Value` implements `IntoDeserializer<'de, serde_json::Error>`
[INFO] [stdout]                `()` implements `IntoDeserializer<'de, E>`
[INFO] [stdout]                `BTreeMap<K, V>` implements `IntoDeserializer<'de, E>`
[INFO] [stdout]                `BTreeSet<T>` implements `IntoDeserializer<'de, E>`
[INFO] [stdout]                `BoolDeserializer<E>` implements `IntoDeserializer<'de, E>`
[INFO] [stdout]              and 50 others
[INFO] [stdout]      = note: required for `SeqDeserializer<std::vec::IntoIter<&value::Value>, _>` to implement `SeqAccess<'de>`
[INFO] [stdout] note: required by a bound in `visit_seq`
[INFO] [stdout]     --> /opt/rustwide/cargo-home/registry/src/index.crates.io-1949cf8c6b5b557f/serde_core-1.0.228/src/de/mod.rs:1684:12
[INFO] [stdout]      |
[INFO] [stdout] 1317 | pub trait Visitor<'de>: Sized {
[INFO] [stdout] ...
[INFO] [stdout] 1682 |     fn visit_seq<A>(self, seq: A) -> Result<Self::Value, A::Error>
[INFO] [stdout] 1683 |     where
[INFO] [stdout] 1684 |         A: SeqAccess<'de>,
[INFO] [stdout]      |            ^^^^^^^^^^^^^^ required by this bound in `Visitor::visit_seq`
[INFO] [stdout] 
[INFO] [stdout] 
[INFO] [stdout] error[E0425]: cannot find function, tuple struct or tuple variant `PklValSeq` in this scope
[INFO] [stdout]   --> crates/pkl_core/src/serdes.rs:38:35
[INFO] [stdout]    |
[INFO] [stdout] 38 |                 visitor.visit_seq(PklValSeq(items.iter().collect()))
[INFO] [stdout]    |                                   ^^^^^^^^^ not found in this scope
[INFO] [stdout] 
[INFO] [stdout] 
[INFO] [stdout] error[E0425]: cannot find function, tuple struct or tuple variant `PklValSeq` in this scope
[INFO] [stdout]   --> crates/pkl_core/src/serdes.rs:41:35
[INFO] [stdout]    |
[INFO] [stdout] 41 |                 visitor.visit_seq(PklValSeq(vec![&p.0, &p.1]))
[INFO] [stdout]    |                                   ^^^^^^^^^ not found in this scope
[INFO] [stdout] 
[INFO] [stdout] 
[INFO] [stdout] error[E0425]: cannot find function, tuple struct or tuple variant `PklValSeq` in this scope
[INFO] [stdout]   --> crates/pkl_core/src/serdes.rs:46:35
[INFO] [stdout]    |
[INFO] [stdout] 46 |                 visitor.visit_seq(PklValSeq(refs))
[INFO] [stdout]    |                                   ^^^^^^^^^ not found in this scope
[INFO] [stdout] 
[INFO] [stdout] 
[INFO] [stdout] error[E0425]: cannot find function, tuple struct or tuple variant `PklValSeq` in this scope
[INFO] [stdout]   --> crates/pkl_core/src/serdes.rs:51:35
[INFO] [stdout]    |
[INFO] [stdout] 51 |                 visitor.visit_seq(PklValSeq(refs))
[INFO] [stdout]    |                                   ^^^^^^^^^ not found in this scope
[INFO] [stdout] 
[INFO] [stdout] 
[INFO] [stdout] error[E0425]: cannot find function, tuple struct or tuple variant `PklValSeq` in this scope
[INFO] [stdout]   --> crates/pkl_core/src/serdes.rs:73:35
[INFO] [stdout]    |
[INFO] [stdout] 73 |                 visitor.visit_seq(PklValSeq(refs))
[INFO] [stdout]    |                                   ^^^^^^^^^ not found in this scope
[INFO] [stdout] 
[INFO] [stdout] 
[INFO] [stdout] error[E0277]: the trait bound `&value::Value: IntoDeserializer<'de, _>` is not satisfied
[INFO] [stdout]     --> crates/pkl_core/src/serdes.rs:83:35
[INFO] [stdout]      |
[INFO] [stdout]   83 |                 visitor.visit_seq(de::value::SeqDeserializer::new(items.into_iter()))
[INFO] [stdout]      |                         --------- ^^^^^^^^^^^^^^^^^^^^^^^^^^^^^^^^^^^^^^^^^^^^^^^^^^ the trait `IntoDeserializer<'de, _>` is not implemented for `&value::Value`
[INFO] [stdout]      |                         |
[INFO] [stdout]      |                         required by a bound introduced by this call
[INFO] [stdout]      |
[INFO] [stdout]      = help: the following other types implement trait `IntoDeserializer<'de, E>`:
[INFO] [stdout]                `&'a [u8]` implements `IntoDeserializer<'de, E>`
[INFO] [stdout]                `&'a str` implements `IntoDeserializer<'de, E>`
[INFO] [stdout]                `&'de serde_json::Map<std::string::String, serde_json::Value>` implements `IntoDeserializer<'de, serde_json::Error>`
[INFO] [stdout]                `&'de serde_json::Value` implements `IntoDeserializer<'de, serde_json::Error>`
[INFO] [stdout]                `()` implements `IntoDeserializer<'de, E>`
[INFO] [stdout]                `BTreeMap<K, V>` implements `IntoDeserializer<'de, E>`
[INFO] [stdout]                `BTreeSet<T>` implements `IntoDeserializer<'de, E>`
[INFO] [stdout]                `BoolDeserializer<E>` implements `IntoDeserializer<'de, E>`
[INFO] [stdout]              and 50 others
[INFO] [stdout]      = note: required for `SeqDeserializer<std::vec::IntoIter<&value::Value>, _>` to implement `SeqAccess<'de>`
[INFO] [stdout] note: required by a bound in `visit_seq`
[INFO] [stdout]     --> /opt/rustwide/cargo-home/registry/src/index.crates.io-1949cf8c6b5b557f/serde_core-1.0.228/src/de/mod.rs:1684:12
[INFO] [stdout]      |
[INFO] [stdout] 1317 | pub trait Visitor<'de>: Sized {
[INFO] [stdout] ...
[INFO] [stdout] 1682 |     fn visit_seq<A>(self, seq: A) -> Result<Self::Value, A::Error>
[INFO] [stdout] 1683 |     where
[INFO] [stdout] 1684 |         A: SeqAccess<'de>,
[INFO] [stdout]      |            ^^^^^^^^^^^^^^ required by this bound in `Visitor::visit_seq`
[INFO] [stdout] 
[INFO] [stdout] 
[INFO] [stdout] error[E0277]: the trait bound `&value::Value: IntoDeserializer<'de, _>` is not satisfied
[INFO] [stdout]     --> crates/pkl_core/src/serdes.rs:88:35
[INFO] [stdout]      |
[INFO] [stdout]   88 |                 visitor.visit_seq(de::value::SeqDeserializer::new(refs.into_iter()))
[INFO] [stdout]      |                         --------- ^^^^^^^^^^^^^^^^^^^^^^^^^^^^^^^^^^^^^^^^^^^^^^^^^ the trait `IntoDeserializer<'de, _>` is not implemented for `&value::Value`
[INFO] [stdout]      |                         |
[INFO] [stdout]      |                         required by a bound introduced by this call
[INFO] [stdout]      |
[INFO] [stdout]      = help: the following other types implement trait `IntoDeserializer<'de, E>`:
[INFO] [stdout]                `&'a [u8]` implements `IntoDeserializer<'de, E>`
[INFO] [stdout]                `&'a str` implements `IntoDeserializer<'de, E>`
[INFO] [stdout]                `&'de serde_json::Map<std::string::String, serde_json::Value>` implements `IntoDeserializer<'de, serde_json::Error>`
[INFO] [stdout]                `&'de serde_json::Value` implements `IntoDeserializer<'de, serde_json::Error>`
[INFO] [stdout]                `()` implements `IntoDeserializer<'de, E>`
[INFO] [stdout]                `BTreeMap<K, V>` implements `IntoDeserializer<'de, E>`
[INFO] [stdout]                `BTreeSet<T>` implements `IntoDeserializer<'de, E>`
[INFO] [stdout]                `BoolDeserializer<E>` implements `IntoDeserializer<'de, E>`
[INFO] [stdout]              and 50 others
[INFO] [stdout]      = note: required for `SeqDeserializer<std::vec::IntoIter<&value::Value>, _>` to implement `SeqAccess<'de>`
[INFO] [stdout] note: required by a bound in `visit_seq`
[INFO] [stdout]     --> /opt/rustwide/cargo-home/registry/src/index.crates.io-1949cf8c6b5b557f/serde_core-1.0.228/src/de/mod.rs:1684:12
[INFO] [stdout]      |
[INFO] [stdout] 1317 | pub trait Visitor<'de>: Sized {
[INFO] [stdout] ...
[INFO] [stdout] 1682 |     fn visit_seq<A>(self, seq: A) -> Result<Self::Value, A::Error>
[INFO] [stdout] 1683 |     where
[INFO] [stdout] 1684 |         A: SeqAccess<'de>,
[INFO] [stdout]      |            ^^^^^^^^^^^^^^ required by this bound in `Visitor::visit_seq`
[INFO] [stdout] 
[INFO] [stdout] 
[INFO] [stdout] error[E0277]: the trait bound `&value::Value: IntoDeserializer<'de, _>` is not satisfied
[INFO] [stdout]     --> crates/pkl_core/src/serdes.rs:94:35
[INFO] [stdout]      |
[INFO] [stdout]   94 |                 visitor.visit_seq(de::value::SeqDeserializer::new(refs.into_iter()))
[INFO] [stdout]      |                         --------- ^^^^^^^^^^^^^^^^^^^^^^^^^^^^^^^^^^^^^^^^^^^^^^^^^ the trait `IntoDeserializer<'de, _>` is not implemented for `&value::Value`
[INFO] [stdout]      |                         |
[INFO] [stdout]      |                         required by a bound introduced by this call
[INFO] [stdout]      |
[INFO] [stdout]      = help: the following other types implement trait `IntoDeserializer<'de, E>`:
[INFO] [stdout]                `&'a [u8]` implements `IntoDeserializer<'de, E>`
[INFO] [stdout]                `&'a str` implements `IntoDeserializer<'de, E>`
[INFO] [stdout]                `&'de serde_json::Map<std::string::String, serde_json::Value>` implements `IntoDeserializer<'de, serde_json::Error>`
[INFO] [stdout]                `&'de serde_json::Value` implements `IntoDeserializer<'de, serde_json::Error>`
[INFO] [stdout]                `()` implements `IntoDeserializer<'de, E>`
[INFO] [stdout]                `BTreeMap<K, V>` implements `IntoDeserializer<'de, E>`
[INFO] [stdout]                `BTreeSet<T>` implements `IntoDeserializer<'de, E>`
[INFO] [stdout]                `BoolDeserializer<E>` implements `IntoDeserializer<'de, E>`
[INFO] [stdout]              and 50 others
[INFO] [stdout]      = note: required for `SeqDeserializer<std::vec::IntoIter<&value::Value>, _>` to implement `SeqAccess<'de>`
[INFO] [stdout] note: required by a bound in `visit_seq`
[INFO] [stdout]     --> /opt/rustwide/cargo-home/registry/src/index.crates.io-1949cf8c6b5b557f/serde_core-1.0.228/src/de/mod.rs:1684:12
[INFO] [stdout]      |
[INFO] [stdout] 1317 | pub trait Visitor<'de>: Sized {
[INFO] [stdout] ...
[INFO] [stdout] 1682 |     fn visit_seq<A>(self, seq: A) -> Result<Self::Value, A::Error>
[INFO] [stdout] 1683 |     where
[INFO] [stdout] 1684 |         A: SeqAccess<'de>,
[INFO] [stdout]      |            ^^^^^^^^^^^^^^ required by this bound in `Visitor::visit_seq`
[INFO] [stdout] 
[INFO] [stdout] 
[INFO] [stdout] error: lifetime may not live long enough
[INFO] [stdout]   --> crates/pkl_core/src/serdes.rs:32:25
[INFO] [stdout]    |
[INFO] [stdout] 22 |                 impl<'de> de::MapAccess<'de> for ObjMap<'_> {
[INFO] [stdout]    |                      --- lifetime `'de` defined here
[INFO] [stdout] ...
[INFO] [stdout] 30 |                     fn next_value_seed<V: de::DeserializeSeed<'de>>(&mut self, seed: V) -> Result<V::Value, Self::Error> {
[INFO] [stdout]    |                                                                     --------- has type `&mut ObjMap<'1>`
[INFO] [stdout] 31 |                         let key = self.0.keys().nth(self.1 - 1).unwrap();
[INFO] [stdout] 32 |                         seed.deserialize(&self.0[key])
[INFO] [stdout]    |                         ^^^^^^^^^^^^^^^^^^^^^^^^^^^^^^ argument requires that `'1` must outlive `'de`
[INFO] [stdout] 
[INFO] [stdout] 
[INFO] [stdout] error: lifetime may not live long enough
[INFO] [stdout]   --> crates/pkl_core/src/serdes.rs:59:25
[INFO] [stdout]    |
[INFO] [stdout] 55 |                 impl<'de> de::MapAccess<'de> for MapMap<'_> {
[INFO] [stdout]    |                      --- lifetime `'de` defined here
[INFO] [stdout] 56 |                     type Error = PklError;
[INFO] [stdout] 57 |                     fn next_key_seed<K: de::DeserializeSeed<'de>>(&mut self, seed: K) -> Result<Option<K::Value>, Self::Error> {
[INFO] [stdout]    |                                                                   --------- has type `&mut MapMap<'1>`
[INFO] [stdout] 58 |                         if self.2 >= self.1.len() { return Ok(None); }
[INFO] [stdout] 59 |                         seed.deserialize(self.1[self.2]).map(Some)
[INFO] [stdout]    |                         ^^^^^^^^^^^^^^^^^^^^^^^^^^^^^^^^ argument requires that `'1` must outlive `'de`
[INFO] [stdout] 
[INFO] [stdout] 
[INFO] [stdout] error: lifetime may not live long enough
[INFO] [stdout]   --> crates/pkl_core/src/serdes.rs:64:25
[INFO] [stdout]    |
[INFO] [stdout] 55 |                 impl<'de> de::MapAccess<'de> for MapMap<'_> {
[INFO] [stdout]    |                      --- lifetime `'de` defined here
[INFO] [stdout] ...
[INFO] [stdout] 61 |                     fn next_value_seed<V: de::DeserializeSeed<'de>>(&mut self, seed: V) -> Result<V::Value, Self::Error> {
[INFO] [stdout]    |                                                                     --------- has type `&mut MapMap<'1>`
[INFO] [stdout] ...
[INFO] [stdout] 64 |                         seed.deserialize(&self.0[k])
[INFO] [stdout]    |                         ^^^^^^^^^^^^^^^^^^^^^^^^^^^^ argument requires that `'1` must outlive `'de`
[INFO] [stdout] 
[INFO] [stdout] 
[INFO] [stdout] error: lifetime may not live long enough
[INFO] [stdout]   --> crates/pkl_core/src/serdes.rs:32:25
[INFO] [stdout]    |
[INFO] [stdout] 22 |                 impl<'de> de::MapAccess<'de> for ObjMap<'_> {
[INFO] [stdout]    |                      --- lifetime `'de` defined here
[INFO] [stdout] ...
[INFO] [stdout] 30 |                     fn next_value_seed<V: de::DeserializeSeed<'de>>(&mut self, seed: V) -> Result<V::Value, Self::Error> {
[INFO] [stdout]    |                                                                     --------- has type `&mut ObjMap<'1>`
[INFO] [stdout] 31 |                         let key = self.0.keys().nth(self.1 - 1).unwrap();
[INFO] [stdout] 32 |                         seed.deserialize(&self.0[key])
[INFO] [stdout]    |                         ^^^^^^^^^^^^^^^^^^^^^^^^^^^^^^ argument requires that `'1` must outlive `'de`
[INFO] [stdout] 
[INFO] [stdout] 
[INFO] [stdout] error: lifetime may not live long enough
[INFO] [stdout]   --> crates/pkl_core/src/serdes.rs:59:25
[INFO] [stdout]    |
[INFO] [stdout] 55 |                 impl<'de> de::MapAccess<'de> for MapMap<'_> {
[INFO] [stdout]    |                      --- lifetime `'de` defined here
[INFO] [stdout] 56 |                     type Error = PklError;
[INFO] [stdout] 57 |                     fn next_key_seed<K: de::DeserializeSeed<'de>>(&mut self, seed: K) -> Result<Option<K::Value>, Self::Error> {
[INFO] [stdout]    |                                                                   --------- has type `&mut MapMap<'1>`
[INFO] [stdout] 58 |                         if self.2 >= self.1.len() { return Ok(None); }
[INFO] [stdout] 59 |                         seed.deserialize(self.1[self.2]).map(Some)
[INFO] [stdout]    |                         ^^^^^^^^^^^^^^^^^^^^^^^^^^^^^^^^ argument requires that `'1` must outlive `'de`
[INFO] [stdout] 
[INFO] [stdout] 
[INFO] [stdout] error: lifetime may not live long enough
[INFO] [stdout]   --> crates/pkl_core/src/serdes.rs:64:25
[INFO] [stdout]    |
[INFO] [stdout] 55 |                 impl<'de> de::MapAccess<'de> for MapMap<'_> {
[INFO] [stdout]    |                      --- lifetime `'de` defined here
[INFO] [stdout] ...
[INFO] [stdout] 61 |                     fn next_value_seed<V: de::DeserializeSeed<'de>>(&mut self, seed: V) -> Result<V::Value, Self::Error> {
[INFO] [stdout]    |                                                                     --------- has type `&mut MapMap<'1>`
[INFO] [stdout] ...
[INFO] [stdout] 64 |                         seed.deserialize(&self.0[k])
[INFO] [stdout]    |                         ^^^^^^^^^^^^^^^^^^^^^^^^^^^^ argument requires that `'1` must outlive `'de`
[INFO] [stdout] 
[INFO] [stdout] 
[INFO] [stdout] error: lifetime may not live long enough
[INFO] [stdout]    --> crates/pkl_core/src/serdes.rs:134:9
[INFO] [stdout]     |
[INFO] [stdout] 124 | impl<'de> de::MapAccess<'de> for DurationMap {
[INFO] [stdout]     |      --- lifetime `'de` defined here
[INFO] [stdout] ...
[INFO] [stdout] 132 |     fn next_value_seed<V: de::DeserializeSeed<'de>>(&mut self, seed: V) -> Result<V::Value, Self::Error> {
[INFO] [stdout]     |                                                     - let's call the lifetime of this reference `'1`
[INFO] [stdout] 133 |         let val = if self.state - 1 == 0 { &self.val } else { &self.unit };
[INFO] [stdout] 134 |         seed.deserialize(val)
[INFO] [stdout]     |         ^^^^^^^^^^^^^^^^^^^^^ argument requires that `'1` must outlive `'de`
[INFO] [stdout] 
[INFO] [stdout] 
[INFO] [stdout] error: lifetime may not live long enough
[INFO] [stdout]    --> crates/pkl_core/src/serdes.rs:164:9
[INFO] [stdout]     |
[INFO] [stdout] 154 | impl<'de> de::MapAccess<'de> for DataSizeMap {
[INFO] [stdout]     |      --- lifetime `'de` defined here
[INFO] [stdout] ...
[INFO] [stdout] 162 |     fn next_value_seed<V: de::DeserializeSeed<'de>>(&mut self, seed: V) -> Result<V::Value, Self::Error> {
[INFO] [stdout]     |                                                     - let's call the lifetime of this reference `'1`
[INFO] [stdout] 163 |         let val = if self.state - 1 == 0 { &self.val } else { &self.unit };
[INFO] [stdout] 164 |         seed.deserialize(val)
[INFO] [stdout]     |         ^^^^^^^^^^^^^^^^^^^^^ argument requires that `'1` must outlive `'de`
[INFO] [stdout] 
[INFO] [stdout] 
[INFO] [stdout] error: lifetime may not live long enough
[INFO] [stdout]    --> crates/pkl_core/src/serdes.rs:134:9
[INFO] [stdout]     |
[INFO] [stdout] 124 | impl<'de> de::MapAccess<'de> for DurationMap {
[INFO] [stdout]     |      --- lifetime `'de` defined here
[INFO] [stdout] ...
[INFO] [stdout] 132 |     fn next_value_seed<V: de::DeserializeSeed<'de>>(&mut self, seed: V) -> Result<V::Value, Self::Error> {
[INFO] [stdout]     |                                                     - let's call the lifetime of this reference `'1`
[INFO] [stdout] 133 |         let val = if self.state - 1 == 0 { &self.val } else { &self.unit };
[INFO] [stdout] 134 |         seed.deserialize(val)
[INFO] [stdout]     |         ^^^^^^^^^^^^^^^^^^^^^ argument requires that `'1` must outlive `'de`
[INFO] [stdout] 
[INFO] [stdout] 
[INFO] [stdout] error: lifetime may not live long enough
[INFO] [stdout]    --> crates/pkl_core/src/serdes.rs:164:9
[INFO] [stdout]     |
[INFO] [stdout] 154 | impl<'de> de::MapAccess<'de> for DataSizeMap {
[INFO] [stdout]     |      --- lifetime `'de` defined here
[INFO] [stdout] ...
[INFO] [stdout] 162 |     fn next_value_seed<V: de::DeserializeSeed<'de>>(&mut self, seed: V) -> Result<V::Value, Self::Error> {
[INFO] [stdout]     |                                                     - let's call the lifetime of this reference `'1`
[INFO] [stdout] 163 |         let val = if self.state - 1 == 0 { &self.val } else { &self.unit };
[INFO] [stdout] 164 |         seed.deserialize(val)
[INFO] [stdout]     |         ^^^^^^^^^^^^^^^^^^^^^ argument requires that `'1` must outlive `'de`
[INFO] [stdout] 
[INFO] [stdout] 
[INFO] [stdout] Some errors have detailed explanations: E0277, E0425.
[INFO] [stdout] 
[INFO] [stdout] For more information about an error, try `rustc --explain E0277`.
[INFO] [stdout] 
[INFO] [stderr] error: could not compile `pkl_core` (lib) due to 14 previous errors; 1 warning emitted
[INFO] [stderr] warning: build failed, waiting for other jobs to finish...
[INFO] [stdout] Some errors have detailed explanations: E0277, E0425.
[INFO] [stdout] 
[INFO] [stdout] For more information about an error, try `rustc --explain E0277`.
[INFO] [stdout] 
[INFO] [stderr] error: could not compile `pkl_core` (lib test) due to 14 previous errors; 1 warning emitted
[INFO] running `Command { std: "docker" "inspect" "755039cf724ce31990816d1bcd5d2dbf1be310d381c488608d804821c98f82f8", kill_on_drop: false }`
[INFO] running `Command { std: "docker" "rm" "-f" "755039cf724ce31990816d1bcd5d2dbf1be310d381c488608d804821c98f82f8", kill_on_drop: false }`
[INFO] [stdout] 755039cf724ce31990816d1bcd5d2dbf1be310d381c488608d804821c98f82f8
