[INFO] cloning repository https://github.com/DevAnimecx/whatsapp-instantload
[INFO] running `Command { std: "git" "-c" "credential.helper=" "-c" "credential.helper=/workspace/cargo-home/bin/git-credential-null" "clone" "--bare" "https://github.com/DevAnimecx/whatsapp-instantload" "/workspace/cache/git-repos/https%3A%2F%2Fgithub.com%2FDevAnimecx%2Fwhatsapp-instantload", kill_on_drop: false }`
[INFO] [stderr] Cloning into bare repository '/workspace/cache/git-repos/https%3A%2F%2Fgithub.com%2FDevAnimecx%2Fwhatsapp-instantload'...
[INFO] running `Command { std: "git" "rev-parse" "HEAD", kill_on_drop: false }`
[INFO] [stdout] 4cdd802cfd0ed044403cf9d26123d9c147285caf
[INFO] checking DevAnimecx/whatsapp-instantload against 3154cc1a3e6424e44f438a95007d043ed5ceaaf6 for pr-133502-30
[INFO] running `Command { std: "git" "clone" "/workspace/cache/git-repos/https%3A%2F%2Fgithub.com%2FDevAnimecx%2Fwhatsapp-instantload" "/workspace/builds/worker-3-tc2/source", kill_on_drop: false }`
[INFO] [stderr] Cloning into '/workspace/builds/worker-3-tc2/source'...
[INFO] [stderr] done.
[INFO] started tweaking git repo https://github.com/DevAnimecx/whatsapp-instantload
[INFO] finished tweaking git repo https://github.com/DevAnimecx/whatsapp-instantload
[INFO] tweaked toml for git repo https://github.com/DevAnimecx/whatsapp-instantload written to /workspace/builds/worker-3-tc2/source/Cargo.toml
[INFO] validating manifest of git repo https://github.com/DevAnimecx/whatsapp-instantload on toolchain 3154cc1a3e6424e44f438a95007d043ed5ceaaf6
[INFO] running `Command { std: CARGO_HOME="/workspace/cargo-home" RUSTUP_HOME="/workspace/rustup-home" "/workspace/cargo-home/bin/cargo" "+3154cc1a3e6424e44f438a95007d043ed5ceaaf6" "metadata" "--manifest-path" "Cargo.toml" "--no-deps", kill_on_drop: false }`
[INFO] crate git repo https://github.com/DevAnimecx/whatsapp-instantload already has a lockfile, it will not be regenerated
[INFO] running `Command { std: CARGO_HOME="/workspace/cargo-home" RUSTUP_HOME="/workspace/rustup-home" "/workspace/cargo-home/bin/cargo" "+3154cc1a3e6424e44f438a95007d043ed5ceaaf6" "fetch" "--manifest-path" "Cargo.toml", kill_on_drop: false }`
[INFO] running `Command { std: "docker" "create" "-v" "/var/lib/crater-agent-workspace/builds/worker-3-tc2/source:/opt/rustwide/workdir:ro,Z" "-v" "/var/lib/crater-agent-workspace/builds/worker-3-tc2/target:/opt/rustwide/target:rw,Z" "-v" "/var/lib/crater-agent-workspace/cargo-home:/opt/rustwide/cargo-home:ro,Z" "-v" "/var/lib/crater-agent-workspace/rustup-home:/opt/rustwide/rustup-home:ro,Z" "-m" "1610612736" "--network" "none" "ghcr.io/rust-lang/crates-build-env/linux@sha256:77db811e55d90add9212f6832c23229e3de5f1c1f9905e8cb07319ea15df73ac" "sleep" "infinity", kill_on_drop: false }`
[INFO] [stdout] c444655ddde4dad69cb0d61793c03e6e64f03fd239239648acb4e856a8fb08d9
[INFO] running `Command { std: "docker" "start" "c444655ddde4dad69cb0d61793c03e6e64f03fd239239648acb4e856a8fb08d9", kill_on_drop: false }`
[INFO] running `Command { std: "docker" "inspect" "c444655ddde4dad69cb0d61793c03e6e64f03fd239239648acb4e856a8fb08d9", kill_on_drop: false }`
[INFO] running `Command { std: "docker" "exec" "-e" "SOURCE_DIR=/opt/rustwide/workdir" "-e" "CARGO_HOME=/opt/rustwide/cargo-home" "-e" "RUSTUP_HOME=/opt/rustwide/rustup-home" "-e" "CARGO_TARGET_DIR=/opt/rustwide/target" "-w" "/opt/rustwide/workdir" "--user" "0:0" "c444655ddde4dad69cb0d61793c03e6e64f03fd239239648acb4e856a8fb08d9" "/opt/rustwide/cargo-home/bin/cargo" "+3154cc1a3e6424e44f438a95007d043ed5ceaaf6" "metadata" "--no-deps" "--format-version=1", kill_on_drop: false }`
[INFO] running `Command { std: "docker" "inspect" "c444655ddde4dad69cb0d61793c03e6e64f03fd239239648acb4e856a8fb08d9", kill_on_drop: false }`
[INFO] running `Command { std: "docker" "exec" "-e" "SOURCE_DIR=/opt/rustwide/workdir" "-e" "CARGO_HOME=/opt/rustwide/cargo-home" "-e" "RUSTUP_HOME=/opt/rustwide/rustup-home" "-e" "CARGO_TARGET_DIR=/opt/rustwide/target" "-e" "CARGO_INCREMENTAL=0" "-e" "RUST_BACKTRACE=full" "-e" "RUSTFLAGS=--cap-lints=forbid" "-e" "RUSTDOCFLAGS=--cap-lints=forbid" "-w" "/opt/rustwide/workdir" "--user" "0:0" "c444655ddde4dad69cb0d61793c03e6e64f03fd239239648acb4e856a8fb08d9" "/opt/rustwide/cargo-home/bin/cargo" "+3154cc1a3e6424e44f438a95007d043ed5ceaaf6" "check" "--frozen" "--all" "--all-targets" "--message-format=json", kill_on_drop: false }`
[INFO] [stderr]    Compiling winapi v0.3.9
[INFO] [stderr]     Checking whatsapp-instantload v1.0.0 (/opt/rustwide/workdir)
[INFO] [stdout] error[E0433]: cannot find `um` in `winapi`
[INFO] [stdout]   --> src/process.rs:10:13
[INFO] [stdout]    |
[INFO] [stdout] 10 | use winapi::um::handleapi::{CloseHandle, INVALID_HANDLE_VALUE};
[INFO] [stdout]    |             ^^ could not find `um` in `winapi`
[INFO] [stdout] 
[INFO] [stdout] 
[INFO] [stdout] error[E0433]: cannot find `um` in `winapi`
[INFO] [stdout]   --> src/process.rs:11:13
[INFO] [stdout]    |
[INFO] [stdout] 11 | use winapi::um::processthreadsapi::{OpenProcess, SetPriorityClass, TerminateProcess};
[INFO] [stdout]    |             ^^ could not find `um` in `winapi`
[INFO] [stdout] 
[INFO] [stdout] 
[INFO] [stdout] error[E0433]: cannot find `um` in `winapi`
[INFO] [stdout]   --> src/process.rs:12:13
[INFO] [stdout]    |
[INFO] [stdout] 12 | use winapi::um::tlhelp32::{
[INFO] [stdout]    |             ^^ could not find `um` in `winapi`
[INFO] [stdout] 
[INFO] [stdout] 
[INFO] [stdout] error[E0433]: cannot find `um` in `winapi`
[INFO] [stdout]   --> src/process.rs:15:13
[INFO] [stdout]    |
[INFO] [stdout] 15 | use winapi::um::winbase::HIGH_PRIORITY_CLASS;
[INFO] [stdout]    |             ^^ could not find `um` in `winapi`
[INFO] [stdout] 
[INFO] [stdout] 
[INFO] [stdout] error[E0433]: cannot find `um` in `winapi`
[INFO] [stdout]   --> src/process.rs:16:13
[INFO] [stdout]    |
[INFO] [stdout] 16 | use winapi::um::winnt::{PROCESS_SET_INFORMATION, PROCESS_TERMINATE};
[INFO] [stdout]    |             ^^ could not find `um` in `winapi`
[INFO] [stdout] 
[INFO] [stdout] 
[INFO] [stdout] error[E0433]: cannot find `um` in `winapi`
[INFO] [stdout]    --> src/watcher.rs:117:30
[INFO] [stdout]     |
[INFO] [stdout] 117 |         let handle = winapi::um::processthreadsapi::OpenProcess(
[INFO] [stdout]     |                              ^^ could not find `um` in `winapi`
[INFO] [stdout] 
[INFO] [stdout] 
[INFO] [stdout] error[E0433]: cannot find `um` in `winapi`
[INFO] [stdout]    --> src/watcher.rs:118:21
[INFO] [stdout]     |
[INFO] [stdout] 118 |             winapi::um::winnt::PROCESS_QUERY_LIMITED_INFORMATION,
[INFO] [stdout]     |                     ^^ could not find `um` in `winapi`
[INFO] [stdout] 
[INFO] [stdout] 
[INFO] [stdout] error[E0433]: cannot find `um` in `winapi`
[INFO] [stdout]    --> src/watcher.rs:125:17
[INFO] [stdout]     |
[INFO] [stdout] 125 |         winapi::um::handleapi::CloseHandle(handle);
[INFO] [stdout]     |                 ^^ could not find `um` in `winapi`
[INFO] [stdout] 
[INFO] [stdout] 
[INFO] [stdout] error[E0433]: cannot find `um` in `winapi`
[INFO] [stdout]   --> src/process.rs:10:13
[INFO] [stdout]    |
[INFO] [stdout] 10 | use winapi::um::handleapi::{CloseHandle, INVALID_HANDLE_VALUE};
[INFO] [stdout]    |             ^^ could not find `um` in `winapi`
[INFO] [stdout] 
[INFO] [stdout] 
[INFO] [stdout] error[E0433]: cannot find `um` in `winapi`
[INFO] [stdout]   --> src/process.rs:11:13
[INFO] [stdout]    |
[INFO] [stdout] 11 | use winapi::um::processthreadsapi::{OpenProcess, SetPriorityClass, TerminateProcess};
[INFO] [stdout]    |             ^^ could not find `um` in `winapi`
[INFO] [stdout] 
[INFO] [stdout] 
[INFO] [stdout] error[E0433]: cannot find `um` in `winapi`
[INFO] [stdout]   --> src/process.rs:12:13
[INFO] [stdout]    |
[INFO] [stdout] 12 | use winapi::um::tlhelp32::{
[INFO] [stdout]    |             ^^ could not find `um` in `winapi`
[INFO] [stdout] 
[INFO] [stdout] 
[INFO] [stdout] error[E0433]: cannot find `um` in `winapi`
[INFO] [stdout]   --> src/process.rs:15:13
[INFO] [stdout]    |
[INFO] [stdout] 15 | use winapi::um::winbase::HIGH_PRIORITY_CLASS;
[INFO] [stdout]    |             ^^ could not find `um` in `winapi`
[INFO] [stdout] 
[INFO] [stdout] 
[INFO] [stdout] error[E0433]: cannot find `um` in `winapi`
[INFO] [stdout]   --> src/process.rs:16:13
[INFO] [stdout]    |
[INFO] [stdout] 16 | use winapi::um::winnt::{PROCESS_SET_INFORMATION, PROCESS_TERMINATE};
[INFO] [stdout]    |             ^^ could not find `um` in `winapi`
[INFO] [stdout] 
[INFO] [stdout] 
[INFO] [stdout] error[E0433]: cannot find `um` in `winapi`
[INFO] [stdout]    --> src/watcher.rs:132:49
[INFO] [stdout]     |
[INFO] [stdout] 132 |         let mut st = std::mem::zeroed::<winapi::um::minwinbase::SYSTEMTIME>();
[INFO] [stdout]     |                                                 ^^ could not find `um` in `winapi`
[INFO] [stdout] 
[INFO] [stdout] 
[INFO] [stdout] error[E0433]: cannot find `um` in `winapi`
[INFO] [stdout]    --> src/watcher.rs:133:17
[INFO] [stdout]     |
[INFO] [stdout] 133 |         winapi::um::sysinfoapi::GetLocalTime(&mut st);
[INFO] [stdout]     |                 ^^ could not find `um` in `winapi`
[INFO] [stdout] 
[INFO] [stdout] 
[INFO] [stdout] error[E0433]: cannot find `um` in `winapi`
[INFO] [stdout]    --> src/watcher.rs:117:30
[INFO] [stdout]     |
[INFO] [stdout] 117 |         let handle = winapi::um::processthreadsapi::OpenProcess(
[INFO] [stdout]     |                              ^^ could not find `um` in `winapi`
[INFO] [stdout] 
[INFO] [stdout] 
[INFO] [stdout] error[E0433]: cannot find `um` in `winapi`
[INFO] [stdout]    --> src/watcher.rs:118:21
[INFO] [stdout]     |
[INFO] [stdout] 118 |             winapi::um::winnt::PROCESS_QUERY_LIMITED_INFORMATION,
[INFO] [stdout]     |                     ^^ could not find `um` in `winapi`
[INFO] [stdout] 
[INFO] [stdout] 
[INFO] [stdout] error[E0433]: cannot find `um` in `winapi`
[INFO] [stdout]    --> src/watcher.rs:125:17
[INFO] [stdout]     |
[INFO] [stdout] 125 |         winapi::um::handleapi::CloseHandle(handle);
[INFO] [stdout]     |                 ^^ could not find `um` in `winapi`
[INFO] [stdout] 
[INFO] [stdout] 
[INFO] [stdout] error[E0433]: cannot find `um` in `winapi`
[INFO] [stdout]    --> src/watcher.rs:132:49
[INFO] [stdout]     |
[INFO] [stdout] 132 |         let mut st = std::mem::zeroed::<winapi::um::minwinbase::SYSTEMTIME>();
[INFO] [stdout]     |                                                 ^^ could not find `um` in `winapi`
[INFO] [stdout] 
[INFO] [stdout] 
[INFO] [stdout] error[E0433]: cannot find `um` in `winapi`
[INFO] [stdout]    --> src/watcher.rs:133:17
[INFO] [stdout]     |
[INFO] [stdout] 133 |         winapi::um::sysinfoapi::GetLocalTime(&mut st);
[INFO] [stdout]     |                 ^^ could not find `um` in `winapi`
[INFO] [stdout] 
[INFO] [stdout] 
[INFO] [stdout] For more information about this error, try `rustc --explain E0433`.
[INFO] [stdout] 
[INFO] [stderr] error: could not compile `whatsapp-instantload` (bin "whatsapp-instantload") due to 10 previous errors
[INFO] [stderr] warning: build failed, waiting for other jobs to finish...
[INFO] [stdout] For more information about this error, try `rustc --explain E0433`.
[INFO] [stdout] 
[INFO] [stderr] error: could not compile `whatsapp-instantload` (bin "whatsapp-instantload" test) due to 10 previous errors
[INFO] running `Command { std: "docker" "inspect" "c444655ddde4dad69cb0d61793c03e6e64f03fd239239648acb4e856a8fb08d9", kill_on_drop: false }`
[INFO] running `Command { std: "docker" "rm" "-f" "c444655ddde4dad69cb0d61793c03e6e64f03fd239239648acb4e856a8fb08d9", kill_on_drop: false }`
[INFO] [stdout] c444655ddde4dad69cb0d61793c03e6e64f03fd239239648acb4e856a8fb08d9
