[INFO] cloning repository https://github.com/Deepakkumar188/NexumDB
[INFO] running `Command { std: "git" "-c" "credential.helper=" "-c" "credential.helper=/workspace/cargo-home/bin/git-credential-null" "clone" "--bare" "https://github.com/Deepakkumar188/NexumDB" "/workspace/cache/git-repos/https%3A%2F%2Fgithub.com%2FDeepakkumar188%2FNexumDB", kill_on_drop: false }`
[INFO] [stderr] Cloning into bare repository '/workspace/cache/git-repos/https%3A%2F%2Fgithub.com%2FDeepakkumar188%2FNexumDB'...
[INFO] running `Command { std: "git" "rev-parse" "HEAD", kill_on_drop: false }`
[INFO] [stdout] 78e1cd31b0caf486ff194b35ff8e981ab97976c5
[INFO] checking Deepakkumar188/NexumDB against 3154cc1a3e6424e44f438a95007d043ed5ceaaf6+rustflags=-Znext-solver=coherence for pr-133502-30
[INFO] running `Command { std: "git" "clone" "/workspace/cache/git-repos/https%3A%2F%2Fgithub.com%2FDeepakkumar188%2FNexumDB" "/workspace/builds/worker-7-tc1/source", kill_on_drop: false }`
[INFO] [stderr] Cloning into '/workspace/builds/worker-7-tc1/source'...
[INFO] [stderr] done.
[INFO] started tweaking git repo https://github.com/Deepakkumar188/NexumDB
[INFO] finished tweaking git repo https://github.com/Deepakkumar188/NexumDB
[INFO] tweaked toml for git repo https://github.com/Deepakkumar188/NexumDB written to /workspace/builds/worker-7-tc1/source/Cargo.toml
[INFO] validating manifest of git repo https://github.com/Deepakkumar188/NexumDB on toolchain 3154cc1a3e6424e44f438a95007d043ed5ceaaf6
[INFO] running `Command { std: CARGO_HOME="/workspace/cargo-home" RUSTUP_HOME="/workspace/rustup-home" "/workspace/cargo-home/bin/cargo" "+3154cc1a3e6424e44f438a95007d043ed5ceaaf6" "metadata" "--manifest-path" "Cargo.toml" "--no-deps", kill_on_drop: false }`
[INFO] crate git repo https://github.com/Deepakkumar188/NexumDB already has a lockfile, it will not be regenerated
[INFO] running `Command { std: CARGO_HOME="/workspace/cargo-home" RUSTUP_HOME="/workspace/rustup-home" "/workspace/cargo-home/bin/cargo" "+3154cc1a3e6424e44f438a95007d043ed5ceaaf6" "fetch" "--manifest-path" "Cargo.toml", kill_on_drop: false }`
[INFO] [stderr]  Downloading crates ...
[INFO] [stderr]   Downloaded zmij v1.0.20
[INFO] [stderr]   Downloaded target-lexicon v0.13.3
[INFO] [stderr]   Downloaded sqlparser v0.63.0
[INFO] running `Command { std: "docker" "create" "-v" "/var/lib/crater-agent-workspace/builds/worker-7-tc1/source:/opt/rustwide/workdir:ro,Z" "-v" "/var/lib/crater-agent-workspace/builds/worker-7-tc1/target:/opt/rustwide/target:rw,Z" "-v" "/var/lib/crater-agent-workspace/cargo-home:/opt/rustwide/cargo-home:ro,Z" "-v" "/var/lib/crater-agent-workspace/rustup-home:/opt/rustwide/rustup-home:ro,Z" "-m" "1610612736" "--network" "none" "ghcr.io/rust-lang/crates-build-env/linux@sha256:77db811e55d90add9212f6832c23229e3de5f1c1f9905e8cb07319ea15df73ac" "sleep" "infinity", kill_on_drop: false }`
[INFO] [stdout] ab68efbd363a25d4176308db9e97ad6b74af9b01d11344f8d911cd65da391271
[INFO] running `Command { std: "docker" "start" "ab68efbd363a25d4176308db9e97ad6b74af9b01d11344f8d911cd65da391271", kill_on_drop: false }`
[INFO] running `Command { std: "docker" "inspect" "ab68efbd363a25d4176308db9e97ad6b74af9b01d11344f8d911cd65da391271", kill_on_drop: false }`
[INFO] running `Command { std: "docker" "exec" "-e" "SOURCE_DIR=/opt/rustwide/workdir" "-e" "CARGO_HOME=/opt/rustwide/cargo-home" "-e" "RUSTUP_HOME=/opt/rustwide/rustup-home" "-e" "CARGO_TARGET_DIR=/opt/rustwide/target" "-w" "/opt/rustwide/workdir" "--user" "0:0" "ab68efbd363a25d4176308db9e97ad6b74af9b01d11344f8d911cd65da391271" "/opt/rustwide/cargo-home/bin/cargo" "+3154cc1a3e6424e44f438a95007d043ed5ceaaf6" "metadata" "--no-deps" "--format-version=1", kill_on_drop: false }`
[INFO] running `Command { std: "docker" "inspect" "ab68efbd363a25d4176308db9e97ad6b74af9b01d11344f8d911cd65da391271", kill_on_drop: false }`
[INFO] running `Command { std: "docker" "exec" "-e" "SOURCE_DIR=/opt/rustwide/workdir" "-e" "CARGO_HOME=/opt/rustwide/cargo-home" "-e" "RUSTUP_HOME=/opt/rustwide/rustup-home" "-e" "CARGO_TARGET_DIR=/opt/rustwide/target" "-e" "CARGO_INCREMENTAL=0" "-e" "RUST_BACKTRACE=full" "-e" "RUSTFLAGS=--cap-lints=forbid -Znext-solver=coherence" "-e" "RUSTDOCFLAGS=--cap-lints=forbid" "-w" "/opt/rustwide/workdir" "--user" "0:0" "ab68efbd363a25d4176308db9e97ad6b74af9b01d11344f8d911cd65da391271" "/opt/rustwide/cargo-home/bin/cargo" "+3154cc1a3e6424e44f438a95007d043ed5ceaaf6" "check" "--frozen" "--all" "--all-targets" "--message-format=json", kill_on_drop: false }`
[INFO] [stderr]    Compiling proc-macro2 v1.0.103
[INFO] [stderr]    Compiling quote v1.0.42
[INFO] [stderr]    Compiling target-lexicon v0.13.3
[INFO] [stderr]    Compiling cc v1.4.0
[INFO] [stderr]    Compiling object v0.39.1
[INFO] [stderr]     Checking smallvec v1.15.1
[INFO] [stderr]     Checking memchr v2.7.6
[INFO] [stderr]     Checking crossbeam-epoch v0.9.18
[INFO] [stderr]    Compiling zmij v1.0.20
[INFO] [stderr]    Compiling parking_lot_core v0.8.6
[INFO] [stderr]     Checking instant v0.1.13
[INFO] [stderr]     Checking itoa v1.0.15
[INFO] [stderr]    Compiling rustix v1.1.4
[INFO] [stderr]    Compiling zerocopy v0.8.31
[INFO] [stderr]     Checking aho-corasick v1.1.4
[INFO] [stderr]     Checking serde_json v1.0.151
[INFO] [stderr]    Compiling pyo3-build-config v0.29.3
[INFO] [stderr]     Checking bitflags v2.10.0
[INFO] [stderr]    Compiling syn v2.0.111
[INFO] [stderr]    Compiling syn v3.0.3
[INFO] [stderr]     Checking regex-automata v0.4.18
[INFO] [stderr]     Checking anstream v0.6.21
[INFO] [stderr]    Compiling stacker v0.1.25
[INFO] [stderr]     Checking fxhash v0.2.1
[INFO] [stderr]     Checking parking_lot v0.11.2
[INFO] [stderr]     Checking fs2 v0.4.3
[INFO] [stderr]    Compiling pyo3-ffi v0.29.3
[INFO] [stderr]    Compiling pyo3 v0.29.3
[INFO] [stderr]     Checking clap_builder v4.5.60
[INFO] [stderr]     Checking sled v0.34.7
[INFO] [stderr]    Compiling alloca v0.4.0
[INFO] [stderr]     Checking crossbeam-deque v0.8.6
[INFO] [stderr]     Checking rayon-core v1.13.0
[INFO] [stderr]     Checking criterion-plot v0.8.2
[INFO] [stderr]     Checking rayon v1.11.0
[INFO] [stderr]     Checking getrandom v0.3.4
[INFO] [stderr]     Checking parking_lot_core v0.9.12
[INFO] [stderr]     Checking page_size v0.6.0
[INFO] [stderr]     Checking tempfile v3.27.0
[INFO] [stderr]     Checking parking_lot v0.12.5
[INFO] [stderr]     Checking regex v1.13.1
[INFO] [stderr]    Compiling portable-atomic v1.14.0
[INFO] [stderr]     Checking console v0.16.4
[INFO] [stderr]     Checking crossterm v0.29.0
[INFO] [stderr]     Checking mio v1.2.2
[INFO] [stderr]     Checking signal-hook-registry v1.4.7
[INFO] [stderr]     Checking unit-prefix v0.5.2
[INFO] [stderr]     Checking comfy-table v7.2.2
[INFO] [stderr]    Compiling pyo3-macros-backend v0.29.3
[INFO] [stderr]    Compiling ar_archive_writer v0.5.3
[INFO] [stderr]     Checking indicatif v0.18.6
[INFO] [stderr]    Compiling serde_derive v1.0.229
[INFO] [stderr]    Compiling tokio-macros v2.7.2
[INFO] [stderr]    Compiling psm v0.1.32
[INFO] [stderr]    Compiling recursive-proc-macro-impl v0.1.1
[INFO] [stderr]    Compiling zerocopy-derive v0.8.31
[INFO] [stderr]    Compiling thiserror-impl v1.0.69
[INFO] [stderr]    Compiling clap_derive v4.5.55
[INFO] [stderr]     Checking tokio v1.53.1
[INFO] [stderr]     Checking recursive v0.1.1
[INFO] [stderr]     Checking sqlparser v0.63.0
[INFO] [stderr]     Checking thiserror v1.0.69
[INFO] [stderr]     Checking clap v4.5.60
[INFO] [stderr]     Checking serde v1.0.229
[INFO] [stderr]     Checking tinytemplate v1.2.1
[INFO] [stderr]     Checking half v2.7.1
[INFO] [stderr]    Compiling pyo3-macros v0.29.3
[INFO] [stderr]     Checking ciborium-ll v0.2.2
[INFO] [stderr]     Checking ciborium v0.2.2
[INFO] [stderr]     Checking criterion v0.8.2
[INFO] [stderr]     Checking nexum_core v0.4.0 (/opt/rustwide/workdir/nexum_core)
[INFO] [stdout] error[E0425]: cannot find type `PyObject` in this scope
[INFO] [stdout]   --> nexum_core/src/bridge/mod.rs:66:12
[INFO] [stdout]    |
[INFO] [stdout] 66 |     cache: PyObject,
[INFO] [stdout]    |            ^^^^^^^^ not found in this scope
[INFO] [stdout]    |
[INFO] [stdout] help: consider importing this struct
[INFO] [stdout]    |
[INFO] [stdout]  1 + use pyo3::ffi::PyObject;
[INFO] [stdout]    |
[INFO] [stdout] 
[INFO] [stdout] 
[INFO] [stdout] error[E0425]: cannot find type `PyObject` in this scope
[INFO] [stdout]   --> nexum_core/src/bridge/mod.rs:82:18
[INFO] [stdout]    |
[INFO] [stdout] 82 |             Ok::<PyObject, PyErr>(cache_instance.unbind())
[INFO] [stdout]    |                  ^^^^^^^^ not found in this scope
[INFO] [stdout]    |
[INFO] [stdout] help: consider importing this struct
[INFO] [stdout]    |
[INFO] [stdout]  1 + use pyo3::ffi::PyObject;
[INFO] [stdout]    |
[INFO] [stdout] 
[INFO] [stdout] 
[INFO] [stdout] error[E0425]: cannot find type `PyObject` in this scope
[INFO] [stdout]    --> nexum_core/src/bridge/mod.rs:166:17
[INFO] [stdout]     |
[INFO] [stdout] 166 |     translator: PyObject,
[INFO] [stdout]     |                 ^^^^^^^^ not found in this scope
[INFO] [stdout]     |
[INFO] [stdout] help: consider importing this struct
[INFO] [stdout]     |
[INFO] [stdout]   1 + use pyo3::ffi::PyObject;
[INFO] [stdout]     |
[INFO] [stdout] 
[INFO] [stdout] 
[INFO] [stdout] error[E0425]: cannot find type `PyObject` in this scope
[INFO] [stdout]    --> nexum_core/src/bridge/mod.rs:178:18
[INFO] [stdout]     |
[INFO] [stdout] 178 |             Ok::<PyObject, PyErr>(translator_instance.unbind())
[INFO] [stdout]     |                  ^^^^^^^^ not found in this scope
[INFO] [stdout]     |
[INFO] [stdout] help: consider importing this struct
[INFO] [stdout]     |
[INFO] [stdout]   1 + use pyo3::ffi::PyObject;
[INFO] [stdout]     |
[INFO] [stdout] 
[INFO] [stdout] 
[INFO] [stdout] error[E0532]: expected unit struct, unit variant or constant, found tuple variant `SqlDataType::Double`
[INFO] [stdout]    --> nexum_core/src/sql/parser.rs:308:37
[INFO] [stdout]     |
[INFO] [stdout] 308 |             SqlDataType::Float(_) | SqlDataType::Double | SqlDataType::Real => Ok(DataType::Float),
[INFO] [stdout]     |                                     ^^^^^^^^^^^^^^^^^^^
[INFO] [stdout]     |
[INFO] [stdout]    ::: /opt/rustwide/cargo-home/registry/src/index.crates.io-1949cf8c6b5b557f/sqlparser-0.63.0/src/ast/data_type.rs:333:5
[INFO] [stdout]     |
[INFO] [stdout] 333 |     Double(ExactNumberInfo),
[INFO] [stdout]     |     ------ `SqlDataType::Double` defined here
[INFO] [stdout]     |
[INFO] [stdout] help: use the tuple variant pattern syntax instead
[INFO] [stdout]     |
[INFO] [stdout] 308 |             SqlDataType::Float(_) | SqlDataType::Double(_) | SqlDataType::Real => Ok(DataType::Float),
[INFO] [stdout]     |                                                        +++
[INFO] [stdout] help: consider importing one of these unit variants instead
[INFO] [stdout]     |
[INFO] [stdout]   1 + use crate::sql::parser::ast::Alignment::Double;
[INFO] [stdout]     |
[INFO] [stdout]   1 + use sqlparser::ast::Alignment::Double;
[INFO] [stdout]     |
[INFO] [stdout] help: if you import `Double`, refer to it directly
[INFO] [stdout]     |
[INFO] [stdout] 308 -             SqlDataType::Float(_) | SqlDataType::Double | SqlDataType::Real => Ok(DataType::Float),
[INFO] [stdout] 308 +             SqlDataType::Float(_) | Double | SqlDataType::Real => Ok(DataType::Float),
[INFO] [stdout]     |
[INFO] [stdout] 
[INFO] [stdout] 
[INFO] [stdout] error[E0425]: cannot find type `PyObject` in this scope
[INFO] [stdout]   --> nexum_core/src/bridge/mod.rs:66:12
[INFO] [stdout]    |
[INFO] [stdout] 66 |     cache: PyObject,
[INFO] [stdout]    |            ^^^^^^^^ not found in this scope
[INFO] [stdout]    |
[INFO] [stdout] help: consider importing this struct
[INFO] [stdout]    |
[INFO] [stdout]  1 + use pyo3::ffi::PyObject;
[INFO] [stdout]    |
[INFO] [stdout] 
[INFO] [stdout] 
[INFO] [stdout] error[E0425]: cannot find type `PyObject` in this scope
[INFO] [stdout]   --> nexum_core/src/bridge/mod.rs:82:18
[INFO] [stdout]    |
[INFO] [stdout] 82 |             Ok::<PyObject, PyErr>(cache_instance.unbind())
[INFO] [stdout]    |                  ^^^^^^^^ not found in this scope
[INFO] [stdout]    |
[INFO] [stdout] help: consider importing this struct
[INFO] [stdout]    |
[INFO] [stdout]  1 + use pyo3::ffi::PyObject;
[INFO] [stdout]    |
[INFO] [stdout] 
[INFO] [stdout] 
[INFO] [stdout] error[E0425]: cannot find type `PyObject` in this scope
[INFO] [stdout]    --> nexum_core/src/bridge/mod.rs:166:17
[INFO] [stdout]     |
[INFO] [stdout] 166 |     translator: PyObject,
[INFO] [stdout]     |                 ^^^^^^^^ not found in this scope
[INFO] [stdout]     |
[INFO] [stdout] help: consider importing this struct
[INFO] [stdout]     |
[INFO] [stdout]   1 + use pyo3::ffi::PyObject;
[INFO] [stdout]     |
[INFO] [stdout] 
[INFO] [stdout] 
[INFO] [stdout] error[E0425]: cannot find type `PyObject` in this scope
[INFO] [stdout]    --> nexum_core/src/bridge/mod.rs:178:18
[INFO] [stdout]     |
[INFO] [stdout] 178 |             Ok::<PyObject, PyErr>(translator_instance.unbind())
[INFO] [stdout]     |                  ^^^^^^^^ not found in this scope
[INFO] [stdout]     |
[INFO] [stdout] help: consider importing this struct
[INFO] [stdout]     |
[INFO] [stdout]   1 + use pyo3::ffi::PyObject;
[INFO] [stdout]     |
[INFO] [stdout] 
[INFO] [stdout] 
[INFO] [stdout] error[E0532]: expected unit struct, unit variant or constant, found tuple variant `SqlDataType::Double`
[INFO] [stdout]    --> nexum_core/src/sql/parser.rs:308:37
[INFO] [stdout]     |
[INFO] [stdout] 308 |             SqlDataType::Float(_) | SqlDataType::Double | SqlDataType::Real => Ok(DataType::Float),
[INFO] [stdout]     |                                     ^^^^^^^^^^^^^^^^^^^
[INFO] [stdout]     |
[INFO] [stdout]    ::: /opt/rustwide/cargo-home/registry/src/index.crates.io-1949cf8c6b5b557f/sqlparser-0.63.0/src/ast/data_type.rs:333:5
[INFO] [stdout]     |
[INFO] [stdout] 333 |     Double(ExactNumberInfo),
[INFO] [stdout]     |     ------ `SqlDataType::Double` defined here
[INFO] [stdout]     |
[INFO] [stdout] help: use the tuple variant pattern syntax instead
[INFO] [stdout]     |
[INFO] [stdout] 308 |             SqlDataType::Float(_) | SqlDataType::Double(_) | SqlDataType::Real => Ok(DataType::Float),
[INFO] [stdout]     |                                                        +++
[INFO] [stdout] help: consider importing one of these unit variants instead
[INFO] [stdout]     |
[INFO] [stdout]   1 + use crate::sql::parser::ast::Alignment::Double;
[INFO] [stdout]     |
[INFO] [stdout]   1 + use sqlparser::ast::Alignment::Double;
[INFO] [stdout]     |
[INFO] [stdout] help: if you import `Double`, refer to it directly
[INFO] [stdout]     |
[INFO] [stdout] 308 -             SqlDataType::Float(_) | SqlDataType::Double | SqlDataType::Real => Ok(DataType::Float),
[INFO] [stdout] 308 +             SqlDataType::Float(_) | Double | SqlDataType::Real => Ok(DataType::Float),
[INFO] [stdout]     |
[INFO] [stdout] 
[INFO] [stdout] 
[INFO] [stdout] error[E0599]: no associated function or constant named `with_gil` found for struct `pyo3::Python<'py>` in the current scope
[INFO] [stdout]    --> nexum_core/src/bridge/mod.rs:15:17
[INFO] [stdout]     |
[INFO] [stdout]  15 |         Python::with_gil(|py| {
[INFO] [stdout]     |                 ^^^^^^^^ associated function or constant not found in `pyo3::Python<'_>`
[INFO] [stdout]     |
[INFO] [stdout] note: if you're trying to build a new `pyo3::Python<'_>` consider using one of the following associated functions:
[INFO] [stdout]       pyo3::Python::<'_>::try_attach
[INFO] [stdout]       pyo3::Python::<'unbound>::assume_attached
[INFO] [stdout]    --> /opt/rustwide/cargo-home/registry/src/index.crates.io-1949cf8c6b5b557f/pyo3-0.29.3/src/marker.rs:444:5
[INFO] [stdout]     |
[INFO] [stdout] 444 | /     pub fn try_attach<F, R>(f: F) -> Option<R>
[INFO] [stdout] 445 | |     where
[INFO] [stdout] 446 | |         F: for<'py> FnOnce(Python<'py>) -> R,
[INFO] [stdout]     | |_____________________________________________^
[INFO] [stdout] ...
[INFO] [stdout] 796 |       pub unsafe fn assume_attached() -> Python<'unbound> {
[INFO] [stdout]     |       ^^^^^^^^^^^^^^^^^^^^^^^^^^^^^^^^^^^^^^^^^^^^^^^^^^^
[INFO] [stdout] 
[INFO] [stdout] 
[INFO] [stdout] error[E0599]: no associated function or constant named `with_gil` found for struct `pyo3::Python<'py>` in the current scope
[INFO] [stdout]    --> nexum_core/src/bridge/mod.rs:38:17
[INFO] [stdout]     |
[INFO] [stdout]  38 |         Python::with_gil(|py| {
[INFO] [stdout]     |                 ^^^^^^^^ associated function or constant not found in `pyo3::Python<'_>`
[INFO] [stdout]     |
[INFO] [stdout] note: if you're trying to build a new `pyo3::Python<'_>` consider using one of the following associated functions:
[INFO] [stdout]       pyo3::Python::<'_>::try_attach
[INFO] [stdout]       pyo3::Python::<'unbound>::assume_attached
[INFO] [stdout]    --> /opt/rustwide/cargo-home/registry/src/index.crates.io-1949cf8c6b5b557f/pyo3-0.29.3/src/marker.rs:444:5
[INFO] [stdout]     |
[INFO] [stdout] 444 | /     pub fn try_attach<F, R>(f: F) -> Option<R>
[INFO] [stdout] 445 | |     where
[INFO] [stdout] 446 | |         F: for<'py> FnOnce(Python<'py>) -> R,
[INFO] [stdout]     | |_____________________________________________^
[INFO] [stdout] ...
[INFO] [stdout] 796 |       pub unsafe fn assume_attached() -> Python<'unbound> {
[INFO] [stdout]     |       ^^^^^^^^^^^^^^^^^^^^^^^^^^^^^^^^^^^^^^^^^^^^^^^^^^^
[INFO] [stdout] 
[INFO] [stdout] 
[INFO] [stdout] error[E0599]: no associated function or constant named `with_gil` found for struct `pyo3::Python<'py>` in the current scope
[INFO] [stdout]    --> nexum_core/src/bridge/mod.rs:53:17
[INFO] [stdout]     |
[INFO] [stdout]  53 |         Python::with_gil(|py| {
[INFO] [stdout]     |                 ^^^^^^^^ associated function or constant not found in `pyo3::Python<'_>`
[INFO] [stdout]     |
[INFO] [stdout] note: if you're trying to build a new `pyo3::Python<'_>` consider using one of the following associated functions:
[INFO] [stdout]       pyo3::Python::<'_>::try_attach
[INFO] [stdout]       pyo3::Python::<'unbound>::assume_attached
[INFO] [stdout]    --> /opt/rustwide/cargo-home/registry/src/index.crates.io-1949cf8c6b5b557f/pyo3-0.29.3/src/marker.rs:444:5
[INFO] [stdout]     |
[INFO] [stdout] 444 | /     pub fn try_attach<F, R>(f: F) -> Option<R>
[INFO] [stdout] 445 | |     where
[INFO] [stdout] 446 | |         F: for<'py> FnOnce(Python<'py>) -> R,
[INFO] [stdout]     | |_____________________________________________^
[INFO] [stdout] ...
[INFO] [stdout] 796 |       pub unsafe fn assume_attached() -> Python<'unbound> {
[INFO] [stdout]     |       ^^^^^^^^^^^^^^^^^^^^^^^^^^^^^^^^^^^^^^^^^^^^^^^^^^^
[INFO] [stdout] 
[INFO] [stdout] 
[INFO] [stdout] error[E0599]: no associated function or constant named `with_gil` found for struct `pyo3::Python<'py>` in the current scope
[INFO] [stdout]    --> nexum_core/src/bridge/mod.rs:78:29
[INFO] [stdout]     |
[INFO] [stdout]  78 |         let cache = Python::with_gil(|py| {
[INFO] [stdout]     |                             ^^^^^^^^ associated function or constant not found in `pyo3::Python<'_>`
[INFO] [stdout]     |
[INFO] [stdout] note: if you're trying to build a new `pyo3::Python<'_>` consider using one of the following associated functions:
[INFO] [stdout]       pyo3::Python::<'_>::try_attach
[INFO] [stdout]       pyo3::Python::<'unbound>::assume_attached
[INFO] [stdout]    --> /opt/rustwide/cargo-home/registry/src/index.crates.io-1949cf8c6b5b557f/pyo3-0.29.3/src/marker.rs:444:5
[INFO] [stdout]     |
[INFO] [stdout] 444 | /     pub fn try_attach<F, R>(f: F) -> Option<R>
[INFO] [stdout] 445 | |     where
[INFO] [stdout] 446 | |         F: for<'py> FnOnce(Python<'py>) -> R,
[INFO] [stdout]     | |_____________________________________________^
[INFO] [stdout] ...
[INFO] [stdout] 796 |       pub unsafe fn assume_attached() -> Python<'unbound> {
[INFO] [stdout]     |       ^^^^^^^^^^^^^^^^^^^^^^^^^^^^^^^^^^^^^^^^^^^^^^^^^^^
[INFO] [stdout] 
[INFO] [stdout] 
[INFO] [stdout] error[E0599]: no associated function or constant named `with_gil` found for struct `pyo3::Python<'py>` in the current scope
[INFO] [stdout]    --> nexum_core/src/bridge/mod.rs:89:17
[INFO] [stdout]     |
[INFO] [stdout]  89 |         Python::with_gil(|py| {
[INFO] [stdout]     |                 ^^^^^^^^ associated function or constant not found in `pyo3::Python<'_>`
[INFO] [stdout]     |
[INFO] [stdout] note: if you're trying to build a new `pyo3::Python<'_>` consider using one of the following associated functions:
[INFO] [stdout]       pyo3::Python::<'_>::try_attach
[INFO] [stdout]       pyo3::Python::<'unbound>::assume_attached
[INFO] [stdout]    --> /opt/rustwide/cargo-home/registry/src/index.crates.io-1949cf8c6b5b557f/pyo3-0.29.3/src/marker.rs:444:5
[INFO] [stdout]     |
[INFO] [stdout] 444 | /     pub fn try_attach<F, R>(f: F) -> Option<R>
[INFO] [stdout] 445 | |     where
[INFO] [stdout] 446 | |         F: for<'py> FnOnce(Python<'py>) -> R,
[INFO] [stdout]     | |_____________________________________________^
[INFO] [stdout] ...
[INFO] [stdout] 796 |       pub unsafe fn assume_attached() -> Python<'unbound> {
[INFO] [stdout]     |       ^^^^^^^^^^^^^^^^^^^^^^^^^^^^^^^^^^^^^^^^^^^^^^^^^^^
[INFO] [stdout] 
[INFO] [stdout] 
[INFO] [stdout] error[E0599]: no associated function or constant named `with_gil` found for struct `pyo3::Python<'py>` in the current scope
[INFO] [stdout]    --> nexum_core/src/bridge/mod.rs:104:17
[INFO] [stdout]     |
[INFO] [stdout] 104 |         Python::with_gil(|py| {
[INFO] [stdout]     |                 ^^^^^^^^ associated function or constant not found in `pyo3::Python<'_>`
[INFO] [stdout]     |
[INFO] [stdout] note: if you're trying to build a new `pyo3::Python<'_>` consider using one of the following associated functions:
[INFO] [stdout]       pyo3::Python::<'_>::try_attach
[INFO] [stdout]       pyo3::Python::<'unbound>::assume_attached
[INFO] [stdout]    --> /opt/rustwide/cargo-home/registry/src/index.crates.io-1949cf8c6b5b557f/pyo3-0.29.3/src/marker.rs:444:5
[INFO] [stdout]     |
[INFO] [stdout] 444 | /     pub fn try_attach<F, R>(f: F) -> Option<R>
[INFO] [stdout] 445 | |     where
[INFO] [stdout] 446 | |         F: for<'py> FnOnce(Python<'py>) -> R,
[INFO] [stdout]     | |_____________________________________________^
[INFO] [stdout] ...
[INFO] [stdout] 796 |       pub unsafe fn assume_attached() -> Python<'unbound> {
[INFO] [stdout]     |       ^^^^^^^^^^^^^^^^^^^^^^^^^^^^^^^^^^^^^^^^^^^^^^^^^^^
[INFO] [stdout] 
[INFO] [stdout] 
[INFO] [stdout] error[E0599]: no associated function or constant named `with_gil` found for struct `pyo3::Python<'py>` in the current scope
[INFO] [stdout]    --> nexum_core/src/bridge/mod.rs:117:17
[INFO] [stdout]     |
[INFO] [stdout] 117 |         Python::with_gil(|py| {
[INFO] [stdout]     |                 ^^^^^^^^ associated function or constant not found in `pyo3::Python<'_>`
[INFO] [stdout]     |
[INFO] [stdout] note: if you're trying to build a new `pyo3::Python<'_>` consider using one of the following associated functions:
[INFO] [stdout]       pyo3::Python::<'_>::try_attach
[INFO] [stdout]       pyo3::Python::<'unbound>::assume_attached
[INFO] [stdout]    --> /opt/rustwide/cargo-home/registry/src/index.crates.io-1949cf8c6b5b557f/pyo3-0.29.3/src/marker.rs:444:5
[INFO] [stdout]     |
[INFO] [stdout] 444 | /     pub fn try_attach<F, R>(f: F) -> Option<R>
[INFO] [stdout] 445 | |     where
[INFO] [stdout] 446 | |         F: for<'py> FnOnce(Python<'py>) -> R,
[INFO] [stdout]     | |_____________________________________________^
[INFO] [stdout] ...
[INFO] [stdout] 796 |       pub unsafe fn assume_attached() -> Python<'unbound> {
[INFO] [stdout]     |       ^^^^^^^^^^^^^^^^^^^^^^^^^^^^^^^^^^^^^^^^^^^^^^^^^^^
[INFO] [stdout] 
[INFO] [stdout] 
[INFO] [stdout] error[E0599]: no associated function or constant named `with_gil` found for struct `pyo3::Python<'py>` in the current scope
[INFO] [stdout]    --> nexum_core/src/bridge/mod.rs:15:17
[INFO] [stdout]     |
[INFO] [stdout]  15 |         Python::with_gil(|py| {
[INFO] [stdout]     |                 ^^^^^^^^ associated function or constant not found in `pyo3::Python<'_>`
[INFO] [stdout]     |
[INFO] [stdout] note: if you're trying to build a new `pyo3::Python<'_>` consider using one of the following associated functions:
[INFO] [stdout]       pyo3::Python::<'_>::try_attach
[INFO] [stdout]       pyo3::Python::<'unbound>::assume_attached
[INFO] [stdout]    --> /opt/rustwide/cargo-home/registry/src/index.crates.io-1949cf8c6b5b557f/pyo3-0.29.3/src/marker.rs:444:5
[INFO] [stdout]     |
[INFO] [stdout] 444 | /     pub fn try_attach<F, R>(f: F) -> Option<R>
[INFO] [stdout] 445 | |     where
[INFO] [stdout] 446 | |         F: for<'py> FnOnce(Python<'py>) -> R,
[INFO] [stdout]     | |_____________________________________________^
[INFO] [stdout] ...
[INFO] [stdout] 796 |       pub unsafe fn assume_attached() -> Python<'unbound> {
[INFO] [stdout]     |       ^^^^^^^^^^^^^^^^^^^^^^^^^^^^^^^^^^^^^^^^^^^^^^^^^^^
[INFO] [stdout] 
[INFO] [stdout] 
[INFO] [stdout] error[E0599]: no associated function or constant named `with_gil` found for struct `pyo3::Python<'py>` in the current scope
[INFO] [stdout]    --> nexum_core/src/bridge/mod.rs:126:17
[INFO] [stdout]     |
[INFO] [stdout] 126 |         Python::with_gil(|py| {
[INFO] [stdout]     |                 ^^^^^^^^ associated function or constant not found in `pyo3::Python<'_>`
[INFO] [stdout]     |
[INFO] [stdout] note: if you're trying to build a new `pyo3::Python<'_>` consider using one of the following associated functions:
[INFO] [stdout]       pyo3::Python::<'_>::try_attach
[INFO] [stdout]       pyo3::Python::<'unbound>::assume_attached
[INFO] [stdout]    --> /opt/rustwide/cargo-home/registry/src/index.crates.io-1949cf8c6b5b557f/pyo3-0.29.3/src/marker.rs:444:5
[INFO] [stdout]     |
[INFO] [stdout] 444 | /     pub fn try_attach<F, R>(f: F) -> Option<R>
[INFO] [stdout] 445 | |     where
[INFO] [stdout] 446 | |         F: for<'py> FnOnce(Python<'py>) -> R,
[INFO] [stdout]     | |_____________________________________________^
[INFO] [stdout] ...
[INFO] [stdout] 796 |       pub unsafe fn assume_attached() -> Python<'unbound> {
[INFO] [stdout]     |       ^^^^^^^^^^^^^^^^^^^^^^^^^^^^^^^^^^^^^^^^^^^^^^^^^^^
[INFO] [stdout] 
[INFO] [stdout] 
[INFO] [stdout] error[E0599]: no associated function or constant named `with_gil` found for struct `pyo3::Python<'py>` in the current scope
[INFO] [stdout]    --> nexum_core/src/bridge/mod.rs:135:17
[INFO] [stdout]     |
[INFO] [stdout] 135 |         Python::with_gil(|py| {
[INFO] [stdout]     |                 ^^^^^^^^ associated function or constant not found in `pyo3::Python<'_>`
[INFO] [stdout]     |
[INFO] [stdout] note: if you're trying to build a new `pyo3::Python<'_>` consider using one of the following associated functions:
[INFO] [stdout]       pyo3::Python::<'_>::try_attach
[INFO] [stdout]       pyo3::Python::<'unbound>::assume_attached
[INFO] [stdout]    --> /opt/rustwide/cargo-home/registry/src/index.crates.io-1949cf8c6b5b557f/pyo3-0.29.3/src/marker.rs:444:5
[INFO] [stdout]     |
[INFO] [stdout] 444 | /     pub fn try_attach<F, R>(f: F) -> Option<R>
[INFO] [stdout] 445 | |     where
[INFO] [stdout] 446 | |         F: for<'py> FnOnce(Python<'py>) -> R,
[INFO] [stdout]     | |_____________________________________________^
[INFO] [stdout] ...
[INFO] [stdout] 796 |       pub unsafe fn assume_attached() -> Python<'unbound> {
[INFO] [stdout]     |       ^^^^^^^^^^^^^^^^^^^^^^^^^^^^^^^^^^^^^^^^^^^^^^^^^^^
[INFO] [stdout] 
[INFO] [stdout] 
[INFO] [stdout] error[E0599]: no associated function or constant named `with_gil` found for struct `pyo3::Python<'py>` in the current scope
[INFO] [stdout]    --> nexum_core/src/bridge/mod.rs:38:17
[INFO] [stdout]     |
[INFO] [stdout]  38 |         Python::with_gil(|py| {
[INFO] [stdout]     |                 ^^^^^^^^ associated function or constant not found in `pyo3::Python<'_>`
[INFO] [stdout]     |
[INFO] [stdout] note: if you're trying to build a new `pyo3::Python<'_>` consider using one of the following associated functions:
[INFO] [stdout]       pyo3::Python::<'_>::try_attach
[INFO] [stdout]       pyo3::Python::<'unbound>::assume_attached
[INFO] [stdout]    --> /opt/rustwide/cargo-home/registry/src/index.crates.io-1949cf8c6b5b557f/pyo3-0.29.3/src/marker.rs:444:5
[INFO] [stdout]     |
[INFO] [stdout] 444 | /     pub fn try_attach<F, R>(f: F) -> Option<R>
[INFO] [stdout] 445 | |     where
[INFO] [stdout] 446 | |         F: for<'py> FnOnce(Python<'py>) -> R,
[INFO] [stdout]     | |_____________________________________________^
[INFO] [stdout] ...
[INFO] [stdout] 796 |       pub unsafe fn assume_attached() -> Python<'unbound> {
[INFO] [stdout]     |       ^^^^^^^^^^^^^^^^^^^^^^^^^^^^^^^^^^^^^^^^^^^^^^^^^^^
[INFO] [stdout] 
[INFO] [stdout] 
[INFO] [stdout] error[E0599]: no associated function or constant named `with_gil` found for struct `pyo3::Python<'py>` in the current scope
[INFO] [stdout]    --> nexum_core/src/bridge/mod.rs:144:17
[INFO] [stdout]     |
[INFO] [stdout] 144 |         Python::with_gil(|py| {
[INFO] [stdout]     |                 ^^^^^^^^ associated function or constant not found in `pyo3::Python<'_>`
[INFO] [stdout]     |
[INFO] [stdout] note: if you're trying to build a new `pyo3::Python<'_>` consider using one of the following associated functions:
[INFO] [stdout]       pyo3::Python::<'_>::try_attach
[INFO] [stdout]       pyo3::Python::<'unbound>::assume_attached
[INFO] [stdout]    --> /opt/rustwide/cargo-home/registry/src/index.crates.io-1949cf8c6b5b557f/pyo3-0.29.3/src/marker.rs:444:5
[INFO] [stdout]     |
[INFO] [stdout] 444 | /     pub fn try_attach<F, R>(f: F) -> Option<R>
[INFO] [stdout] 445 | |     where
[INFO] [stdout] 446 | |         F: for<'py> FnOnce(Python<'py>) -> R,
[INFO] [stdout]     | |_____________________________________________^
[INFO] [stdout] ...
[INFO] [stdout] 796 |       pub unsafe fn assume_attached() -> Python<'unbound> {
[INFO] [stdout]     |       ^^^^^^^^^^^^^^^^^^^^^^^^^^^^^^^^^^^^^^^^^^^^^^^^^^^
[INFO] [stdout] 
[INFO] [stdout] 
[INFO] [stdout] error[E0599]: no associated function or constant named `with_gil` found for struct `pyo3::Python<'py>` in the current scope
[INFO] [stdout]    --> nexum_core/src/bridge/mod.rs:154:17
[INFO] [stdout]     |
[INFO] [stdout] 154 |         Python::with_gil(|py| {
[INFO] [stdout]     |                 ^^^^^^^^ associated function or constant not found in `pyo3::Python<'_>`
[INFO] [stdout]     |
[INFO] [stdout] note: if you're trying to build a new `pyo3::Python<'_>` consider using one of the following associated functions:
[INFO] [stdout]       pyo3::Python::<'_>::try_attach
[INFO] [stdout]       pyo3::Python::<'unbound>::assume_attached
[INFO] [stdout]    --> /opt/rustwide/cargo-home/registry/src/index.crates.io-1949cf8c6b5b557f/pyo3-0.29.3/src/marker.rs:444:5
[INFO] [stdout]     |
[INFO] [stdout] 444 | /     pub fn try_attach<F, R>(f: F) -> Option<R>
[INFO] [stdout] 445 | |     where
[INFO] [stdout] 446 | |         F: for<'py> FnOnce(Python<'py>) -> R,
[INFO] [stdout]     | |_____________________________________________^
[INFO] [stdout] ...
[INFO] [stdout] 796 |       pub unsafe fn assume_attached() -> Python<'unbound> {
[INFO] [stdout]     |       ^^^^^^^^^^^^^^^^^^^^^^^^^^^^^^^^^^^^^^^^^^^^^^^^^^^
[INFO] [stdout] 
[INFO] [stdout] 
[INFO] [stdout] error[E0599]: no associated function or constant named `with_gil` found for struct `pyo3::Python<'py>` in the current scope
[INFO] [stdout]    --> nexum_core/src/bridge/mod.rs:53:17
[INFO] [stdout]     |
[INFO] [stdout]  53 |         Python::with_gil(|py| {
[INFO] [stdout]     |                 ^^^^^^^^ associated function or constant not found in `pyo3::Python<'_>`
[INFO] [stdout]     |
[INFO] [stdout] note: if you're trying to build a new `pyo3::Python<'_>` consider using one of the following associated functions:
[INFO] [stdout]       pyo3::Python::<'_>::try_attach
[INFO] [stdout]       pyo3::Python::<'unbound>::assume_attached
[INFO] [stdout]    --> /opt/rustwide/cargo-home/registry/src/index.crates.io-1949cf8c6b5b557f/pyo3-0.29.3/src/marker.rs:444:5
[INFO] [stdout]     |
[INFO] [stdout] 444 | /     pub fn try_attach<F, R>(f: F) -> Option<R>
[INFO] [stdout] 445 | |     where
[INFO] [stdout] 446 | |         F: for<'py> FnOnce(Python<'py>) -> R,
[INFO] [stdout]     | |_____________________________________________^
[INFO] [stdout] ...
[INFO] [stdout] 796 |       pub unsafe fn assume_attached() -> Python<'unbound> {
[INFO] [stdout]     |       ^^^^^^^^^^^^^^^^^^^^^^^^^^^^^^^^^^^^^^^^^^^^^^^^^^^
[INFO] [stdout] 
[INFO] [stdout] 
[INFO] [stdout] error[E0599]: no associated function or constant named `with_gil` found for struct `pyo3::Python<'py>` in the current scope
[INFO] [stdout]    --> nexum_core/src/bridge/mod.rs:174:34
[INFO] [stdout]     |
[INFO] [stdout] 174 |         let translator = Python::with_gil(|py| {
[INFO] [stdout]     |                                  ^^^^^^^^ associated function or constant not found in `pyo3::Python<'_>`
[INFO] [stdout]     |
[INFO] [stdout] note: if you're trying to build a new `pyo3::Python<'_>` consider using one of the following associated functions:
[INFO] [stdout]       pyo3::Python::<'_>::try_attach
[INFO] [stdout]       pyo3::Python::<'unbound>::assume_attached
[INFO] [stdout]    --> /opt/rustwide/cargo-home/registry/src/index.crates.io-1949cf8c6b5b557f/pyo3-0.29.3/src/marker.rs:444:5
[INFO] [stdout]     |
[INFO] [stdout] 444 | /     pub fn try_attach<F, R>(f: F) -> Option<R>
[INFO] [stdout] 445 | |     where
[INFO] [stdout] 446 | |         F: for<'py> FnOnce(Python<'py>) -> R,
[INFO] [stdout]     | |_____________________________________________^
[INFO] [stdout] ...
[INFO] [stdout] 796 |       pub unsafe fn assume_attached() -> Python<'unbound> {
[INFO] [stdout]     |       ^^^^^^^^^^^^^^^^^^^^^^^^^^^^^^^^^^^^^^^^^^^^^^^^^^^
[INFO] [stdout] 
[INFO] [stdout] 
[INFO] [stdout] error[E0599]: no associated function or constant named `with_gil` found for struct `pyo3::Python<'py>` in the current scope
[INFO] [stdout]    --> nexum_core/src/bridge/mod.rs:188:17
[INFO] [stdout]     |
[INFO] [stdout] 188 |         Python::with_gil(|py| {
[INFO] [stdout]     |                 ^^^^^^^^ associated function or constant not found in `pyo3::Python<'_>`
[INFO] [stdout]     |
[INFO] [stdout] note: if you're trying to build a new `pyo3::Python<'_>` consider using one of the following associated functions:
[INFO] [stdout]       pyo3::Python::<'_>::try_attach
[INFO] [stdout]       pyo3::Python::<'unbound>::assume_attached
[INFO] [stdout]    --> /opt/rustwide/cargo-home/registry/src/index.crates.io-1949cf8c6b5b557f/pyo3-0.29.3/src/marker.rs:444:5
[INFO] [stdout]     |
[INFO] [stdout] 444 | /     pub fn try_attach<F, R>(f: F) -> Option<R>
[INFO] [stdout] 445 | |     where
[INFO] [stdout] 446 | |         F: for<'py> FnOnce(Python<'py>) -> R,
[INFO] [stdout]     | |_____________________________________________^
[INFO] [stdout] ...
[INFO] [stdout] 796 |       pub unsafe fn assume_attached() -> Python<'unbound> {
[INFO] [stdout]     |       ^^^^^^^^^^^^^^^^^^^^^^^^^^^^^^^^^^^^^^^^^^^^^^^^^^^
[INFO] [stdout] 
[INFO] [stdout] 
[INFO] [stdout] error[E0599]: no associated function or constant named `with_gil` found for struct `pyo3::Python<'py>` in the current scope
[INFO] [stdout]    --> nexum_core/src/bridge/mod.rs:78:29
[INFO] [stdout]     |
[INFO] [stdout]  78 |         let cache = Python::with_gil(|py| {
[INFO] [stdout]     |                             ^^^^^^^^ associated function or constant not found in `pyo3::Python<'_>`
[INFO] [stdout]     |
[INFO] [stdout] note: if you're trying to build a new `pyo3::Python<'_>` consider using one of the following associated functions:
[INFO] [stdout]       pyo3::Python::<'_>::try_attach
[INFO] [stdout]       pyo3::Python::<'unbound>::assume_attached
[INFO] [stdout]    --> /opt/rustwide/cargo-home/registry/src/index.crates.io-1949cf8c6b5b557f/pyo3-0.29.3/src/marker.rs:444:5
[INFO] [stdout]     |
[INFO] [stdout] 444 | /     pub fn try_attach<F, R>(f: F) -> Option<R>
[INFO] [stdout] 445 | |     where
[INFO] [stdout] 446 | |         F: for<'py> FnOnce(Python<'py>) -> R,
[INFO] [stdout]     | |_____________________________________________^
[INFO] [stdout] ...
[INFO] [stdout] 796 |       pub unsafe fn assume_attached() -> Python<'unbound> {
[INFO] [stdout]     |       ^^^^^^^^^^^^^^^^^^^^^^^^^^^^^^^^^^^^^^^^^^^^^^^^^^^
[INFO] [stdout] 
[INFO] [stdout] 
[INFO] [stdout] error[E0599]: no associated function or constant named `with_gil` found for struct `pyo3::Python<'py>` in the current scope
[INFO] [stdout]    --> nexum_core/src/bridge/mod.rs:211:17
[INFO] [stdout]     |
[INFO] [stdout] 211 |         Python::with_gil(|py| {
[INFO] [stdout]     |                 ^^^^^^^^ associated function or constant not found in `pyo3::Python<'_>`
[INFO] [stdout]     |
[INFO] [stdout] note: if you're trying to build a new `pyo3::Python<'_>` consider using one of the following associated functions:
[INFO] [stdout]       pyo3::Python::<'_>::try_attach
[INFO] [stdout]       pyo3::Python::<'unbound>::assume_attached
[INFO] [stdout]    --> /opt/rustwide/cargo-home/registry/src/index.crates.io-1949cf8c6b5b557f/pyo3-0.29.3/src/marker.rs:444:5
[INFO] [stdout]     |
[INFO] [stdout] 444 | /     pub fn try_attach<F, R>(f: F) -> Option<R>
[INFO] [stdout] 445 | |     where
[INFO] [stdout] 446 | |         F: for<'py> FnOnce(Python<'py>) -> R,
[INFO] [stdout]     | |_____________________________________________^
[INFO] [stdout] ...
[INFO] [stdout] 796 |       pub unsafe fn assume_attached() -> Python<'unbound> {
[INFO] [stdout]     |       ^^^^^^^^^^^^^^^^^^^^^^^^^^^^^^^^^^^^^^^^^^^^^^^^^^^
[INFO] [stdout] 
[INFO] [stdout] 
[INFO] [stdout] error[E0599]: no associated function or constant named `with_gil` found for struct `pyo3::Python<'py>` in the current scope
[INFO] [stdout]    --> nexum_core/src/bridge/mod.rs:89:17
[INFO] [stdout]     |
[INFO] [stdout]  89 |         Python::with_gil(|py| {
[INFO] [stdout]     |                 ^^^^^^^^ associated function or constant not found in `pyo3::Python<'_>`
[INFO] [stdout]     |
[INFO] [stdout] note: if you're trying to build a new `pyo3::Python<'_>` consider using one of the following associated functions:
[INFO] [stdout]       pyo3::Python::<'_>::try_attach
[INFO] [stdout]       pyo3::Python::<'unbound>::assume_attached
[INFO] [stdout]    --> /opt/rustwide/cargo-home/registry/src/index.crates.io-1949cf8c6b5b557f/pyo3-0.29.3/src/marker.rs:444:5
[INFO] [stdout]     |
[INFO] [stdout] 444 | /     pub fn try_attach<F, R>(f: F) -> Option<R>
[INFO] [stdout] 445 | |     where
[INFO] [stdout] 446 | |         F: for<'py> FnOnce(Python<'py>) -> R,
[INFO] [stdout]     | |_____________________________________________^
[INFO] [stdout] ...
[INFO] [stdout] 796 |       pub unsafe fn assume_attached() -> Python<'unbound> {
[INFO] [stdout]     |       ^^^^^^^^^^^^^^^^^^^^^^^^^^^^^^^^^^^^^^^^^^^^^^^^^^^
[INFO] [stdout] 
[INFO] [stdout] 
[INFO] [stdout] error[E0599]: no associated function or constant named `with_gil` found for struct `pyo3::Python<'py>` in the current scope
[INFO] [stdout]    --> nexum_core/src/bridge/mod.rs:225:17
[INFO] [stdout]     |
[INFO] [stdout] 225 |         Python::with_gil(|py| {
[INFO] [stdout]     |                 ^^^^^^^^ associated function or constant not found in `pyo3::Python<'_>`
[INFO] [stdout]     |
[INFO] [stdout] note: if you're trying to build a new `pyo3::Python<'_>` consider using one of the following associated functions:
[INFO] [stdout]       pyo3::Python::<'_>::try_attach
[INFO] [stdout]       pyo3::Python::<'unbound>::assume_attached
[INFO] [stdout]    --> /opt/rustwide/cargo-home/registry/src/index.crates.io-1949cf8c6b5b557f/pyo3-0.29.3/src/marker.rs:444:5
[INFO] [stdout]     |
[INFO] [stdout] 444 | /     pub fn try_attach<F, R>(f: F) -> Option<R>
[INFO] [stdout] 445 | |     where
[INFO] [stdout] 446 | |         F: for<'py> FnOnce(Python<'py>) -> R,
[INFO] [stdout]     | |_____________________________________________^
[INFO] [stdout] ...
[INFO] [stdout] 796 |       pub unsafe fn assume_attached() -> Python<'unbound> {
[INFO] [stdout]     |       ^^^^^^^^^^^^^^^^^^^^^^^^^^^^^^^^^^^^^^^^^^^^^^^^^^^
[INFO] [stdout] 
[INFO] [stdout] 
[INFO] [stdout] error[E0599]: no associated function or constant named `with_gil` found for struct `pyo3::Python<'py>` in the current scope
[INFO] [stdout]    --> nexum_core/src/bridge/mod.rs:104:17
[INFO] [stdout]     |
[INFO] [stdout] 104 |         Python::with_gil(|py| {
[INFO] [stdout]     |                 ^^^^^^^^ associated function or constant not found in `pyo3::Python<'_>`
[INFO] [stdout]     |
[INFO] [stdout] note: if you're trying to build a new `pyo3::Python<'_>` consider using one of the following associated functions:
[INFO] [stdout]       pyo3::Python::<'_>::try_attach
[INFO] [stdout]       pyo3::Python::<'unbound>::assume_attached
[INFO] [stdout]    --> /opt/rustwide/cargo-home/registry/src/index.crates.io-1949cf8c6b5b557f/pyo3-0.29.3/src/marker.rs:444:5
[INFO] [stdout]     |
[INFO] [stdout] 444 | /     pub fn try_attach<F, R>(f: F) -> Option<R>
[INFO] [stdout] 445 | |     where
[INFO] [stdout] 446 | |         F: for<'py> FnOnce(Python<'py>) -> R,
[INFO] [stdout]     | |_____________________________________________^
[INFO] [stdout] ...
[INFO] [stdout] 796 |       pub unsafe fn assume_attached() -> Python<'unbound> {
[INFO] [stdout]     |       ^^^^^^^^^^^^^^^^^^^^^^^^^^^^^^^^^^^^^^^^^^^^^^^^^^^
[INFO] [stdout] 
[INFO] [stdout] 
[INFO] [stdout] error[E0599]: no associated function or constant named `with_gil` found for struct `pyo3::Python<'py>` in the current scope
[INFO] [stdout]    --> nexum_core/src/bridge/mod.rs:117:17
[INFO] [stdout]     |
[INFO] [stdout] 117 |         Python::with_gil(|py| {
[INFO] [stdout]     |                 ^^^^^^^^ associated function or constant not found in `pyo3::Python<'_>`
[INFO] [stdout]     |
[INFO] [stdout] note: if you're trying to build a new `pyo3::Python<'_>` consider using one of the following associated functions:
[INFO] [stdout]       pyo3::Python::<'_>::try_attach
[INFO] [stdout]       pyo3::Python::<'unbound>::assume_attached
[INFO] [stdout]    --> /opt/rustwide/cargo-home/registry/src/index.crates.io-1949cf8c6b5b557f/pyo3-0.29.3/src/marker.rs:444:5
[INFO] [stdout]     |
[INFO] [stdout] 444 | /     pub fn try_attach<F, R>(f: F) -> Option<R>
[INFO] [stdout] 445 | |     where
[INFO] [stdout] 446 | |         F: for<'py> FnOnce(Python<'py>) -> R,
[INFO] [stdout]     | |_____________________________________________^
[INFO] [stdout] ...
[INFO] [stdout] 796 |       pub unsafe fn assume_attached() -> Python<'unbound> {
[INFO] [stdout]     |       ^^^^^^^^^^^^^^^^^^^^^^^^^^^^^^^^^^^^^^^^^^^^^^^^^^^
[INFO] [stdout] 
[INFO] [stdout] 
[INFO] [stdout] error[E0599]: no associated function or constant named `with_gil` found for struct `pyo3::Python<'py>` in the current scope
[INFO] [stdout]    --> nexum_core/src/bridge/mod.rs:126:17
[INFO] [stdout]     |
[INFO] [stdout] 126 |         Python::with_gil(|py| {
[INFO] [stdout]     |                 ^^^^^^^^ associated function or constant not found in `pyo3::Python<'_>`
[INFO] [stdout]     |
[INFO] [stdout] note: if you're trying to build a new `pyo3::Python<'_>` consider using one of the following associated functions:
[INFO] [stdout]       pyo3::Python::<'_>::try_attach
[INFO] [stdout]       pyo3::Python::<'unbound>::assume_attached
[INFO] [stdout]    --> /opt/rustwide/cargo-home/registry/src/index.crates.io-1949cf8c6b5b557f/pyo3-0.29.3/src/marker.rs:444:5
[INFO] [stdout]     |
[INFO] [stdout] 444 | /     pub fn try_attach<F, R>(f: F) -> Option<R>
[INFO] [stdout] 445 | |     where
[INFO] [stdout] 446 | |         F: for<'py> FnOnce(Python<'py>) -> R,
[INFO] [stdout]     | |_____________________________________________^
[INFO] [stdout] ...
[INFO] [stdout] 796 |       pub unsafe fn assume_attached() -> Python<'unbound> {
[INFO] [stdout]     |       ^^^^^^^^^^^^^^^^^^^^^^^^^^^^^^^^^^^^^^^^^^^^^^^^^^^
[INFO] [stdout] 
[INFO] [stdout] 
[INFO] [stdout] error[E0027]: pattern does not mention field `any`
[INFO] [stdout]   --> nexum_core/src/executor/filter.rs:75:13
[INFO] [stdout]    |
[INFO] [stdout] 75 | /             Expr::Like {
[INFO] [stdout] 76 | |                 negated,
[INFO] [stdout] 77 | |                 expr,
[INFO] [stdout] 78 | |                 pattern,
[INFO] [stdout] 79 | |                 escape_char,
[INFO] [stdout] 80 | |             } => self.evaluate_like(*negated, expr, pattern, escape_char.as_ref(), row_values),
[INFO] [stdout]    | |_____________^ missing field `any`
[INFO] [stdout]    |
[INFO] [stdout] help: include the missing field in the pattern
[INFO] [stdout]    |
[INFO] [stdout] 79 -                 escape_char,
[INFO] [stdout] 80 -             } => self.evaluate_like(*negated, expr, pattern, escape_char.as_ref(), row_values),
[INFO] [stdout] 79 +                 escape_char, any } => self.evaluate_like(*negated, expr, pattern, escape_char.as_ref(), row_values),
[INFO] [stdout]    |
[INFO] [stdout] help: if you don't care about this missing field, you can explicitly ignore it
[INFO] [stdout]    |
[INFO] [stdout] 79 -                 escape_char,
[INFO] [stdout] 80 -             } => self.evaluate_like(*negated, expr, pattern, escape_char.as_ref(), row_values),
[INFO] [stdout] 79 +                 escape_char, any: _ } => self.evaluate_like(*negated, expr, pattern, escape_char.as_ref(), row_values),
[INFO] [stdout]    |
[INFO] [stdout] help: or always ignore missing fields here
[INFO] [stdout]    |
[INFO] [stdout] 79 -                 escape_char,
[INFO] [stdout] 80 -             } => self.evaluate_like(*negated, expr, pattern, escape_char.as_ref(), row_values),
[INFO] [stdout] 79 +                 escape_char, .. } => self.evaluate_like(*negated, expr, pattern, escape_char.as_ref(), row_values),
[INFO] [stdout]    |
[INFO] [stdout] 
[INFO] [stdout] 
[INFO] [stdout] error[E0599]: no associated function or constant named `with_gil` found for struct `pyo3::Python<'py>` in the current scope
[INFO] [stdout]    --> nexum_core/src/bridge/mod.rs:135:17
[INFO] [stdout]     |
[INFO] [stdout] 135 |         Python::with_gil(|py| {
[INFO] [stdout]     |                 ^^^^^^^^ associated function or constant not found in `pyo3::Python<'_>`
[INFO] [stdout]     |
[INFO] [stdout] note: if you're trying to build a new `pyo3::Python<'_>` consider using one of the following associated functions:
[INFO] [stdout]       pyo3::Python::<'_>::try_attach
[INFO] [stdout]       pyo3::Python::<'unbound>::assume_attached
[INFO] [stdout]    --> /opt/rustwide/cargo-home/registry/src/index.crates.io-1949cf8c6b5b557f/pyo3-0.29.3/src/marker.rs:444:5
[INFO] [stdout]     |
[INFO] [stdout] 444 | /     pub fn try_attach<F, R>(f: F) -> Option<R>
[INFO] [stdout] 445 | |     where
[INFO] [stdout] 446 | |         F: for<'py> FnOnce(Python<'py>) -> R,
[INFO] [stdout]     | |_____________________________________________^
[INFO] [stdout] ...
[INFO] [stdout] 796 |       pub unsafe fn assume_attached() -> Python<'unbound> {
[INFO] [stdout]     |       ^^^^^^^^^^^^^^^^^^^^^^^^^^^^^^^^^^^^^^^^^^^^^^^^^^^
[INFO] [stdout] 
[INFO] [stdout] 
[INFO] [stdout] error[E0599]: no associated function or constant named `with_gil` found for struct `pyo3::Python<'py>` in the current scope
[INFO] [stdout]    --> nexum_core/src/bridge/mod.rs:144:17
[INFO] [stdout]     |
[INFO] [stdout] 144 |         Python::with_gil(|py| {
[INFO] [stdout]     |                 ^^^^^^^^ associated function or constant not found in `pyo3::Python<'_>`
[INFO] [stdout]     |
[INFO] [stdout] note: if you're trying to build a new `pyo3::Python<'_>` consider using one of the following associated functions:
[INFO] [stdout]       pyo3::Python::<'_>::try_attach
[INFO] [stdout]       pyo3::Python::<'unbound>::assume_attached
[INFO] [stdout]    --> /opt/rustwide/cargo-home/registry/src/index.crates.io-1949cf8c6b5b557f/pyo3-0.29.3/src/marker.rs:444:5
[INFO] [stdout]     |
[INFO] [stdout] 444 | /     pub fn try_attach<F, R>(f: F) -> Option<R>
[INFO] [stdout] 445 | |     where
[INFO] [stdout] 446 | |         F: for<'py> FnOnce(Python<'py>) -> R,
[INFO] [stdout]     | |_____________________________________________^
[INFO] [stdout] ...
[INFO] [stdout] 796 |       pub unsafe fn assume_attached() -> Python<'unbound> {
[INFO] [stdout]     |       ^^^^^^^^^^^^^^^^^^^^^^^^^^^^^^^^^^^^^^^^^^^^^^^^^^^
[INFO] [stdout] 
[INFO] [stdout] 
[INFO] [stdout] error[E0308]: mismatched types
[INFO] [stdout]    --> nexum_core/src/executor/filter.rs:80:62
[INFO] [stdout]     |
[INFO] [stdout]  80 |             } => self.evaluate_like(*negated, expr, pattern, escape_char.as_ref(), row_values),
[INFO] [stdout]     |                       -------------                          ^^^^^^^^^^^^^^^^^^^^ expected `Option<&char>`, found `Option<&Box<Expr>>`
[INFO] [stdout]     |                       |
[INFO] [stdout]     |                       arguments to this method are incorrect
[INFO] [stdout]     |
[INFO] [stdout]     = note: expected enum `Option<&char>`
[INFO] [stdout]                found enum `Option<&Box<sqlparser::ast::Expr>>`
[INFO] [stdout] note: method defined here
[INFO] [stdout]    --> nexum_core/src/executor/filter.rs:209:8
[INFO] [stdout]     |
[INFO] [stdout] 209 |     fn evaluate_like(
[INFO] [stdout]     |        ^^^^^^^^^^^^^
[INFO] [stdout] ...
[INFO] [stdout] 214 |         _escape_char: Option<&char>,
[INFO] [stdout]     |         ---------------------------
[INFO] [stdout] 
[INFO] [stdout] 
[INFO] [stdout] error[E0599]: no associated function or constant named `with_gil` found for struct `pyo3::Python<'py>` in the current scope
[INFO] [stdout]    --> nexum_core/src/bridge/mod.rs:154:17
[INFO] [stdout]     |
[INFO] [stdout] 154 |         Python::with_gil(|py| {
[INFO] [stdout]     |                 ^^^^^^^^ associated function or constant not found in `pyo3::Python<'_>`
[INFO] [stdout]     |
[INFO] [stdout] note: if you're trying to build a new `pyo3::Python<'_>` consider using one of the following associated functions:
[INFO] [stdout]       pyo3::Python::<'_>::try_attach
[INFO] [stdout]       pyo3::Python::<'unbound>::assume_attached
[INFO] [stdout]    --> /opt/rustwide/cargo-home/registry/src/index.crates.io-1949cf8c6b5b557f/pyo3-0.29.3/src/marker.rs:444:5
[INFO] [stdout]     |
[INFO] [stdout] 444 | /     pub fn try_attach<F, R>(f: F) -> Option<R>
[INFO] [stdout] 445 | |     where
[INFO] [stdout] 446 | |         F: for<'py> FnOnce(Python<'py>) -> R,
[INFO] [stdout]     | |_____________________________________________^
[INFO] [stdout] ...
[INFO] [stdout] 796 |       pub unsafe fn assume_attached() -> Python<'unbound> {
[INFO] [stdout]     |       ^^^^^^^^^^^^^^^^^^^^^^^^^^^^^^^^^^^^^^^^^^^^^^^^^^^
[INFO] [stdout] 
[INFO] [stdout] 
[INFO] [stdout] error[E0599]: no associated function or constant named `with_gil` found for struct `pyo3::Python<'py>` in the current scope
[INFO] [stdout]    --> nexum_core/src/bridge/mod.rs:174:34
[INFO] [stdout]     |
[INFO] [stdout] 174 |         let translator = Python::with_gil(|py| {
[INFO] [stdout]     |                                  ^^^^^^^^ associated function or constant not found in `pyo3::Python<'_>`
[INFO] [stdout]     |
[INFO] [stdout] note: if you're trying to build a new `pyo3::Python<'_>` consider using one of the following associated functions:
[INFO] [stdout]       pyo3::Python::<'_>::try_attach
[INFO] [stdout]       pyo3::Python::<'unbound>::assume_attached
[INFO] [stdout]    --> /opt/rustwide/cargo-home/registry/src/index.crates.io-1949cf8c6b5b557f/pyo3-0.29.3/src/marker.rs:444:5
[INFO] [stdout]     |
[INFO] [stdout] 444 | /     pub fn try_attach<F, R>(f: F) -> Option<R>
[INFO] [stdout] 445 | |     where
[INFO] [stdout] 446 | |         F: for<'py> FnOnce(Python<'py>) -> R,
[INFO] [stdout]     | |_____________________________________________^
[INFO] [stdout] ...
[INFO] [stdout] 796 |       pub unsafe fn assume_attached() -> Python<'unbound> {
[INFO] [stdout]     |       ^^^^^^^^^^^^^^^^^^^^^^^^^^^^^^^^^^^^^^^^^^^^^^^^^^^
[INFO] [stdout] 
[INFO] [stdout] 
[INFO] [stdout] error[E0599]: no associated function or constant named `with_gil` found for struct `pyo3::Python<'py>` in the current scope
[INFO] [stdout]    --> nexum_core/src/bridge/mod.rs:188:17
[INFO] [stdout]     |
[INFO] [stdout] 188 |         Python::with_gil(|py| {
[INFO] [stdout]     |                 ^^^^^^^^ associated function or constant not found in `pyo3::Python<'_>`
[INFO] [stdout]     |
[INFO] [stdout] note: if you're trying to build a new `pyo3::Python<'_>` consider using one of the following associated functions:
[INFO] [stdout]       pyo3::Python::<'_>::try_attach
[INFO] [stdout]       pyo3::Python::<'unbound>::assume_attached
[INFO] [stdout]    --> /opt/rustwide/cargo-home/registry/src/index.crates.io-1949cf8c6b5b557f/pyo3-0.29.3/src/marker.rs:444:5
[INFO] [stdout]     |
[INFO] [stdout] 444 | /     pub fn try_attach<F, R>(f: F) -> Option<R>
[INFO] [stdout] 445 | |     where
[INFO] [stdout] 446 | |         F: for<'py> FnOnce(Python<'py>) -> R,
[INFO] [stdout]     | |_____________________________________________^
[INFO] [stdout] ...
[INFO] [stdout] 796 |       pub unsafe fn assume_attached() -> Python<'unbound> {
[INFO] [stdout]     |       ^^^^^^^^^^^^^^^^^^^^^^^^^^^^^^^^^^^^^^^^^^^^^^^^^^^
[INFO] [stdout] 
[INFO] [stdout] 
[INFO] [stdout] error[E0599]: no associated function or constant named `with_gil` found for struct `pyo3::Python<'py>` in the current scope
[INFO] [stdout]    --> nexum_core/src/bridge/mod.rs:211:17
[INFO] [stdout]     |
[INFO] [stdout] 211 |         Python::with_gil(|py| {
[INFO] [stdout]     |                 ^^^^^^^^ associated function or constant not found in `pyo3::Python<'_>`
[INFO] [stdout]     |
[INFO] [stdout] note: if you're trying to build a new `pyo3::Python<'_>` consider using one of the following associated functions:
[INFO] [stdout]       pyo3::Python::<'_>::try_attach
[INFO] [stdout]       pyo3::Python::<'unbound>::assume_attached
[INFO] [stdout]    --> /opt/rustwide/cargo-home/registry/src/index.crates.io-1949cf8c6b5b557f/pyo3-0.29.3/src/marker.rs:444:5
[INFO] [stdout]     |
[INFO] [stdout] 444 | /     pub fn try_attach<F, R>(f: F) -> Option<R>
[INFO] [stdout] 445 | |     where
[INFO] [stdout] 446 | |         F: for<'py> FnOnce(Python<'py>) -> R,
[INFO] [stdout]     | |_____________________________________________^
[INFO] [stdout] ...
[INFO] [stdout] 796 |       pub unsafe fn assume_attached() -> Python<'unbound> {
[INFO] [stdout]     |       ^^^^^^^^^^^^^^^^^^^^^^^^^^^^^^^^^^^^^^^^^^^^^^^^^^^
[INFO] [stdout] 
[INFO] [stdout] 
[INFO] [stdout] error[E0599]: no associated function or constant named `with_gil` found for struct `pyo3::Python<'py>` in the current scope
[INFO] [stdout]    --> nexum_core/src/bridge/mod.rs:225:17
[INFO] [stdout]     |
[INFO] [stdout] 225 |         Python::with_gil(|py| {
[INFO] [stdout]     |                 ^^^^^^^^ associated function or constant not found in `pyo3::Python<'_>`
[INFO] [stdout]     |
[INFO] [stdout] note: if you're trying to build a new `pyo3::Python<'_>` consider using one of the following associated functions:
[INFO] [stdout]       pyo3::Python::<'_>::try_attach
[INFO] [stdout]       pyo3::Python::<'unbound>::assume_attached
[INFO] [stdout]    --> /opt/rustwide/cargo-home/registry/src/index.crates.io-1949cf8c6b5b557f/pyo3-0.29.3/src/marker.rs:444:5
[INFO] [stdout]     |
[INFO] [stdout] 444 | /     pub fn try_attach<F, R>(f: F) -> Option<R>
[INFO] [stdout] 445 | |     where
[INFO] [stdout] 446 | |         F: for<'py> FnOnce(Python<'py>) -> R,
[INFO] [stdout]     | |_____________________________________________^
[INFO] [stdout] ...
[INFO] [stdout] 796 |       pub unsafe fn assume_attached() -> Python<'unbound> {
[INFO] [stdout]     |       ^^^^^^^^^^^^^^^^^^^^^^^^^^^^^^^^^^^^^^^^^^^^^^^^^^^
[INFO] [stdout] 
[INFO] [stdout] 
[INFO] [stdout] error[E0599]: no associated function or constant named `with_gil` found for struct `pyo3::Python<'py>` in the current scope
[INFO] [stdout]    --> nexum_core/src/bridge/mod.rs:244:24
[INFO] [stdout]     |
[INFO] [stdout] 244 |             && Python::with_gil(|py| PyModule::import(py, "nexum_ai.optimizer").is_ok())
[INFO] [stdout]     |                        ^^^^^^^^ associated function or constant not found in `pyo3::Python<'_>`
[INFO] [stdout]     |
[INFO] [stdout] note: if you're trying to build a new `pyo3::Python<'_>` consider using one of the following associated functions:
[INFO] [stdout]       pyo3::Python::<'_>::try_attach
[INFO] [stdout]       pyo3::Python::<'unbound>::assume_attached
[INFO] [stdout]    --> /opt/rustwide/cargo-home/registry/src/index.crates.io-1949cf8c6b5b557f/pyo3-0.29.3/src/marker.rs:444:5
[INFO] [stdout]     |
[INFO] [stdout] 444 | /     pub fn try_attach<F, R>(f: F) -> Option<R>
[INFO] [stdout] 445 | |     where
[INFO] [stdout] 446 | |         F: for<'py> FnOnce(Python<'py>) -> R,
[INFO] [stdout]     | |_____________________________________________^
[INFO] [stdout] ...
[INFO] [stdout] 796 |       pub unsafe fn assume_attached() -> Python<'unbound> {
[INFO] [stdout]     |       ^^^^^^^^^^^^^^^^^^^^^^^^^^^^^^^^^^^^^^^^^^^^^^^^^^^
[INFO] [stdout] 
[INFO] [stdout] 
[INFO] [stdout] error[E0027]: pattern does not mention field `any`
[INFO] [stdout]   --> nexum_core/src/executor/filter.rs:75:13
[INFO] [stdout]    |
[INFO] [stdout] 75 | /             Expr::Like {
[INFO] [stdout] 76 | |                 negated,
[INFO] [stdout] 77 | |                 expr,
[INFO] [stdout] 78 | |                 pattern,
[INFO] [stdout] 79 | |                 escape_char,
[INFO] [stdout] 80 | |             } => self.evaluate_like(*negated, expr, pattern, escape_char.as_ref(), row_values),
[INFO] [stdout]    | |_____________^ missing field `any`
[INFO] [stdout]    |
[INFO] [stdout] help: include the missing field in the pattern
[INFO] [stdout]    |
[INFO] [stdout] 79 -                 escape_char,
[INFO] [stdout] 80 -             } => self.evaluate_like(*negated, expr, pattern, escape_char.as_ref(), row_values),
[INFO] [stdout] 79 +                 escape_char, any } => self.evaluate_like(*negated, expr, pattern, escape_char.as_ref(), row_values),
[INFO] [stdout]    |
[INFO] [stdout] help: if you don't care about this missing field, you can explicitly ignore it
[INFO] [stdout]    |
[INFO] [stdout] 79 -                 escape_char,
[INFO] [stdout] 80 -             } => self.evaluate_like(*negated, expr, pattern, escape_char.as_ref(), row_values),
[INFO] [stdout] 79 +                 escape_char, any: _ } => self.evaluate_like(*negated, expr, pattern, escape_char.as_ref(), row_values),
[INFO] [stdout]    |
[INFO] [stdout] help: or always ignore missing fields here
[INFO] [stdout]    |
[INFO] [stdout] 79 -                 escape_char,
[INFO] [stdout] 80 -             } => self.evaluate_like(*negated, expr, pattern, escape_char.as_ref(), row_values),
[INFO] [stdout] 79 +                 escape_char, .. } => self.evaluate_like(*negated, expr, pattern, escape_char.as_ref(), row_values),
[INFO] [stdout]    |
[INFO] [stdout] 
[INFO] [stdout] 
[INFO] [stdout] error[E0026]: variant `sqlparser::ast::Statement::CreateTable` does not have fields named `name`, `columns`
[INFO] [stdout]   --> nexum_core/src/sql/parser.rs:33:41
[INFO] [stdout]    |
[INFO] [stdout] 33 |             SqlStatement::CreateTable { name, columns, .. } => {
[INFO] [stdout]    |                                         ^^^^  ^^^^^^^ variant `sqlparser::ast::Statement::CreateTable` does not have these fields
[INFO] [stdout] 
[INFO] [stdout] 
[INFO] [stdout] error[E0026]: variant `sqlparser::ast::Statement::Insert` does not have fields named `table_name`, `columns`, `source`
[INFO] [stdout]   --> nexum_core/src/sql/parser.rs:45:17
[INFO] [stdout]    |
[INFO] [stdout] 45 |                 table_name,
[INFO] [stdout]    |                 ^^^^^^^^^^
[INFO] [stdout] 46 |                 columns,
[INFO] [stdout]    |                 ^^^^^^^
[INFO] [stdout] 47 |                 source,
[INFO] [stdout]    |                 ^^^^^^ variant `sqlparser::ast::Statement::Insert` does not have these fields
[INFO] [stdout] 
[INFO] [stdout] 
[INFO] [stdout] error[E0026]: variant `sqlparser::ast::Statement::Update` does not have fields named `table`, `assignments`, `selection`
[INFO] [stdout]   --> nexum_core/src/sql/parser.rs:74:17
[INFO] [stdout]    |
[INFO] [stdout] 74 |                 table,
[INFO] [stdout]    |                 ^^^^^
[INFO] [stdout] 75 |                 assignments,
[INFO] [stdout]    |                 ^^^^^^^^^^^
[INFO] [stdout] 76 |                 selection,
[INFO] [stdout]    |                 ^^^^^^^^^ variant `sqlparser::ast::Statement::Update` does not have these fields
[INFO] [stdout] 
[INFO] [stdout] 
[INFO] [stdout] error[E0026]: variant `sqlparser::ast::Statement::Delete` does not have fields named `from`, `selection`
[INFO] [stdout]    --> nexum_core/src/sql/parser.rs:104:17
[INFO] [stdout]     |
[INFO] [stdout] 104 |                 from, selection, ..
[INFO] [stdout]     |                 ^^^^  ^^^^^^^^^ variant `sqlparser::ast::Statement::Delete` does not have these fields
[INFO] [stdout] 
[INFO] [stdout] 
[INFO] [stdout] error[E0308]: mismatched types
[INFO] [stdout]    --> nexum_core/src/executor/filter.rs:80:62
[INFO] [stdout]     |
[INFO] [stdout]  80 |             } => self.evaluate_like(*negated, expr, pattern, escape_char.as_ref(), row_values),
[INFO] [stdout]     |                       -------------                          ^^^^^^^^^^^^^^^^^^^^ expected `Option<&char>`, found `Option<&Box<Expr>>`
[INFO] [stdout]     |                       |
[INFO] [stdout]     |                       arguments to this method are incorrect
[INFO] [stdout]     |
[INFO] [stdout]     = note: expected enum `Option<&char>`
[INFO] [stdout]                found enum `Option<&Box<sqlparser::ast::Expr>>`
[INFO] [stdout] note: method defined here
[INFO] [stdout]    --> nexum_core/src/executor/filter.rs:209:8
[INFO] [stdout]     |
[INFO] [stdout] 209 |     fn evaluate_like(
[INFO] [stdout]     |        ^^^^^^^^^^^^^
[INFO] [stdout] ...
[INFO] [stdout] 214 |         _escape_char: Option<&char>,
[INFO] [stdout]     |         ---------------------------
[INFO] [stdout] 
[INFO] [stdout] 
[INFO] [stdout] error[E0599]: no method named `is_empty` found for enum `std::option::Option<T>` in the current scope
[INFO] [stdout]    --> nexum_core/src/sql/parser.rs:157:55
[INFO] [stdout]     |
[INFO] [stdout] 157 |                     let order_by = if !query.order_by.is_empty() {
[INFO] [stdout]     |                                                       ^^^^^^^^ method not found in `std::option::Option<sqlparser::ast::OrderBy>`
[INFO] [stdout] 
[INFO] [stdout] 
[INFO] [stdout] error[E0609]: no field `expr` on type `&sqlparser::ast::OrderBy`
[INFO] [stdout]    --> nexum_core/src/sql/parser.rs:163:63
[INFO] [stdout]     |
[INFO] [stdout] 163 | ...                   let column = match &order.expr {
[INFO] [stdout]     |                                                 ^^^^ unknown field
[INFO] [stdout]     |
[INFO] [stdout]     = note: available fields are: `kind`, `interpolate`
[INFO] [stdout] 
[INFO] [stdout] 
[INFO] [stdout] error[E0609]: no field `expr` on type `&sqlparser::ast::OrderBy`
[INFO] [stdout]    --> nexum_core/src/sql/parser.rs:168:55
[INFO] [stdout]     |
[INFO] [stdout] 168 | ...                   order.expr
[INFO] [stdout]     |                             ^^^^ unknown field
[INFO] [stdout]     |
[INFO] [stdout]     = note: available fields are: `kind`, `interpolate`
[INFO] [stdout] 
[INFO] [stdout] 
[INFO] [stdout] error[E0609]: no field `asc` on type `&sqlparser::ast::OrderBy`
[INFO] [stdout]    --> nexum_core/src/sql/parser.rs:172:59
[INFO] [stdout]     |
[INFO] [stdout] 172 | ...                   let ascending = order.asc.unwrap_or(true);
[INFO] [stdout]     |                                             ^^^ unknown field
[INFO] [stdout]     |
[INFO] [stdout]     = note: available fields are: `kind`, `interpolate`
[INFO] [stdout] 
[INFO] [stdout] 
[INFO] [stdout] error[E0609]: no field `limit` on type `&Box<sqlparser::ast::Query>`
[INFO] [stdout]    --> nexum_core/src/sql/parser.rs:181:39
[INFO] [stdout]     |
[INFO] [stdout] 181 |                     let limit = query.limit.as_ref().and_then(|limit_expr| {
[INFO] [stdout]     |                                       ^^^^^ unknown field
[INFO] [stdout]     |
[INFO] [stdout]     = note: available fields are: `with`, `body`, `order_by`, `limit_clause`, `fetch` ... and 5 others
[INFO] [stdout] 
[INFO] [stdout] 
[INFO] [stdout] error[E0308]: mismatched types
[INFO] [stdout]    --> nexum_core/src/sql/parser.rs:182:49
[INFO] [stdout]     |
[INFO] [stdout] 182 |                         if let ast::Expr::Value(ast::Value::Number(n, _)) = limit_expr {
[INFO] [stdout]     |                                                 ^^^^^^^^^^^^^^^^^^^^^^^^    ---------- this expression has type `sqlparser::ast::Expr`
[INFO] [stdout]     |                                                 |
[INFO] [stdout]     |                                                 expected `ValueWithSpan`, found `Value`
[INFO] [stdout] 
[INFO] [stdout] 
[INFO] [stdout] error[E0308]: mismatched types
[INFO] [stdout]    --> nexum_core/src/sql/parser.rs:320:25
[INFO] [stdout]     |
[INFO] [stdout] 319 |         match expr {
[INFO] [stdout]     |               ---- this expression has type `&sqlparser::ast::Expr`
[INFO] [stdout] 320 |             Expr::Value(ast::Value::Number(n, _)) => {
[INFO] [stdout]     |                         ^^^^^^^^^^^^^^^^^^^^^^^^ expected `ValueWithSpan`, found `Value`
[INFO] [stdout] 
[INFO] [stdout] 
[INFO] [stdout] error[E0308]: mismatched types
[INFO] [stdout]    --> nexum_core/src/sql/parser.rs:327:25
[INFO] [stdout]     |
[INFO] [stdout] 319 |         match expr {
[INFO] [stdout]     |               ---- this expression has type `&sqlparser::ast::Expr`
[INFO] [stdout] ...
[INFO] [stdout] 327 |             Expr::Value(ast::Value::SingleQuotedString(s))
[INFO] [stdout]     |                         ^^^^^^^^^^^^^^^^^^^^^^^^^^^^^^^^^ expected `ValueWithSpan`, found `Value`
[INFO] [stdout] 
[INFO] [stdout] 
[INFO] [stdout] error[E0308]: mismatched types
[INFO] [stdout]    --> nexum_core/src/sql/parser.rs:328:27
[INFO] [stdout]     |
[INFO] [stdout] 319 |         match expr {
[INFO] [stdout]     |               ---- this expression has type `&sqlparser::ast::Expr`
[INFO] [stdout] ...
[INFO] [stdout] 328 |             | Expr::Value(ast::Value::DoubleQuotedString(s)) => Ok(Value::Text(s.clone())),
[INFO] [stdout]     |                           ^^^^^^^^^^^^^^^^^^^^^^^^^^^^^^^^^ expected `ValueWithSpan`, found `Value`
[INFO] [stdout] 
[INFO] [stdout] 
[INFO] [stdout] error[E0308]: mismatched types
[INFO] [stdout]    --> nexum_core/src/sql/parser.rs:329:25
[INFO] [stdout]     |
[INFO] [stdout] 319 |         match expr {
[INFO] [stdout]     |               ---- this expression has type `&sqlparser::ast::Expr`
[INFO] [stdout] ...
[INFO] [stdout] 329 |             Expr::Value(ast::Value::Boolean(b)) => Ok(Value::Boolean(*b)),
[INFO] [stdout]     |                         ^^^^^^^^^^^^^^^^^^^^^^ expected `ValueWithSpan`, found `Value`
[INFO] [stdout] 
[INFO] [stdout] 
[INFO] [stdout] error[E0308]: mismatched types
[INFO] [stdout]    --> nexum_core/src/sql/parser.rs:330:25
[INFO] [stdout]     |
[INFO] [stdout] 319 |         match expr {
[INFO] [stdout]     |               ---- this expression has type `&sqlparser::ast::Expr`
[INFO] [stdout] ...
[INFO] [stdout] 330 |             Expr::Value(ast::Value::Null) => Ok(Value::Null),
[INFO] [stdout]     |                         ^^^^^^^^^^^^^^^^ expected `ValueWithSpan`, found `Value`
[INFO] [stdout] 
[INFO] [stdout] 
[INFO] [stdout] error[E0026]: variant `sqlparser::ast::Statement::CreateTable` does not have fields named `name`, `columns`
[INFO] [stdout]   --> nexum_core/src/sql/parser.rs:33:41
[INFO] [stdout]    |
[INFO] [stdout] 33 |             SqlStatement::CreateTable { name, columns, .. } => {
[INFO] [stdout]    |                                         ^^^^  ^^^^^^^ variant `sqlparser::ast::Statement::CreateTable` does not have these fields
[INFO] [stdout] 
[INFO] [stdout] 
[INFO] [stdout] error[E0026]: variant `sqlparser::ast::Statement::Insert` does not have fields named `table_name`, `columns`, `source`
[INFO] [stdout]   --> nexum_core/src/sql/parser.rs:45:17
[INFO] [stdout]    |
[INFO] [stdout] 45 |                 table_name,
[INFO] [stdout]    |                 ^^^^^^^^^^
[INFO] [stdout] 46 |                 columns,
[INFO] [stdout]    |                 ^^^^^^^
[INFO] [stdout] 47 |                 source,
[INFO] [stdout]    |                 ^^^^^^ variant `sqlparser::ast::Statement::Insert` does not have these fields
[INFO] [stdout] 
[INFO] [stdout] 
[INFO] [stdout] error[E0026]: variant `sqlparser::ast::Statement::Update` does not have fields named `table`, `assignments`, `selection`
[INFO] [stdout]   --> nexum_core/src/sql/parser.rs:74:17
[INFO] [stdout]    |
[INFO] [stdout] 74 |                 table,
[INFO] [stdout]    |                 ^^^^^
[INFO] [stdout] 75 |                 assignments,
[INFO] [stdout]    |                 ^^^^^^^^^^^
[INFO] [stdout] 76 |                 selection,
[INFO] [stdout]    |                 ^^^^^^^^^ variant `sqlparser::ast::Statement::Update` does not have these fields
[INFO] [stdout] 
[INFO] [stdout] 
[INFO] [stdout] error[E0026]: variant `sqlparser::ast::Statement::Delete` does not have fields named `from`, `selection`
[INFO] [stdout]    --> nexum_core/src/sql/parser.rs:104:17
[INFO] [stdout]     |
[INFO] [stdout] 104 |                 from, selection, ..
[INFO] [stdout]     |                 ^^^^  ^^^^^^^^^ variant `sqlparser::ast::Statement::Delete` does not have these fields
[INFO] [stdout] 
[INFO] [stdout] 
[INFO] [stdout] error[E0599]: no method named `is_empty` found for enum `std::option::Option<T>` in the current scope
[INFO] [stdout]    --> nexum_core/src/sql/parser.rs:157:55
[INFO] [stdout]     |
[INFO] [stdout] 157 |                     let order_by = if !query.order_by.is_empty() {
[INFO] [stdout]     |                                                       ^^^^^^^^ method not found in `std::option::Option<sqlparser::ast::OrderBy>`
[INFO] [stdout] 
[INFO] [stdout] 
[INFO] [stdout] error[E0609]: no field `expr` on type `&sqlparser::ast::OrderBy`
[INFO] [stdout]    --> nexum_core/src/sql/parser.rs:163:63
[INFO] [stdout]     |
[INFO] [stdout] 163 | ...                   let column = match &order.expr {
[INFO] [stdout]     |                                                 ^^^^ unknown field
[INFO] [stdout]     |
[INFO] [stdout]     = note: available fields are: `kind`, `interpolate`
[INFO] [stdout] 
[INFO] [stdout] 
[INFO] [stdout] error[E0609]: no field `expr` on type `&sqlparser::ast::OrderBy`
[INFO] [stdout]    --> nexum_core/src/sql/parser.rs:168:55
[INFO] [stdout]     |
[INFO] [stdout] 168 | ...                   order.expr
[INFO] [stdout]     |                             ^^^^ unknown field
[INFO] [stdout]     |
[INFO] [stdout]     = note: available fields are: `kind`, `interpolate`
[INFO] [stdout] 
[INFO] [stdout] 
[INFO] [stdout] error[E0609]: no field `asc` on type `&sqlparser::ast::OrderBy`
[INFO] [stdout]    --> nexum_core/src/sql/parser.rs:172:59
[INFO] [stdout]     |
[INFO] [stdout] 172 | ...                   let ascending = order.asc.unwrap_or(true);
[INFO] [stdout]     |                                             ^^^ unknown field
[INFO] [stdout]     |
[INFO] [stdout]     = note: available fields are: `kind`, `interpolate`
[INFO] [stdout] 
[INFO] [stdout] 
[INFO] [stdout] error[E0609]: no field `limit` on type `&Box<sqlparser::ast::Query>`
[INFO] [stdout]    --> nexum_core/src/sql/parser.rs:181:39
[INFO] [stdout]     |
[INFO] [stdout] 181 |                     let limit = query.limit.as_ref().and_then(|limit_expr| {
[INFO] [stdout]     |                                       ^^^^^ unknown field
[INFO] [stdout]     |
[INFO] [stdout]     = note: available fields are: `with`, `body`, `order_by`, `limit_clause`, `fetch` ... and 5 others
[INFO] [stdout] 
[INFO] [stdout] 
[INFO] [stdout] error[E0308]: mismatched types
[INFO] [stdout]    --> nexum_core/src/sql/parser.rs:182:49
[INFO] [stdout]     |
[INFO] [stdout] 182 |                         if let ast::Expr::Value(ast::Value::Number(n, _)) = limit_expr {
[INFO] [stdout]     |                                                 ^^^^^^^^^^^^^^^^^^^^^^^^    ---------- this expression has type `sqlparser::ast::Expr`
[INFO] [stdout]     |                                                 |
[INFO] [stdout]     |                                                 expected `ValueWithSpan`, found `Value`
[INFO] [stdout] 
[INFO] [stdout] 
[INFO] [stdout] error[E0308]: mismatched types
[INFO] [stdout]    --> nexum_core/src/sql/parser.rs:320:25
[INFO] [stdout]     |
[INFO] [stdout] 319 |         match expr {
[INFO] [stdout]     |               ---- this expression has type `&sqlparser::ast::Expr`
[INFO] [stdout] 320 |             Expr::Value(ast::Value::Number(n, _)) => {
[INFO] [stdout]     |                         ^^^^^^^^^^^^^^^^^^^^^^^^ expected `ValueWithSpan`, found `Value`
[INFO] [stdout] 
[INFO] [stdout] 
[INFO] [stdout] error[E0308]: mismatched types
[INFO] [stdout]    --> nexum_core/src/sql/parser.rs:327:25
[INFO] [stdout]     |
[INFO] [stdout] 319 |         match expr {
[INFO] [stdout]     |               ---- this expression has type `&sqlparser::ast::Expr`
[INFO] [stdout] ...
[INFO] [stdout] 327 |             Expr::Value(ast::Value::SingleQuotedString(s))
[INFO] [stdout]     |                         ^^^^^^^^^^^^^^^^^^^^^^^^^^^^^^^^^ expected `ValueWithSpan`, found `Value`
[INFO] [stdout] 
[INFO] [stdout] 
[INFO] [stdout] error[E0308]: mismatched types
[INFO] [stdout]    --> nexum_core/src/sql/parser.rs:328:27
[INFO] [stdout]     |
[INFO] [stdout] 319 |         match expr {
[INFO] [stdout]     |               ---- this expression has type `&sqlparser::ast::Expr`
[INFO] [stdout] ...
[INFO] [stdout] 328 |             | Expr::Value(ast::Value::DoubleQuotedString(s)) => Ok(Value::Text(s.clone())),
[INFO] [stdout]     |                           ^^^^^^^^^^^^^^^^^^^^^^^^^^^^^^^^^ expected `ValueWithSpan`, found `Value`
[INFO] [stdout] 
[INFO] [stdout] 
[INFO] [stdout] error[E0308]: mismatched types
[INFO] [stdout]    --> nexum_core/src/sql/parser.rs:329:25
[INFO] [stdout]     |
[INFO] [stdout] 319 |         match expr {
[INFO] [stdout]     |               ---- this expression has type `&sqlparser::ast::Expr`
[INFO] [stdout] ...
[INFO] [stdout] 329 |             Expr::Value(ast::Value::Boolean(b)) => Ok(Value::Boolean(*b)),
[INFO] [stdout]     |                         ^^^^^^^^^^^^^^^^^^^^^^ expected `ValueWithSpan`, found `Value`
[INFO] [stdout] 
[INFO] [stdout] 
[INFO] [stdout] error[E0308]: mismatched types
[INFO] [stdout]    --> nexum_core/src/sql/parser.rs:330:25
[INFO] [stdout]     |
[INFO] [stdout] 319 |         match expr {
[INFO] [stdout]     |               ---- this expression has type `&sqlparser::ast::Expr`
[INFO] [stdout] ...
[INFO] [stdout] 330 |             Expr::Value(ast::Value::Null) => Ok(Value::Null),
[INFO] [stdout]     |                         ^^^^^^^^^^^^^^^^ expected `ValueWithSpan`, found `Value`
[INFO] [stdout] 
[INFO] [stdout] 
[INFO] [stdout] Some errors have detailed explanations: E0026, E0027, E0308, E0425, E0532, E0599, E0609.
[INFO] [stdout] 
[INFO] [stdout] For more information about an error, try `rustc --explain E0026`.
[INFO] [stdout] 
[INFO] [stderr] error: could not compile `nexum_core` (lib) due to 37 previous errors
[INFO] [stderr] warning: build failed, waiting for other jobs to finish...
[INFO] [stdout] Some errors have detailed explanations: E0026, E0027, E0308, E0425, E0532, E0599, E0609.
[INFO] [stdout] 
[INFO] [stdout] For more information about an error, try `rustc --explain E0026`.
[INFO] [stdout] 
[INFO] [stderr] error: could not compile `nexum_core` (lib test) due to 38 previous errors
[INFO] running `Command { std: "docker" "inspect" "ab68efbd363a25d4176308db9e97ad6b74af9b01d11344f8d911cd65da391271", kill_on_drop: false }`
[INFO] running `Command { std: "docker" "rm" "-f" "ab68efbd363a25d4176308db9e97ad6b74af9b01d11344f8d911cd65da391271", kill_on_drop: false }`
[INFO] [stdout] ab68efbd363a25d4176308db9e97ad6b74af9b01d11344f8d911cd65da391271
