[INFO] cloning repository https://github.com/Dbeasi/rust-fullstack-carteira-investimentos
[INFO] running `Command { std: "git" "-c" "credential.helper=" "-c" "credential.helper=/workspace/cargo-home/bin/git-credential-null" "clone" "--bare" "https://github.com/Dbeasi/rust-fullstack-carteira-investimentos" "/workspace/cache/git-repos/https%3A%2F%2Fgithub.com%2FDbeasi%2Frust-fullstack-carteira-investimentos", kill_on_drop: false }`
[INFO] [stderr] Cloning into bare repository '/workspace/cache/git-repos/https%3A%2F%2Fgithub.com%2FDbeasi%2Frust-fullstack-carteira-investimentos'...
[INFO] running `Command { std: "git" "rev-parse" "HEAD", kill_on_drop: false }`
[INFO] [stdout] b685d623b2dc379e3d91fe0ce59d4d8c5cbffedb
[INFO] checking Dbeasi/rust-fullstack-carteira-investimentos against 3154cc1a3e6424e44f438a95007d043ed5ceaaf6+rustflags=-Znext-solver=coherence for pr-133502-30
[INFO] running `Command { std: "git" "clone" "/workspace/cache/git-repos/https%3A%2F%2Fgithub.com%2FDbeasi%2Frust-fullstack-carteira-investimentos" "/workspace/builds/worker-7-tc1/source", kill_on_drop: false }`
[INFO] [stderr] Cloning into '/workspace/builds/worker-7-tc1/source'...
[INFO] [stderr] done.
[INFO] started tweaking git repo https://github.com/Dbeasi/rust-fullstack-carteira-investimentos
[INFO] finished tweaking git repo https://github.com/Dbeasi/rust-fullstack-carteira-investimentos
[INFO] tweaked toml for git repo https://github.com/Dbeasi/rust-fullstack-carteira-investimentos written to /workspace/builds/worker-7-tc1/source/Cargo.toml
[INFO] validating manifest of git repo https://github.com/Dbeasi/rust-fullstack-carteira-investimentos on toolchain 3154cc1a3e6424e44f438a95007d043ed5ceaaf6
[INFO] running `Command { std: CARGO_HOME="/workspace/cargo-home" RUSTUP_HOME="/workspace/rustup-home" "/workspace/cargo-home/bin/cargo" "+3154cc1a3e6424e44f438a95007d043ed5ceaaf6" "metadata" "--manifest-path" "Cargo.toml" "--no-deps", kill_on_drop: false }`
[INFO] crate git repo https://github.com/Dbeasi/rust-fullstack-carteira-investimentos already has a lockfile, it will not be regenerated
[INFO] running `Command { std: CARGO_HOME="/workspace/cargo-home" RUSTUP_HOME="/workspace/rustup-home" "/workspace/cargo-home/bin/cargo" "+3154cc1a3e6424e44f438a95007d043ed5ceaaf6" "fetch" "--manifest-path" "Cargo.toml", kill_on_drop: false }`
[INFO] [stderr]  Downloading crates ...
[INFO] [stderr]   Downloaded cpubits v0.1.0
[INFO] [stderr]   Downloaded ct-codecs v1.1.6
[INFO] [stderr]   Downloaded ed25519-compact v2.2.0
[INFO] [stderr]   Downloaded aes v0.9.0-rc.4
[INFO] [stderr]   Downloaded jwt-simple v0.12.14
[INFO] [stderr]   Downloaded axum-extra v0.12.5
[INFO] [stderr]   Downloaded insta v1.47.0
[INFO] [stderr]   Downloaded superboring v0.1.7
[INFO] [stderr]   Downloaded boring v4.21.2
[INFO] [stderr]   Downloaded wasix v0.13.1
[INFO] [stderr]   Downloaded boring-sys v4.21.2
[INFO] running `Command { std: "docker" "create" "-v" "/var/lib/crater-agent-workspace/builds/worker-7-tc1/source:/opt/rustwide/workdir:ro,Z" "-v" "/var/lib/crater-agent-workspace/builds/worker-7-tc1/target:/opt/rustwide/target:rw,Z" "-v" "/var/lib/crater-agent-workspace/cargo-home:/opt/rustwide/cargo-home:ro,Z" "-v" "/var/lib/crater-agent-workspace/rustup-home:/opt/rustwide/rustup-home:ro,Z" "-m" "1610612736" "--network" "none" "ghcr.io/rust-lang/crates-build-env/linux@sha256:77db811e55d90add9212f6832c23229e3de5f1c1f9905e8cb07319ea15df73ac" "sleep" "infinity", kill_on_drop: false }`
[INFO] [stdout] c22bfcb1e05455440deea9542e5823ec8529252801ebccc545cff0657ffbb912
[INFO] running `Command { std: "docker" "start" "c22bfcb1e05455440deea9542e5823ec8529252801ebccc545cff0657ffbb912", kill_on_drop: false }`
[INFO] running `Command { std: "docker" "inspect" "c22bfcb1e05455440deea9542e5823ec8529252801ebccc545cff0657ffbb912", kill_on_drop: false }`
[INFO] running `Command { std: "docker" "exec" "-e" "SOURCE_DIR=/opt/rustwide/workdir" "-e" "CARGO_HOME=/opt/rustwide/cargo-home" "-e" "RUSTUP_HOME=/opt/rustwide/rustup-home" "-e" "CARGO_TARGET_DIR=/opt/rustwide/target" "-w" "/opt/rustwide/workdir" "--user" "0:0" "c22bfcb1e05455440deea9542e5823ec8529252801ebccc545cff0657ffbb912" "/opt/rustwide/cargo-home/bin/cargo" "+3154cc1a3e6424e44f438a95007d043ed5ceaaf6" "metadata" "--no-deps" "--format-version=1", kill_on_drop: false }`
[INFO] running `Command { std: "docker" "inspect" "c22bfcb1e05455440deea9542e5823ec8529252801ebccc545cff0657ffbb912", kill_on_drop: false }`
[INFO] running `Command { std: "docker" "exec" "-e" "SOURCE_DIR=/opt/rustwide/workdir" "-e" "CARGO_HOME=/opt/rustwide/cargo-home" "-e" "RUSTUP_HOME=/opt/rustwide/rustup-home" "-e" "CARGO_TARGET_DIR=/opt/rustwide/target" "-e" "CARGO_INCREMENTAL=0" "-e" "RUST_BACKTRACE=full" "-e" "RUSTFLAGS=--cap-lints=forbid -Znext-solver=coherence" "-e" "RUSTDOCFLAGS=--cap-lints=forbid" "-w" "/opt/rustwide/workdir" "--user" "0:0" "c22bfcb1e05455440deea9542e5823ec8529252801ebccc545cff0657ffbb912" "/opt/rustwide/cargo-home/bin/cargo" "+3154cc1a3e6424e44f438a95007d043ed5ceaaf6" "check" "--frozen" "--all" "--all-targets" "--message-format=json", kill_on_drop: false }`
[INFO] [stderr]     Checking generic-array v0.14.7
[INFO] [stderr]    Compiling libc v0.2.183
[INFO] [stderr]     Checking getrandom v0.2.17
[INFO] [stderr]    Compiling zerofrom v0.1.6
[INFO] [stderr]    Compiling zerocopy v0.8.47
[INFO] [stderr]    Compiling typenum v1.19.0
[INFO] [stderr]    Compiling either v1.15.0
[INFO] [stderr]     Checking yoke v0.8.1
[INFO] [stderr]     Checking rand_core v0.6.4
[INFO] [stderr]    Compiling litemap v0.8.1
[INFO] [stderr]    Compiling writeable v0.6.2
[INFO] [stderr]     Checking zerovec v0.11.5
[INFO] [stderr]    Compiling zerotrie v0.2.3
[INFO] [stderr]     Checking der v0.7.10
[INFO] [stderr]     Checking mio v1.2.0
[INFO] [stderr]    Compiling bitflags v2.11.0
[INFO] [stderr]    Compiling clang-sys v1.8.1
[INFO] [stderr]     Checking tokio v1.50.0
[INFO] [stderr]     Checking crypto-common v0.1.7
[INFO] [stderr]     Checking block-buffer v0.10.4
[INFO] [stderr]     Checking digest v0.10.7
[INFO] [stderr]     Checking tinystr v0.8.2
[INFO] [stderr]     Checking hmac v0.12.1
[INFO] [stderr]     Checking sha2 v0.10.9
[INFO] [stderr]    Compiling potential_utf v0.1.4
[INFO] [stderr]    Compiling icu_collections v2.1.1
[INFO] [stderr]     Checking icu_locale_core v2.1.1
[INFO] [stderr]     Checking hkdf v0.12.4
[INFO] [stderr]     Checking spki v0.7.3
[INFO] [stderr]    Compiling icu_normalizer_data v2.1.1
[INFO] [stderr]    Compiling icu_properties_data v2.1.2
[INFO] [stderr]     Checking pkcs8 v0.10.2
[INFO] [stderr]     Checking ff v0.13.1
[INFO] [stderr]    Compiling regex-syntax v0.8.10
[INFO] [stderr]    Compiling nom v7.1.3
[INFO] [stderr]     Checking group v0.13.0
[INFO] [stderr]     Checking sec1 v0.7.3
[INFO] [stderr]    Compiling parking_lot_core v0.9.12
[INFO] [stderr]    Compiling icu_provider v2.1.1
[INFO] [stderr]    Compiling socket2 v0.6.3
[INFO] [stderr]    Compiling icu_normalizer v2.1.1
[INFO] [stderr]    Compiling icu_properties v2.1.2
[INFO] [stderr]     Checking crypto-bigint v0.5.5
[INFO] [stderr]    Compiling bindgen v0.72.1
[INFO] [stderr]     Checking futures-util v0.3.32
[INFO] [stderr]    Compiling idna_adapter v1.2.1
[INFO] [stderr]    Compiling regex-automata v0.4.14
[INFO] [stderr]    Compiling idna v1.1.0
[INFO] [stderr]     Checking elliptic-curve v0.13.8
[INFO] [stderr]    Compiling cexpr v0.6.0
[INFO] [stderr]    Compiling cc v1.2.58
[INFO] [stderr]    Compiling regex v1.12.3
[INFO] [stderr]     Checking ppv-lite86 v0.2.21
[INFO] [stderr]     Checking serde_json v1.0.149
[INFO] [stderr]     Checking rand_chacha v0.3.1
[INFO] [stderr]    Compiling parking_lot v0.12.5
[INFO] [stderr]    Compiling concurrent-queue v2.5.0
[INFO] [stderr]    Compiling itertools v0.13.0
[INFO] [stderr]    Compiling event-listener v5.4.1
[INFO] [stderr]    Compiling futures-intrusive v0.5.0
[INFO] [stderr]    Compiling crc v3.4.0
[INFO] [stderr]    Compiling tracing v0.1.44
[INFO] [stderr]    Compiling indexmap v2.13.0
[INFO] [stderr]     Checking rand v0.8.5
[INFO] [stderr]    Compiling cmake v0.1.58
[INFO] [stderr]    Compiling url v2.5.8
[INFO] [stderr]    Compiling fslock v0.2.1
[INFO] [stderr]     Checking rfc6979 v0.4.0
[INFO] [stderr]     Checking signature v2.2.0
[INFO] [stderr]     Checking ecdsa v0.16.9
[INFO] [stderr]    Compiling md-5 v0.10.6
[INFO] [stderr]    Compiling tokio-stream v0.1.18
[INFO] [stderr]    Compiling winnow v1.0.0
[INFO] [stderr]    Compiling owo-colors v4.3.0
[INFO] [stderr]     Checking tracing-subscriber v0.3.23
[INFO] [stderr]    Compiling getrandom v0.3.4
[INFO] [stderr]     Checking hyper v1.8.1
[INFO] [stderr]     Checking primeorder v0.13.6
[INFO] [stderr]    Compiling sqlx-core v0.8.6
[INFO] [stderr]    Compiling askama_parser v0.15.6
[INFO] [stderr]    Compiling basic-toml v0.1.10
[INFO] [stderr]    Compiling cookie v0.18.1
[INFO] [stderr]    Compiling foreign-types-macros v0.2.3
[INFO] [stderr]    Compiling eyre v0.6.12
[INFO] [stderr]     Checking foreign-types-shared v0.3.1
[INFO] [stderr]    Compiling color-spantrace v0.3.0
[INFO] [stderr]     Checking time v0.3.47
[INFO] [stderr]     Checking miniz_oxide v0.8.9
[INFO] [stderr]     Checking axum-core v0.5.6
[INFO] [stderr]     Checking foreign-types v0.5.0
[INFO] [stderr]     Checking tracing-error v0.2.1
[INFO] [stderr]     Checking hyper-util v0.1.20
[INFO] [stderr]     Checking tower v0.5.3
[INFO] [stderr]     Checking blake2 v0.10.6
[INFO] [stderr]     Checking password-hash v0.5.0
[INFO] [stderr]    Compiling axum-macros v0.5.0
[INFO] [stderr]     Checking indenter v0.3.4
[INFO] [stderr]     Checking ct-codecs v1.1.6
[INFO] [stderr]     Checking blake2b_simd v1.0.4
[INFO] [stderr]     Checking ed25519-compact v2.2.0
[INFO] [stderr]     Checking argon2 v0.5.3
[INFO] [stderr]     Checking backtrace v0.3.76
[INFO] [stderr]     Checking getrandom v0.4.2
[INFO] [stderr]     Checking p384 v0.13.1
[INFO] [stderr]    Compiling sqlx-postgres v0.8.6
[INFO] [stderr]     Checking p256 v0.13.2
[INFO] [stderr]     Checking k256 v0.13.4
[INFO] [stderr]     Checking hmac-sha512 v1.1.12
[INFO] [stderr]     Checking hmac-sha256 v1.1.14
[INFO] [stderr]     Checking coarsetime v0.1.37
[INFO] [stderr]     Checking binstring v0.1.7
[INFO] [stderr]    Compiling askama_derive v0.15.6
[INFO] [stderr]     Checking hmac-sha1-compact v1.1.7
[INFO] [stderr]     Checking tempfile v3.27.0
[INFO] [stderr]     Checking color-eyre v0.6.5
[INFO] [stderr]     Checking axum v0.8.8
[INFO] [stderr]     Checking password-auth v1.0.0
[INFO] [stderr]     Checking console v0.16.3
[INFO] [stderr]    Compiling boring-sys v4.21.2
[INFO] [stderr]     Checking insta v1.47.0
[INFO] [stderr]    Compiling askama_macros v0.15.6
[INFO] [stderr]     Checking axum-extra v0.12.5
[INFO] [stderr]     Checking askama v0.15.6
[INFO] [stderr]    Compiling sqlx-macros-core v0.8.6
[INFO] [stderr]    Compiling sqlx-macros v0.8.6
[INFO] [stderr]     Checking sqlx v0.8.6
[INFO] [stderr]     Checking boring v4.21.2
[INFO] [stderr]     Checking jwt-simple v0.12.14
[INFO] [stderr]     Checking wallet-live v0.1.0 (/opt/rustwide/workdir)
[INFO] [stdout] error: error communicating with database: Connection refused (os error 111)
[INFO] [stdout]   --> src/repository.rs:17:9
[INFO] [stdout]    |
[INFO] [stdout] 17 | /         sqlx::query_as!(
[INFO] [stdout] 18 | |             Asset,
[INFO] [stdout] 19 | |             "SELECT id, name, unit_value
[INFO] [stdout] 20 | |              FROM assets;"
[INFO] [stdout] 21 | |         )
[INFO] [stdout]    | |_________^
[INFO] [stdout]    |
[INFO] [stdout]    = note: this error originates in the macro `$crate::sqlx_macros::expand_query` which comes from the expansion of the macro `sqlx::query_as` (in Nightly builds, run with -Z macro-backtrace for more info)
[INFO] [stdout] 
[INFO] [stdout] 
[INFO] [stdout] error: error communicating with database: Connection refused (os error 111)
[INFO] [stdout]   --> src/repository.rs:17:9
[INFO] [stdout]    |
[INFO] [stdout] 17 | /         sqlx::query_as!(
[INFO] [stdout] 18 | |             Asset,
[INFO] [stdout] 19 | |             "SELECT id, name, unit_value
[INFO] [stdout] 20 | |              FROM assets;"
[INFO] [stdout] 21 | |         )
[INFO] [stdout]    | |_________^
[INFO] [stdout]    |
[INFO] [stdout]    = note: this error originates in the macro `$crate::sqlx_macros::expand_query` which comes from the expansion of the macro `sqlx::query_as` (in Nightly builds, run with -Z macro-backtrace for more info)
[INFO] [stdout] 
[INFO] [stdout] 
[INFO] [stdout] error: error communicating with database: Connection refused (os error 111)
[INFO] [stdout]   --> src/repository.rs:27:9
[INFO] [stdout]    |
[INFO] [stdout] 27 | /         sqlx::query_as!(
[INFO] [stdout] 28 | |             Asset,
[INFO] [stdout] 29 | |             "INSERT INTO assets (name, unit_value)
[INFO] [stdout] 30 | |              VALUES ($1, $2)
[INFO] [stdout] ...  |
[INFO] [stdout] 33 | |             unit_value
[INFO] [stdout] 34 | |         )
[INFO] [stdout]    | |_________^
[INFO] [stdout]    |
[INFO] [stdout]    = note: this error originates in the macro `$crate::sqlx_macros::expand_query` which comes from the expansion of the macro `sqlx::query_as` (in Nightly builds, run with -Z macro-backtrace for more info)
[INFO] [stdout] 
[INFO] [stdout] 
[INFO] [stdout] error: error communicating with database: Connection refused (os error 111)
[INFO] [stdout]   --> src/repository.rs:45:9
[INFO] [stdout]    |
[INFO] [stdout] 45 | /         sqlx::query_as!(
[INFO] [stdout] 46 | |             Asset,
[INFO] [stdout] 47 | |             "UPDATE assets
[INFO] [stdout] 48 | |              SET name=COALESCE($2, name),
[INFO] [stdout] ...  |
[INFO] [stdout] 54 | |             unit_value
[INFO] [stdout] 55 | |         )
[INFO] [stdout]    | |_________^
[INFO] [stdout]    |
[INFO] [stdout]    = note: this error originates in the macro `$crate::sqlx_macros::expand_query` which comes from the expansion of the macro `sqlx::query_as` (in Nightly builds, run with -Z macro-backtrace for more info)
[INFO] [stdout] 
[INFO] [stdout] 
[INFO] [stdout] error: error communicating with database: Connection refused (os error 111)
[INFO] [stdout]   --> src/repository.rs:27:9
[INFO] [stdout]    |
[INFO] [stdout] 27 | /         sqlx::query_as!(
[INFO] [stdout] 28 | |             Asset,
[INFO] [stdout] 29 | |             "INSERT INTO assets (name, unit_value)
[INFO] [stdout] 30 | |              VALUES ($1, $2)
[INFO] [stdout] ...  |
[INFO] [stdout] 33 | |             unit_value
[INFO] [stdout] 34 | |         )
[INFO] [stdout]    | |_________^
[INFO] [stdout]    |
[INFO] [stdout]    = note: this error originates in the macro `$crate::sqlx_macros::expand_query` which comes from the expansion of the macro `sqlx::query_as` (in Nightly builds, run with -Z macro-backtrace for more info)
[INFO] [stdout] 
[INFO] [stdout] 
[INFO] [stdout] error: error communicating with database: Connection refused (os error 111)
[INFO] [stdout]   --> src/repository.rs:45:9
[INFO] [stdout]    |
[INFO] [stdout] 45 | /         sqlx::query_as!(
[INFO] [stdout] 46 | |             Asset,
[INFO] [stdout] 47 | |             "UPDATE assets
[INFO] [stdout] 48 | |              SET name=COALESCE($2, name),
[INFO] [stdout] ...  |
[INFO] [stdout] 54 | |             unit_value
[INFO] [stdout] 55 | |         )
[INFO] [stdout]    | |_________^
[INFO] [stdout]    |
[INFO] [stdout]    = note: this error originates in the macro `$crate::sqlx_macros::expand_query` which comes from the expansion of the macro `sqlx::query_as` (in Nightly builds, run with -Z macro-backtrace for more info)
[INFO] [stdout] 
[INFO] [stdout] 
[INFO] [stdout] error: error communicating with database: Connection refused (os error 111)
[INFO] [stdout]   --> src/repository.rs:61:9
[INFO] [stdout]    |
[INFO] [stdout] 61 | /         sqlx::query_as!(
[INFO] [stdout] 62 | |             UserRecord,
[INFO] [stdout] 63 | |             "INSERT INTO users (username, password_hash)
[INFO] [stdout] 64 | |              VALUES ($1, $2)
[INFO] [stdout] ...  |
[INFO] [stdout] 67 | |             password_hash,
[INFO] [stdout] 68 | |         )
[INFO] [stdout]    | |_________^
[INFO] [stdout]    |
[INFO] [stdout]    = note: this error originates in the macro `$crate::sqlx_macros::expand_query` which comes from the expansion of the macro `sqlx::query_as` (in Nightly builds, run with -Z macro-backtrace for more info)
[INFO] [stdout] 
[INFO] [stdout] 
[INFO] [stdout] error: error communicating with database: Connection refused (os error 111)
[INFO] [stdout]   --> src/repository.rs:74:9
[INFO] [stdout]    |
[INFO] [stdout] 74 | /         sqlx::query_as!(
[INFO] [stdout] 75 | |             UserRecord,
[INFO] [stdout] 76 | |             "SELECT id, username, password_hash
[INFO] [stdout] 77 | |              FROM users
[INFO] [stdout] 78 | |              WHERE username = $1;",
[INFO] [stdout] 79 | |             username
[INFO] [stdout] 80 | |         )
[INFO] [stdout]    | |_________^
[INFO] [stdout]    |
[INFO] [stdout]    = note: this error originates in the macro `$crate::sqlx_macros::expand_query` which comes from the expansion of the macro `sqlx::query_as` (in Nightly builds, run with -Z macro-backtrace for more info)
[INFO] [stdout] 
[INFO] [stdout] 
[INFO] [stdout] error: error communicating with database: Connection refused (os error 111)
[INFO] [stdout]   --> src/repository.rs:61:9
[INFO] [stdout]    |
[INFO] [stdout] 61 | /         sqlx::query_as!(
[INFO] [stdout] 62 | |             UserRecord,
[INFO] [stdout] 63 | |             "INSERT INTO users (username, password_hash)
[INFO] [stdout] 64 | |              VALUES ($1, $2)
[INFO] [stdout] ...  |
[INFO] [stdout] 67 | |             password_hash,
[INFO] [stdout] 68 | |         )
[INFO] [stdout]    | |_________^
[INFO] [stdout]    |
[INFO] [stdout]    = note: this error originates in the macro `$crate::sqlx_macros::expand_query` which comes from the expansion of the macro `sqlx::query_as` (in Nightly builds, run with -Z macro-backtrace for more info)
[INFO] [stdout] 
[INFO] [stdout] 
[INFO] [stdout] error: error communicating with database: Connection refused (os error 111)
[INFO] [stdout]   --> src/repository.rs:74:9
[INFO] [stdout]    |
[INFO] [stdout] 74 | /         sqlx::query_as!(
[INFO] [stdout] 75 | |             UserRecord,
[INFO] [stdout] 76 | |             "SELECT id, username, password_hash
[INFO] [stdout] 77 | |              FROM users
[INFO] [stdout] 78 | |              WHERE username = $1;",
[INFO] [stdout] 79 | |             username
[INFO] [stdout] 80 | |         )
[INFO] [stdout]    | |_________^
[INFO] [stdout]    |
[INFO] [stdout]    = note: this error originates in the macro `$crate::sqlx_macros::expand_query` which comes from the expansion of the macro `sqlx::query_as` (in Nightly builds, run with -Z macro-backtrace for more info)
[INFO] [stdout] 
[INFO] [stdout] 
[INFO] [stdout] warning: unused imports: `Form` and `Redirect`
[INFO] [stdout]  --> src/routes/frontend.rs:3:5
[INFO] [stdout]   |
[INFO] [stdout] 3 |     Form, Router,
[INFO] [stdout]   |     ^^^^
[INFO] [stdout] 4 |     response::{Html, IntoResponse, Redirect, Response},
[INFO] [stdout]   |                                    ^^^^^^^^
[INFO] [stdout]   |
[INFO] [stdout]   = note: `#[warn(unused_imports)]` (part of `#[warn(unused)]`) on by default
[INFO] [stdout] 
[INFO] [stdout] 
[INFO] [stdout] warning: unused imports: `CookieJar` and `cookie::Cookie`
[INFO] [stdout]  --> src/routes/frontend.rs:7:27
[INFO] [stdout]   |
[INFO] [stdout] 7 | use axum_extra::extract::{CookieJar, cookie::Cookie};
[INFO] [stdout]   |                           ^^^^^^^^^  ^^^^^^^^^^^^^^
[INFO] [stdout] 
[INFO] [stdout] 
[INFO] [stdout] warning: unused import: `serde::Deserialize`
[INFO] [stdout]  --> src/routes/frontend.rs:8:5
[INFO] [stdout]   |
[INFO] [stdout] 8 | use serde::Deserialize;
[INFO] [stdout]   |     ^^^^^^^^^^^^^^^^^^
[INFO] [stdout] 
[INFO] [stdout] 
[INFO] [stdout] warning: unused imports: `Form` and `Redirect`
[INFO] [stdout]  --> src/routes/frontend.rs:3:5
[INFO] [stdout]   |
[INFO] [stdout] 3 |     Form, Router,
[INFO] [stdout]   |     ^^^^
[INFO] [stdout] 4 |     response::{Html, IntoResponse, Redirect, Response},
[INFO] [stdout]   |                                    ^^^^^^^^
[INFO] [stdout]   |
[INFO] [stdout]   = note: `#[warn(unused_imports)]` (part of `#[warn(unused)]`) on by default
[INFO] [stdout] 
[INFO] [stdout] 
[INFO] [stdout] warning: unused imports: `CookieJar` and `cookie::Cookie`
[INFO] [stdout]  --> src/routes/frontend.rs:7:27
[INFO] [stdout]   |
[INFO] [stdout] 7 | use axum_extra::extract::{CookieJar, cookie::Cookie};
[INFO] [stdout]   |                           ^^^^^^^^^  ^^^^^^^^^^^^^^
[INFO] [stdout] 
[INFO] [stdout] 
[INFO] [stdout] warning: unused import: `serde::Deserialize`
[INFO] [stdout]  --> src/routes/frontend.rs:8:5
[INFO] [stdout]   |
[INFO] [stdout] 8 | use serde::Deserialize;
[INFO] [stdout]   |     ^^^^^^^^^^^^^^^^^^
[INFO] [stdout] 
[INFO] [stdout] 
[INFO] [stderr] error: could not compile `wallet-live` (bin "wallet-live") due to 5 previous errors; 3 warnings emitted
[INFO] [stderr] warning: build failed, waiting for other jobs to finish...
[INFO] [stderr] error: could not compile `wallet-live` (bin "wallet-live" test) due to 5 previous errors; 3 warnings emitted
[INFO] running `Command { std: "docker" "inspect" "c22bfcb1e05455440deea9542e5823ec8529252801ebccc545cff0657ffbb912", kill_on_drop: false }`
[INFO] running `Command { std: "docker" "rm" "-f" "c22bfcb1e05455440deea9542e5823ec8529252801ebccc545cff0657ffbb912", kill_on_drop: false }`
[INFO] [stdout] c22bfcb1e05455440deea9542e5823ec8529252801ebccc545cff0657ffbb912
