[INFO] cloning repository https://github.com/DayuanJiang/PecoFence
[INFO] running `Command { std: "git" "-c" "credential.helper=" "-c" "credential.helper=/workspace/cargo-home/bin/git-credential-null" "clone" "--bare" "https://github.com/DayuanJiang/PecoFence" "/workspace/cache/git-repos/https%3A%2F%2Fgithub.com%2FDayuanJiang%2FPecoFence", kill_on_drop: false }`
[INFO] [stderr] Cloning into bare repository '/workspace/cache/git-repos/https%3A%2F%2Fgithub.com%2FDayuanJiang%2FPecoFence'...
[INFO] running `Command { std: "git" "rev-parse" "HEAD", kill_on_drop: false }`
[INFO] [stdout] eb104a8d4de2188ba0438e2c00df295f3af50db9
[INFO] checking DayuanJiang/PecoFence against 3154cc1a3e6424e44f438a95007d043ed5ceaaf6 for pr-133502-30
[INFO] running `Command { std: "git" "clone" "/workspace/cache/git-repos/https%3A%2F%2Fgithub.com%2FDayuanJiang%2FPecoFence" "/workspace/builds/worker-4-tc2/source", kill_on_drop: false }`
[INFO] [stderr] Cloning into '/workspace/builds/worker-4-tc2/source'...
[INFO] [stderr] done.
[INFO] removed /workspace/builds/worker-4-tc2/source/.cargo/config.toml
[INFO] removed /workspace/builds/worker-4-tc2/source/rust-toolchain.toml
[INFO] started tweaking git repo https://github.com/DayuanJiang/PecoFence
[INFO] finished tweaking git repo https://github.com/DayuanJiang/PecoFence
[INFO] tweaked toml for git repo https://github.com/DayuanJiang/PecoFence written to /workspace/builds/worker-4-tc2/source/Cargo.toml
[INFO] validating manifest of git repo https://github.com/DayuanJiang/PecoFence on toolchain 3154cc1a3e6424e44f438a95007d043ed5ceaaf6
[INFO] running `Command { std: CARGO_HOME="/workspace/cargo-home" RUSTUP_HOME="/workspace/rustup-home" "/workspace/cargo-home/bin/cargo" "+3154cc1a3e6424e44f438a95007d043ed5ceaaf6" "metadata" "--manifest-path" "Cargo.toml" "--no-deps", kill_on_drop: false }`
[INFO] crate git repo https://github.com/DayuanJiang/PecoFence already has a lockfile, it will not be regenerated
[INFO] running `Command { std: CARGO_HOME="/workspace/cargo-home" RUSTUP_HOME="/workspace/rustup-home" "/workspace/cargo-home/bin/cargo" "+3154cc1a3e6424e44f438a95007d043ed5ceaaf6" "fetch" "--manifest-path" "Cargo.toml", kill_on_drop: false }`
[INFO] [stderr] warning: unused workspace dependency `windows-window`
[INFO] [stderr]   --> Cargo.toml:30:1
[INFO] [stderr]    |
[INFO] [stderr] 30 | windows-window = "0.100"
[INFO] [stderr]    | ^^^^^^^^^^^^^^
[INFO] [stderr]    |
[INFO] [stderr]    = note: `cargo::unused_workspace_dependencies` is set to `warn` by default
[INFO] [stderr] help: consider removing the workspace dependency `windows-window`
[INFO] [stderr] warning: unused field `rust-version` in `workspace.package`
[INFO] [stderr]   --> Cargo.toml:72:1
[INFO] [stderr]    |
[INFO] [stderr] 72 | rust-version = "1.95"
[INFO] [stderr]    | ^^^^^^^^^^^^
[INFO] [stderr]    |
[INFO] [stderr]    = note: `cargo::unused_workspace_package_fields` is set to `warn` by default
[INFO] [stderr] help: consider removing the field `workspace.package.rust-version`
[INFO] [stderr] warning: workspace (manifest) generated 2 warnings
[INFO] [stderr] warning: missing `[lints]` to inherit `[workspace.lints]`
[INFO] [stderr]   --> tools/bindgen/Cargo.toml
[INFO] [stderr]    = note: `cargo::missing_lints_inheritance` is set to `warn` by default
[INFO] [stderr] help: to inherit `workspace.lints, add:
[INFO] [stderr]    |
[INFO] [stderr] 12 ~ path = "src/main.rs"
[INFO] [stderr] 13 + [lints]
[INFO] [stderr] 14 + workspace = true
[INFO] [stderr]    |
[INFO] [stderr] help: to clarify your intent to not inherit, add:
[INFO] [stderr]    |
[INFO] [stderr] 12 ~ path = "src/main.rs"
[INFO] [stderr] 13 + [lints]
[INFO] [stderr]    |
[INFO] [stderr] warning: `tool_bindgen` (manifest) generated 1 warning
[INFO] running `Command { std: "docker" "create" "-v" "/var/lib/crater-agent-workspace/builds/worker-4-tc2/source:/opt/rustwide/workdir:ro,Z" "-v" "/var/lib/crater-agent-workspace/builds/worker-4-tc2/target:/opt/rustwide/target:rw,Z" "-v" "/var/lib/crater-agent-workspace/cargo-home:/opt/rustwide/cargo-home:ro,Z" "-v" "/var/lib/crater-agent-workspace/rustup-home:/opt/rustwide/rustup-home:ro,Z" "-m" "1610612736" "--network" "none" "ghcr.io/rust-lang/crates-build-env/linux@sha256:77db811e55d90add9212f6832c23229e3de5f1c1f9905e8cb07319ea15df73ac" "sleep" "infinity", kill_on_drop: false }`
[INFO] [stdout] e6c50c34cca280558d10dd3f2fa59338a481e63fe66123b41f87fad1b0c847ed
[INFO] running `Command { std: "docker" "start" "e6c50c34cca280558d10dd3f2fa59338a481e63fe66123b41f87fad1b0c847ed", kill_on_drop: false }`
[INFO] running `Command { std: "docker" "inspect" "e6c50c34cca280558d10dd3f2fa59338a481e63fe66123b41f87fad1b0c847ed", kill_on_drop: false }`
[INFO] running `Command { std: "docker" "exec" "-e" "SOURCE_DIR=/opt/rustwide/workdir" "-e" "CARGO_HOME=/opt/rustwide/cargo-home" "-e" "RUSTUP_HOME=/opt/rustwide/rustup-home" "-e" "CARGO_TARGET_DIR=/opt/rustwide/target" "-w" "/opt/rustwide/workdir" "--user" "0:0" "e6c50c34cca280558d10dd3f2fa59338a481e63fe66123b41f87fad1b0c847ed" "/opt/rustwide/cargo-home/bin/cargo" "+3154cc1a3e6424e44f438a95007d043ed5ceaaf6" "metadata" "--no-deps" "--format-version=1", kill_on_drop: false }`
[INFO] running `Command { std: "docker" "inspect" "e6c50c34cca280558d10dd3f2fa59338a481e63fe66123b41f87fad1b0c847ed", kill_on_drop: false }`
[INFO] running `Command { std: "docker" "exec" "-e" "SOURCE_DIR=/opt/rustwide/workdir" "-e" "CARGO_HOME=/opt/rustwide/cargo-home" "-e" "RUSTUP_HOME=/opt/rustwide/rustup-home" "-e" "CARGO_TARGET_DIR=/opt/rustwide/target" "-e" "CARGO_INCREMENTAL=0" "-e" "RUST_BACKTRACE=full" "-e" "RUSTFLAGS=--cap-lints=forbid" "-e" "RUSTDOCFLAGS=--cap-lints=forbid" "-w" "/opt/rustwide/workdir" "--user" "0:0" "e6c50c34cca280558d10dd3f2fa59338a481e63fe66123b41f87fad1b0c847ed" "/opt/rustwide/cargo-home/bin/cargo" "+3154cc1a3e6424e44f438a95007d043ed5ceaaf6" "check" "--frozen" "--all" "--all-targets" "--message-format=json", kill_on_drop: false }`
[INFO] [stderr] warning: unused workspace dependency `windows-window`
[INFO] [stderr]   --> Cargo.toml:30:1
[INFO] [stderr]    |
[INFO] [stderr] 30 | windows-window = "0.100"
[INFO] [stderr]    | ^^^^^^^^^^^^^^
[INFO] [stderr]    |
[INFO] [stderr]    = note: `cargo::unused_workspace_dependencies` is set to `warn` by default
[INFO] [stderr] help: consider removing the workspace dependency `windows-window`
[INFO] [stderr] warning: unused field `rust-version` in `workspace.package`
[INFO] [stderr]   --> Cargo.toml:72:1
[INFO] [stderr]    |
[INFO] [stderr] 72 | rust-version = "1.95"
[INFO] [stderr]    | ^^^^^^^^^^^^
[INFO] [stderr]    |
[INFO] [stderr]    = note: `cargo::unused_workspace_package_fields` is set to `warn` by default
[INFO] [stderr] help: consider removing the field `workspace.package.rust-version`
[INFO] [stderr] warning: workspace (manifest) generated 2 warnings
[INFO] [stderr] warning: missing `[lints]` to inherit `[workspace.lints]`
[INFO] [stderr]   --> tools/bindgen/Cargo.toml
[INFO] [stderr]    = note: `cargo::missing_lints_inheritance` is set to `warn` by default
[INFO] [stderr] help: to inherit `workspace.lints, add:
[INFO] [stderr]    |
[INFO] [stderr] 12 ~ path = "src/main.rs"
[INFO] [stderr] 13 + [lints]
[INFO] [stderr] 14 + workspace = true
[INFO] [stderr]    |
[INFO] [stderr] help: to clarify your intent to not inherit, add:
[INFO] [stderr]    |
[INFO] [stderr] 12 ~ path = "src/main.rs"
[INFO] [stderr] 13 + [lints]
[INFO] [stderr]    |
[INFO] [stderr] warning: `tool_bindgen` (manifest) generated 1 warning
[INFO] [stderr]     Checking windows-link v0.100.0
[INFO] [stderr]    Compiling libc v0.2.189
[INFO] [stderr]     Checking cfg-if v1.0.4
[INFO] [stderr]    Compiling serde_json v1.0.151
[INFO] [stderr]     Checking memchr v2.8.3
[INFO] [stderr]     Checking itoa v1.0.18
[INFO] [stderr]     Checking dyn-clone v1.0.20
[INFO] [stderr]     Checking once_cell v1.21.4
[INFO] [stderr]     Checking pin-project-lite v0.2.17
[INFO] [stderr]    Compiling rustix v1.1.5
[INFO] [stderr]    Compiling serde_core v1.0.229
[INFO] [stderr]    Compiling zmij v1.0.23
[INFO] [stderr]    Compiling getrandom v0.4.3
[INFO] [stderr]    Compiling ref-cast v1.0.27
[INFO] [stderr]    Compiling serde v1.0.229
[INFO] [stderr]    Compiling syn v3.0.5
[INFO] [stderr]    Compiling syn v2.0.119
[INFO] [stderr]     Checking bezier_easing v0.3.0
[INFO] [stderr]    Compiling proc-macro2 v1.0.107
[INFO] [stderr]     Checking utf8parse v0.2.2
[INFO] [stderr]     Checking windows-result v0.100.0
[INFO] [stderr]     Checking windows-strings v0.100.0
[INFO] [stderr]     Checking windows-threading v0.100.0
[INFO] [stderr]     Checking linux-raw-sys v0.12.1
[INFO] [stderr]     Checking bitflags v2.13.2
[INFO] [stderr]     Checking anstyle-parse v1.0.0
[INFO] [stderr]     Checking anstyle v1.0.14
[INFO] [stderr]     Checking anstyle-query v1.1.5
[INFO] [stderr]     Checking colorchoice v1.0.5
[INFO] [stderr]    Compiling quote v1.0.47
[INFO] [stderr]     Checking unicode-ident v1.0.24
[INFO] [stderr]     Checking is_terminal_polyfill v1.70.2
[INFO] [stderr]     Checking tracing-core v0.1.36
[INFO] [stderr]     Checking lazy_static v1.5.0
[INFO] [stderr]     Checking clap_lex v1.1.1
[INFO] [stderr]     Checking log v0.4.34
[INFO] [stderr]     Checking windows-link v0.2.1
[INFO] [stderr]     Checking sharded-slab v0.1.7
[INFO] [stderr]     Checking windows-sys v0.61.2
[INFO] [stderr]     Checking anstream v1.0.0
[INFO] [stderr]     Checking thread_local v1.1.10
[INFO] [stderr]    Compiling pecofence v0.1.5 (/opt/rustwide/workdir/crates/app)
[INFO] [stderr]    Compiling pecofence-watchdog v0.1.5 (/opt/rustwide/workdir/crates/watchdog)
[INFO] [stderr]     Checking smallvec v1.16.0
[INFO] [stderr]    Compiling pecofence-cli v0.1.5 (/opt/rustwide/workdir/crates/cli)
[INFO] [stderr]     Checking windows-metadata v0.100.0
[INFO] [stderr]     Checking nu-ansi-term v0.50.3
[INFO] [stderr]     Checking windows-default v0.100.0
[INFO] [stderr]     Checking tracing-log v0.2.0
[INFO] [stderr]     Checking tracing-subscriber v0.3.23
[INFO] [stderr]     Checking terminal_size v0.4.4
[INFO] [stderr]     Checking clap_builder v4.6.7
[INFO] [stderr]     Checking windows-bindgen v0.100.0
[INFO] [stderr]     Checking uuid v1.26.0
[INFO] [stderr]    Compiling serde_derive_internals v0.30.0
[INFO] [stderr]    Compiling serde_derive v1.0.229
[INFO] [stderr]    Compiling ref-cast-impl v1.0.27
[INFO] [stderr]    Compiling clap_derive v4.6.7
[INFO] [stderr]    Compiling schemars_derive v1.2.2
[INFO] [stderr]    Compiling windows-implement v0.100.0
[INFO] [stderr]    Compiling windows-interface v0.100.0
[INFO] [stderr]    Compiling tracing-attributes v0.1.31
[INFO] [stderr]     Checking tool_bindgen v0.0.0 (/opt/rustwide/workdir/tools/bindgen)
[INFO] [stderr]     Checking windows-core v0.100.0
[INFO] [stderr]     Checking windows-numerics v0.100.0
[INFO] [stderr]     Checking windows-future v0.100.0
[INFO] [stderr]     Checking windows-window v0.100.0
[INFO] [stderr]     Checking windows-collections v0.100.0
[INFO] [stderr]     Checking windows-time v0.100.0
[INFO] [stderr]     Checking windows-webview v0.100.0
[INFO] [stderr]     Checking clap v4.6.7
[INFO] [stderr]     Checking tracing v0.1.44
[INFO] [stderr]     Checking windows-composition v0.100.0 (/opt/rustwide/workdir/vendor/windows-composition)
[INFO] [stdout] error[E0432]: unresolved import `windows_time::TimeSpan`
[INFO] [stdout]  --> vendor/windows-composition/src/animation.rs:3:5
[INFO] [stdout]   |
[INFO] [stdout] 3 | use windows_time::TimeSpan;
[INFO] [stdout]   |     ^^^^^^^^^^^^^^--------
[INFO] [stdout]   |                   |
[INFO] [stdout]   |                   no `TimeSpan` in the root
[INFO] [stdout] 
[INFO] [stdout] 
[INFO] [stdout] error[E0433]: cannot find `FactoryCache` in `imp`
[INFO] [stdout]    --> vendor/windows-composition/src/bindings.rs:656:32
[INFO] [stdout]     |
[INFO] [stdout] 656 |         > = windows_core::imp::FactoryCache::new();
[INFO] [stdout]     |                                ^^^^^^^^^^^^ could not find `FactoryCache` in `imp`
[INFO] [stdout] 
[INFO] [stdout] 
[INFO] [stdout] error[E0425]: cannot find type `IGenericFactory` in module `windows_core::imp`
[INFO] [stdout]    --> vendor/windows-composition/src/bindings.rs:649:39
[INFO] [stdout]     |
[INFO] [stdout] 649 |         F: FnOnce(&windows_core::imp::IGenericFactory) -> windows_core::Result<R>,
[INFO] [stdout]     |                                       ^^^^^^^^^^^^^^^ not found in `windows_core::imp`
[INFO] [stdout] 
[INFO] [stdout] 
[INFO] [stdout] error[E0425]: cannot find type `FactoryCache` in module `windows_core::imp`
[INFO] [stdout]    --> vendor/windows-composition/src/bindings.rs:653:43
[INFO] [stdout]     |
[INFO] [stdout] 653 |         static SHARED: windows_core::imp::FactoryCache<
[INFO] [stdout]     |                                           ^^^^^^^^^^^^ not found in `windows_core::imp`
[INFO] [stdout] 
[INFO] [stdout] 
[INFO] [stdout] error[E0425]: cannot find type `IGenericFactory` in module `windows_core::imp`
[INFO] [stdout]    --> vendor/windows-composition/src/bindings.rs:655:32
[INFO] [stdout]     |
[INFO] [stdout] 655 |             windows_core::imp::IGenericFactory,
[INFO] [stdout]     |                                ^^^^^^^^^^^^^^^ not found in `windows_core::imp`
[INFO] [stdout] 
[INFO] [stdout] 
[INFO] [stdout] error[E0425]: cannot find type `TimeSpan` in crate `windows_time`
[INFO] [stdout]     --> vendor/windows-composition/src/bindings.rs:2171:60
[INFO] [stdout]      |
[INFO] [stdout] 2171 |     pub(crate) fn SetDelayTime(&self, value: windows_time::TimeSpan) -> windows_core::Result<()> {
[INFO] [stdout]      |                                                            ^^^^^^^^ not found in `windows_time`
[INFO] [stdout] 
[INFO] [stdout] 
[INFO] [stdout] error[E0425]: cannot find type `TimeSpan` in crate `windows_time`
[INFO] [stdout]     --> vendor/windows-composition/src/bindings.rs:2180:59
[INFO] [stdout]      |
[INFO] [stdout] 2180 |     pub(crate) fn SetDuration(&self, value: windows_time::TimeSpan) -> windows_core::Result<()> {
[INFO] [stdout]      |                                                           ^^^^^^^^ not found in `windows_time`
[INFO] [stdout] 
[INFO] [stdout] 
[INFO] [stdout] error[E0425]: cannot find type `TimeSpan` in crate `windows_time`
[INFO] [stdout]     --> vendor/windows-composition/src/bindings.rs:2236:23
[INFO] [stdout]      |
[INFO] [stdout] 2236 |         windows_time::TimeSpan,
[INFO] [stdout]      |                       ^^^^^^^^ not found in `windows_time`
[INFO] [stdout] 
[INFO] [stdout] 
[INFO] [stdout] error[E0425]: cannot find type `TimeSpan` in crate `windows_time`
[INFO] [stdout]     --> vendor/windows-composition/src/bindings.rs:2241:23
[INFO] [stdout]      |
[INFO] [stdout] 2241 |         windows_time::TimeSpan,
[INFO] [stdout]      |                       ^^^^^^^^ not found in `windows_time`
[INFO] [stdout] 
[INFO] [stdout] 
[INFO] [stdout] Some errors have detailed explanations: E0425, E0432, E0433.
[INFO] [stdout] 
[INFO] [stdout] For more information about an error, try `rustc --explain E0425`.
[INFO] [stdout] 
[INFO] [stderr]     Checking schemars v1.2.2
[INFO] [stderr] error: could not compile `windows-composition` (lib) due to 9 previous errors
[INFO] [stderr] warning: build failed, waiting for other jobs to finish...
[INFO] running `Command { std: "docker" "inspect" "e6c50c34cca280558d10dd3f2fa59338a481e63fe66123b41f87fad1b0c847ed", kill_on_drop: false }`
[INFO] running `Command { std: "docker" "rm" "-f" "e6c50c34cca280558d10dd3f2fa59338a481e63fe66123b41f87fad1b0c847ed", kill_on_drop: false }`
[INFO] [stdout] e6c50c34cca280558d10dd3f2fa59338a481e63fe66123b41f87fad1b0c847ed
