[INFO] cloning repository https://github.com/DavidNiteas/MFT-Analysis
[INFO] running `Command { std: "git" "-c" "credential.helper=" "-c" "credential.helper=/workspace/cargo-home/bin/git-credential-null" "clone" "--bare" "https://github.com/DavidNiteas/MFT-Analysis" "/workspace/cache/git-repos/https%3A%2F%2Fgithub.com%2FDavidNiteas%2FMFT-Analysis", kill_on_drop: false }`
[INFO] [stderr] Cloning into bare repository '/workspace/cache/git-repos/https%3A%2F%2Fgithub.com%2FDavidNiteas%2FMFT-Analysis'...
[INFO] running `Command { std: "git" "rev-parse" "HEAD", kill_on_drop: false }`
[INFO] [stdout] 54831b1c7a159bdcba4fc315e8ccfa3f9ec51c02
[INFO] checking DavidNiteas/MFT-Analysis against 3154cc1a3e6424e44f438a95007d043ed5ceaaf6+rustflags=-Znext-solver=coherence for pr-133502-30
[INFO] running `Command { std: "git" "clone" "/workspace/cache/git-repos/https%3A%2F%2Fgithub.com%2FDavidNiteas%2FMFT-Analysis" "/workspace/builds/worker-4-tc1/source", kill_on_drop: false }`
[INFO] [stderr] Cloning into '/workspace/builds/worker-4-tc1/source'...
[INFO] [stderr] done.
[INFO] started tweaking git repo https://github.com/DavidNiteas/MFT-Analysis
[INFO] finished tweaking git repo https://github.com/DavidNiteas/MFT-Analysis
[INFO] tweaked toml for git repo https://github.com/DavidNiteas/MFT-Analysis written to /workspace/builds/worker-4-tc1/source/Cargo.toml
[INFO] validating manifest of git repo https://github.com/DavidNiteas/MFT-Analysis on toolchain 3154cc1a3e6424e44f438a95007d043ed5ceaaf6
[INFO] running `Command { std: CARGO_HOME="/workspace/cargo-home" RUSTUP_HOME="/workspace/rustup-home" "/workspace/cargo-home/bin/cargo" "+3154cc1a3e6424e44f438a95007d043ed5ceaaf6" "metadata" "--manifest-path" "Cargo.toml" "--no-deps", kill_on_drop: false }`
[INFO] crate git repo https://github.com/DavidNiteas/MFT-Analysis already has a lockfile, it will not be regenerated
[INFO] running `Command { std: CARGO_HOME="/workspace/cargo-home" RUSTUP_HOME="/workspace/rustup-home" "/workspace/cargo-home/bin/cargo" "+3154cc1a3e6424e44f438a95007d043ed5ceaaf6" "fetch" "--manifest-path" "Cargo.toml", kill_on_drop: false }`
[INFO] running `Command { std: "docker" "create" "-v" "/var/lib/crater-agent-workspace/builds/worker-4-tc1/source:/opt/rustwide/workdir:ro,Z" "-v" "/var/lib/crater-agent-workspace/builds/worker-4-tc1/target:/opt/rustwide/target:rw,Z" "-v" "/var/lib/crater-agent-workspace/cargo-home:/opt/rustwide/cargo-home:ro,Z" "-v" "/var/lib/crater-agent-workspace/rustup-home:/opt/rustwide/rustup-home:ro,Z" "-m" "1610612736" "--network" "none" "ghcr.io/rust-lang/crates-build-env/linux@sha256:77db811e55d90add9212f6832c23229e3de5f1c1f9905e8cb07319ea15df73ac" "sleep" "infinity", kill_on_drop: false }`
[INFO] [stdout] 0b4e9d012d164193156a194e17200ede54b153d327088f57db3c870f975de443
[INFO] running `Command { std: "docker" "start" "0b4e9d012d164193156a194e17200ede54b153d327088f57db3c870f975de443", kill_on_drop: false }`
[INFO] running `Command { std: "docker" "inspect" "0b4e9d012d164193156a194e17200ede54b153d327088f57db3c870f975de443", kill_on_drop: false }`
[INFO] running `Command { std: "docker" "exec" "-e" "SOURCE_DIR=/opt/rustwide/workdir" "-e" "CARGO_HOME=/opt/rustwide/cargo-home" "-e" "RUSTUP_HOME=/opt/rustwide/rustup-home" "-e" "CARGO_TARGET_DIR=/opt/rustwide/target" "-w" "/opt/rustwide/workdir" "--user" "0:0" "0b4e9d012d164193156a194e17200ede54b153d327088f57db3c870f975de443" "/opt/rustwide/cargo-home/bin/cargo" "+3154cc1a3e6424e44f438a95007d043ed5ceaaf6" "metadata" "--no-deps" "--format-version=1", kill_on_drop: false }`
[INFO] running `Command { std: "docker" "inspect" "0b4e9d012d164193156a194e17200ede54b153d327088f57db3c870f975de443", kill_on_drop: false }`
[INFO] running `Command { std: "docker" "exec" "-e" "SOURCE_DIR=/opt/rustwide/workdir" "-e" "CARGO_HOME=/opt/rustwide/cargo-home" "-e" "RUSTUP_HOME=/opt/rustwide/rustup-home" "-e" "CARGO_TARGET_DIR=/opt/rustwide/target" "-e" "CARGO_INCREMENTAL=0" "-e" "RUST_BACKTRACE=full" "-e" "RUSTFLAGS=--cap-lints=forbid -Znext-solver=coherence" "-e" "RUSTDOCFLAGS=--cap-lints=forbid" "-w" "/opt/rustwide/workdir" "--user" "0:0" "0b4e9d012d164193156a194e17200ede54b153d327088f57db3c870f975de443" "/opt/rustwide/cargo-home/bin/cargo" "+3154cc1a3e6424e44f438a95007d043ed5ceaaf6" "check" "--frozen" "--all" "--all-targets" "--message-format=json", kill_on_drop: false }`
[INFO] [stderr]    Compiling jobserver v0.1.35
[INFO] [stderr]     Checking futures-util v0.3.34
[INFO] [stderr]    Compiling getrandom v0.4.3
[INFO] [stderr]     Checking uuid v1.26.0
[INFO] [stderr]     Checking libloading v0.7.4
[INFO] [stderr]    Compiling wayland-sys v0.31.11
[INFO] [stderr]    Compiling zerocopy v0.8.57
[INFO] [stderr]    Compiling zstd-safe v7.3.0
[INFO] [stderr]     Checking zvariant v5.15.0
[INFO] [stderr]    Compiling wayland-scanner v0.31.11
[INFO] [stderr]     Checking dlib v0.5.3
[INFO] [stderr]    Compiling cc v1.4.5
[INFO] [stderr]     Checking cfb v0.7.3
[INFO] [stderr]    Compiling zbus_macros v5.19.0
[INFO] [stderr]    Compiling schemars v0.8.22
[INFO] [stderr]    Compiling infer v0.19.0
[INFO] [stderr]    Compiling embed-resource v3.0.11
[INFO] [stderr]    Compiling tauri-winres v0.3.6
[INFO] [stderr]    Compiling tauri-utils v2.9.3
[INFO] [stderr]    Compiling zstd-sys v2.1.0+zstd.1.5.7
[INFO] [stderr]    Compiling wayland-backend v0.3.17
[INFO] [stderr]     Checking zbus_names v4.3.4
[INFO] [stderr]     Checking futures-executor v0.3.34
[INFO] [stderr]     Checking async-fs v2.2.0
[INFO] [stderr]     Checking glib v0.18.5
[INFO] [stderr]     Checking async-net v2.0.0
[INFO] [stderr]     Checking wayland-client v0.31.15
[INFO] [stderr]    Compiling rfd v0.15.4
[INFO] [stderr]     Checking tokio v1.53.1
[INFO] [stderr]     Checking zbus v5.19.0
[INFO] [stderr]     Checking ppv-lite86 v0.2.21
[INFO] [stderr]     Checking wayland-protocols v0.32.13
[INFO] [stderr]     Checking rand_chacha v0.9.0
[INFO] [stderr]     Checking rand v0.9.5
[INFO] [stderr]     Checking gio v0.18.4
[INFO] [stderr]     Checking cairo-rs v0.18.5
[INFO] [stderr]     Checking atk v0.18.2
[INFO] [stderr]     Checking javascriptcore-rs v1.1.2
[INFO] [stderr]     Checking zstd v0.13.3
[INFO] [stderr]     Checking mft-analysis-core v0.1.0 (/opt/rustwide/workdir/core)
[INFO] [stdout] error[E0433]: cannot find `windows` in `os`
[INFO] [stdout]  --> core/src/lib.rs:8:14
[INFO] [stdout]   |
[INFO] [stdout] 8 | use std::os::windows::ffi::OsStringExt;
[INFO] [stdout]   |              ^^^^^^^ could not find `windows` in `os`
[INFO] [stdout]   |
[INFO] [stdout] note: found an item that was configured out
[INFO] [stdout]  --> /rustc/3154cc1a3e6424e44f438a95007d043ed5ceaaf6/library/std/src/os/mod.rs:62:4
[INFO] [stdout]   |
[INFO] [stdout]   = note: the item is gated behind the `windows` feature
[INFO] [stdout] 
[INFO] [stdout] 
[INFO] [stdout] error[E0433]: cannot find `windows` in `os`
[INFO] [stdout]  --> core/src/lib.rs:9:14
[INFO] [stdout]   |
[INFO] [stdout] 9 | use std::os::windows::fs::OpenOptionsExt;
[INFO] [stdout]   |              ^^^^^^^ could not find `windows` in `os`
[INFO] [stdout]   |
[INFO] [stdout] note: found an item that was configured out
[INFO] [stdout]  --> /rustc/3154cc1a3e6424e44f438a95007d043ed5ceaaf6/library/std/src/os/mod.rs:62:4
[INFO] [stdout]   |
[INFO] [stdout]   = note: the item is gated behind the `windows` feature
[INFO] [stdout] 
[INFO] [stdout] 
[INFO] [stdout] error[E0433]: cannot find `windows` in `os`
[INFO] [stdout]  --> core/src/lib.rs:8:14
[INFO] [stdout]   |
[INFO] [stdout] 8 | use std::os::windows::ffi::OsStringExt;
[INFO] [stdout]   |              ^^^^^^^ could not find `windows` in `os`
[INFO] [stdout]   |
[INFO] [stdout] note: found an item that was configured out
[INFO] [stdout]  --> /rustc/3154cc1a3e6424e44f438a95007d043ed5ceaaf6/library/std/src/os/mod.rs:62:4
[INFO] [stdout]   |
[INFO] [stdout]   = note: the item is gated behind the `windows` feature
[INFO] [stdout] 
[INFO] [stdout] 
[INFO] [stdout] error[E0433]: cannot find `windows` in `os`
[INFO] [stdout]  --> core/src/lib.rs:9:14
[INFO] [stdout]   |
[INFO] [stdout] 9 | use std::os::windows::fs::OpenOptionsExt;
[INFO] [stdout]   |              ^^^^^^^ could not find `windows` in `os`
[INFO] [stdout]   |
[INFO] [stdout] note: found an item that was configured out
[INFO] [stdout]  --> /rustc/3154cc1a3e6424e44f438a95007d043ed5ceaaf6/library/std/src/os/mod.rs:62:4
[INFO] [stdout]   |
[INFO] [stdout]   = note: the item is gated behind the `windows` feature
[INFO] [stdout] 
[INFO] [stdout] 
[INFO] [stdout] error[E0599]: no method named `custom_flags` found for mutable reference `&mut OpenOptions` in the current scope
[INFO] [stdout]   --> core/src/lib.rs:88:10
[INFO] [stdout]    |
[INFO] [stdout] 86 |     let mut file = OpenOptions::new()
[INFO] [stdout] 87 |         .read(true)
[INFO] [stdout] 88 |         .custom_flags(FILE_FLAG_BACKUP_SEMANTICS)
[INFO] [stdout]    |          ^^^^^^^^^^^^ method not found in `&mut OpenOptions`
[INFO] [stdout]    |
[INFO] [stdout]    = help: items from traits can only be used if the trait is in scope
[INFO] [stdout] help: trait `OpenOptionsExt` which provides `custom_flags` is implemented but not in scope; perhaps you want to import it
[INFO] [stdout]    |
[INFO] [stdout]  4 + use std::os::unix::fs::OpenOptionsExt;
[INFO] [stdout]    |
[INFO] [stdout] 
[INFO] [stdout] 
[INFO] [stdout] error[E0599]: no associated function or constant named `from_wide` found for struct `OsString` in the current scope
[INFO] [stdout]    --> core/src/lib.rs:685:38
[INFO] [stdout]     |
[INFO] [stdout] 685 |                 let name = OsString::from_wide(&name_utf16)
[INFO] [stdout]     |                                      ^^^^^^^^^ associated function or constant not found in `OsString`
[INFO] [stdout]     |
[INFO] [stdout] note: if you're trying to build a new `OsString` consider using one of the following associated functions:
[INFO] [stdout]       OsString::new
[INFO] [stdout]       OsString::from_encoded_bytes_unchecked
[INFO] [stdout]       OsString::with_capacity
[INFO] [stdout]    --> /rustc/3154cc1a3e6424e44f438a95007d043ed5ceaaf6/library/std/src/ffi/os_str.rs:134:4
[INFO] [stdout] help: there is an associated function `from_iter` with a similar name
[INFO] [stdout]     |
[INFO] [stdout] 685 -                 let name = OsString::from_wide(&name_utf16)
[INFO] [stdout] 685 +                 let name = OsString::from_iter(&name_utf16)
[INFO] [stdout]     |
[INFO] [stdout] 
[INFO] [stdout] 
[INFO] [stdout] error[E0599]: no method named `custom_flags` found for mutable reference `&mut OpenOptions` in the current scope
[INFO] [stdout]   --> core/src/lib.rs:88:10
[INFO] [stdout]    |
[INFO] [stdout] 86 |     let mut file = OpenOptions::new()
[INFO] [stdout] 87 |         .read(true)
[INFO] [stdout] 88 |         .custom_flags(FILE_FLAG_BACKUP_SEMANTICS)
[INFO] [stdout]    |          ^^^^^^^^^^^^ method not found in `&mut OpenOptions`
[INFO] [stdout]    |
[INFO] [stdout]    = help: items from traits can only be used if the trait is in scope
[INFO] [stdout] help: trait `OpenOptionsExt` which provides `custom_flags` is implemented but not in scope; perhaps you want to import it
[INFO] [stdout]    |
[INFO] [stdout]  4 + use std::os::unix::fs::OpenOptionsExt;
[INFO] [stdout]    |
[INFO] [stdout] 
[INFO] [stdout] 
[INFO] [stdout] error[E0599]: no associated function or constant named `from_wide` found for struct `OsString` in the current scope
[INFO] [stdout]    --> core/src/lib.rs:685:38
[INFO] [stdout]     |
[INFO] [stdout] 685 |                 let name = OsString::from_wide(&name_utf16)
[INFO] [stdout]     |                                      ^^^^^^^^^ associated function or constant not found in `OsString`
[INFO] [stdout]     |
[INFO] [stdout] note: if you're trying to build a new `OsString` consider using one of the following associated functions:
[INFO] [stdout]       OsString::new
[INFO] [stdout]       OsString::from_encoded_bytes_unchecked
[INFO] [stdout]       OsString::with_capacity
[INFO] [stdout]    --> /rustc/3154cc1a3e6424e44f438a95007d043ed5ceaaf6/library/std/src/ffi/os_str.rs:134:4
[INFO] [stdout] help: there is an associated function `from_iter` with a similar name
[INFO] [stdout]     |
[INFO] [stdout] 685 -                 let name = OsString::from_wide(&name_utf16)
[INFO] [stdout] 685 +                 let name = OsString::from_iter(&name_utf16)
[INFO] [stdout]     |
[INFO] [stdout] 
[INFO] [stdout] 
[INFO] [stdout] Some errors have detailed explanations: E0433, E0599.
[INFO] [stdout] 
[INFO] [stdout] For more information about an error, try `rustc --explain E0433`.
[INFO] [stdout] 
[INFO] [stderr] error: could not compile `mft-analysis-core` (lib) due to 4 previous errors
[INFO] [stderr] warning: build failed, waiting for other jobs to finish...
[INFO] [stdout] Some errors have detailed explanations: E0433, E0599.
[INFO] [stdout] 
[INFO] [stdout] For more information about an error, try `rustc --explain E0433`.
[INFO] [stdout] 
[INFO] [stderr] error: could not compile `mft-analysis-core` (lib test) due to 4 previous errors
[INFO] running `Command { std: "docker" "inspect" "0b4e9d012d164193156a194e17200ede54b153d327088f57db3c870f975de443", kill_on_drop: false }`
[INFO] running `Command { std: "docker" "rm" "-f" "0b4e9d012d164193156a194e17200ede54b153d327088f57db3c870f975de443", kill_on_drop: false }`
[INFO] [stdout] 0b4e9d012d164193156a194e17200ede54b153d327088f57db3c870f975de443
