[INFO] cloning repository https://github.com/DavidEscobar2707/mini-browser
[INFO] running `Command { std: "git" "-c" "credential.helper=" "-c" "credential.helper=/workspace/cargo-home/bin/git-credential-null" "clone" "--bare" "https://github.com/DavidEscobar2707/mini-browser" "/workspace/cache/git-repos/https%3A%2F%2Fgithub.com%2FDavidEscobar2707%2Fmini-browser", kill_on_drop: false }`
[INFO] [stderr] Cloning into bare repository '/workspace/cache/git-repos/https%3A%2F%2Fgithub.com%2FDavidEscobar2707%2Fmini-browser'...
[INFO] running `Command { std: "git" "rev-parse" "HEAD", kill_on_drop: false }`
[INFO] [stdout] 5501909f86190ea7fa2d03d27a54e9ace10bdefb
[INFO] checking DavidEscobar2707/mini-browser against 3154cc1a3e6424e44f438a95007d043ed5ceaaf6 for pr-133502-30
[INFO] running `Command { std: "git" "clone" "/workspace/cache/git-repos/https%3A%2F%2Fgithub.com%2FDavidEscobar2707%2Fmini-browser" "/workspace/builds/worker-4-tc2/source", kill_on_drop: false }`
[INFO] [stderr] Cloning into '/workspace/builds/worker-4-tc2/source'...
[INFO] [stderr] done.
[INFO] started tweaking git repo https://github.com/DavidEscobar2707/mini-browser
[INFO] finished tweaking git repo https://github.com/DavidEscobar2707/mini-browser
[INFO] tweaked toml for git repo https://github.com/DavidEscobar2707/mini-browser written to /workspace/builds/worker-4-tc2/source/Cargo.toml
[INFO] validating manifest of git repo https://github.com/DavidEscobar2707/mini-browser on toolchain 3154cc1a3e6424e44f438a95007d043ed5ceaaf6
[INFO] running `Command { std: CARGO_HOME="/workspace/cargo-home" RUSTUP_HOME="/workspace/rustup-home" "/workspace/cargo-home/bin/cargo" "+3154cc1a3e6424e44f438a95007d043ed5ceaaf6" "metadata" "--manifest-path" "Cargo.toml" "--no-deps", kill_on_drop: false }`
[INFO] crate git repo https://github.com/DavidEscobar2707/mini-browser already has a lockfile, it will not be regenerated
[INFO] running `Command { std: CARGO_HOME="/workspace/cargo-home" RUSTUP_HOME="/workspace/rustup-home" "/workspace/cargo-home/bin/cargo" "+3154cc1a3e6424e44f438a95007d043ed5ceaaf6" "fetch" "--manifest-path" "Cargo.toml", kill_on_drop: false }`
[INFO] running `Command { std: "docker" "create" "-v" "/var/lib/crater-agent-workspace/builds/worker-4-tc2/source:/opt/rustwide/workdir:ro,Z" "-v" "/var/lib/crater-agent-workspace/builds/worker-4-tc2/target:/opt/rustwide/target:rw,Z" "-v" "/var/lib/crater-agent-workspace/cargo-home:/opt/rustwide/cargo-home:ro,Z" "-v" "/var/lib/crater-agent-workspace/rustup-home:/opt/rustwide/rustup-home:ro,Z" "-m" "1610612736" "--network" "none" "ghcr.io/rust-lang/crates-build-env/linux@sha256:77db811e55d90add9212f6832c23229e3de5f1c1f9905e8cb07319ea15df73ac" "sleep" "infinity", kill_on_drop: false }`
[INFO] [stdout] 2dbd400741324e904029418ea39bfabe28fbc69575a8ceb641f7459f1f5d92d7
[INFO] running `Command { std: "docker" "start" "2dbd400741324e904029418ea39bfabe28fbc69575a8ceb641f7459f1f5d92d7", kill_on_drop: false }`
[INFO] running `Command { std: "docker" "inspect" "2dbd400741324e904029418ea39bfabe28fbc69575a8ceb641f7459f1f5d92d7", kill_on_drop: false }`
[INFO] running `Command { std: "docker" "exec" "-e" "SOURCE_DIR=/opt/rustwide/workdir" "-e" "CARGO_HOME=/opt/rustwide/cargo-home" "-e" "RUSTUP_HOME=/opt/rustwide/rustup-home" "-e" "CARGO_TARGET_DIR=/opt/rustwide/target" "-w" "/opt/rustwide/workdir" "--user" "0:0" "2dbd400741324e904029418ea39bfabe28fbc69575a8ceb641f7459f1f5d92d7" "/opt/rustwide/cargo-home/bin/cargo" "+3154cc1a3e6424e44f438a95007d043ed5ceaaf6" "metadata" "--no-deps" "--format-version=1", kill_on_drop: false }`
[INFO] running `Command { std: "docker" "inspect" "2dbd400741324e904029418ea39bfabe28fbc69575a8ceb641f7459f1f5d92d7", kill_on_drop: false }`
[INFO] running `Command { std: "docker" "exec" "-e" "SOURCE_DIR=/opt/rustwide/workdir" "-e" "CARGO_HOME=/opt/rustwide/cargo-home" "-e" "RUSTUP_HOME=/opt/rustwide/rustup-home" "-e" "CARGO_TARGET_DIR=/opt/rustwide/target" "-e" "CARGO_INCREMENTAL=0" "-e" "RUST_BACKTRACE=full" "-e" "RUSTFLAGS=--cap-lints=forbid" "-e" "RUSTDOCFLAGS=--cap-lints=forbid" "-w" "/opt/rustwide/workdir" "--user" "0:0" "2dbd400741324e904029418ea39bfabe28fbc69575a8ceb641f7459f1f5d92d7" "/opt/rustwide/cargo-home/bin/cargo" "+3154cc1a3e6424e44f438a95007d043ed5ceaaf6" "check" "--frozen" "--all" "--all-targets" "--message-format=json", kill_on_drop: false }`
[INFO] [stderr]    Compiling serde_core v1.0.229
[INFO] [stderr]    Compiling serde v1.0.229
[INFO] [stderr]     Checking futures-core v0.3.34
[INFO] [stderr]     Checking bitflags v2.13.1
[INFO] [stderr]    Compiling cfg-expr v0.15.8
[INFO] [stderr]    Compiling syn v1.0.109
[INFO] [stderr]    Compiling semver v1.0.28
[INFO] [stderr]    Compiling syn v2.0.119
[INFO] [stderr]    Compiling proc-macro-error-attr v1.0.4
[INFO] [stderr]    Compiling gtk v0.18.2
[INFO] [stderr]    Compiling winnow v1.0.4
[INFO] [stderr]     Checking x11 v2.21.0
[INFO] [stderr]    Compiling libdbus-sys v0.2.7
[INFO] [stderr]    Compiling x11-dl v2.21.0
[INFO] [stderr]    Compiling cookie v0.18.2
[INFO] [stderr]     Checking option-ext v0.2.0
[INFO] [stderr]     Checking futures-util v0.3.34
[INFO] [stderr]     Checking futures-channel v0.3.34
[INFO] [stderr]     Checking time v0.3.55
[INFO] [stderr]     Checking dirs-sys v0.5.0
[INFO] [stderr]     Checking form_urlencoded v1.2.2
[INFO] [stderr]     Checking dpi v0.1.2
[INFO] [stderr]    Compiling wry v0.56.1
[INFO] [stderr]     Checking dbus v0.9.12
[INFO] [stderr]     Checking crossbeam-channel v0.5.16
[INFO] [stderr]    Compiling rustc_version v0.4.1
[INFO] [stderr]    Compiling proc-macro-error v1.0.4
[INFO] [stderr]     Checking dirs v6.0.0
[INFO] [stderr]    Compiling toml_parser v1.1.3+spec-1.1.0
[INFO] [stderr]    Compiling field-offset v0.3.6
[INFO] [stderr]     Checking serde_json v1.0.151
[INFO] [stderr]     Checking futures-executor v0.3.34
[INFO] [stderr]    Compiling serde_spanned v1.1.1
[INFO] [stderr]    Compiling toml_datetime v1.1.1+spec-1.1.0
[INFO] [stderr]    Compiling toml v1.1.4+spec-1.1.0
[INFO] [stderr]    Compiling toml_datetime v0.6.3
[INFO] [stderr]    Compiling serde_spanned v0.6.9
[INFO] [stderr]    Compiling toml_edit v0.20.2
[INFO] [stderr]    Compiling toml_edit v0.19.15
[INFO] [stderr]    Compiling winresource v0.1.31
[INFO] [stderr]    Compiling synstructure v0.13.2
[INFO] [stderr]    Compiling mini v0.0.0 (/opt/rustwide/workdir)
[INFO] [stderr]    Compiling thiserror-impl v1.0.69
[INFO] [stderr]    Compiling zerofrom-derive v0.1.7
[INFO] [stderr]    Compiling yoke-derive v0.8.2
[INFO] [stderr]    Compiling dlopen2_derive v0.4.3
[INFO] [stderr]     Checking dlopen2 v0.8.2
[INFO] [stderr]     Checking thiserror v1.0.69
[INFO] [stderr]     Checking zerofrom v0.1.8
[INFO] [stderr]    Compiling proc-macro-crate v1.3.1
[INFO] [stderr]     Checking yoke v0.8.3
[INFO] [stderr]     Checking zerovec v0.11.8
[INFO] [stderr]     Checking zerotrie v0.2.5
[INFO] [stderr]    Compiling gtk3-macros v0.18.2
[INFO] [stderr]     Checking tinystr v0.8.4
[INFO] [stderr]     Checking potential_utf v0.1.6
[INFO] [stderr]     Checking icu_collections v2.3.0
[INFO] [stderr]     Checking icu_locale_core v2.3.0
[INFO] [stderr]    Compiling toml v0.8.2
[INFO] [stderr]    Compiling proc-macro-crate v2.0.2
[INFO] [stderr]    Compiling glib-macros v0.18.5
[INFO] [stderr]    Compiling system-deps v6.2.2
[INFO] [stderr]    Compiling glib-sys v0.18.1
[INFO] [stderr]    Compiling gobject-sys v0.18.0
[INFO] [stderr]    Compiling gio-sys v0.18.1
[INFO] [stderr]    Compiling gdk-sys v0.18.2
[INFO] [stderr]    Compiling cairo-sys-rs v0.18.2
[INFO] [stderr]    Compiling pango-sys v0.18.0
[INFO] [stderr]    Compiling gdk-pixbuf-sys v0.18.0
[INFO] [stderr]    Compiling atk-sys v0.18.2
[INFO] [stderr]    Compiling gtk-sys v0.18.2
[INFO] [stderr]    Compiling soup3-sys v0.5.0
[INFO] [stderr]    Compiling javascriptcore-rs-sys v1.1.1
[INFO] [stderr]    Compiling webkit2gtk-sys v2.0.2
[INFO] [stderr]    Compiling gdkx11-sys v0.18.2
[INFO] [stderr]     Checking icu_provider v2.3.1
[INFO] [stderr]     Checking icu_normalizer v2.3.0
[INFO] [stderr]     Checking icu_properties v2.3.0
[INFO] [stderr]     Checking gdkwayland-sys v0.18.2
[INFO] [stderr]     Checking idna_adapter v1.2.2
[INFO] [stderr]     Checking idna v1.1.0
[INFO] [stderr]     Checking url v2.5.8
[INFO] [stderr]     Checking glib v0.18.5
[INFO] [stderr]     Checking gio v0.18.4
[INFO] [stderr]     Checking cairo-rs v0.18.5
[INFO] [stderr]     Checking atk v0.18.2
[INFO] [stderr]     Checking javascriptcore-rs v1.1.2
[INFO] [stderr]     Checking gdk-pixbuf v0.18.5
[INFO] [stderr]     Checking pango v0.18.3
[INFO] [stderr]     Checking soup3 v0.5.0
[INFO] [stderr]     Checking gdk v0.18.2
[INFO] [stderr]     Checking gdkx11 v0.18.2
[INFO] [stderr]     Checking webkit2gtk v2.0.2
[INFO] [stderr]     Checking tao v0.37.0
[INFO] [stdout] error[E0432]: unresolved import `tao::platform::windows`
[INFO] [stdout]   --> src/main.rs:11:20
[INFO] [stdout]    |
[INFO] [stdout] 11 | use tao::platform::windows::WindowBuilderExtWindows;
[INFO] [stdout]    |                    ^^^^^^^ could not find `windows` in `platform`
[INFO] [stdout]    |
[INFO] [stdout] note: found an item that was configured out
[INFO] [stdout]   --> /opt/rustwide/cargo-home/registry/src/index.crates.io-1949cf8c6b5b557f/tao-0.37.0/src/platform/mod.rs:28:9
[INFO] [stdout]    |
[INFO] [stdout] 28 | pub mod windows;
[INFO] [stdout]    |         ^^^^^^^
[INFO] [stdout]    |
[INFO] [stdout]   ::: /opt/rustwide/cargo-home/registry/src/index.crates.io-1949cf8c6b5b557f/tao-0.37.0/src/platform/windows.rs:5:8
[INFO] [stdout]    |
[INFO] [stdout]  5 | #![cfg(target_os = "windows")]
[INFO] [stdout]    |        --------------------- the item is gated behind the `windows` feature
[INFO] [stdout] 
[INFO] [stdout] 
[INFO] [stdout] error[E0432]: unresolved import `wry::WebViewBuilderExtWindows`
[INFO] [stdout]     --> src/main.rs:13:88
[INFO] [stdout]      |
[INFO] [stdout]   13 | use wry::{NewWindowResponse, PageLoadEvent, Rect, WebContext, WebView, WebViewBuilder, WebViewBuilderExtWindows};
[INFO] [stdout]      |                                                                                        ^^^^^^^^^^^^^^^^^^^^^^^^ no `WebViewBuilderExtWindows` in the root
[INFO] [stdout]      |
[INFO] [stdout] note: found an item that was configured out
[INFO] [stdout]     --> /opt/rustwide/cargo-home/registry/src/index.crates.io-1949cf8c6b5b557f/wry-0.56.1/src/lib.rs:1782:11
[INFO] [stdout]      |
[INFO] [stdout] 1781 | #[cfg(windows)]
[INFO] [stdout]      |       ------- the item is gated here
[INFO] [stdout] 1782 | pub trait WebViewBuilderExtWindows {
[INFO] [stdout]      |           ^^^^^^^^^^^^^^^^^^^^^^^^
[INFO] [stdout] help: a similar name exists in the module
[INFO] [stdout]      |
[INFO] [stdout]   13 - use wry::{NewWindowResponse, PageLoadEvent, Rect, WebContext, WebView, WebViewBuilder, WebViewBuilderExtWindows};
[INFO] [stdout]   13 + use wry::{NewWindowResponse, PageLoadEvent, Rect, WebContext, WebView, WebViewBuilder, WebViewBuilderExtUnix};
[INFO] [stdout]      |
[INFO] [stdout] 
[INFO] [stdout] 
[INFO] [stdout] error[E0432]: unresolved import `tao::platform::windows`
[INFO] [stdout]   --> src/main.rs:11:20
[INFO] [stdout]    |
[INFO] [stdout] 11 | use tao::platform::windows::WindowBuilderExtWindows;
[INFO] [stdout]    |                    ^^^^^^^ could not find `windows` in `platform`
[INFO] [stdout]    |
[INFO] [stdout] note: found an item that was configured out
[INFO] [stdout]   --> /opt/rustwide/cargo-home/registry/src/index.crates.io-1949cf8c6b5b557f/tao-0.37.0/src/platform/mod.rs:28:9
[INFO] [stdout]    |
[INFO] [stdout] 28 | pub mod windows;
[INFO] [stdout]    |         ^^^^^^^
[INFO] [stdout]    |
[INFO] [stdout]   ::: /opt/rustwide/cargo-home/registry/src/index.crates.io-1949cf8c6b5b557f/tao-0.37.0/src/platform/windows.rs:5:8
[INFO] [stdout]    |
[INFO] [stdout]  5 | #![cfg(target_os = "windows")]
[INFO] [stdout]    |        --------------------- the item is gated behind the `windows` feature
[INFO] [stdout] 
[INFO] [stdout] 
[INFO] [stdout] error[E0432]: unresolved import `wry::WebViewBuilderExtWindows`
[INFO] [stdout]     --> src/main.rs:13:88
[INFO] [stdout]      |
[INFO] [stdout]   13 | use wry::{NewWindowResponse, PageLoadEvent, Rect, WebContext, WebView, WebViewBuilder, WebViewBuilderExtWindows};
[INFO] [stdout]      |                                                                                        ^^^^^^^^^^^^^^^^^^^^^^^^ no `WebViewBuilderExtWindows` in the root
[INFO] [stdout]      |
[INFO] [stdout] note: found an item that was configured out
[INFO] [stdout]     --> /opt/rustwide/cargo-home/registry/src/index.crates.io-1949cf8c6b5b557f/wry-0.56.1/src/lib.rs:1782:11
[INFO] [stdout]      |
[INFO] [stdout] 1781 | #[cfg(windows)]
[INFO] [stdout]      |       ------- the item is gated here
[INFO] [stdout] 1782 | pub trait WebViewBuilderExtWindows {
[INFO] [stdout]      |           ^^^^^^^^^^^^^^^^^^^^^^^^
[INFO] [stdout] help: a similar name exists in the module
[INFO] [stdout]      |
[INFO] [stdout]   13 - use wry::{NewWindowResponse, PageLoadEvent, Rect, WebContext, WebView, WebViewBuilder, WebViewBuilderExtWindows};
[INFO] [stdout]   13 + use wry::{NewWindowResponse, PageLoadEvent, Rect, WebContext, WebView, WebViewBuilder, WebViewBuilderExtUnix};
[INFO] [stdout]      |
[INFO] [stdout] 
[INFO] [stdout] 
[INFO] [stdout] error[E0599]: no method named `with_undecorated_shadow` found for struct `WindowBuilder` in the current scope
[INFO] [stdout]    --> src/main.rs:259:23
[INFO] [stdout]     |
[INFO] [stdout] 259 |     builder = builder.with_undecorated_shadow(true);
[INFO] [stdout]     |                       ^^^^^^^^^^^^^^^^^^^^^^^
[INFO] [stdout]     |
[INFO] [stdout] help: there is a method `with_decorations` with a similar name
[INFO] [stdout]     |
[INFO] [stdout] 259 -     builder = builder.with_undecorated_shadow(true);
[INFO] [stdout] 259 +     builder = builder.with_decorations(true);
[INFO] [stdout]     |
[INFO] [stdout] 
[INFO] [stdout] 
[INFO] [stdout] error[E0599]: no method named `with_undecorated_shadow` found for struct `WindowBuilder` in the current scope
[INFO] [stdout]    --> src/main.rs:259:23
[INFO] [stdout]     |
[INFO] [stdout] 259 |     builder = builder.with_undecorated_shadow(true);
[INFO] [stdout]     |                       ^^^^^^^^^^^^^^^^^^^^^^^
[INFO] [stdout]     |
[INFO] [stdout] help: there is a method `with_decorations` with a similar name
[INFO] [stdout]     |
[INFO] [stdout] 259 -     builder = builder.with_undecorated_shadow(true);
[INFO] [stdout] 259 +     builder = builder.with_decorations(true);
[INFO] [stdout]     |
[INFO] [stdout] 
[INFO] [stdout] 
[INFO] [stdout] error[E0599]: no method named `with_window_classname` found for struct `WindowBuilder` in the current scope
[INFO] [stdout]    --> src/main.rs:260:23
[INFO] [stdout]     |
[INFO] [stdout] 260 |     builder = builder.with_window_classname("MiniBrowser");
[INFO] [stdout]     |                       ^^^^^^^^^^^^^^^^^^^^^
[INFO] [stdout]     |
[INFO] [stdout] help: there is a method `with_window_icon` with a similar name
[INFO] [stdout]     |
[INFO] [stdout] 260 -     builder = builder.with_window_classname("MiniBrowser");
[INFO] [stdout] 260 +     builder = builder.with_window_icon("MiniBrowser");
[INFO] [stdout]     |
[INFO] [stdout] 
[INFO] [stdout] 
[INFO] [stdout] error[E0599]: no method named `with_window_classname` found for struct `WindowBuilder` in the current scope
[INFO] [stdout]    --> src/main.rs:260:23
[INFO] [stdout]     |
[INFO] [stdout] 260 |     builder = builder.with_window_classname("MiniBrowser");
[INFO] [stdout]     |                       ^^^^^^^^^^^^^^^^^^^^^
[INFO] [stdout]     |
[INFO] [stdout] help: there is a method `with_window_icon` with a similar name
[INFO] [stdout]     |
[INFO] [stdout] 260 -     builder = builder.with_window_classname("MiniBrowser");
[INFO] [stdout] 260 +     builder = builder.with_window_icon("MiniBrowser");
[INFO] [stdout]     |
[INFO] [stdout] 
[INFO] [stdout] 
[INFO] [stdout] error[E0599]: no method named `with_additional_browser_args` found for struct `WebViewBuilder<'a>` in the current scope
[INFO] [stdout]    --> src/main.rs:304:14
[INFO] [stdout]     |
[INFO] [stdout] 270 |         WebViewBuilder::new_with_web_context(&mut profile_ctx)
[INFO] [stdout] 271 |             .with_id("content")
[INFO] [stdout] 272 |             .with_html(include_str!("../ui/start.html")) // first paint
[INFO] [stdout] 273 |             .with_bounds(rk)
[INFO] [stdout] 274 |             .with_navigation_handler(allow_http_https_only)
[INFO] [stdout] 275 |             .with_document_title_changed_handler({
[INFO] [stdout] 276 |                 let send = send.clone();
[INFO] [stdout] 277 |                 move |t| {
[INFO] [stdout] 278 |                     let _ = send(Msg::TitleChanged(t));
[INFO] [stdout] 279 |                 }
[INFO] [stdout] 280 |             })
[INFO] [stdout] 281 |             .with_on_page_load_handler({
[INFO] [stdout] 282 |                 let send = send.clone();
[INFO] [stdout] 283 |                 move |e, url| {
[INFO] [stdout] 284 |                     let _ = send(Msg::PageLoad(e, url));
[INFO] [stdout] 285 |                 }
[INFO] [stdout] 286 |             })
[INFO] [stdout] 287 |             .with_new_window_req_handler({
[INFO] [stdout] 288 |                 let send = send.clone();
[INFO] [stdout] 289 |                 move |url, _| {
[INFO] [stdout] 290 |                     let _ = send(Msg::NewWindow(url)); // load in place (Task 8)
[INFO] [stdout] 291 |                     NewWindowResponse::Deny
[INFO] [stdout] 292 |                 }
[INFO] [stdout] 293 |             })
[INFO] [stdout] 294 |             .with_ipc_handler({
[INFO] [stdout] 295 |                 let send = send.clone();
[INFO] [stdout] 296 |                 move |request| {
[INFO] [stdout] 297 |                     let _ = send(Msg::ContentIpc(request.body().clone()));
[INFO] [stdout] 298 |                 }
[INFO] [stdout] 299 |             })
[INFO] [stdout] 300 |             .with_initialization_script(CTRL_L_SCRIPT)
[INFO] [stdout] 301 |             .with_clipboard(true)
[INFO] [stdout] 302 |             .with_hotkeys_zoom(false)
[INFO] [stdout] 303 |             .with_user_agent(edge_like_user_agent())
[INFO] [stdout] 304 |             .with_additional_browser_args(CONTENT_BROWSER_ARGS)
[INFO] [stdout]     |              ^^^^^^^^^^^^^^^^^^^^^^^^^^^^ method not found in `WebViewBuilder<'_>`
[INFO] [stdout] 
[INFO] [stdout] 
[INFO] [stdout] error[E0599]: no method named `with_additional_browser_args` found for struct `WebViewBuilder<'a>` in the current scope
[INFO] [stdout]    --> src/main.rs:304:14
[INFO] [stdout]     |
[INFO] [stdout] 270 |         WebViewBuilder::new_with_web_context(&mut profile_ctx)
[INFO] [stdout] 271 |             .with_id("content")
[INFO] [stdout] 272 |             .with_html(include_str!("../ui/start.html")) // first paint
[INFO] [stdout] 273 |             .with_bounds(rk)
[INFO] [stdout] 274 |             .with_navigation_handler(allow_http_https_only)
[INFO] [stdout] 275 |             .with_document_title_changed_handler({
[INFO] [stdout] 276 |                 let send = send.clone();
[INFO] [stdout] 277 |                 move |t| {
[INFO] [stdout] 278 |                     let _ = send(Msg::TitleChanged(t));
[INFO] [stdout] 279 |                 }
[INFO] [stdout] 280 |             })
[INFO] [stdout] 281 |             .with_on_page_load_handler({
[INFO] [stdout] 282 |                 let send = send.clone();
[INFO] [stdout] 283 |                 move |e, url| {
[INFO] [stdout] 284 |                     let _ = send(Msg::PageLoad(e, url));
[INFO] [stdout] 285 |                 }
[INFO] [stdout] 286 |             })
[INFO] [stdout] 287 |             .with_new_window_req_handler({
[INFO] [stdout] 288 |                 let send = send.clone();
[INFO] [stdout] 289 |                 move |url, _| {
[INFO] [stdout] 290 |                     let _ = send(Msg::NewWindow(url)); // load in place (Task 8)
[INFO] [stdout] 291 |                     NewWindowResponse::Deny
[INFO] [stdout] 292 |                 }
[INFO] [stdout] 293 |             })
[INFO] [stdout] 294 |             .with_ipc_handler({
[INFO] [stdout] 295 |                 let send = send.clone();
[INFO] [stdout] 296 |                 move |request| {
[INFO] [stdout] 297 |                     let _ = send(Msg::ContentIpc(request.body().clone()));
[INFO] [stdout] 298 |                 }
[INFO] [stdout] 299 |             })
[INFO] [stdout] 300 |             .with_initialization_script(CTRL_L_SCRIPT)
[INFO] [stdout] 301 |             .with_clipboard(true)
[INFO] [stdout] 302 |             .with_hotkeys_zoom(false)
[INFO] [stdout] 303 |             .with_user_agent(edge_like_user_agent())
[INFO] [stdout] 304 |             .with_additional_browser_args(CONTENT_BROWSER_ARGS)
[INFO] [stdout]     |              ^^^^^^^^^^^^^^^^^^^^^^^^^^^^ method not found in `WebViewBuilder<'_>`
[INFO] [stdout] 
[INFO] [stdout] 
[INFO] [stdout] error[E0599]: no method named `with_browser_extensions_enabled` found for struct `WebViewBuilder<'a>` in the current scope
[INFO] [stdout]    --> src/main.rs:327:14
[INFO] [stdout]     |
[INFO] [stdout] 313 |         WebViewBuilder::new_with_web_context(&mut shell_ctx)
[INFO] [stdout] 314 |             .with_id("fab")
[INFO] [stdout] 315 |             .with_html(include_str!("../ui/fab.html"))
[INFO] [stdout] 316 |             .with_transparent(true)
[INFO] [stdout] 317 |             .with_background_color((0, 0, 0, 0))
[INFO] [stdout] 318 |             .with_bounds(rf)
[INFO] [stdout] 319 |             .with_visible(false) // hidden on start page (SPEC.md §2)
[INFO] [stdout] 320 |             .with_ipc_handler({
[INFO] [stdout] 321 |                 let send = send.clone();
[INFO] [stdout] 322 |                 move |request| {
[INFO] [stdout] 323 |                     let _ = send(Msg::FabIpc(request.body().clone()));
[INFO] [stdout] 324 |                 }
[INFO] [stdout] 325 |             })
[INFO] [stdout] 326 |             .with_devtools(cfg!(debug_assertions))
[INFO] [stdout] 327 |             .with_browser_extensions_enabled(false)
[INFO] [stdout]     |              ^^^^^^^^^^^^^^^^^^^^^^^^^^^^^^^
[INFO] [stdout]     |
[INFO] [stdout] help: there is a method `with_extensions_path` with a similar name
[INFO] [stdout]     |
[INFO] [stdout] 327 -             .with_browser_extensions_enabled(false)
[INFO] [stdout] 327 +             .with_extensions_path(false)
[INFO] [stdout]     |
[INFO] [stdout] 
[INFO] [stdout] 
[INFO] [stdout] error[E0599]: no method named `with_browser_extensions_enabled` found for struct `WebViewBuilder<'a>` in the current scope
[INFO] [stdout]    --> src/main.rs:327:14
[INFO] [stdout]     |
[INFO] [stdout] 313 |         WebViewBuilder::new_with_web_context(&mut shell_ctx)
[INFO] [stdout] 314 |             .with_id("fab")
[INFO] [stdout] 315 |             .with_html(include_str!("../ui/fab.html"))
[INFO] [stdout] 316 |             .with_transparent(true)
[INFO] [stdout] 317 |             .with_background_color((0, 0, 0, 0))
[INFO] [stdout] 318 |             .with_bounds(rf)
[INFO] [stdout] 319 |             .with_visible(false) // hidden on start page (SPEC.md §2)
[INFO] [stdout] 320 |             .with_ipc_handler({
[INFO] [stdout] 321 |                 let send = send.clone();
[INFO] [stdout] 322 |                 move |request| {
[INFO] [stdout] 323 |                     let _ = send(Msg::FabIpc(request.body().clone()));
[INFO] [stdout] 324 |                 }
[INFO] [stdout] 325 |             })
[INFO] [stdout] 326 |             .with_devtools(cfg!(debug_assertions))
[INFO] [stdout] 327 |             .with_browser_extensions_enabled(false)
[INFO] [stdout]     |              ^^^^^^^^^^^^^^^^^^^^^^^^^^^^^^^
[INFO] [stdout]     |
[INFO] [stdout] help: there is a method `with_extensions_path` with a similar name
[INFO] [stdout]     |
[INFO] [stdout] 327 -             .with_browser_extensions_enabled(false)
[INFO] [stdout] 327 +             .with_extensions_path(false)
[INFO] [stdout]     |
[INFO] [stdout] 
[INFO] [stdout] 
[INFO] [stdout] error[E0599]: no method named `with_browser_extensions_enabled` found for struct `WebViewBuilder<'a>` in the current scope
[INFO] [stdout]    --> src/main.rs:343:14
[INFO] [stdout]     |
[INFO] [stdout] 334 |         WebViewBuilder::new_with_web_context(&mut shell_ctx)
[INFO] [stdout] 335 |             .with_id("chrome")
[INFO] [stdout] 336 |             .with_html(include_str!("../ui/chrome.html"))
[INFO] [stdout] 337 |             .with_bounds(rc)
[INFO] [stdout] 338 |             .with_focused(false)
[INFO] [stdout] 339 |             .with_ipc_handler(move |request| {
[INFO] [stdout] 340 |                 let _ = send(Msg::ChromeIpc(request.body().clone()));
[INFO] [stdout] 341 |             })
[INFO] [stdout] 342 |             .with_devtools(cfg!(debug_assertions))
[INFO] [stdout] 343 |             .with_browser_extensions_enabled(false)
[INFO] [stdout]     |              ^^^^^^^^^^^^^^^^^^^^^^^^^^^^^^^
[INFO] [stdout]     |
[INFO] [stdout] help: there is a method `with_extensions_path` with a similar name
[INFO] [stdout]     |
[INFO] [stdout] 343 -             .with_browser_extensions_enabled(false)
[INFO] [stdout] 343 +             .with_extensions_path(false)
[INFO] [stdout]     |
[INFO] [stdout] 
[INFO] [stdout] 
[INFO] [stdout] Some errors have detailed explanations: E0432, E0599.
[INFO] [stdout] 
[INFO] [stdout] For more information about an error, try `rustc --explain E0432`.
[INFO] [stdout] 
[INFO] [stdout] error[E0599]: no method named `with_browser_extensions_enabled` found for struct `WebViewBuilder<'a>` in the current scope
[INFO] [stdout]    --> src/main.rs:343:14
[INFO] [stdout]     |
[INFO] [stdout] 334 |         WebViewBuilder::new_with_web_context(&mut shell_ctx)
[INFO] [stdout] 335 |             .with_id("chrome")
[INFO] [stdout] 336 |             .with_html(include_str!("../ui/chrome.html"))
[INFO] [stdout] 337 |             .with_bounds(rc)
[INFO] [stdout] 338 |             .with_focused(false)
[INFO] [stdout] 339 |             .with_ipc_handler(move |request| {
[INFO] [stdout] 340 |                 let _ = send(Msg::ChromeIpc(request.body().clone()));
[INFO] [stdout] 341 |             })
[INFO] [stdout] 342 |             .with_devtools(cfg!(debug_assertions))
[INFO] [stdout] 343 |             .with_browser_extensions_enabled(false)
[INFO] [stdout]     |              ^^^^^^^^^^^^^^^^^^^^^^^^^^^^^^^
[INFO] [stdout]     |
[INFO] [stdout] help: there is a method `with_extensions_path` with a similar name
[INFO] [stdout]     |
[INFO] [stdout] 343 -             .with_browser_extensions_enabled(false)
[INFO] [stdout] 343 +             .with_extensions_path(false)
[INFO] [stdout]     |
[INFO] [stdout] 
[INFO] [stdout] 
[INFO] [stderr] error: could not compile `mini` (bin "mini" test) due to 7 previous errors
[INFO] [stderr] warning: build failed, waiting for other jobs to finish...
[INFO] [stdout] Some errors have detailed explanations: E0432, E0599.
[INFO] [stdout] 
[INFO] [stdout] For more information about an error, try `rustc --explain E0432`.
[INFO] [stdout] 
[INFO] [stderr] error: could not compile `mini` (bin "mini") due to 7 previous errors
[INFO] [stderr] warning: unused dependency `winresource`
[INFO] [stderr]  --> Cargo.toml:2:1
[INFO] [stderr]   |
[INFO] [stderr] 2 | winresource = "0.1"
[INFO] [stderr]   | ^^^^^^^^^^^^^^^^^^^
[INFO] [stderr]   |
[INFO] [stderr]   = note: `cargo::unused_dependencies` is set to `warn` by default
[INFO] [stderr] help: consider removing the dependency on `winresource`
[INFO] [stderr] warning: `mini` (manifest) generated 1 warning
[INFO] running `Command { std: "docker" "inspect" "2dbd400741324e904029418ea39bfabe28fbc69575a8ceb641f7459f1f5d92d7", kill_on_drop: false }`
[INFO] running `Command { std: "docker" "rm" "-f" "2dbd400741324e904029418ea39bfabe28fbc69575a8ceb641f7459f1f5d92d7", kill_on_drop: false }`
[INFO] [stdout] 2dbd400741324e904029418ea39bfabe28fbc69575a8ceb641f7459f1f5d92d7
