[INFO] cloning repository https://github.com/DandyChux/quacklog
[INFO] running `Command { std: "git" "-c" "credential.helper=" "-c" "credential.helper=/workspace/cargo-home/bin/git-credential-null" "clone" "--bare" "https://github.com/DandyChux/quacklog" "/workspace/cache/git-repos/https%3A%2F%2Fgithub.com%2FDandyChux%2Fquacklog", kill_on_drop: false }`
[INFO] [stderr] Cloning into bare repository '/workspace/cache/git-repos/https%3A%2F%2Fgithub.com%2FDandyChux%2Fquacklog'...
[INFO] running `Command { std: "git" "rev-parse" "HEAD", kill_on_drop: false }`
[INFO] [stdout] 82e394529253cfbd2eb88b9dcf9707f39e32f40b
[INFO] checking DandyChux/quacklog against 3154cc1a3e6424e44f438a95007d043ed5ceaaf6 for pr-133502-30
[INFO] running `Command { std: "git" "clone" "/workspace/cache/git-repos/https%3A%2F%2Fgithub.com%2FDandyChux%2Fquacklog" "/workspace/builds/worker-4-tc2/source", kill_on_drop: false }`
[INFO] [stderr] Cloning into '/workspace/builds/worker-4-tc2/source'...
[INFO] [stderr] done.
[INFO] started tweaking git repo https://github.com/DandyChux/quacklog
[INFO] finished tweaking git repo https://github.com/DandyChux/quacklog
[INFO] tweaked toml for git repo https://github.com/DandyChux/quacklog written to /workspace/builds/worker-4-tc2/source/Cargo.toml
[INFO] validating manifest of git repo https://github.com/DandyChux/quacklog on toolchain 3154cc1a3e6424e44f438a95007d043ed5ceaaf6
[INFO] running `Command { std: CARGO_HOME="/workspace/cargo-home" RUSTUP_HOME="/workspace/rustup-home" "/workspace/cargo-home/bin/cargo" "+3154cc1a3e6424e44f438a95007d043ed5ceaaf6" "metadata" "--manifest-path" "Cargo.toml" "--no-deps", kill_on_drop: false }`
[INFO] crate git repo https://github.com/DandyChux/quacklog already has a lockfile, it will not be regenerated
[INFO] running `Command { std: CARGO_HOME="/workspace/cargo-home" RUSTUP_HOME="/workspace/rustup-home" "/workspace/cargo-home/bin/cargo" "+3154cc1a3e6424e44f438a95007d043ed5ceaaf6" "fetch" "--manifest-path" "Cargo.toml", kill_on_drop: false }`
[INFO] running `Command { std: "docker" "create" "-v" "/var/lib/crater-agent-workspace/builds/worker-4-tc2/source:/opt/rustwide/workdir:ro,Z" "-v" "/var/lib/crater-agent-workspace/builds/worker-4-tc2/target:/opt/rustwide/target:rw,Z" "-v" "/var/lib/crater-agent-workspace/cargo-home:/opt/rustwide/cargo-home:ro,Z" "-v" "/var/lib/crater-agent-workspace/rustup-home:/opt/rustwide/rustup-home:ro,Z" "-m" "1610612736" "--network" "none" "ghcr.io/rust-lang/crates-build-env/linux@sha256:77db811e55d90add9212f6832c23229e3de5f1c1f9905e8cb07319ea15df73ac" "sleep" "infinity", kill_on_drop: false }`
[INFO] [stdout] 460cecd608210d50e95323889fc49f75a3a19fa02c30feceb3221ffa00454823
[INFO] running `Command { std: "docker" "start" "460cecd608210d50e95323889fc49f75a3a19fa02c30feceb3221ffa00454823", kill_on_drop: false }`
[INFO] running `Command { std: "docker" "inspect" "460cecd608210d50e95323889fc49f75a3a19fa02c30feceb3221ffa00454823", kill_on_drop: false }`
[INFO] running `Command { std: "docker" "exec" "-e" "SOURCE_DIR=/opt/rustwide/workdir" "-e" "CARGO_HOME=/opt/rustwide/cargo-home" "-e" "RUSTUP_HOME=/opt/rustwide/rustup-home" "-e" "CARGO_TARGET_DIR=/opt/rustwide/target" "-w" "/opt/rustwide/workdir" "--user" "0:0" "460cecd608210d50e95323889fc49f75a3a19fa02c30feceb3221ffa00454823" "/opt/rustwide/cargo-home/bin/cargo" "+3154cc1a3e6424e44f438a95007d043ed5ceaaf6" "metadata" "--no-deps" "--format-version=1", kill_on_drop: false }`
[INFO] running `Command { std: "docker" "inspect" "460cecd608210d50e95323889fc49f75a3a19fa02c30feceb3221ffa00454823", kill_on_drop: false }`
[INFO] running `Command { std: "docker" "exec" "-e" "SOURCE_DIR=/opt/rustwide/workdir" "-e" "CARGO_HOME=/opt/rustwide/cargo-home" "-e" "RUSTUP_HOME=/opt/rustwide/rustup-home" "-e" "CARGO_TARGET_DIR=/opt/rustwide/target" "-e" "CARGO_INCREMENTAL=0" "-e" "RUST_BACKTRACE=full" "-e" "RUSTFLAGS=--cap-lints=forbid" "-e" "RUSTDOCFLAGS=--cap-lints=forbid" "-w" "/opt/rustwide/workdir" "--user" "0:0" "460cecd608210d50e95323889fc49f75a3a19fa02c30feceb3221ffa00454823" "/opt/rustwide/cargo-home/bin/cargo" "+3154cc1a3e6424e44f438a95007d043ed5ceaaf6" "check" "--frozen" "--all" "--all-targets" "--message-format=json", kill_on_drop: false }`
[INFO] [stderr]    Compiling serde_core v1.0.229
[INFO] [stderr]    Compiling syn v3.0.4
[INFO] [stderr]    Compiling jobserver v0.1.35
[INFO] [stderr]     Checking log v0.4.34
[INFO] [stderr]     Checking futures-sink v0.3.34
[INFO] [stderr]    Compiling getrandom v0.4.3
[INFO] [stderr]     Checking hybrid-array v0.4.14
[INFO] [stderr]    Compiling litemap v0.8.3
[INFO] [stderr]     Checking mio v1.2.2
[INFO] [stderr]     Checking tracing v0.1.44
[INFO] [stderr]    Compiling cc v1.4.4
[INFO] [stderr]    Compiling writeable v0.6.4
[INFO] [stderr]    Compiling futures-core v0.3.34
[INFO] [stderr]    Compiling generic-array v0.14.9
[INFO] [stderr]     Checking crypto-common v0.2.2
[INFO] [stderr]     Checking block-buffer v0.12.1
[INFO] [stderr]    Compiling icu_properties_data v2.3.0
[INFO] [stderr]    Compiling icu_normalizer_data v2.3.0
[INFO] [stderr]    Compiling cmov v0.5.4
[INFO] [stderr]     Checking foldhash v0.2.0
[INFO] [stderr]     Checking digest v0.11.3
[INFO] [stderr]    Compiling ctutils v0.4.2
[INFO] [stderr]    Compiling cmake v0.1.58
[INFO] [stderr]    Compiling aws-lc-rs v1.18.0
[INFO] [stderr]    Compiling block-buffer v0.10.4
[INFO] [stderr]    Compiling crypto-common v0.1.6
[INFO] [stderr]    Compiling futures-task v0.3.34
[INFO] [stderr]    Compiling futures-io v0.3.34
[INFO] [stderr]    Compiling thiserror v2.0.20
[INFO] [stderr]    Compiling futures-util v0.3.34
[INFO] [stderr]    Compiling digest v0.10.7
[INFO] [stderr]    Compiling aws-lc-sys v0.44.0
[INFO] [stderr]    Compiling zstd-sys v2.0.16+zstd.1.5.7
[INFO] [stderr]     Checking chacha20 v0.10.1
[INFO] [stderr]     Checking futures-channel v0.3.34
[INFO] [stderr]    Compiling rand_core v0.10.1
[INFO] [stderr]     Checking serde_json v1.0.151
[INFO] [stderr]    Compiling zstd-safe v7.2.4
[INFO] [stderr]     Checking local-waker v0.1.4
[INFO] [stderr]    Compiling crc32fast v1.5.1
[INFO] [stderr]    Compiling sha2 v0.10.9
[INFO] [stderr]    Compiling chrono v0.4.45
[INFO] [stderr]     Checking alloc-stdlib v0.2.4
[INFO] [stderr]    Compiling convert_case v0.10.0
[INFO] [stderr]     Checking rand v0.10.2
[INFO] [stderr]    Compiling libsqlite3-sys v0.37.0
[INFO] [stderr]    Compiling tokio-stream v0.1.19
[INFO] [stderr]     Checking http v0.2.12
[INFO] [stderr]    Compiling rustls v0.23.43
[INFO] [stderr]     Checking simd-adler32 v0.3.10
[INFO] [stderr]    Compiling time-macros v0.2.32
[INFO] [stderr]     Checking miniz_oxide v0.8.9
[INFO] [stderr]     Checking hashbrown v0.16.1
[INFO] [stderr]     Checking regex-automata v0.4.18
[INFO] [stderr]    Compiling derive_more-impl v2.1.1
[INFO] [stderr]    Compiling serde_derive v1.0.229
[INFO] [stderr]    Compiling zerovec-derive v0.11.6
[INFO] [stderr]    Compiling displaydoc v0.2.7
[INFO] [stderr]    Compiling tokio-macros v2.7.2
[INFO] [stderr]    Compiling futures-macro v0.3.34
[INFO] [stderr]     Checking zerovec v0.11.8
[INFO] [stderr]     Checking tinystr v0.8.4
[INFO] [stderr]     Checking icu_locale_core v2.3.0
[INFO] [stderr]     Checking potential_utf v0.1.6
[INFO] [stderr]     Checking zerotrie v0.2.5
[INFO] [stderr]     Checking icu_collections v2.3.0
[INFO] [stderr]     Checking icu_provider v2.3.1
[INFO] [stderr]     Checking icu_properties v2.3.0
[INFO] [stderr]     Checking serde v1.0.229
[INFO] [stderr]     Checking smallvec v1.15.2
[INFO] [stderr]     Checking parking_lot_core v0.9.12
[INFO] [stderr]     Checking icu_normalizer v2.3.0
[INFO] [stderr]     Checking parking_lot v0.12.5
[INFO] [stderr]    Compiling thiserror-impl v2.0.20
[INFO] [stderr]     Checking tokio v1.53.1
[INFO] [stderr]     Checking idna_adapter v1.2.2
[INFO] [stderr]     Checking idna v1.1.0
[INFO] [stderr]     Checking url v2.5.8
[INFO] [stderr]    Compiling either v1.18.0
[INFO] [stderr]    Compiling futures-intrusive v0.5.0
[INFO] [stderr]     Checking brotli-decompressor v5.0.3
[INFO] [stderr]     Checking actix-utils v3.0.1
[INFO] [stderr]    Compiling hmac v0.13.0
[INFO] [stderr]    Compiling bytestring v1.5.1
[INFO] [stderr]    Compiling cookie v0.16.2
[INFO] [stderr]     Checking actix-service v2.0.3
[INFO] [stderr]     Checking deranged v0.5.8
[INFO] [stderr]    Compiling regex-lite v0.1.9
[INFO] [stderr]    Compiling sqlx-core v0.9.0
[INFO] [stderr]    Compiling darling_core v0.23.0
[INFO] [stderr]    Compiling actix-router v0.5.4
[INFO] [stderr]     Checking time v0.3.55
[INFO] [stderr]     Checking brotli v8.0.4
[INFO] [stderr]    Compiling flume v0.12.0
[INFO] [stderr]     Checking tokio-util v0.7.19
[INFO] [stderr]     Checking actix-rt v2.12.0
[INFO] [stderr]    Compiling hkdf v0.13.0
[INFO] [stderr]     Checking h2 v0.3.27
[INFO] [stderr]     Checking h2 v0.4.19
[INFO] [stderr]     Checking actix-codec v0.5.2
[INFO] [stderr]     Checking flate2 v1.1.9
[INFO] [stderr]     Checking zstd v0.13.3
[INFO] [stderr]     Checking derive_more v2.1.1
[INFO] [stderr]     Checking regex v1.13.1
[INFO] [stderr]    Compiling futures-executor v0.3.34
[INFO] [stderr]     Checking hashlink v0.11.1
[INFO] [stderr]    Compiling sha2 v0.11.0
[INFO] [stderr]     Checking local-channel v0.1.5
[INFO] [stderr]    Compiling md-5 v0.11.0
[INFO] [stderr]     Checking sha1 v0.11.0
[INFO] [stderr]    Compiling whoami v2.1.3
[INFO] [stderr]     Checking language-tags v0.3.2
[INFO] [stderr]    Compiling sqlx-postgres v0.9.0
[INFO] [stderr]     Checking serde_urlencoded v0.7.1
[INFO] [stderr]    Compiling sqlx-sqlite v0.9.0
[INFO] [stderr]    Compiling darling_macro v0.23.0
[INFO] [stderr]     Checking actix-server v2.9.0
[INFO] [stderr]    Compiling actix-web-codegen v4.3.0
[INFO] [stderr]    Compiling actix-macros v0.2.4
[INFO] [stderr]     Checking impl-more v0.3.5
[INFO] [stderr]     Checking tower v0.5.3
[INFO] [stderr]     Checking actix-http v3.13.3
[INFO] [stderr]     Checking hyper v1.11.0
[INFO] [stderr]     Checking rustls-native-certs v0.8.4
[INFO] [stderr]    Compiling darling v0.23.0
[INFO] [stderr]    Compiling bytesize v2.7.0
[INFO] [stderr]     Checking dirs-sys v0.5.0
[INFO] [stderr]     Checking tempfile v3.27.0
[INFO] [stderr]    Compiling actix-multipart-derive v0.8.0
[INFO] [stderr]     Checking tower-http v0.6.11
[INFO] [stderr]     Checking hyper-util v0.1.20
[INFO] [stderr]     Checking serde_plain v1.0.2
[INFO] [stderr]     Checking tracing-log v0.2.0
[INFO] [stderr]     Checking dirs v6.0.0
[INFO] [stderr]    Compiling async-trait v0.1.92
[INFO] [stderr]     Checking tracing-subscriber v0.3.23
[INFO] [stderr]     Checking uuid v1.26.0
[INFO] [stderr]    Compiling sqlx-macros-core v0.9.0
[INFO] [stderr]     Checking actix-web v4.15.0
[INFO] [stderr]    Compiling sqlx-macros v0.9.0
[INFO] [stderr]     Checking actix-cors v0.7.2
[INFO] [stderr]     Checking actix-multipart v0.8.1
[INFO] [stderr]     Checking sqlx v0.9.0
[INFO] [stderr]     Checking rustls-webpki v0.103.15
[INFO] [stderr]     Checking tokio-rustls v0.26.4
[INFO] [stderr]     Checking rustls-platform-verifier v0.7.0
[INFO] [stderr]     Checking hyper-rustls v0.27.9
[INFO] [stderr]     Checking reqwest v0.13.4
[INFO] [stderr]     Checking quacklog v0.1.0 (/opt/rustwide/workdir)
[INFO] [stdout] warning: unused import: `Error`
[INFO] [stdout]  --> src/routes/pipeline.rs:5:5
[INFO] [stdout]   |
[INFO] [stdout] 5 |     Error, HttpResponse,
[INFO] [stdout]   |     ^^^^^
[INFO] [stdout]   |
[INFO] [stdout]   = note: `#[warn(unused_imports)]` (part of `#[warn(unused)]`) on by default
[INFO] [stdout] 
[INFO] [stdout] 
[INFO] [stdout] warning: unused imports: `ErrorBadRequest`, `ErrorInternalServerError`, `ErrorServiceUnavailable`, and `Error`
[INFO] [stdout]  --> src/services/audio.rs:4:13
[INFO] [stdout]   |
[INFO] [stdout] 4 |     error::{ErrorBadRequest, ErrorInternalServerError, ErrorServiceUnavailable},
[INFO] [stdout]   |             ^^^^^^^^^^^^^^^  ^^^^^^^^^^^^^^^^^^^^^^^^  ^^^^^^^^^^^^^^^^^^^^^^^
[INFO] [stdout] 5 |     Error,
[INFO] [stdout]   |     ^^^^^
[INFO] [stdout] 
[INFO] [stdout] 
[INFO] [stdout] warning: unused import: `Error`
[INFO] [stdout]  --> src/routes/pipeline.rs:5:5
[INFO] [stdout]   |
[INFO] [stdout] 5 |     Error, HttpResponse,
[INFO] [stdout]   |     ^^^^^
[INFO] [stdout]   |
[INFO] [stdout]   = note: `#[warn(unused_imports)]` (part of `#[warn(unused)]`) on by default
[INFO] [stdout] 
[INFO] [stdout] 
[INFO] [stdout] warning: unused imports: `ErrorBadRequest`, `ErrorInternalServerError`, `ErrorServiceUnavailable`, and `Error`
[INFO] [stdout]  --> src/services/audio.rs:4:13
[INFO] [stdout]   |
[INFO] [stdout] 4 |     error::{ErrorBadRequest, ErrorInternalServerError, ErrorServiceUnavailable},
[INFO] [stdout]   |             ^^^^^^^^^^^^^^^  ^^^^^^^^^^^^^^^^^^^^^^^^  ^^^^^^^^^^^^^^^^^^^^^^^
[INFO] [stdout] 5 |     Error,
[INFO] [stdout]   |     ^^^^^
[INFO] [stdout] 
[INFO] [stdout] 
[INFO] [stdout] warning: unused imports: `ErrorInternalServerError`, `ErrorServiceUnavailable`, and `Error`
[INFO] [stdout]  --> src/services/whisper.rs:2:13
[INFO] [stdout]   |
[INFO] [stdout] 2 |     error::{ErrorInternalServerError, ErrorServiceUnavailable},
[INFO] [stdout]   |             ^^^^^^^^^^^^^^^^^^^^^^^^  ^^^^^^^^^^^^^^^^^^^^^^^
[INFO] [stdout] 3 |     Error,
[INFO] [stdout]   |     ^^^^^
[INFO] [stdout] 
[INFO] [stdout] 
[INFO] [stdout] warning: unused imports: `ErrorInternalServerError`, `ErrorServiceUnavailable`, and `Error`
[INFO] [stdout]  --> src/services/whisper.rs:2:13
[INFO] [stdout]   |
[INFO] [stdout] 2 |     error::{ErrorInternalServerError, ErrorServiceUnavailable},
[INFO] [stdout]   |             ^^^^^^^^^^^^^^^^^^^^^^^^  ^^^^^^^^^^^^^^^^^^^^^^^
[INFO] [stdout] 3 |     Error,
[INFO] [stdout]   |     ^^^^^
[INFO] [stdout] 
[INFO] [stdout] 
[INFO] [stdout] warning: unused import: `tempfile::NamedTempFile`
[INFO] [stdout]   --> src/services/whisper.rs:14:5
[INFO] [stdout]    |
[INFO] [stdout] 14 | use tempfile::NamedTempFile;
[INFO] [stdout]    |     ^^^^^^^^^^^^^^^^^^^^^^^
[INFO] [stdout] 
[INFO] [stdout] 
[INFO] [stdout] warning: unused import: `tempfile::NamedTempFile`
[INFO] [stdout]   --> src/services/whisper.rs:14:5
[INFO] [stdout]    |
[INFO] [stdout] 14 | use tempfile::NamedTempFile;
[INFO] [stdout]    |     ^^^^^^^^^^^^^^^^^^^^^^^
[INFO] [stdout] 
[INFO] [stdout] 
[INFO] [stdout] warning: unused import: `db::*`
[INFO] [stdout]  --> src/db/mod.rs:7:9
[INFO] [stdout]   |
[INFO] [stdout] 7 | pub use db::*;
[INFO] [stdout]   |         ^^^^^
[INFO] [stdout] 
[INFO] [stdout] 
[INFO] [stdout] warning: unused import: `migrations::*`
[INFO] [stdout]  --> src/db/mod.rs:8:9
[INFO] [stdout]   |
[INFO] [stdout] 8 | pub use migrations::*;
[INFO] [stdout]   |         ^^^^^^^^^^^^^
[INFO] [stdout] 
[INFO] [stdout] 
[INFO] [stdout] warning: unused import: `std::sync::Arc`
[INFO] [stdout]   --> src/db/mod.rs:13:5
[INFO] [stdout]    |
[INFO] [stdout] 13 | use std::sync::Arc;
[INFO] [stdout]    |     ^^^^^^^^^^^^^^
[INFO] [stdout] 
[INFO] [stdout] 
[INFO] [stdout] warning: unused import: `std::fmt`
[INFO] [stdout]  --> src/error.rs:7:5
[INFO] [stdout]   |
[INFO] [stdout] 7 | use std::fmt;
[INFO] [stdout]   |     ^^^^^^^^
[INFO] [stdout] 
[INFO] [stdout] 
[INFO] [stdout] warning: unused import: `db::*`
[INFO] [stdout]  --> src/db/mod.rs:7:9
[INFO] [stdout]   |
[INFO] [stdout] 7 | pub use db::*;
[INFO] [stdout]   |         ^^^^^
[INFO] [stdout] 
[INFO] [stdout] 
[INFO] [stdout] warning: unused import: `migrations::*`
[INFO] [stdout]  --> src/db/mod.rs:8:9
[INFO] [stdout]   |
[INFO] [stdout] 8 | pub use migrations::*;
[INFO] [stdout]   |         ^^^^^^^^^^^^^
[INFO] [stdout] 
[INFO] [stdout] 
[INFO] [stdout] warning: unused import: `std::sync::Arc`
[INFO] [stdout]   --> src/db/mod.rs:13:5
[INFO] [stdout]    |
[INFO] [stdout] 13 | use std::sync::Arc;
[INFO] [stdout]    |     ^^^^^^^^^^^^^^
[INFO] [stdout] 
[INFO] [stdout] 
[INFO] [stdout] warning: unused import: `std::fmt`
[INFO] [stdout]  --> src/error.rs:7:5
[INFO] [stdout]   |
[INFO] [stdout] 7 | use std::fmt;
[INFO] [stdout]   |     ^^^^^^^^
[INFO] [stdout] 
[INFO] [stdout] 
[INFO] [stdout] error[E0195]: lifetime parameters or bounds on method `create` do not match the trait declaration
[INFO] [stdout]   --> src/db/postgres.rs:17:14
[INFO] [stdout]    |
[INFO] [stdout] 17 |       fn create(
[INFO] [stdout]    |                ^ lifetimes do not match method in trait
[INFO] [stdout]    |
[INFO] [stdout]   ::: src/db/repositories.rs:6:1
[INFO] [stdout]    |
[INFO] [stdout]  6 |   #[async_trait]
[INFO] [stdout]    |   -------------- this bound might be missing in the impl
[INFO] [stdout]  7 |   pub trait SessionRepository: Send + Sync {
[INFO] [stdout]  8 |       async fn create(
[INFO] [stdout]    |  ______________-
[INFO] [stdout]  9 | |         &self,
[INFO] [stdout]    | |         - this bound might be missing in the impl
[INFO] [stdout] 10 | |         session: &DebuggingSession,
[INFO] [stdout]    | |                  - this bound might be missing in the impl
[INFO] [stdout] 11 | |     ) -> AppResult<()>;
[INFO] [stdout]    | |_____- lifetimes in impl do not match this method in trait
[INFO] [stdout] 
[INFO] [stdout] 
[INFO] [stdout] error[E0195]: lifetime parameters or bounds on method `create` do not match the trait declaration
[INFO] [stdout]   --> src/db/postgres.rs:17:14
[INFO] [stdout]    |
[INFO] [stdout] 17 |       fn create(
[INFO] [stdout]    |                ^ lifetimes do not match method in trait
[INFO] [stdout]    |
[INFO] [stdout]   ::: src/db/repositories.rs:6:1
[INFO] [stdout]    |
[INFO] [stdout]  6 |   #[async_trait]
[INFO] [stdout]    |   -------------- this bound might be missing in the impl
[INFO] [stdout]  7 |   pub trait SessionRepository: Send + Sync {
[INFO] [stdout]  8 |       async fn create(
[INFO] [stdout]    |  ______________-
[INFO] [stdout]  9 | |         &self,
[INFO] [stdout]    | |         - this bound might be missing in the impl
[INFO] [stdout] 10 | |         session: &DebuggingSession,
[INFO] [stdout]    | |                  - this bound might be missing in the impl
[INFO] [stdout] 11 | |     ) -> AppResult<()>;
[INFO] [stdout]    | |_____- lifetimes in impl do not match this method in trait
[INFO] [stdout] 
[INFO] [stdout] 
[INFO] [stdout] error[E0195]: lifetime parameters or bounds on method `find_by_id` do not match the trait declaration
[INFO] [stdout]   --> src/db/postgres.rs:24:18
[INFO] [stdout]    |
[INFO] [stdout] 24 |       fn find_by_id(
[INFO] [stdout]    |                    ^ lifetimes do not match method in trait
[INFO] [stdout]    |
[INFO] [stdout]   ::: src/db/repositories.rs:6:1
[INFO] [stdout]    |
[INFO] [stdout]  6 |   #[async_trait]
[INFO] [stdout]    |   -------------- this bound might be missing in the impl
[INFO] [stdout] ...
[INFO] [stdout] 13 |       async fn find_by_id(
[INFO] [stdout]    |  ______________-
[INFO] [stdout] 14 | |         &self,
[INFO] [stdout]    | |         - this bound might be missing in the impl
[INFO] [stdout] 15 | |         id: Uuid,
[INFO] [stdout] 16 | |     ) -> AppResult<Option<DebuggingSession>>;
[INFO] [stdout]    | |_____- lifetimes in impl do not match this method in trait
[INFO] [stdout] 
[INFO] [stdout] 
[INFO] [stdout] error[E0195]: lifetime parameters or bounds on method `find_by_id` do not match the trait declaration
[INFO] [stdout]   --> src/db/postgres.rs:24:18
[INFO] [stdout]    |
[INFO] [stdout] 24 |       fn find_by_id(
[INFO] [stdout]    |                    ^ lifetimes do not match method in trait
[INFO] [stdout]    |
[INFO] [stdout]   ::: src/db/repositories.rs:6:1
[INFO] [stdout]    |
[INFO] [stdout]  6 |   #[async_trait]
[INFO] [stdout]    |   -------------- this bound might be missing in the impl
[INFO] [stdout] ...
[INFO] [stdout] 13 |       async fn find_by_id(
[INFO] [stdout]    |  ______________-
[INFO] [stdout] 14 | |         &self,
[INFO] [stdout]    | |         - this bound might be missing in the impl
[INFO] [stdout] 15 | |         id: Uuid,
[INFO] [stdout] 16 | |     ) -> AppResult<Option<DebuggingSession>>;
[INFO] [stdout]    | |_____- lifetimes in impl do not match this method in trait
[INFO] [stdout] 
[INFO] [stdout] 
[INFO] [stdout] error[E0195]: lifetime parameters or bounds on method `search` do not match the trait declaration
[INFO] [stdout]   --> src/db/postgres.rs:31:14
[INFO] [stdout]    |
[INFO] [stdout] 31 |       fn search(
[INFO] [stdout]    |                ^ lifetimes do not match method in trait
[INFO] [stdout]    |
[INFO] [stdout]   ::: src/db/repositories.rs:6:1
[INFO] [stdout]    |
[INFO] [stdout]  6 |   #[async_trait]
[INFO] [stdout]    |   -------------- this bound might be missing in the impl
[INFO] [stdout] ...
[INFO] [stdout] 18 |       async fn search(
[INFO] [stdout]    |  ______________-
[INFO] [stdout] 19 | |         &self,
[INFO] [stdout]    | |         - this bound might be missing in the impl
[INFO] [stdout] 20 | |         query: &str,
[INFO] [stdout]    | |                - this bound might be missing in the impl
[INFO] [stdout] 21 | |         tag: Option<&str>,
[INFO] [stdout]    | |                     - this bound might be missing in the impl
[INFO] [stdout] 22 | |     ) -> AppResult<Vec<DebuggingSession>>;
[INFO] [stdout]    | |_____- lifetimes in impl do not match this method in trait
[INFO] [stdout] 
[INFO] [stdout] 
[INFO] [stdout] error[E0195]: lifetime parameters or bounds on method `update` do not match the trait declaration
[INFO] [stdout]   --> src/db/postgres.rs:39:14
[INFO] [stdout]    |
[INFO] [stdout] 39 |       fn update(
[INFO] [stdout]    |                ^ lifetimes do not match method in trait
[INFO] [stdout]    |
[INFO] [stdout]   ::: src/db/repositories.rs:6:1
[INFO] [stdout]    |
[INFO] [stdout]  6 |   #[async_trait]
[INFO] [stdout]    |   -------------- this bound might be missing in the impl
[INFO] [stdout] ...
[INFO] [stdout] 24 |       async fn update(
[INFO] [stdout]    |  ______________-
[INFO] [stdout] 25 | |         &self,
[INFO] [stdout]    | |         - this bound might be missing in the impl
[INFO] [stdout] 26 | |         session: &DebuggingSession,
[INFO] [stdout]    | |                  - this bound might be missing in the impl
[INFO] [stdout] 27 | |     ) -> AppResult<()>;
[INFO] [stdout]    | |_____- lifetimes in impl do not match this method in trait
[INFO] [stdout] 
[INFO] [stdout] 
[INFO] [stdout] error[E0195]: lifetime parameters or bounds on method `search` do not match the trait declaration
[INFO] [stdout]   --> src/db/postgres.rs:31:14
[INFO] [stdout]    |
[INFO] [stdout] 31 |       fn search(
[INFO] [stdout]    |                ^ lifetimes do not match method in trait
[INFO] [stdout]    |
[INFO] [stdout]   ::: src/db/repositories.rs:6:1
[INFO] [stdout]    |
[INFO] [stdout]  6 |   #[async_trait]
[INFO] [stdout]    |   -------------- this bound might be missing in the impl
[INFO] [stdout] ...
[INFO] [stdout] 18 |       async fn search(
[INFO] [stdout]    |  ______________-
[INFO] [stdout] 19 | |         &self,
[INFO] [stdout]    | |         - this bound might be missing in the impl
[INFO] [stdout] 20 | |         query: &str,
[INFO] [stdout]    | |                - this bound might be missing in the impl
[INFO] [stdout] 21 | |         tag: Option<&str>,
[INFO] [stdout]    | |                     - this bound might be missing in the impl
[INFO] [stdout] 22 | |     ) -> AppResult<Vec<DebuggingSession>>;
[INFO] [stdout]    | |_____- lifetimes in impl do not match this method in trait
[INFO] [stdout] 
[INFO] [stdout] 
[INFO] [stdout] error[E0195]: lifetime parameters or bounds on method `update` do not match the trait declaration
[INFO] [stdout]   --> src/db/postgres.rs:39:14
[INFO] [stdout]    |
[INFO] [stdout] 39 |       fn update(
[INFO] [stdout]    |                ^ lifetimes do not match method in trait
[INFO] [stdout]    |
[INFO] [stdout]   ::: src/db/repositories.rs:6:1
[INFO] [stdout]    |
[INFO] [stdout]  6 |   #[async_trait]
[INFO] [stdout]    |   -------------- this bound might be missing in the impl
[INFO] [stdout] ...
[INFO] [stdout] 24 |       async fn update(
[INFO] [stdout]    |  ______________-
[INFO] [stdout] 25 | |         &self,
[INFO] [stdout]    | |         - this bound might be missing in the impl
[INFO] [stdout] 26 | |         session: &DebuggingSession,
[INFO] [stdout]    | |                  - this bound might be missing in the impl
[INFO] [stdout] 27 | |     ) -> AppResult<()>;
[INFO] [stdout]    | |_____- lifetimes in impl do not match this method in trait
[INFO] [stdout] 
[INFO] [stdout] 
[INFO] [stdout] error[E0195]: lifetime parameters or bounds on method `create` do not match the trait declaration
[INFO] [stdout]   --> src/db/sqlite.rs:16:11
[INFO] [stdout]    |
[INFO] [stdout] 16 |       fn create(
[INFO] [stdout]    |                ^ lifetimes do not match method in trait
[INFO] [stdout]    |
[INFO] [stdout]   ::: src/db/repositories.rs:6:1
[INFO] [stdout]    |
[INFO] [stdout]  6 |   #[async_trait]
[INFO] [stdout]    |   -------------- this bound might be missing in the impl
[INFO] [stdout]  7 |   pub trait SessionRepository: Send + Sync {
[INFO] [stdout]  8 |       async fn create(
[INFO] [stdout]    |  ______________-
[INFO] [stdout]  9 | |         &self,
[INFO] [stdout]    | |         - this bound might be missing in the impl
[INFO] [stdout] 10 | |         session: &DebuggingSession,
[INFO] [stdout]    | |                  - this bound might be missing in the impl
[INFO] [stdout] 11 | |     ) -> AppResult<()>;
[INFO] [stdout]    | |_____- lifetimes in impl do not match this method in trait
[INFO] [stdout] 
[INFO] [stdout] 
[INFO] [stdout] error[E0195]: lifetime parameters or bounds on method `create` do not match the trait declaration
[INFO] [stdout]   --> src/db/sqlite.rs:16:11
[INFO] [stdout]    |
[INFO] [stdout] 16 |       fn create(
[INFO] [stdout]    |                ^ lifetimes do not match method in trait
[INFO] [stdout]    |
[INFO] [stdout]   ::: src/db/repositories.rs:6:1
[INFO] [stdout]    |
[INFO] [stdout]  6 |   #[async_trait]
[INFO] [stdout]    |   -------------- this bound might be missing in the impl
[INFO] [stdout]  7 |   pub trait SessionRepository: Send + Sync {
[INFO] [stdout]  8 |       async fn create(
[INFO] [stdout]    |  ______________-
[INFO] [stdout]  9 | |         &self,
[INFO] [stdout]    | |         - this bound might be missing in the impl
[INFO] [stdout] 10 | |         session: &DebuggingSession,
[INFO] [stdout]    | |                  - this bound might be missing in the impl
[INFO] [stdout] 11 | |     ) -> AppResult<()>;
[INFO] [stdout]    | |_____- lifetimes in impl do not match this method in trait
[INFO] [stdout] 
[INFO] [stdout] 
[INFO] [stdout] error[E0195]: lifetime parameters or bounds on method `find_by_id` do not match the trait declaration
[INFO] [stdout]   --> src/db/sqlite.rs:23:15
[INFO] [stdout]    |
[INFO] [stdout] 23 |       fn find_by_id(
[INFO] [stdout]    |                    ^ lifetimes do not match method in trait
[INFO] [stdout]    |
[INFO] [stdout]   ::: src/db/repositories.rs:6:1
[INFO] [stdout]    |
[INFO] [stdout]  6 |   #[async_trait]
[INFO] [stdout]    |   -------------- this bound might be missing in the impl
[INFO] [stdout] ...
[INFO] [stdout] 13 |       async fn find_by_id(
[INFO] [stdout]    |  ______________-
[INFO] [stdout] 14 | |         &self,
[INFO] [stdout]    | |         - this bound might be missing in the impl
[INFO] [stdout] 15 | |         id: Uuid,
[INFO] [stdout] 16 | |     ) -> AppResult<Option<DebuggingSession>>;
[INFO] [stdout]    | |_____- lifetimes in impl do not match this method in trait
[INFO] [stdout] 
[INFO] [stdout] 
[INFO] [stdout] error[E0195]: lifetime parameters or bounds on method `search` do not match the trait declaration
[INFO] [stdout]   --> src/db/sqlite.rs:30:11
[INFO] [stdout]    |
[INFO] [stdout] 30 |       fn search(
[INFO] [stdout]    |                ^ lifetimes do not match method in trait
[INFO] [stdout]    |
[INFO] [stdout]   ::: src/db/repositories.rs:6:1
[INFO] [stdout]    |
[INFO] [stdout]  6 |   #[async_trait]
[INFO] [stdout]    |   -------------- this bound might be missing in the impl
[INFO] [stdout] ...
[INFO] [stdout] 18 |       async fn search(
[INFO] [stdout]    |  ______________-
[INFO] [stdout] 19 | |         &self,
[INFO] [stdout]    | |         - this bound might be missing in the impl
[INFO] [stdout] 20 | |         query: &str,
[INFO] [stdout]    | |                - this bound might be missing in the impl
[INFO] [stdout] 21 | |         tag: Option<&str>,
[INFO] [stdout]    | |                     - this bound might be missing in the impl
[INFO] [stdout] 22 | |     ) -> AppResult<Vec<DebuggingSession>>;
[INFO] [stdout]    | |_____- lifetimes in impl do not match this method in trait
[INFO] [stdout] 
[INFO] [stdout] 
[INFO] [stdout] error[E0195]: lifetime parameters or bounds on method `find_by_id` do not match the trait declaration
[INFO] [stdout]   --> src/db/sqlite.rs:23:15
[INFO] [stdout]    |
[INFO] [stdout] 23 |       fn find_by_id(
[INFO] [stdout]    |                    ^ lifetimes do not match method in trait
[INFO] [stdout]    |
[INFO] [stdout]   ::: src/db/repositories.rs:6:1
[INFO] [stdout]    |
[INFO] [stdout]  6 |   #[async_trait]
[INFO] [stdout]    |   -------------- this bound might be missing in the impl
[INFO] [stdout] ...
[INFO] [stdout] 13 |       async fn find_by_id(
[INFO] [stdout]    |  ______________-
[INFO] [stdout] 14 | |         &self,
[INFO] [stdout]    | |         - this bound might be missing in the impl
[INFO] [stdout] 15 | |         id: Uuid,
[INFO] [stdout] 16 | |     ) -> AppResult<Option<DebuggingSession>>;
[INFO] [stdout]    | |_____- lifetimes in impl do not match this method in trait
[INFO] [stdout] 
[INFO] [stdout] 
[INFO] [stdout] error[E0195]: lifetime parameters or bounds on method `search` do not match the trait declaration
[INFO] [stdout]   --> src/db/sqlite.rs:30:11
[INFO] [stdout]    |
[INFO] [stdout] 30 |       fn search(
[INFO] [stdout]    |                ^ lifetimes do not match method in trait
[INFO] [stdout]    |
[INFO] [stdout]   ::: src/db/repositories.rs:6:1
[INFO] [stdout]    |
[INFO] [stdout]  6 |   #[async_trait]
[INFO] [stdout]    |   -------------- this bound might be missing in the impl
[INFO] [stdout] ...
[INFO] [stdout] 18 |       async fn search(
[INFO] [stdout]    |  ______________-
[INFO] [stdout] 19 | |         &self,
[INFO] [stdout]    | |         - this bound might be missing in the impl
[INFO] [stdout] 20 | |         query: &str,
[INFO] [stdout]    | |                - this bound might be missing in the impl
[INFO] [stdout] 21 | |         tag: Option<&str>,
[INFO] [stdout]    | |                     - this bound might be missing in the impl
[INFO] [stdout] 22 | |     ) -> AppResult<Vec<DebuggingSession>>;
[INFO] [stdout]    | |_____- lifetimes in impl do not match this method in trait
[INFO] [stdout] 
[INFO] [stdout] 
[INFO] [stdout] error[E0195]: lifetime parameters or bounds on method `update` do not match the trait declaration
[INFO] [stdout]   --> src/db/sqlite.rs:40:11
[INFO] [stdout]    |
[INFO] [stdout] 40 |       fn update(
[INFO] [stdout]    |                ^ lifetimes do not match method in trait
[INFO] [stdout]    |
[INFO] [stdout]   ::: src/db/repositories.rs:6:1
[INFO] [stdout]    |
[INFO] [stdout]  6 |   #[async_trait]
[INFO] [stdout]    |   -------------- this bound might be missing in the impl
[INFO] [stdout] ...
[INFO] [stdout] 24 |       async fn update(
[INFO] [stdout]    |  ______________-
[INFO] [stdout] 25 | |         &self,
[INFO] [stdout]    | |         - this bound might be missing in the impl
[INFO] [stdout] 26 | |         session: &DebuggingSession,
[INFO] [stdout]    | |                  - this bound might be missing in the impl
[INFO] [stdout] 27 | |     ) -> AppResult<()>;
[INFO] [stdout]    | |_____- lifetimes in impl do not match this method in trait
[INFO] [stdout] 
[INFO] [stdout] 
[INFO] [stdout] error[E0195]: lifetime parameters or bounds on method `update` do not match the trait declaration
[INFO] [stdout]   --> src/db/sqlite.rs:40:11
[INFO] [stdout]    |
[INFO] [stdout] 40 |       fn update(
[INFO] [stdout]    |                ^ lifetimes do not match method in trait
[INFO] [stdout]    |
[INFO] [stdout]   ::: src/db/repositories.rs:6:1
[INFO] [stdout]    |
[INFO] [stdout]  6 |   #[async_trait]
[INFO] [stdout]    |   -------------- this bound might be missing in the impl
[INFO] [stdout] ...
[INFO] [stdout] 24 |       async fn update(
[INFO] [stdout]    |  ______________-
[INFO] [stdout] 25 | |         &self,
[INFO] [stdout]    | |         - this bound might be missing in the impl
[INFO] [stdout] 26 | |         session: &DebuggingSession,
[INFO] [stdout]    | |                  - this bound might be missing in the impl
[INFO] [stdout] 27 | |     ) -> AppResult<()>;
[INFO] [stdout]    | |_____- lifetimes in impl do not match this method in trait
[INFO] [stdout] 
[INFO] [stdout] 
[INFO] [stdout] error[E0277]: the trait bound `std::string::String: std::convert::From<MultipartError>` is not satisfied
[INFO] [stdout]    --> src/services/audio.rs:169:29
[INFO] [stdout]     |
[INFO] [stdout] 169 |             let mut field = field_result.map_err(AppError::bad_request)?;
[INFO] [stdout]     |                             ^^^^^^^^^^^^^^^^^^^^^^^^^^^^^^^^^^^^^^^^^^^ the trait `std::convert::From<MultipartError>` is not implemented for `std::string::String`
[INFO] [stdout]     |
[INFO] [stdout]     = help: `std::string::String` implements trait `std::convert::From<T>`:
[INFO] [stdout]               std::convert::From<&mut str>
[INFO] [stdout]               std::convert::From<&std::string::String>
[INFO] [stdout]               std::convert::From<&str>
[INFO] [stdout]               std::convert::From<Box<str>>
[INFO] [stdout]               std::convert::From<Cow<'_, str>>
[INFO] [stdout]               std::convert::From<PgCiText>
[INFO] [stdout]               std::convert::From<Uuid>
[INFO] [stdout]               std::convert::From<bytestring::ByteString>
[INFO] [stdout]             and 2 others
[INFO] [stdout]     = note: required for `MultipartError` to implement `Into<std::string::String>`
[INFO] [stdout] note: required by a bound in `AppError::bad_request`
[INFO] [stdout]    --> src/error.rs:84:38
[INFO] [stdout]     |
[INFO] [stdout]  83 | impl AppError {
[INFO] [stdout]  84 |     pub fn bad_request(message: impl Into<String>) -> Self {
[INFO] [stdout]     |                                      ^^^^^^^^^^^^ required by this bound in `AppError::bad_request`
[INFO] [stdout] 
[INFO] [stdout] 
[INFO] [stdout] error[E0277]: the trait bound `std::string::String: std::convert::From<MultipartError>` is not satisfied
[INFO] [stdout]    --> src/services/audio.rs:169:29
[INFO] [stdout]     |
[INFO] [stdout] 169 |             let mut field = field_result.map_err(AppError::bad_request)?;
[INFO] [stdout]     |                             ^^^^^^^^^^^^^^^^^^^^^^^^^^^^^^^^^^^^^^^^^^^ the trait `std::convert::From<MultipartError>` is not implemented for `std::string::String`
[INFO] [stdout]     |
[INFO] [stdout]     = help: `std::string::String` implements trait `std::convert::From<T>`:
[INFO] [stdout]               std::convert::From<&mut str>
[INFO] [stdout]               std::convert::From<&std::string::String>
[INFO] [stdout]               std::convert::From<&str>
[INFO] [stdout]               std::convert::From<Box<str>>
[INFO] [stdout]               std::convert::From<Cow<'_, str>>
[INFO] [stdout]               std::convert::From<PgCiText>
[INFO] [stdout]               std::convert::From<Uuid>
[INFO] [stdout]               std::convert::From<bytestring::ByteString>
[INFO] [stdout]             and 2 others
[INFO] [stdout]     = note: required for `MultipartError` to implement `Into<std::string::String>`
[INFO] [stdout] note: required by a bound in `AppError::bad_request`
[INFO] [stdout]    --> src/error.rs:84:38
[INFO] [stdout]     |
[INFO] [stdout]  83 | impl AppError {
[INFO] [stdout]  84 |     pub fn bad_request(message: impl Into<String>) -> Self {
[INFO] [stdout]     |                                      ^^^^^^^^^^^^ required by this bound in `AppError::bad_request`
[INFO] [stdout] 
[INFO] [stdout] 
[INFO] [stdout] error[E0277]: the trait bound `std::string::String: std::convert::From<MultipartError>` is not satisfied
[INFO] [stdout]    --> src/services/audio.rs:172:23
[INFO] [stdout]     |
[INFO] [stdout] 172 |                   while field
[INFO] [stdout]     |  _______________________^
[INFO] [stdout] 173 | |                     .next()
[INFO] [stdout] 174 | |                     .await
[INFO] [stdout] 175 | |                     .transpose()
[INFO] [stdout] 176 | |                     .map_err(AppError::bad_request)?
[INFO] [stdout]     | |___________________________________________________^ the trait `std::convert::From<MultipartError>` is not implemented for `std::string::String`
[INFO] [stdout]     |
[INFO] [stdout]     = help: `std::string::String` implements trait `std::convert::From<T>`:
[INFO] [stdout]               std::convert::From<&mut str>
[INFO] [stdout]               std::convert::From<&std::string::String>
[INFO] [stdout]               std::convert::From<&str>
[INFO] [stdout]               std::convert::From<Box<str>>
[INFO] [stdout]               std::convert::From<Cow<'_, str>>
[INFO] [stdout]               std::convert::From<PgCiText>
[INFO] [stdout]               std::convert::From<Uuid>
[INFO] [stdout]               std::convert::From<bytestring::ByteString>
[INFO] [stdout]             and 2 others
[INFO] [stdout]     = note: required for `MultipartError` to implement `Into<std::string::String>`
[INFO] [stdout] note: required by a bound in `AppError::bad_request`
[INFO] [stdout]    --> src/error.rs:84:38
[INFO] [stdout]     |
[INFO] [stdout]  83 | impl AppError {
[INFO] [stdout]  84 |     pub fn bad_request(message: impl Into<String>) -> Self {
[INFO] [stdout]     |                                      ^^^^^^^^^^^^ required by this bound in `AppError::bad_request`
[INFO] [stdout] 
[INFO] [stdout] 
[INFO] [stdout] error[E0277]: the trait bound `std::string::String: std::convert::From<MultipartError>` is not satisfied
[INFO] [stdout]    --> src/services/audio.rs:172:23
[INFO] [stdout]     |
[INFO] [stdout] 172 |                   while field
[INFO] [stdout]     |  _______________________^
[INFO] [stdout] 173 | |                     .next()
[INFO] [stdout] 174 | |                     .await
[INFO] [stdout] 175 | |                     .transpose()
[INFO] [stdout] 176 | |                     .map_err(AppError::bad_request)?
[INFO] [stdout]     | |___________________________________________________^ the trait `std::convert::From<MultipartError>` is not implemented for `std::string::String`
[INFO] [stdout]     |
[INFO] [stdout]     = help: `std::string::String` implements trait `std::convert::From<T>`:
[INFO] [stdout]               std::convert::From<&mut str>
[INFO] [stdout]               std::convert::From<&std::string::String>
[INFO] [stdout]               std::convert::From<&str>
[INFO] [stdout]               std::convert::From<Box<str>>
[INFO] [stdout]               std::convert::From<Cow<'_, str>>
[INFO] [stdout]               std::convert::From<PgCiText>
[INFO] [stdout]               std::convert::From<Uuid>
[INFO] [stdout]               std::convert::From<bytestring::ByteString>
[INFO] [stdout]             and 2 others
[INFO] [stdout]     = note: required for `MultipartError` to implement `Into<std::string::String>`
[INFO] [stdout] note: required by a bound in `AppError::bad_request`
[INFO] [stdout]    --> src/error.rs:84:38
[INFO] [stdout]     |
[INFO] [stdout]  83 | impl AppError {
[INFO] [stdout]  84 |     pub fn bad_request(message: impl Into<String>) -> Self {
[INFO] [stdout]     |                                      ^^^^^^^^^^^^ required by this bound in `AppError::bad_request`
[INFO] [stdout] 
[INFO] [stdout] 
[INFO] [stdout] error[E0277]: the trait bound `std::string::String: std::convert::From<MultipartError>` is not satisfied
[INFO] [stdout]    --> src/services/audio.rs:187:29
[INFO] [stdout]     |
[INFO] [stdout] 187 |                 let chunk = chunk_result.map_err(AppError::bad_request)?;
[INFO] [stdout]     |                             ^^^^^^^^^^^^^^^^^^^^^^^^^^^^^^^^^^^^^^^^^^^ the trait `std::convert::From<MultipartError>` is not implemented for `std::string::String`
[INFO] [stdout]     |
[INFO] [stdout]     = help: `std::string::String` implements trait `std::convert::From<T>`:
[INFO] [stdout]               std::convert::From<&mut str>
[INFO] [stdout]               std::convert::From<&std::string::String>
[INFO] [stdout]               std::convert::From<&str>
[INFO] [stdout]               std::convert::From<Box<str>>
[INFO] [stdout]               std::convert::From<Cow<'_, str>>
[INFO] [stdout]               std::convert::From<PgCiText>
[INFO] [stdout]               std::convert::From<Uuid>
[INFO] [stdout]               std::convert::From<bytestring::ByteString>
[INFO] [stdout]             and 2 others
[INFO] [stdout]     = note: required for `MultipartError` to implement `Into<std::string::String>`
[INFO] [stdout] note: required by a bound in `AppError::bad_request`
[INFO] [stdout]    --> src/error.rs:84:38
[INFO] [stdout]     |
[INFO] [stdout]  83 | impl AppError {
[INFO] [stdout]  84 |     pub fn bad_request(message: impl Into<String>) -> Self {
[INFO] [stdout]     |                                      ^^^^^^^^^^^^ required by this bound in `AppError::bad_request`
[INFO] [stdout] 
[INFO] [stdout] 
[INFO] [stdout] error[E0277]: the trait bound `std::string::String: std::convert::From<MultipartError>` is not satisfied
[INFO] [stdout]    --> src/services/audio.rs:187:29
[INFO] [stdout]     |
[INFO] [stdout] 187 |                 let chunk = chunk_result.map_err(AppError::bad_request)?;
[INFO] [stdout]     |                             ^^^^^^^^^^^^^^^^^^^^^^^^^^^^^^^^^^^^^^^^^^^ the trait `std::convert::From<MultipartError>` is not implemented for `std::string::String`
[INFO] [stdout]     |
[INFO] [stdout]     = help: `std::string::String` implements trait `std::convert::From<T>`:
[INFO] [stdout]               std::convert::From<&mut str>
[INFO] [stdout]               std::convert::From<&std::string::String>
[INFO] [stdout]               std::convert::From<&str>
[INFO] [stdout]               std::convert::From<Box<str>>
[INFO] [stdout]               std::convert::From<Cow<'_, str>>
[INFO] [stdout]               std::convert::From<PgCiText>
[INFO] [stdout]               std::convert::From<Uuid>
[INFO] [stdout]               std::convert::From<bytestring::ByteString>
[INFO] [stdout]             and 2 others
[INFO] [stdout]     = note: required for `MultipartError` to implement `Into<std::string::String>`
[INFO] [stdout] note: required by a bound in `AppError::bad_request`
[INFO] [stdout]    --> src/error.rs:84:38
[INFO] [stdout]     |
[INFO] [stdout]  83 | impl AppError {
[INFO] [stdout]  84 |     pub fn bad_request(message: impl Into<String>) -> Self {
[INFO] [stdout]     |                                      ^^^^^^^^^^^^ required by this bound in `AppError::bad_request`
[INFO] [stdout] 
[INFO] [stdout] 
[INFO] [stdout] error[E0277]: `?` couldn't convert the error to `AppError`
[INFO] [stdout]    --> src/services/summarizer.rs:173:34
[INFO] [stdout]     |
[INFO] [stdout] 173 |         self.ensure_ready().await?;
[INFO] [stdout]     |         -------------------------^ the trait `std::convert::From<actix_web::Error>` is not implemented for `AppError`
[INFO] [stdout]     |         |
[INFO] [stdout]     |         this can't be annotated with `?` because it has type `Result<_, actix_web::Error>`
[INFO] [stdout]     |
[INFO] [stdout] note: `AppError` needs to implement `From<actix_web::Error>`
[INFO] [stdout]    --> src/error.rs:13:1
[INFO] [stdout]     |
[INFO] [stdout]  13 | pub enum AppError {
[INFO] [stdout]     | ^^^^^^^^^^^^^^^^^
[INFO] [stdout]     = note: the question mark operation (`?`) implicitly performs a conversion on the error value using the `From` trait
[INFO] [stdout]     = help: `AppError` implements trait `std::convert::From<T>`:
[INFO] [stdout]               std::convert::From<reqwest::Error>
[INFO] [stdout]               std::convert::From<serde_json::Error>
[INFO] [stdout]               std::convert::From<sqlx::Error>
[INFO] [stdout]               std::convert::From<std::io::Error>
[INFO] [stdout]               std::convert::From<uuid::Error>
[INFO] [stdout] 
[INFO] [stdout] 
[INFO] [stdout] error[E0277]: `?` couldn't convert the error to `AppError`
[INFO] [stdout]    --> src/services/summarizer.rs:173:34
[INFO] [stdout]     |
[INFO] [stdout] 173 |         self.ensure_ready().await?;
[INFO] [stdout]     |         -------------------------^ the trait `std::convert::From<actix_web::Error>` is not implemented for `AppError`
[INFO] [stdout]     |         |
[INFO] [stdout]     |         this can't be annotated with `?` because it has type `Result<_, actix_web::Error>`
[INFO] [stdout]     |
[INFO] [stdout] note: `AppError` needs to implement `From<actix_web::Error>`
[INFO] [stdout]    --> src/error.rs:13:1
[INFO] [stdout]     |
[INFO] [stdout]  13 | pub enum AppError {
[INFO] [stdout]     | ^^^^^^^^^^^^^^^^^
[INFO] [stdout]     = note: the question mark operation (`?`) implicitly performs a conversion on the error value using the `From` trait
[INFO] [stdout]     = help: `AppError` implements trait `std::convert::From<T>`:
[INFO] [stdout]               std::convert::From<reqwest::Error>
[INFO] [stdout]               std::convert::From<serde_json::Error>
[INFO] [stdout]               std::convert::From<sqlx::Error>
[INFO] [stdout]               std::convert::From<std::io::Error>
[INFO] [stdout]               std::convert::From<uuid::Error>
[INFO] [stdout] 
[INFO] [stdout] 
[INFO] [stdout] error[E0308]: mismatched types
[INFO] [stdout]   --> src/db/postgres.rs:20:10
[INFO] [stdout]    |
[INFO] [stdout] 17 |     fn create(
[INFO] [stdout]    |        ------ implicitly returns `()` as its body has no tail or `return` expression
[INFO] [stdout] ...
[INFO] [stdout] 20 |     ) -> AppResult<()> {
[INFO] [stdout]    |          ^^^^^^^^^^^^^ expected `Result<(), AppError>`, found `()`
[INFO] [stdout]    |
[INFO] [stdout]    = note:   expected enum `Result<(), AppError>`
[INFO] [stdout]            found unit type `()`
[INFO] [stdout] 
[INFO] [stdout] 
[INFO] [stdout] error[E0308]: mismatched types
[INFO] [stdout]   --> src/db/postgres.rs:27:10
[INFO] [stdout]    |
[INFO] [stdout] 24 |     fn find_by_id(
[INFO] [stdout]    |        ---------- implicitly returns `()` as its body has no tail or `return` expression
[INFO] [stdout] ...
[INFO] [stdout] 27 |     ) -> AppResult<Option<DebuggingSession>> {
[INFO] [stdout]    |          ^^^^^^^^^^^^^^^^^^^^^^^^^^^^^^^^^^^ expected `Result<Option<DebuggingSession>, _>`, found `()`
[INFO] [stdout]    |
[INFO] [stdout]    = note:   expected enum `Result<std::option::Option<DebuggingSession>, AppError>`
[INFO] [stdout]            found unit type `()`
[INFO] [stdout] 
[INFO] [stdout] 
[INFO] [stdout] error[E0308]: mismatched types
[INFO] [stdout]   --> src/db/postgres.rs:20:10
[INFO] [stdout]    |
[INFO] [stdout] 17 |     fn create(
[INFO] [stdout]    |        ------ implicitly returns `()` as its body has no tail or `return` expression
[INFO] [stdout] ...
[INFO] [stdout] 20 |     ) -> AppResult<()> {
[INFO] [stdout]    |          ^^^^^^^^^^^^^ expected `Result<(), AppError>`, found `()`
[INFO] [stdout]    |
[INFO] [stdout]    = note:   expected enum `Result<(), AppError>`
[INFO] [stdout]            found unit type `()`
[INFO] [stdout] 
[INFO] [stdout] 
[INFO] [stdout] error[E0308]: mismatched types
[INFO] [stdout]   --> src/db/postgres.rs:27:10
[INFO] [stdout]    |
[INFO] [stdout] 24 |     fn find_by_id(
[INFO] [stdout]    |        ---------- implicitly returns `()` as its body has no tail or `return` expression
[INFO] [stdout] ...
[INFO] [stdout] 27 |     ) -> AppResult<Option<DebuggingSession>> {
[INFO] [stdout]    |          ^^^^^^^^^^^^^^^^^^^^^^^^^^^^^^^^^^^ expected `Result<Option<DebuggingSession>, _>`, found `()`
[INFO] [stdout]    |
[INFO] [stdout]    = note:   expected enum `Result<std::option::Option<DebuggingSession>, AppError>`
[INFO] [stdout]            found unit type `()`
[INFO] [stdout] 
[INFO] [stdout] 
[INFO] [stdout] error[E0308]: mismatched types
[INFO] [stdout]   --> src/db/postgres.rs:35:10
[INFO] [stdout]    |
[INFO] [stdout] 31 |     fn search(
[INFO] [stdout]    |        ------ implicitly returns `()` as its body has no tail or `return` expression
[INFO] [stdout] ...
[INFO] [stdout] 35 |     ) -> AppResult<Vec<DebuggingSession>> {
[INFO] [stdout]    |          ^^^^^^^^^^^^^^^^^^^^^^^^^^^^^^^^ expected `Result<Vec<DebuggingSession>, AppError>`, found `()`
[INFO] [stdout]    |
[INFO] [stdout]    = note:   expected enum `Result<Vec<DebuggingSession>, AppError>`
[INFO] [stdout]            found unit type `()`
[INFO] [stdout] 
[INFO] [stdout] 
[INFO] [stdout] error[E0308]: mismatched types
[INFO] [stdout]   --> src/db/postgres.rs:42:10
[INFO] [stdout]    |
[INFO] [stdout] 39 |     fn update(
[INFO] [stdout]    |        ------ implicitly returns `()` as its body has no tail or `return` expression
[INFO] [stdout] ...
[INFO] [stdout] 42 |     ) -> AppResult<()> {
[INFO] [stdout]    |          ^^^^^^^^^^^^^ expected `Result<(), AppError>`, found `()`
[INFO] [stdout]    |
[INFO] [stdout]    = note:   expected enum `Result<(), AppError>`
[INFO] [stdout]            found unit type `()`
[INFO] [stdout] 
[INFO] [stdout] 
[INFO] [stdout] error[E0308]: mismatched types
[INFO] [stdout]   --> src/db/sqlite.rs:19:7
[INFO] [stdout]    |
[INFO] [stdout] 16 |     fn create(
[INFO] [stdout]    |        ------ implicitly returns `()` as its body has no tail or `return` expression
[INFO] [stdout] ...
[INFO] [stdout] 19 |     ) -> AppResult<()> {
[INFO] [stdout]    |          ^^^^^^^^^^^^^ expected `Result<(), AppError>`, found `()`
[INFO] [stdout]    |
[INFO] [stdout]    = note:   expected enum `Result<(), AppError>`
[INFO] [stdout]            found unit type `()`
[INFO] [stdout] 
[INFO] [stdout] 
[INFO] [stdout] error[E0308]: mismatched types
[INFO] [stdout]   --> src/db/sqlite.rs:26:7
[INFO] [stdout]    |
[INFO] [stdout] 23 |     fn find_by_id(
[INFO] [stdout]    |        ---------- implicitly returns `()` as its body has no tail or `return` expression
[INFO] [stdout] ...
[INFO] [stdout] 26 |     ) -> AppResult<Option<DebuggingSession>> {
[INFO] [stdout]    |          ^^^^^^^^^^^^^^^^^^^^^^^^^^^^^^^^^^^ expected `Result<Option<DebuggingSession>, _>`, found `()`
[INFO] [stdout]    |
[INFO] [stdout]    = note:   expected enum `Result<std::option::Option<DebuggingSession>, AppError>`
[INFO] [stdout]            found unit type `()`
[INFO] [stdout] 
[INFO] [stdout] 
[INFO] [stdout] error[E0308]: mismatched types
[INFO] [stdout]   --> src/db/sqlite.rs:34:7
[INFO] [stdout]    |
[INFO] [stdout] 30 |     fn search(
[INFO] [stdout]    |        ------ implicitly returns `()` as its body has no tail or `return` expression
[INFO] [stdout] ...
[INFO] [stdout] 34 |     ) -> AppResult<Vec<DebuggingSession>> {
[INFO] [stdout]    |          ^^^^^^^^^^^^^^^^^^^^^^^^^^^^^^^^ expected `Result<Vec<DebuggingSession>, AppError>`, found `()`
[INFO] [stdout]    |
[INFO] [stdout]    = note:   expected enum `Result<Vec<DebuggingSession>, AppError>`
[INFO] [stdout]            found unit type `()`
[INFO] [stdout] 
[INFO] [stdout] 
[INFO] [stdout] error[E0308]: mismatched types
[INFO] [stdout]   --> src/db/sqlite.rs:43:7
[INFO] [stdout]    |
[INFO] [stdout] 40 |     fn update(
[INFO] [stdout]    |        ------ implicitly returns `()` as its body has no tail or `return` expression
[INFO] [stdout] ...
[INFO] [stdout] 43 |     ) -> AppResult<()> {
[INFO] [stdout]    |          ^^^^^^^^^^^^^ expected `Result<(), AppError>`, found `()`
[INFO] [stdout]    |
[INFO] [stdout]    = note:   expected enum `Result<(), AppError>`
[INFO] [stdout]            found unit type `()`
[INFO] [stdout] 
[INFO] [stdout] 
[INFO] [stdout] error[E0308]: mismatched types
[INFO] [stdout]   --> src/db/postgres.rs:35:10
[INFO] [stdout]    |
[INFO] [stdout] 31 |     fn search(
[INFO] [stdout]    |        ------ implicitly returns `()` as its body has no tail or `return` expression
[INFO] [stdout] ...
[INFO] [stdout] 35 |     ) -> AppResult<Vec<DebuggingSession>> {
[INFO] [stdout]    |          ^^^^^^^^^^^^^^^^^^^^^^^^^^^^^^^^ expected `Result<Vec<DebuggingSession>, AppError>`, found `()`
[INFO] [stdout]    |
[INFO] [stdout]    = note:   expected enum `Result<Vec<DebuggingSession>, AppError>`
[INFO] [stdout]            found unit type `()`
[INFO] [stdout] 
[INFO] [stdout] 
[INFO] [stdout] error[E0308]: mismatched types
[INFO] [stdout]   --> src/db/postgres.rs:42:10
[INFO] [stdout]    |
[INFO] [stdout] 39 |     fn update(
[INFO] [stdout]    |        ------ implicitly returns `()` as its body has no tail or `return` expression
[INFO] [stdout] ...
[INFO] [stdout] 42 |     ) -> AppResult<()> {
[INFO] [stdout]    |          ^^^^^^^^^^^^^ expected `Result<(), AppError>`, found `()`
[INFO] [stdout]    |
[INFO] [stdout]    = note:   expected enum `Result<(), AppError>`
[INFO] [stdout]            found unit type `()`
[INFO] [stdout] 
[INFO] [stdout] 
[INFO] [stdout] error[E0308]: mismatched types
[INFO] [stdout]   --> src/db/sqlite.rs:19:7
[INFO] [stdout]    |
[INFO] [stdout] 16 |     fn create(
[INFO] [stdout]    |        ------ implicitly returns `()` as its body has no tail or `return` expression
[INFO] [stdout] ...
[INFO] [stdout] 19 |     ) -> AppResult<()> {
[INFO] [stdout]    |          ^^^^^^^^^^^^^ expected `Result<(), AppError>`, found `()`
[INFO] [stdout]    |
[INFO] [stdout]    = note:   expected enum `Result<(), AppError>`
[INFO] [stdout]            found unit type `()`
[INFO] [stdout] 
[INFO] [stdout] 
[INFO] [stdout] error[E0308]: mismatched types
[INFO] [stdout]   --> src/db/sqlite.rs:26:7
[INFO] [stdout]    |
[INFO] [stdout] 23 |     fn find_by_id(
[INFO] [stdout]    |        ---------- implicitly returns `()` as its body has no tail or `return` expression
[INFO] [stdout] ...
[INFO] [stdout] 26 |     ) -> AppResult<Option<DebuggingSession>> {
[INFO] [stdout]    |          ^^^^^^^^^^^^^^^^^^^^^^^^^^^^^^^^^^^ expected `Result<Option<DebuggingSession>, _>`, found `()`
[INFO] [stdout]    |
[INFO] [stdout]    = note:   expected enum `Result<std::option::Option<DebuggingSession>, AppError>`
[INFO] [stdout]            found unit type `()`
[INFO] [stdout] 
[INFO] [stdout] 
[INFO] [stdout] error[E0308]: mismatched types
[INFO] [stdout]   --> src/db/sqlite.rs:34:7
[INFO] [stdout]    |
[INFO] [stdout] 30 |     fn search(
[INFO] [stdout]    |        ------ implicitly returns `()` as its body has no tail or `return` expression
[INFO] [stdout] ...
[INFO] [stdout] 34 |     ) -> AppResult<Vec<DebuggingSession>> {
[INFO] [stdout]    |          ^^^^^^^^^^^^^^^^^^^^^^^^^^^^^^^^ expected `Result<Vec<DebuggingSession>, AppError>`, found `()`
[INFO] [stdout]    |
[INFO] [stdout]    = note:   expected enum `Result<Vec<DebuggingSession>, AppError>`
[INFO] [stdout]            found unit type `()`
[INFO] [stdout] 
[INFO] [stdout] 
[INFO] [stdout] error[E0308]: mismatched types
[INFO] [stdout]   --> src/db/sqlite.rs:43:7
[INFO] [stdout]    |
[INFO] [stdout] 40 |     fn update(
[INFO] [stdout]    |        ------ implicitly returns `()` as its body has no tail or `return` expression
[INFO] [stdout] ...
[INFO] [stdout] 43 |     ) -> AppResult<()> {
[INFO] [stdout]    |          ^^^^^^^^^^^^^ expected `Result<(), AppError>`, found `()`
[INFO] [stdout]    |
[INFO] [stdout]    = note:   expected enum `Result<(), AppError>`
[INFO] [stdout]            found unit type `()`
[INFO] [stdout] 
[INFO] [stdout] 
[INFO] [stdout] warning: unused import: `io::AsyncWriteExt`
[INFO] [stdout]   --> src/services/audio.rs:20:5
[INFO] [stdout]    |
[INFO] [stdout] 20 |     io::AsyncWriteExt,
[INFO] [stdout]    |     ^^^^^^^^^^^^^^^^^
[INFO] [stdout] 
[INFO] [stdout] 
[INFO] [stdout] warning: unused import: `io::AsyncWriteExt`
[INFO] [stdout]   --> src/services/audio.rs:20:5
[INFO] [stdout]    |
[INFO] [stdout] 20 |     io::AsyncWriteExt,
[INFO] [stdout]    |     ^^^^^^^^^^^^^^^^^
[INFO] [stdout] 
[INFO] [stdout] 
[INFO] [stdout] Some errors have detailed explanations: E0195, E0277, E0308.
[INFO] [stdout] 
[INFO] [stdout] For more information about an error, try `rustc --explain E0195`.
[INFO] [stdout] 
[INFO] [stdout] Some errors have detailed explanations: E0195, E0277, E0308.
[INFO] [stdout] 
[INFO] [stdout] For more information about an error, try `rustc --explain E0195`.
[INFO] [stdout] 
[INFO] [stderr] error: could not compile `quacklog` (bin "quacklog") due to 20 previous errors; 9 warnings emitted
[INFO] [stderr] warning: build failed, waiting for other jobs to finish...
[INFO] [stderr] error: could not compile `quacklog` (bin "quacklog" test) due to 20 previous errors; 9 warnings emitted
[INFO] running `Command { std: "docker" "inspect" "460cecd608210d50e95323889fc49f75a3a19fa02c30feceb3221ffa00454823", kill_on_drop: false }`
[INFO] running `Command { std: "docker" "rm" "-f" "460cecd608210d50e95323889fc49f75a3a19fa02c30feceb3221ffa00454823", kill_on_drop: false }`
[INFO] [stdout] 460cecd608210d50e95323889fc49f75a3a19fa02c30feceb3221ffa00454823
