[INFO] cloning repository https://github.com/DaisyCatTs/UltraAudio
[INFO] running `Command { std: "git" "-c" "credential.helper=" "-c" "credential.helper=/workspace/cargo-home/bin/git-credential-null" "clone" "--bare" "https://github.com/DaisyCatTs/UltraAudio" "/workspace/cache/git-repos/https%3A%2F%2Fgithub.com%2FDaisyCatTs%2FUltraAudio", kill_on_drop: false }`
[INFO] [stderr] Cloning into bare repository '/workspace/cache/git-repos/https%3A%2F%2Fgithub.com%2FDaisyCatTs%2FUltraAudio'...
[INFO] running `Command { std: "git" "rev-parse" "HEAD", kill_on_drop: false }`
[INFO] [stdout] 33f995ca513bd77c292020cd2a5fed27037db7b5
[INFO] checking DaisyCatTs/UltraAudio against 3154cc1a3e6424e44f438a95007d043ed5ceaaf6+rustflags=-Znext-solver=coherence for pr-133502-30
[INFO] running `Command { std: "git" "clone" "/workspace/cache/git-repos/https%3A%2F%2Fgithub.com%2FDaisyCatTs%2FUltraAudio" "/workspace/builds/worker-2-tc1/source", kill_on_drop: false }`
[INFO] [stderr] Cloning into '/workspace/builds/worker-2-tc1/source'...
[INFO] [stderr] done.
[INFO] started tweaking git repo https://github.com/DaisyCatTs/UltraAudio
[INFO] finished tweaking git repo https://github.com/DaisyCatTs/UltraAudio
[INFO] tweaked toml for git repo https://github.com/DaisyCatTs/UltraAudio written to /workspace/builds/worker-2-tc1/source/Cargo.toml
[INFO] validating manifest of git repo https://github.com/DaisyCatTs/UltraAudio on toolchain 3154cc1a3e6424e44f438a95007d043ed5ceaaf6
[INFO] running `Command { std: CARGO_HOME="/workspace/cargo-home" RUSTUP_HOME="/workspace/rustup-home" "/workspace/cargo-home/bin/cargo" "+3154cc1a3e6424e44f438a95007d043ed5ceaaf6" "metadata" "--manifest-path" "Cargo.toml" "--no-deps", kill_on_drop: false }`
[INFO] crate git repo https://github.com/DaisyCatTs/UltraAudio already has a lockfile, it will not be regenerated
[INFO] running `Command { std: CARGO_HOME="/workspace/cargo-home" RUSTUP_HOME="/workspace/rustup-home" "/workspace/cargo-home/bin/cargo" "+3154cc1a3e6424e44f438a95007d043ed5ceaaf6" "fetch" "--manifest-path" "Cargo.toml", kill_on_drop: false }`
[INFO] [stderr]     Updating crates.io index
[INFO] [stderr]      Locking 4 packages to highest compatible versions
[INFO] [stderr]       Adding serde v1.0.210 (available: v1.0.229)
[INFO] [stderr]       Adding serde_derive v1.0.210 (available: v1.0.229)
[INFO] [stderr]       Adding toml v0.5.11
[INFO] [stderr]       Adding winres v0.1.12
[INFO] [stderr]  Downloading crates ...
[INFO] [stderr]   Downloaded serde v1.0.210
[INFO] [stderr]   Downloaded serde_derive v1.0.210
[INFO] [stderr]   Downloaded proc-macro2 v1.0.85
[INFO] [stderr]   Downloaded syn v2.0.66
[INFO] running `Command { std: "docker" "create" "-v" "/var/lib/crater-agent-workspace/builds/worker-2-tc1/source:/opt/rustwide/workdir:ro,Z" "-v" "/var/lib/crater-agent-workspace/builds/worker-2-tc1/target:/opt/rustwide/target:rw,Z" "-v" "/var/lib/crater-agent-workspace/cargo-home:/opt/rustwide/cargo-home:ro,Z" "-v" "/var/lib/crater-agent-workspace/rustup-home:/opt/rustwide/rustup-home:ro,Z" "-m" "1610612736" "--network" "none" "ghcr.io/rust-lang/crates-build-env/linux@sha256:77db811e55d90add9212f6832c23229e3de5f1c1f9905e8cb07319ea15df73ac" "sleep" "infinity", kill_on_drop: false }`
[INFO] [stdout] 0770f18f644e2b0b9ef24c99fb9bacf1df801c8c548ce9aa42a61bb6a0b1bbd4
[INFO] running `Command { std: "docker" "start" "0770f18f644e2b0b9ef24c99fb9bacf1df801c8c548ce9aa42a61bb6a0b1bbd4", kill_on_drop: false }`
[INFO] running `Command { std: "docker" "inspect" "0770f18f644e2b0b9ef24c99fb9bacf1df801c8c548ce9aa42a61bb6a0b1bbd4", kill_on_drop: false }`
[INFO] running `Command { std: "docker" "exec" "-e" "SOURCE_DIR=/opt/rustwide/workdir" "-e" "CARGO_HOME=/opt/rustwide/cargo-home" "-e" "RUSTUP_HOME=/opt/rustwide/rustup-home" "-e" "CARGO_TARGET_DIR=/opt/rustwide/target" "-w" "/opt/rustwide/workdir" "--user" "0:0" "0770f18f644e2b0b9ef24c99fb9bacf1df801c8c548ce9aa42a61bb6a0b1bbd4" "/opt/rustwide/cargo-home/bin/cargo" "+3154cc1a3e6424e44f438a95007d043ed5ceaaf6" "metadata" "--no-deps" "--format-version=1", kill_on_drop: false }`
[INFO] running `Command { std: "docker" "inspect" "0770f18f644e2b0b9ef24c99fb9bacf1df801c8c548ce9aa42a61bb6a0b1bbd4", kill_on_drop: false }`
[INFO] running `Command { std: "docker" "exec" "-e" "SOURCE_DIR=/opt/rustwide/workdir" "-e" "CARGO_HOME=/opt/rustwide/cargo-home" "-e" "RUSTUP_HOME=/opt/rustwide/rustup-home" "-e" "CARGO_TARGET_DIR=/opt/rustwide/target" "-e" "CARGO_INCREMENTAL=0" "-e" "RUST_BACKTRACE=full" "-e" "RUSTFLAGS=--cap-lints=forbid -Znext-solver=coherence" "-e" "RUSTDOCFLAGS=--cap-lints=forbid" "-w" "/opt/rustwide/workdir" "--user" "0:0" "0770f18f644e2b0b9ef24c99fb9bacf1df801c8c548ce9aa42a61bb6a0b1bbd4" "/opt/rustwide/cargo-home/bin/cargo" "+3154cc1a3e6424e44f438a95007d043ed5ceaaf6" "check" "--frozen" "--all" "--all-targets" "--message-format=json", kill_on_drop: false }`
[INFO] [stderr]    Compiling windows_x86_64_gnu v0.52.5
[INFO] [stderr]    Compiling proc-macro2 v1.0.85
[INFO] [stderr]    Compiling winapi v0.3.9
[INFO] [stderr]    Compiling ntapi v0.4.1
[INFO] [stderr]    Compiling LowAudioLatency v3.0.0 (/opt/rustwide/workdir)
[INFO] [stderr]     Checking windows-targets v0.52.5
[INFO] [stderr]     Checking windows-result v0.1.2
[INFO] [stderr]    Compiling quote v1.0.36
[INFO] [stderr]    Compiling syn v2.0.66
[INFO] [stderr]    Compiling windows-interface v0.57.0
[INFO] [stderr]    Compiling windows-implement v0.57.0
[INFO] [stderr]     Checking windows-core v0.57.0
[INFO] [stderr]     Checking windows v0.57.0
[INFO] [stdout] error[E0433]: cannot find `windows` in `os`
[INFO] [stdout]  --> src/sound.rs:1:14
[INFO] [stdout]   |
[INFO] [stdout] 1 | use std::os::windows::ffi::OsStringExt;
[INFO] [stdout]   |              ^^^^^^^ could not find `windows` in `os`
[INFO] [stdout]   |
[INFO] [stdout] note: found an item that was configured out
[INFO] [stdout]  --> /rustc/3154cc1a3e6424e44f438a95007d043ed5ceaaf6/library/std/src/os/mod.rs:62:4
[INFO] [stdout]   |
[INFO] [stdout]   = note: the item is gated behind the `windows` feature
[INFO] [stdout] 
[INFO] [stdout] 
[INFO] [stdout] error[E0432]: unresolved import `ntapi::ntexapi`
[INFO] [stdout]  --> src/cpuset.rs:1:12
[INFO] [stdout]   |
[INFO] [stdout] 1 | use ntapi::ntexapi::{NtSetSystemInformation, SystemAllowedCpuSetsInformation};
[INFO] [stdout]   |            ^^^^^^^ could not find `ntexapi` in `ntapi`
[INFO] [stdout] 
[INFO] [stdout] 
[INFO] [stdout] warning: unused import: `std::sync::mpsc::channel`
[INFO] [stdout]  --> src/main.rs:6:5
[INFO] [stdout]   |
[INFO] [stdout] 6 | use std::sync::mpsc::channel;
[INFO] [stdout]   |     ^^^^^^^^^^^^^^^^^^^^^^^^
[INFO] [stdout]   |
[INFO] [stdout]   = note: `#[warn(unused_imports)]` (part of `#[warn(unused)]`) on by default
[INFO] [stdout] 
[INFO] [stdout] 
[INFO] [stdout] warning: unused imports: `COINIT_MULTITHREADED` and `CoInitializeEx`
[INFO] [stdout]   --> src/main.rs:14:35
[INFO] [stdout]    |
[INFO] [stdout] 14 | use windows::Win32::System::Com::{CoInitializeEx, COINIT_MULTITHREADED};
[INFO] [stdout]    |                                   ^^^^^^^^^^^^^^  ^^^^^^^^^^^^^^^^^^^^
[INFO] [stdout] 
[INFO] [stdout] 
[INFO] [stdout] warning: unused imports: `SYSTEM_CPU_SET_INFORMATION_ALLOCATED_TO_TARGET_PROCESS`, `SYSTEM_CPU_SET_INFORMATION_ALLOCATED`, and `SYSTEM_CPU_SET_INFORMATION_REALTIME`
[INFO] [stdout]   --> src/main.rs:16:5
[INFO] [stdout]    |
[INFO] [stdout] 16 |     SYSTEM_CPU_SET_INFORMATION_ALLOCATED, SYSTEM_CPU_SET_INFORMATION_ALLOCATED_TO_TARGET_PROCESS,
[INFO] [stdout]    |     ^^^^^^^^^^^^^^^^^^^^^^^^^^^^^^^^^^^^  ^^^^^^^^^^^^^^^^^^^^^^^^^^^^^^^^^^^^^^^^^^^^^^^^^^^^^^
[INFO] [stdout] 17 |     SYSTEM_CPU_SET_INFORMATION_REALTIME,
[INFO] [stdout]    |     ^^^^^^^^^^^^^^^^^^^^^^^^^^^^^^^^^^^
[INFO] [stdout] 
[INFO] [stdout] 
[INFO] [stdout] warning: unused imports: `IDLE_PRIORITY_CLASS`, `PROCESS_POWER_THROTTLING_CURRENT_VERSION`, `PROCESS_POWER_THROTTLING_EXECUTION_SPEED`, `PROCESS_POWER_THROTTLING_STATE`, `ProcessPowerThrottling`, `SetPriorityClass`, and `SetProcessInformation`
[INFO] [stdout]   --> src/main.rs:20:42
[INFO] [stdout]    |
[INFO] [stdout] 20 |     GetCurrentProcess, OpenProcessToken, ProcessPowerThrottling, SetPriorityClass,
[INFO] [stdout]    |                                          ^^^^^^^^^^^^^^^^^^^^^^  ^^^^^^^^^^^^^^^^
[INFO] [stdout] 21 |     SetProcessInformation, IDLE_PRIORITY_CLASS, PROCESS_POWER_THROTTLING_CURRENT_VERSION,
[INFO] [stdout]    |     ^^^^^^^^^^^^^^^^^^^^^  ^^^^^^^^^^^^^^^^^^^  ^^^^^^^^^^^^^^^^^^^^^^^^^^^^^^^^^^^^^^^^
[INFO] [stdout] 22 |     PROCESS_POWER_THROTTLING_EXECUTION_SPEED, PROCESS_POWER_THROTTLING_STATE,
[INFO] [stdout]    |     ^^^^^^^^^^^^^^^^^^^^^^^^^^^^^^^^^^^^^^^^  ^^^^^^^^^^^^^^^^^^^^^^^^^^^^^^
[INFO] [stdout] 
[INFO] [stdout] 
[INFO] [stdout] error[E0601]: `main` function not found in crate `low_audio_latency`
[INFO] [stdout]    --> src/main.rs:221:2
[INFO] [stdout]     |
[INFO] [stdout] 221 | }
[INFO] [stdout]     |  ^ consider adding a `main` function to `src/main.rs`
[INFO] [stdout] 
[INFO] [stdout] 
[INFO] [stdout] error[E0599]: no associated function or constant named `from_wide` found for struct `OsString` in the current scope
[INFO] [stdout]    --> src/sound.rs:156:50
[INFO] [stdout]     |
[INFO] [stdout] 156 |         let name_os_string = std::ffi::OsString::from_wide(name_slice);
[INFO] [stdout]     |                                                  ^^^^^^^^^ associated function or constant not found in `OsString`
[INFO] [stdout]     |
[INFO] [stdout] note: if you're trying to build a new `OsString` consider using one of the following associated functions:
[INFO] [stdout]       OsString::new
[INFO] [stdout]       OsString::from_encoded_bytes_unchecked
[INFO] [stdout]       OsString::with_capacity
[INFO] [stdout]    --> /rustc/3154cc1a3e6424e44f438a95007d043ed5ceaaf6/library/std/src/ffi/os_str.rs:134:4
[INFO] [stdout] help: there is an associated function `from_iter` with a similar name
[INFO] [stdout]     |
[INFO] [stdout] 156 -         let name_os_string = std::ffi::OsString::from_wide(name_slice);
[INFO] [stdout] 156 +         let name_os_string = std::ffi::OsString::from_iter(name_slice);
[INFO] [stdout]     |
[INFO] [stdout] 
[INFO] [stdout] 
[INFO] [stdout] Some errors have detailed explanations: E0432, E0433, E0599, E0601.
[INFO] [stdout] 
[INFO] [stdout] For more information about an error, try `rustc --explain E0432`.
[INFO] [stdout] 
[INFO] [stderr] error: could not compile `LowAudioLatency` (bin "low_audio_latency") due to 4 previous errors; 4 warnings emitted
[INFO] [stderr] warning: build failed, waiting for other jobs to finish...
[INFO] running `Command { std: "docker" "inspect" "0770f18f644e2b0b9ef24c99fb9bacf1df801c8c548ce9aa42a61bb6a0b1bbd4", kill_on_drop: false }`
[INFO] running `Command { std: "docker" "rm" "-f" "0770f18f644e2b0b9ef24c99fb9bacf1df801c8c548ce9aa42a61bb6a0b1bbd4", kill_on_drop: false }`
[INFO] [stdout] 0770f18f644e2b0b9ef24c99fb9bacf1df801c8c548ce9aa42a61bb6a0b1bbd4
