[INFO] cloning repository https://github.com/Daimler-Garay/fling
[INFO] running `Command { std: "git" "-c" "credential.helper=" "-c" "credential.helper=/workspace/cargo-home/bin/git-credential-null" "clone" "--bare" "https://github.com/Daimler-Garay/fling" "/workspace/cache/git-repos/https%3A%2F%2Fgithub.com%2FDaimler-Garay%2Ffling", kill_on_drop: false }`
[INFO] [stderr] Cloning into bare repository '/workspace/cache/git-repos/https%3A%2F%2Fgithub.com%2FDaimler-Garay%2Ffling'...
[INFO] running `Command { std: "git" "rev-parse" "HEAD", kill_on_drop: false }`
[INFO] [stdout] 5ce45b057ec2aa26227d57e71c7cd5b3a4cb86b8
[INFO] checking Daimler-Garay/fling against 3154cc1a3e6424e44f438a95007d043ed5ceaaf6 for pr-133502-30
[INFO] running `Command { std: "git" "clone" "/workspace/cache/git-repos/https%3A%2F%2Fgithub.com%2FDaimler-Garay%2Ffling" "/workspace/builds/worker-1-tc2/source", kill_on_drop: false }`
[INFO] [stderr] Cloning into '/workspace/builds/worker-1-tc2/source'...
[INFO] [stderr] done.
[INFO] started tweaking git repo https://github.com/Daimler-Garay/fling
[INFO] finished tweaking git repo https://github.com/Daimler-Garay/fling
[INFO] tweaked toml for git repo https://github.com/Daimler-Garay/fling written to /workspace/builds/worker-1-tc2/source/Cargo.toml
[INFO] validating manifest of git repo https://github.com/Daimler-Garay/fling on toolchain 3154cc1a3e6424e44f438a95007d043ed5ceaaf6
[INFO] running `Command { std: CARGO_HOME="/workspace/cargo-home" RUSTUP_HOME="/workspace/rustup-home" "/workspace/cargo-home/bin/cargo" "+3154cc1a3e6424e44f438a95007d043ed5ceaaf6" "metadata" "--manifest-path" "Cargo.toml" "--no-deps", kill_on_drop: false }`
[INFO] crate git repo https://github.com/Daimler-Garay/fling already has a lockfile, it will not be regenerated
[INFO] running `Command { std: CARGO_HOME="/workspace/cargo-home" RUSTUP_HOME="/workspace/rustup-home" "/workspace/cargo-home/bin/cargo" "+3154cc1a3e6424e44f438a95007d043ed5ceaaf6" "fetch" "--manifest-path" "Cargo.toml", kill_on_drop: false }`
[INFO] running `Command { std: "docker" "create" "-v" "/var/lib/crater-agent-workspace/builds/worker-1-tc2/source:/opt/rustwide/workdir:ro,Z" "-v" "/var/lib/crater-agent-workspace/builds/worker-1-tc2/target:/opt/rustwide/target:rw,Z" "-v" "/var/lib/crater-agent-workspace/cargo-home:/opt/rustwide/cargo-home:ro,Z" "-v" "/var/lib/crater-agent-workspace/rustup-home:/opt/rustwide/rustup-home:ro,Z" "-m" "1610612736" "--network" "none" "ghcr.io/rust-lang/crates-build-env/linux@sha256:77db811e55d90add9212f6832c23229e3de5f1c1f9905e8cb07319ea15df73ac" "sleep" "infinity", kill_on_drop: false }`
[INFO] [stdout] 129347257d09792b4970f360f2d5fb6b65f05096c74aeba7eb118251879e1d0e
[INFO] running `Command { std: "docker" "start" "129347257d09792b4970f360f2d5fb6b65f05096c74aeba7eb118251879e1d0e", kill_on_drop: false }`
[INFO] running `Command { std: "docker" "inspect" "129347257d09792b4970f360f2d5fb6b65f05096c74aeba7eb118251879e1d0e", kill_on_drop: false }`
[INFO] running `Command { std: "docker" "exec" "-e" "SOURCE_DIR=/opt/rustwide/workdir" "-e" "CARGO_HOME=/opt/rustwide/cargo-home" "-e" "RUSTUP_HOME=/opt/rustwide/rustup-home" "-e" "CARGO_TARGET_DIR=/opt/rustwide/target" "-w" "/opt/rustwide/workdir" "--user" "0:0" "129347257d09792b4970f360f2d5fb6b65f05096c74aeba7eb118251879e1d0e" "/opt/rustwide/cargo-home/bin/cargo" "+3154cc1a3e6424e44f438a95007d043ed5ceaaf6" "metadata" "--no-deps" "--format-version=1", kill_on_drop: false }`
[INFO] running `Command { std: "docker" "inspect" "129347257d09792b4970f360f2d5fb6b65f05096c74aeba7eb118251879e1d0e", kill_on_drop: false }`
[INFO] running `Command { std: "docker" "exec" "-e" "SOURCE_DIR=/opt/rustwide/workdir" "-e" "CARGO_HOME=/opt/rustwide/cargo-home" "-e" "RUSTUP_HOME=/opt/rustwide/rustup-home" "-e" "CARGO_TARGET_DIR=/opt/rustwide/target" "-e" "CARGO_INCREMENTAL=0" "-e" "RUST_BACKTRACE=full" "-e" "RUSTFLAGS=--cap-lints=forbid" "-e" "RUSTDOCFLAGS=--cap-lints=forbid" "-w" "/opt/rustwide/workdir" "--user" "0:0" "129347257d09792b4970f360f2d5fb6b65f05096c74aeba7eb118251879e1d0e" "/opt/rustwide/cargo-home/bin/cargo" "+3154cc1a3e6424e44f438a95007d043ed5ceaaf6" "check" "--frozen" "--all" "--all-targets" "--message-format=json", kill_on_drop: false }`
[INFO] [stderr]    Compiling getrandom v0.4.3
[INFO] [stderr]     Checking jiff-core v0.1.0
[INFO] [stderr]    Compiling libc v0.2.189
[INFO] [stderr]    Compiling syn v3.0.5
[INFO] [stderr]     Checking jiff v0.2.35
[INFO] [stderr]     Checking uuid v1.26.0
[INFO] [stderr]    Compiling thiserror-impl v2.0.20
[INFO] [stderr]     Checking thiserror v2.0.20
[INFO] [stderr]     Checking fling v0.1.0 (/opt/rustwide/workdir)
[INFO] [stdout] error[E0061]: this method takes 2 arguments but 1 argument was supplied
[INFO] [stdout]    --> src/job/scheduler.rs:195:19
[INFO] [stdout]     |
[INFO] [stdout] 195 |         scheduler.complete(runnable)?;
[INFO] [stdout]     |                   ^^^^^^^^---------- argument #2 of type `JobOutput` is missing
[INFO] [stdout]     |
[INFO] [stdout] note: method defined here
[INFO] [stdout]    --> src/job/scheduler.rs:89:12
[INFO] [stdout]     |
[INFO] [stdout]  89 |     pub fn complete(&mut self, id: JobId, output: JobOutput) -> Result<(), SchedulerError> {
[INFO] [stdout]     |            ^^^^^^^^                       -----------------
[INFO] [stdout] help: provide the argument
[INFO] [stdout]     |
[INFO] [stdout] 195 |         scheduler.complete(runnable, /* JobOutput */)?;
[INFO] [stdout]     |                                    +++++++++++++++++
[INFO] [stdout] 
[INFO] [stdout] 
[INFO] [stdout] error[E0061]: this method takes 2 arguments but 1 argument was supplied
[INFO] [stdout]    --> src/job/scheduler.rs:214:19
[INFO] [stdout]     |
[INFO] [stdout] 214 |         scheduler.complete(second)?;
[INFO] [stdout]     |                   ^^^^^^^^-------- argument #2 of type `JobOutput` is missing
[INFO] [stdout]     |
[INFO] [stdout] note: method defined here
[INFO] [stdout]    --> src/job/scheduler.rs:89:12
[INFO] [stdout]     |
[INFO] [stdout]  89 |     pub fn complete(&mut self, id: JobId, output: JobOutput) -> Result<(), SchedulerError> {
[INFO] [stdout]     |            ^^^^^^^^                       -----------------
[INFO] [stdout] help: provide the argument
[INFO] [stdout]     |
[INFO] [stdout] 214 |         scheduler.complete(second, /* JobOutput */)?;
[INFO] [stdout]     |                                  +++++++++++++++++
[INFO] [stdout] 
[INFO] [stdout] 
[INFO] [stdout] error[E0061]: this method takes 2 arguments but 1 argument was supplied
[INFO] [stdout]    --> src/job/scheduler.rs:216:19
[INFO] [stdout]     |
[INFO] [stdout] 216 |         scheduler.fail(first)?;
[INFO] [stdout]     |                   ^^^^------- argument #2 of type `JobExecutionError` is missing
[INFO] [stdout]     |
[INFO] [stdout] note: method defined here
[INFO] [stdout]    --> src/job/scheduler.rs:94:12
[INFO] [stdout]     |
[INFO] [stdout]  94 |     pub fn fail(&mut self, id: JobId, error: JobExecutionError) -> Result<(), SchedulerError> {
[INFO] [stdout]     |            ^^^^                       ------------------------
[INFO] [stdout] help: provide the argument
[INFO] [stdout]     |
[INFO] [stdout] 216 |         scheduler.fail(first, /* JobExecutionError */)?;
[INFO] [stdout]     |                             +++++++++++++++++++++++++
[INFO] [stdout] 
[INFO] [stdout] 
[INFO] [stdout] error[E0061]: this method takes 2 arguments but 1 argument was supplied
[INFO] [stdout]    --> src/job/scheduler.rs:236:27
[INFO] [stdout]     |
[INFO] [stdout] 236 |         assert!(scheduler.complete(queued).is_err());
[INFO] [stdout]     |                           ^^^^^^^^-------- argument #2 of type `JobOutput` is missing
[INFO] [stdout]     |
[INFO] [stdout] note: method defined here
[INFO] [stdout]    --> src/job/scheduler.rs:89:12
[INFO] [stdout]     |
[INFO] [stdout]  89 |     pub fn complete(&mut self, id: JobId, output: JobOutput) -> Result<(), SchedulerError> {
[INFO] [stdout]     |            ^^^^^^^^                       -----------------
[INFO] [stdout] help: provide the argument
[INFO] [stdout]     |
[INFO] [stdout] 236 |         assert!(scheduler.complete(queued, /* JobOutput */).is_err());
[INFO] [stdout]     |                                          +++++++++++++++++
[INFO] [stdout] 
[INFO] [stdout] 
[INFO] [stdout] error[E0061]: this method takes 2 arguments but 1 argument was supplied
[INFO] [stdout]    --> src/job/scheduler.rs:237:27
[INFO] [stdout]     |
[INFO] [stdout] 237 |         assert!(scheduler.fail(queued).is_err());
[INFO] [stdout]     |                           ^^^^-------- argument #2 of type `JobExecutionError` is missing
[INFO] [stdout]     |
[INFO] [stdout] note: method defined here
[INFO] [stdout]    --> src/job/scheduler.rs:94:12
[INFO] [stdout]     |
[INFO] [stdout]  94 |     pub fn fail(&mut self, id: JobId, error: JobExecutionError) -> Result<(), SchedulerError> {
[INFO] [stdout]     |            ^^^^                       ------------------------
[INFO] [stdout] help: provide the argument
[INFO] [stdout]     |
[INFO] [stdout] 237 |         assert!(scheduler.fail(queued, /* JobExecutionError */).is_err());
[INFO] [stdout]     |                                      +++++++++++++++++++++++++
[INFO] [stdout] 
[INFO] [stdout] 
[INFO] [stdout] error[E0061]: this method takes 2 arguments but 1 argument was supplied
[INFO] [stdout]    --> src/job/scheduler.rs:243:19
[INFO] [stdout]     |
[INFO] [stdout] 243 |         scheduler.complete(running)?;
[INFO] [stdout]     |                   ^^^^^^^^--------- argument #2 of type `JobOutput` is missing
[INFO] [stdout]     |
[INFO] [stdout] note: method defined here
[INFO] [stdout]    --> src/job/scheduler.rs:89:12
[INFO] [stdout]     |
[INFO] [stdout]  89 |     pub fn complete(&mut self, id: JobId, output: JobOutput) -> Result<(), SchedulerError> {
[INFO] [stdout]     |            ^^^^^^^^                       -----------------
[INFO] [stdout] help: provide the argument
[INFO] [stdout]     |
[INFO] [stdout] 243 |         scheduler.complete(running, /* JobOutput */)?;
[INFO] [stdout]     |                                   +++++++++++++++++
[INFO] [stdout] 
[INFO] [stdout] 
[INFO] [stdout] error[E0061]: this method takes 2 arguments but 1 argument was supplied
[INFO] [stdout]    --> src/job/scheduler.rs:246:19
[INFO] [stdout]     |
[INFO] [stdout] 246 |         scheduler.complete(queued)?;
[INFO] [stdout]     |                   ^^^^^^^^-------- argument #2 of type `JobOutput` is missing
[INFO] [stdout]     |
[INFO] [stdout] note: method defined here
[INFO] [stdout]    --> src/job/scheduler.rs:89:12
[INFO] [stdout]     |
[INFO] [stdout]  89 |     pub fn complete(&mut self, id: JobId, output: JobOutput) -> Result<(), SchedulerError> {
[INFO] [stdout]     |            ^^^^^^^^                       -----------------
[INFO] [stdout] help: provide the argument
[INFO] [stdout]     |
[INFO] [stdout] 246 |         scheduler.complete(queued, /* JobOutput */)?;
[INFO] [stdout]     |                                  +++++++++++++++++
[INFO] [stdout] 
[INFO] [stdout] 
[INFO] [stdout] For more information about this error, try `rustc --explain E0061`.
[INFO] [stdout] 
[INFO] [stderr] error: could not compile `fling` (bin "fling" test) due to 7 previous errors
[INFO] running `Command { std: "docker" "inspect" "129347257d09792b4970f360f2d5fb6b65f05096c74aeba7eb118251879e1d0e", kill_on_drop: false }`
[INFO] running `Command { std: "docker" "rm" "-f" "129347257d09792b4970f360f2d5fb6b65f05096c74aeba7eb118251879e1d0e", kill_on_drop: false }`
[INFO] [stdout] 129347257d09792b4970f360f2d5fb6b65f05096c74aeba7eb118251879e1d0e
