[INFO] cloning repository https://github.com/Da5id2517/lumina
[INFO] running `Command { std: "git" "-c" "credential.helper=" "-c" "credential.helper=/workspace/cargo-home/bin/git-credential-null" "clone" "--bare" "https://github.com/Da5id2517/lumina" "/workspace/cache/git-repos/https%3A%2F%2Fgithub.com%2FDa5id2517%2Flumina", kill_on_drop: false }`
[INFO] [stderr] Cloning into bare repository '/workspace/cache/git-repos/https%3A%2F%2Fgithub.com%2FDa5id2517%2Flumina'...
[INFO] running `Command { std: "git" "rev-parse" "HEAD", kill_on_drop: false }`
[INFO] [stdout] 1d85f74582d7fd5da857ac2df15bbee9272e5a87
[INFO] checking Da5id2517/lumina against 3154cc1a3e6424e44f438a95007d043ed5ceaaf6 for pr-133502-30
[INFO] running `Command { std: "git" "clone" "/workspace/cache/git-repos/https%3A%2F%2Fgithub.com%2FDa5id2517%2Flumina" "/workspace/builds/worker-2-tc2/source", kill_on_drop: false }`
[INFO] [stderr] Cloning into '/workspace/builds/worker-2-tc2/source'...
[INFO] [stderr] done.
[INFO] started tweaking git repo https://github.com/Da5id2517/lumina
[INFO] finished tweaking git repo https://github.com/Da5id2517/lumina
[INFO] tweaked toml for git repo https://github.com/Da5id2517/lumina written to /workspace/builds/worker-2-tc2/source/Cargo.toml
[INFO] validating manifest of git repo https://github.com/Da5id2517/lumina on toolchain 3154cc1a3e6424e44f438a95007d043ed5ceaaf6
[INFO] running `Command { std: CARGO_HOME="/workspace/cargo-home" RUSTUP_HOME="/workspace/rustup-home" "/workspace/cargo-home/bin/cargo" "+3154cc1a3e6424e44f438a95007d043ed5ceaaf6" "metadata" "--manifest-path" "Cargo.toml" "--no-deps", kill_on_drop: false }`
[INFO] crate git repo https://github.com/Da5id2517/lumina already has a lockfile, it will not be regenerated
[INFO] running `Command { std: CARGO_HOME="/workspace/cargo-home" RUSTUP_HOME="/workspace/rustup-home" "/workspace/cargo-home/bin/cargo" "+3154cc1a3e6424e44f438a95007d043ed5ceaaf6" "fetch" "--manifest-path" "Cargo.toml", kill_on_drop: false }`
[INFO] [stderr]     Blocking waiting for file lock on package cache
[INFO] [stderr]     Blocking waiting for file lock on package cache
[INFO] running `Command { std: "docker" "create" "-v" "/var/lib/crater-agent-workspace/builds/worker-2-tc2/source:/opt/rustwide/workdir:ro,Z" "-v" "/var/lib/crater-agent-workspace/builds/worker-2-tc2/target:/opt/rustwide/target:rw,Z" "-v" "/var/lib/crater-agent-workspace/cargo-home:/opt/rustwide/cargo-home:ro,Z" "-v" "/var/lib/crater-agent-workspace/rustup-home:/opt/rustwide/rustup-home:ro,Z" "-m" "1610612736" "--network" "none" "ghcr.io/rust-lang/crates-build-env/linux@sha256:77db811e55d90add9212f6832c23229e3de5f1c1f9905e8cb07319ea15df73ac" "sleep" "infinity", kill_on_drop: false }`
[INFO] [stdout] d1e25d3718454c485bbc340481a798b4c526d86d31889324271c9f889a22c385
[INFO] running `Command { std: "docker" "start" "d1e25d3718454c485bbc340481a798b4c526d86d31889324271c9f889a22c385", kill_on_drop: false }`
[INFO] running `Command { std: "docker" "inspect" "d1e25d3718454c485bbc340481a798b4c526d86d31889324271c9f889a22c385", kill_on_drop: false }`
[INFO] running `Command { std: "docker" "exec" "-e" "SOURCE_DIR=/opt/rustwide/workdir" "-e" "CARGO_HOME=/opt/rustwide/cargo-home" "-e" "RUSTUP_HOME=/opt/rustwide/rustup-home" "-e" "CARGO_TARGET_DIR=/opt/rustwide/target" "-w" "/opt/rustwide/workdir" "--user" "0:0" "d1e25d3718454c485bbc340481a798b4c526d86d31889324271c9f889a22c385" "/opt/rustwide/cargo-home/bin/cargo" "+3154cc1a3e6424e44f438a95007d043ed5ceaaf6" "metadata" "--no-deps" "--format-version=1", kill_on_drop: false }`
[INFO] running `Command { std: "docker" "inspect" "d1e25d3718454c485bbc340481a798b4c526d86d31889324271c9f889a22c385", kill_on_drop: false }`
[INFO] running `Command { std: "docker" "exec" "-e" "SOURCE_DIR=/opt/rustwide/workdir" "-e" "CARGO_HOME=/opt/rustwide/cargo-home" "-e" "RUSTUP_HOME=/opt/rustwide/rustup-home" "-e" "CARGO_TARGET_DIR=/opt/rustwide/target" "-e" "CARGO_INCREMENTAL=0" "-e" "RUST_BACKTRACE=full" "-e" "RUSTFLAGS=--cap-lints=forbid" "-e" "RUSTDOCFLAGS=--cap-lints=forbid" "-w" "/opt/rustwide/workdir" "--user" "0:0" "d1e25d3718454c485bbc340481a798b4c526d86d31889324271c9f889a22c385" "/opt/rustwide/cargo-home/bin/cargo" "+3154cc1a3e6424e44f438a95007d043ed5ceaaf6" "check" "--frozen" "--all" "--all-targets" "--message-format=json", kill_on_drop: false }`
[INFO] [stderr]    Compiling find-msvc-tools v0.1.12
[INFO] [stderr]    Compiling shlex v2.0.1
[INFO] [stderr]    Compiling object v0.39.1
[INFO] [stderr]    Compiling memchr v2.8.3
[INFO] [stderr]    Compiling libc v0.2.189
[INFO] [stderr]     Checking foldhash v0.1.5
[INFO] [stderr]     Checking cfg-if v1.0.4
[INFO] [stderr]     Checking allocator-api2 v0.2.21
[INFO] [stderr]     Checking equivalent v1.0.2
[INFO] [stderr]     Checking unicode-ident v1.0.24
[INFO] [stderr]     Checking unicode-segmentation v1.13.3
[INFO] [stderr]    Compiling cc v1.4.6
[INFO] [stderr]     Checking hashbrown v0.15.5
[INFO] [stderr]    Compiling stacker v0.1.25
[INFO] [stderr]    Compiling ar_archive_writer v0.5.3
[INFO] [stderr]    Compiling psm v0.1.32
[INFO] [stderr]     Checking chumsky v0.13.0
[INFO] [stderr]     Checking lumina v0.1.0 (/opt/rustwide/workdir)
[INFO] [stdout] error[E0106]: missing lifetime specifiers
[INFO] [stdout]   --> src/main.rs:25:27
[INFO] [stdout]    |
[INFO] [stdout] 25 | fn parser() -> impl Parser<char, Expr, Error = Simple<char>> {
[INFO] [stdout]    |                           ^                          ^ expected named lifetime parameter
[INFO] [stdout]    |                           |
[INFO] [stdout]    |                           expected named lifetime parameter
[INFO] [stdout]    |
[INFO] [stdout]    = help: this function's return type contains a borrowed value, but there is no value for it to be borrowed from
[INFO] [stdout] help: consider using the `'static` lifetime, but this is uncommon unless you're returning a borrowed value from a `const` or a `static`
[INFO] [stdout]    |
[INFO] [stdout] 25 | fn parser() -> impl Parser<'static, char, Expr, Error = Simple<'static, char>> {
[INFO] [stdout]    |                            ++++++++                            ++++++++
[INFO] [stdout] 
[INFO] [stdout] 
[INFO] [stdout] error[E0220]: associated type `Error` not found for `chumsky::Parser`
[INFO] [stdout]   --> src/main.rs:25:40
[INFO] [stdout]    |
[INFO] [stdout] 25 | fn parser() -> impl Parser<char, Expr, Error = Simple<char>> {
[INFO] [stdout]    |                                        ^^^^^ associated type `Error` not found
[INFO] [stdout] 
[INFO] [stdout] 
[INFO] [stdout] error[E0106]: missing lifetime specifiers
[INFO] [stdout]   --> src/main.rs:25:27
[INFO] [stdout]    |
[INFO] [stdout] 25 | fn parser() -> impl Parser<char, Expr, Error = Simple<char>> {
[INFO] [stdout]    |                           ^                          ^ expected named lifetime parameter
[INFO] [stdout]    |                           |
[INFO] [stdout]    |                           expected named lifetime parameter
[INFO] [stdout]    |
[INFO] [stdout]    = help: this function's return type contains a borrowed value, but there is no value for it to be borrowed from
[INFO] [stdout] help: consider using the `'static` lifetime, but this is uncommon unless you're returning a borrowed value from a `const` or a `static`
[INFO] [stdout]    |
[INFO] [stdout] 25 | fn parser() -> impl Parser<'static, char, Expr, Error = Simple<'static, char>> {
[INFO] [stdout]    |                            ++++++++                            ++++++++
[INFO] [stdout] 
[INFO] [stdout] 
[INFO] [stdout] error[E0599]: `Repeated<impl Parser<'_, _, _, _> + Copy, _, _, _>` is not an iterator
[INFO] [stdout]     --> src/main.rs:27:10
[INFO] [stdout]      |
[INFO] [stdout]   26 |     let num = text::digits(10)
[INFO] [stdout]   27 |         .chain(just('.').chain(text::digits(10)).or_not().flatten())
[INFO] [stdout]      |          ^^^^^ `Repeated<impl Parser<'_, _, _, _> + Copy, _, _, _>` is not an iterator
[INFO] [stdout]      |
[INFO] [stdout]     ::: /opt/rustwide/cargo-home/registry/src/index.crates.io-1949cf8c6b5b557f/chumsky-0.13.0/src/combinator.rs:1765:1
[INFO] [stdout]      |
[INFO] [stdout] 1765 | pub struct Repeated<A, OA, I, E> {
[INFO] [stdout]      | -------------------------------- doesn't satisfy `_: Iterator`
[INFO] [stdout]      |
[INFO] [stdout]      = note: the following trait bounds were not satisfied:
[INFO] [stdout]              `Repeated<impl chumsky::Parser<'_, _, <_ as chumsky::input::Input<'_>>::Token, _> + Copy, _, _, _>: Iterator`
[INFO] [stdout]              which is required by `&mut Repeated<impl chumsky::Parser<'_, _, <_ as chumsky::input::Input<'_>>::Token, _> + Copy, _, _, _>: Iterator`
[INFO] [stdout]      = note: the full name for the type has been written to '/opt/rustwide/target/debug/build/lumina/f4bdf37c8302a687/out/lumina-f4bdf37c8302a687.long-type-15275764235950494194.txt'
[INFO] [stdout]      = note: consider using `--verbose` to print the full type name to the console
[INFO] [stdout] 
[INFO] [stdout] 
[INFO] [stdout] error[E0599]: `Just<char, _, _>` is not an iterator
[INFO] [stdout]    --> src/main.rs:27:26
[INFO] [stdout]     |
[INFO] [stdout]  27 |         .chain(just('.').chain(text::digits(10)).or_not().flatten())
[INFO] [stdout]     |                          ^^^^^ `Just<char, _, _>` is not an iterator
[INFO] [stdout]     |
[INFO] [stdout]    ::: /opt/rustwide/cargo-home/registry/src/index.crates.io-1949cf8c6b5b557f/chumsky-0.13.0/src/primitive.rs:111:1
[INFO] [stdout]     |
[INFO] [stdout] 111 | pub struct Just<T, I, E = EmptyErr> {
[INFO] [stdout]     | ----------------------------------- doesn't satisfy `Just<char, _, _>: Iterator`
[INFO] [stdout]     |
[INFO] [stdout]     = note: the following trait bounds were not satisfied:
[INFO] [stdout]             `Just<char, _, _>: Iterator`
[INFO] [stdout]             which is required by `&mut Just<char, _, _>: Iterator`
[INFO] [stdout] 
[INFO] [stdout] 
[INFO] [stdout] error[E0277]: the trait bound `char: chumsky::input::Input<'_>` is not satisfied
[INFO] [stdout]    --> src/main.rs:43:26
[INFO] [stdout]     |
[INFO] [stdout]  43 |     match parser().parse(input) {
[INFO] [stdout]     |                    ----- ^^^^^ the trait `chumsky::input::Input<'_>` is not implemented for `char`
[INFO] [stdout]     |                    |
[INFO] [stdout]     |                    required by a bound introduced by this call
[INFO] [stdout]     |
[INFO] [stdout]     = help: the following other types implement trait `chumsky::input::Input<'src>`:
[INFO] [stdout]               &'src Graphemes
[INFO] [stdout]               &'src [T; N]
[INFO] [stdout]               &'src [T]
[INFO] [stdout]               &'src str
[INFO] [stdout]               IoInput<R>
[INFO] [stdout]               IterInput<I, S>
[INFO] [stdout]               MappedInput<'src, T, S, I, F>
[INFO] [stdout]               MappedSpan<S, I, F>
[INFO] [stdout]             and 2 others
[INFO] [stdout] note: required by a bound in `parse`
[INFO] [stdout]    --> /opt/rustwide/cargo-home/registry/src/index.crates.io-1949cf8c6b5b557f/chumsky-0.13.0/src/lib.rs:362:12
[INFO] [stdout]     |
[INFO] [stdout] 322 | pub trait Parser<'src, I: Input<'src>, O, E: ParserExtra<'src, I> = extra::Default> {
[INFO] [stdout] ...
[INFO] [stdout] 360 |     fn parse(&self, input: I) -> ParseResult<O, E::Error>
[INFO] [stdout] 361 |     where
[INFO] [stdout] 362 |         I: Input<'src>,
[INFO] [stdout]     |            ^^^^^^^^^^^ required by this bound in `Parser::parse`
[INFO] [stdout] 
[INFO] [stdout] 
[INFO] [stdout] error[E0308]: mismatched types
[INFO] [stdout]    --> src/main.rs:43:26
[INFO] [stdout]     |
[INFO] [stdout]  43 |     match parser().parse(input) {
[INFO] [stdout]     |                    ----- ^^^^^ expected `char`, found `&str`
[INFO] [stdout]     |                    |
[INFO] [stdout]     |                    arguments to this method are incorrect
[INFO] [stdout]     |
[INFO] [stdout] help: the return type of this call is `&str` due to the type of the argument passed
[INFO] [stdout]    --> src/main.rs:43:11
[INFO] [stdout]     |
[INFO] [stdout]  43 |     match parser().parse(input) {
[INFO] [stdout]     |           ^^^^^^^^^^^^^^^-----^
[INFO] [stdout]     |                          |
[INFO] [stdout]     |                          this argument influences the return type of `parse`
[INFO] [stdout] note: method defined here
[INFO] [stdout]    --> /opt/rustwide/cargo-home/registry/src/index.crates.io-1949cf8c6b5b557f/chumsky-0.13.0/src/lib.rs:360:8
[INFO] [stdout]     |
[INFO] [stdout] 360 |     fn parse(&self, input: I) -> ParseResult<O, E::Error>
[INFO] [stdout]     |        ^^^^^
[INFO] [stdout] 
[INFO] [stdout] 
[INFO] [stdout] error[E0308]: mismatched types
[INFO] [stdout]   --> src/main.rs:44:9
[INFO] [stdout]    |
[INFO] [stdout] 43 |     match parser().parse(input) {
[INFO] [stdout]    |           --------------------- this expression has type `ParseResult<Expr, _>`
[INFO] [stdout] 44 |         Ok(ast) => {
[INFO] [stdout]    |         ^^^^^^^ expected `ParseResult<Expr, _>`, found `Result<_, _>`
[INFO] [stdout]    |
[INFO] [stdout]    = note: expected struct `ParseResult<Expr, _>`
[INFO] [stdout]                 found enum `Result<_, _>`
[INFO] [stdout] 
[INFO] [stdout] 
[INFO] [stdout] error[E0308]: mismatched types
[INFO] [stdout]   --> src/main.rs:51:9
[INFO] [stdout]    |
[INFO] [stdout] 43 |     match parser().parse(input) {
[INFO] [stdout]    |           --------------------- this expression has type `ParseResult<Expr, _>`
[INFO] [stdout] ...
[INFO] [stdout] 51 |         Err(errs) => println!("Parse errors: {:?}", errs),
[INFO] [stdout]    |         ^^^^^^^^^ expected `ParseResult<Expr, _>`, found `Result<_, _>`
[INFO] [stdout]    |
[INFO] [stdout]    = note: expected struct `ParseResult<Expr, _>`
[INFO] [stdout]                 found enum `Result<_, _>`
[INFO] [stdout] 
[INFO] [stdout] 
[INFO] [stdout] error[E0220]: associated type `Error` not found for `chumsky::Parser`
[INFO] [stdout]   --> src/main.rs:25:40
[INFO] [stdout]    |
[INFO] [stdout] 25 | fn parser() -> impl Parser<char, Expr, Error = Simple<char>> {
[INFO] [stdout]    |                                        ^^^^^ associated type `Error` not found
[INFO] [stdout] 
[INFO] [stdout] 
[INFO] [stdout] Some errors have detailed explanations: E0106, E0220, E0277, E0308, E0599.
[INFO] [stdout] 
[INFO] [stdout] For more information about an error, try `rustc --explain E0106`.
[INFO] [stdout] 
[INFO] [stderr] error: could not compile `lumina` (bin "lumina" test) due to 8 previous errors
[INFO] [stderr] warning: build failed, waiting for other jobs to finish...
[INFO] [stdout] error[E0599]: `Repeated<impl Parser<'_, _, _, _> + Copy, _, _, _>` is not an iterator
[INFO] [stdout]     --> src/main.rs:27:10
[INFO] [stdout]      |
[INFO] [stdout]   26 |     let num = text::digits(10)
[INFO] [stdout]   27 |         .chain(just('.').chain(text::digits(10)).or_not().flatten())
[INFO] [stdout]      |          ^^^^^ `Repeated<impl Parser<'_, _, _, _> + Copy, _, _, _>` is not an iterator
[INFO] [stdout]      |
[INFO] [stdout]     ::: /opt/rustwide/cargo-home/registry/src/index.crates.io-1949cf8c6b5b557f/chumsky-0.13.0/src/combinator.rs:1765:1
[INFO] [stdout]      |
[INFO] [stdout] 1765 | pub struct Repeated<A, OA, I, E> {
[INFO] [stdout]      | -------------------------------- doesn't satisfy `_: Iterator`
[INFO] [stdout]      |
[INFO] [stdout]      = note: the following trait bounds were not satisfied:
[INFO] [stdout]              `Repeated<impl chumsky::Parser<'_, _, <_ as chumsky::input::Input<'_>>::Token, _> + Copy, _, _, _>: Iterator`
[INFO] [stdout]              which is required by `&mut Repeated<impl chumsky::Parser<'_, _, <_ as chumsky::input::Input<'_>>::Token, _> + Copy, _, _, _>: Iterator`
[INFO] [stdout]      = note: the full name for the type has been written to '/opt/rustwide/target/debug/build/lumina/4cada5ca43f3175f/out/lumina-4cada5ca43f3175f.long-type-12324485307867825656.txt'
[INFO] [stdout]      = note: consider using `--verbose` to print the full type name to the console
[INFO] [stdout] 
[INFO] [stdout] 
[INFO] [stdout] error[E0599]: `Just<char, _, _>` is not an iterator
[INFO] [stdout]    --> src/main.rs:27:26
[INFO] [stdout]     |
[INFO] [stdout]  27 |         .chain(just('.').chain(text::digits(10)).or_not().flatten())
[INFO] [stdout]     |                          ^^^^^ `Just<char, _, _>` is not an iterator
[INFO] [stdout]     |
[INFO] [stdout]    ::: /opt/rustwide/cargo-home/registry/src/index.crates.io-1949cf8c6b5b557f/chumsky-0.13.0/src/primitive.rs:111:1
[INFO] [stdout]     |
[INFO] [stdout] 111 | pub struct Just<T, I, E = EmptyErr> {
[INFO] [stdout]     | ----------------------------------- doesn't satisfy `Just<char, _, _>: Iterator`
[INFO] [stdout]     |
[INFO] [stdout]     = note: the following trait bounds were not satisfied:
[INFO] [stdout]             `Just<char, _, _>: Iterator`
[INFO] [stdout]             which is required by `&mut Just<char, _, _>: Iterator`
[INFO] [stdout] 
[INFO] [stdout] 
[INFO] [stdout] error[E0277]: the trait bound `char: chumsky::input::Input<'_>` is not satisfied
[INFO] [stdout]    --> src/main.rs:43:26
[INFO] [stdout]     |
[INFO] [stdout]  43 |     match parser().parse(input) {
[INFO] [stdout]     |                    ----- ^^^^^ the trait `chumsky::input::Input<'_>` is not implemented for `char`
[INFO] [stdout]     |                    |
[INFO] [stdout]     |                    required by a bound introduced by this call
[INFO] [stdout]     |
[INFO] [stdout]     = help: the following other types implement trait `chumsky::input::Input<'src>`:
[INFO] [stdout]               &'src Graphemes
[INFO] [stdout]               &'src [T; N]
[INFO] [stdout]               &'src [T]
[INFO] [stdout]               &'src str
[INFO] [stdout]               IoInput<R>
[INFO] [stdout]               IterInput<I, S>
[INFO] [stdout]               MappedInput<'src, T, S, I, F>
[INFO] [stdout]               MappedSpan<S, I, F>
[INFO] [stdout]             and 2 others
[INFO] [stdout] note: required by a bound in `parse`
[INFO] [stdout]    --> /opt/rustwide/cargo-home/registry/src/index.crates.io-1949cf8c6b5b557f/chumsky-0.13.0/src/lib.rs:362:12
[INFO] [stdout]     |
[INFO] [stdout] 322 | pub trait Parser<'src, I: Input<'src>, O, E: ParserExtra<'src, I> = extra::Default> {
[INFO] [stdout] ...
[INFO] [stdout] 360 |     fn parse(&self, input: I) -> ParseResult<O, E::Error>
[INFO] [stdout] 361 |     where
[INFO] [stdout] 362 |         I: Input<'src>,
[INFO] [stdout]     |            ^^^^^^^^^^^ required by this bound in `Parser::parse`
[INFO] [stdout] 
[INFO] [stdout] 
[INFO] [stdout] error[E0308]: mismatched types
[INFO] [stdout]    --> src/main.rs:43:26
[INFO] [stdout]     |
[INFO] [stdout]  43 |     match parser().parse(input) {
[INFO] [stdout]     |                    ----- ^^^^^ expected `char`, found `&str`
[INFO] [stdout]     |                    |
[INFO] [stdout]     |                    arguments to this method are incorrect
[INFO] [stdout]     |
[INFO] [stdout] help: the return type of this call is `&str` due to the type of the argument passed
[INFO] [stdout]    --> src/main.rs:43:11
[INFO] [stdout]     |
[INFO] [stdout]  43 |     match parser().parse(input) {
[INFO] [stdout]     |           ^^^^^^^^^^^^^^^-----^
[INFO] [stdout]     |                          |
[INFO] [stdout]     |                          this argument influences the return type of `parse`
[INFO] [stdout] note: method defined here
[INFO] [stdout]    --> /opt/rustwide/cargo-home/registry/src/index.crates.io-1949cf8c6b5b557f/chumsky-0.13.0/src/lib.rs:360:8
[INFO] [stdout]     |
[INFO] [stdout] 360 |     fn parse(&self, input: I) -> ParseResult<O, E::Error>
[INFO] [stdout]     |        ^^^^^
[INFO] [stdout] 
[INFO] [stdout] 
[INFO] [stdout] error[E0308]: mismatched types
[INFO] [stdout]   --> src/main.rs:44:9
[INFO] [stdout]    |
[INFO] [stdout] 43 |     match parser().parse(input) {
[INFO] [stdout]    |           --------------------- this expression has type `ParseResult<Expr, _>`
[INFO] [stdout] 44 |         Ok(ast) => {
[INFO] [stdout]    |         ^^^^^^^ expected `ParseResult<Expr, _>`, found `Result<_, _>`
[INFO] [stdout]    |
[INFO] [stdout]    = note: expected struct `ParseResult<Expr, _>`
[INFO] [stdout]                 found enum `Result<_, _>`
[INFO] [stdout] 
[INFO] [stdout] 
[INFO] [stdout] error[E0308]: mismatched types
[INFO] [stdout]   --> src/main.rs:51:9
[INFO] [stdout]    |
[INFO] [stdout] 43 |     match parser().parse(input) {
[INFO] [stdout]    |           --------------------- this expression has type `ParseResult<Expr, _>`
[INFO] [stdout] ...
[INFO] [stdout] 51 |         Err(errs) => println!("Parse errors: {:?}", errs),
[INFO] [stdout]    |         ^^^^^^^^^ expected `ParseResult<Expr, _>`, found `Result<_, _>`
[INFO] [stdout]    |
[INFO] [stdout]    = note: expected struct `ParseResult<Expr, _>`
[INFO] [stdout]                 found enum `Result<_, _>`
[INFO] [stdout] 
[INFO] [stdout] 
[INFO] [stdout] Some errors have detailed explanations: E0106, E0220, E0277, E0308, E0599.
[INFO] [stdout] 
[INFO] [stdout] For more information about an error, try `rustc --explain E0106`.
[INFO] [stdout] 
[INFO] [stderr] error: could not compile `lumina` (bin "lumina") due to 8 previous errors
[INFO] running `Command { std: "docker" "inspect" "d1e25d3718454c485bbc340481a798b4c526d86d31889324271c9f889a22c385", kill_on_drop: false }`
[INFO] running `Command { std: "docker" "rm" "-f" "d1e25d3718454c485bbc340481a798b4c526d86d31889324271c9f889a22c385", kill_on_drop: false }`
[INFO] [stdout] d1e25d3718454c485bbc340481a798b4c526d86d31889324271c9f889a22c385
