[INFO] cloning repository https://github.com/DLX-Studios/studio-platform
[INFO] running `Command { std: "git" "-c" "credential.helper=" "-c" "credential.helper=/workspace/cargo-home/bin/git-credential-null" "clone" "--bare" "https://github.com/DLX-Studios/studio-platform" "/workspace/cache/git-repos/https%3A%2F%2Fgithub.com%2FDLX-Studios%2Fstudio-platform", kill_on_drop: false }`
[INFO] [stderr] Cloning into bare repository '/workspace/cache/git-repos/https%3A%2F%2Fgithub.com%2FDLX-Studios%2Fstudio-platform'...
[INFO] running `Command { std: "git" "rev-parse" "HEAD", kill_on_drop: false }`
[INFO] [stdout] cdfbd4e048972169eb28cf9500aa31a32be7c439
[INFO] checking DLX-Studios/studio-platform against 3154cc1a3e6424e44f438a95007d043ed5ceaaf6 for pr-133502-30
[INFO] running `Command { std: "git" "clone" "/workspace/cache/git-repos/https%3A%2F%2Fgithub.com%2FDLX-Studios%2Fstudio-platform" "/workspace/builds/worker-3-tc2/source", kill_on_drop: false }`
[INFO] [stderr] Cloning into '/workspace/builds/worker-3-tc2/source'...
[INFO] [stderr] done.
[INFO] removed /workspace/builds/worker-3-tc2/source/rust-toolchain.toml
[INFO] started tweaking git repo https://github.com/DLX-Studios/studio-platform
[INFO] finished tweaking git repo https://github.com/DLX-Studios/studio-platform
[INFO] tweaked toml for git repo https://github.com/DLX-Studios/studio-platform written to /workspace/builds/worker-3-tc2/source/Cargo.toml
[INFO] validating manifest of git repo https://github.com/DLX-Studios/studio-platform on toolchain 3154cc1a3e6424e44f438a95007d043ed5ceaaf6
[INFO] running `Command { std: CARGO_HOME="/workspace/cargo-home" RUSTUP_HOME="/workspace/rustup-home" "/workspace/cargo-home/bin/cargo" "+3154cc1a3e6424e44f438a95007d043ed5ceaaf6" "metadata" "--manifest-path" "Cargo.toml" "--no-deps", kill_on_drop: false }`
[INFO] crate git repo https://github.com/DLX-Studios/studio-platform already has a lockfile, it will not be regenerated
[INFO] running `Command { std: CARGO_HOME="/workspace/cargo-home" RUSTUP_HOME="/workspace/rustup-home" "/workspace/cargo-home/bin/cargo" "+3154cc1a3e6424e44f438a95007d043ed5ceaaf6" "fetch" "--manifest-path" "Cargo.toml", kill_on_drop: false }`
[INFO] [stderr] warning: unused workspace dependency `gpui`
[INFO] [stderr]   --> Cargo.toml:83:25
[INFO] [stderr]    |
[INFO] [stderr] 83 | [workspace.dependencies.gpui]
[INFO] [stderr]    |                         ^^^^
[INFO] [stderr]    |
[INFO] [stderr]    = note: `cargo::unused_workspace_dependencies` is set to `warn` by default
[INFO] [stderr] help: consider removing the workspace dependency `gpui`
[INFO] [stderr] warning: unused workspace dependency `gpui_platform`
[INFO] [stderr]   --> Cargo.toml:94:25
[INFO] [stderr]    |
[INFO] [stderr] 94 | [workspace.dependencies.gpui_platform]
[INFO] [stderr]    |                         ^^^^^^^^^^^^^
[INFO] [stderr]    |
[INFO] [stderr] help: consider removing the workspace dependency `gpui_platform`
[INFO] [stderr] warning: workspace (manifest) generated 2 warnings
[INFO] [stderr] warning: `package.homepage` is redundant with `package.repository`
[INFO] [stderr]  --> vendor/rsvelte/tailwind_class_order/Cargo.toml:9:12
[INFO] [stderr]   |
[INFO] [stderr] 8 | repository = "https://github.com/baseballyama/rsvelte"
[INFO] [stderr]   |              -----------------------------------------
[INFO] [stderr] 9 | homepage = "https://github.com/baseballyama/rsvelte"
[INFO] [stderr]   |            ^^^^^^^^^^^^^^^^^^^^^^^^^^^^^^^^^^^^^^^^^
[INFO] [stderr]   |
[INFO] [stderr]   = note: `cargo::redundant_homepage` is set to `warn` by default
[INFO] [stderr] help: consider removing `package.homepage`
[INFO] [stderr] warning: `tailwind_class_order` (manifest) generated 1 warning
[INFO] [stderr] warning: missing `[lints]` to inherit `[workspace.lints]`
[INFO] [stderr]   --> crates/studio-cli/Cargo.toml
[INFO] [stderr]    = note: `cargo::missing_lints_inheritance` is set to `warn` by default
[INFO] [stderr] help: to inherit `workspace.lints, add:
[INFO] [stderr]    |
[INFO] [stderr] 66 ~ path = "tests/asset_icons.rs"
[INFO] [stderr] 67 + [lints]
[INFO] [stderr] 68 + workspace = true
[INFO] [stderr]    |
[INFO] [stderr] help: to clarify your intent to not inherit, add:
[INFO] [stderr]    |
[INFO] [stderr] 66 ~ path = "tests/asset_icons.rs"
[INFO] [stderr] 67 + [lints]
[INFO] [stderr]    |
[INFO] [stderr] warning: `studio-cli` (manifest) generated 1 warning
[INFO] [stderr]     Blocking waiting for file lock on package cache
[INFO] running `Command { std: "docker" "create" "-v" "/var/lib/crater-agent-workspace/builds/worker-3-tc2/source:/opt/rustwide/workdir:ro,Z" "-v" "/var/lib/crater-agent-workspace/builds/worker-3-tc2/target:/opt/rustwide/target:rw,Z" "-v" "/var/lib/crater-agent-workspace/cargo-home:/opt/rustwide/cargo-home:ro,Z" "-v" "/var/lib/crater-agent-workspace/rustup-home:/opt/rustwide/rustup-home:ro,Z" "-m" "1610612736" "--network" "none" "ghcr.io/rust-lang/crates-build-env/linux@sha256:77db811e55d90add9212f6832c23229e3de5f1c1f9905e8cb07319ea15df73ac" "sleep" "infinity", kill_on_drop: false }`
[INFO] [stdout] 7f1d1600e5105c710edf6888b2cd6eea22a334575ce25370c96541ef9dd6a4b8
[INFO] running `Command { std: "docker" "start" "7f1d1600e5105c710edf6888b2cd6eea22a334575ce25370c96541ef9dd6a4b8", kill_on_drop: false }`
[INFO] running `Command { std: "docker" "inspect" "7f1d1600e5105c710edf6888b2cd6eea22a334575ce25370c96541ef9dd6a4b8", kill_on_drop: false }`
[INFO] running `Command { std: "docker" "exec" "-e" "SOURCE_DIR=/opt/rustwide/workdir" "-e" "CARGO_HOME=/opt/rustwide/cargo-home" "-e" "RUSTUP_HOME=/opt/rustwide/rustup-home" "-e" "CARGO_TARGET_DIR=/opt/rustwide/target" "-w" "/opt/rustwide/workdir" "--user" "0:0" "7f1d1600e5105c710edf6888b2cd6eea22a334575ce25370c96541ef9dd6a4b8" "/opt/rustwide/cargo-home/bin/cargo" "+3154cc1a3e6424e44f438a95007d043ed5ceaaf6" "metadata" "--no-deps" "--format-version=1", kill_on_drop: false }`
[INFO] running `Command { std: "docker" "inspect" "7f1d1600e5105c710edf6888b2cd6eea22a334575ce25370c96541ef9dd6a4b8", kill_on_drop: false }`
[INFO] running `Command { std: "docker" "exec" "-e" "SOURCE_DIR=/opt/rustwide/workdir" "-e" "CARGO_HOME=/opt/rustwide/cargo-home" "-e" "RUSTUP_HOME=/opt/rustwide/rustup-home" "-e" "CARGO_TARGET_DIR=/opt/rustwide/target" "-e" "CARGO_INCREMENTAL=0" "-e" "RUST_BACKTRACE=full" "-e" "RUSTFLAGS=--cap-lints=forbid" "-e" "RUSTDOCFLAGS=--cap-lints=forbid" "-w" "/opt/rustwide/workdir" "--user" "0:0" "7f1d1600e5105c710edf6888b2cd6eea22a334575ce25370c96541ef9dd6a4b8" "/opt/rustwide/cargo-home/bin/cargo" "+3154cc1a3e6424e44f438a95007d043ed5ceaaf6" "check" "--frozen" "--all" "--all-targets" "--message-format=json", kill_on_drop: false }`
[INFO] [stderr] warning: unused workspace dependency `gpui`
[INFO] [stderr]   --> Cargo.toml:83:25
[INFO] [stderr]    |
[INFO] [stderr] 83 | [workspace.dependencies.gpui]
[INFO] [stderr]    |                         ^^^^
[INFO] [stderr]    |
[INFO] [stderr]    = note: `cargo::unused_workspace_dependencies` is set to `warn` by default
[INFO] [stderr] help: consider removing the workspace dependency `gpui`
[INFO] [stderr] warning: unused workspace dependency `gpui_platform`
[INFO] [stderr]   --> Cargo.toml:94:25
[INFO] [stderr]    |
[INFO] [stderr] 94 | [workspace.dependencies.gpui_platform]
[INFO] [stderr]    |                         ^^^^^^^^^^^^^
[INFO] [stderr]    |
[INFO] [stderr] help: consider removing the workspace dependency `gpui_platform`
[INFO] [stderr] warning: workspace (manifest) generated 2 warnings
[INFO] [stderr] warning: missing `[lints]` to inherit `[workspace.lints]`
[INFO] [stderr]   --> crates/studio-cli/Cargo.toml
[INFO] [stderr]    = note: `cargo::missing_lints_inheritance` is set to `warn` by default
[INFO] [stderr] help: to inherit `workspace.lints, add:
[INFO] [stderr]    |
[INFO] [stderr] 66 ~ path = "tests/asset_icons.rs"
[INFO] [stderr] 67 + [lints]
[INFO] [stderr] 68 + workspace = true
[INFO] [stderr]    |
[INFO] [stderr] help: to clarify your intent to not inherit, add:
[INFO] [stderr]    |
[INFO] [stderr] 66 ~ path = "tests/asset_icons.rs"
[INFO] [stderr] 67 + [lints]
[INFO] [stderr]    |
[INFO] [stderr] warning: `studio-cli` (manifest) generated 1 warning
[INFO] [stderr] warning: `package.homepage` is redundant with `package.repository`
[INFO] [stderr]  --> vendor/rsvelte/tailwind_class_order/Cargo.toml:9:12
[INFO] [stderr]   |
[INFO] [stderr] 8 | repository = "https://github.com/baseballyama/rsvelte"
[INFO] [stderr]   |              -----------------------------------------
[INFO] [stderr] 9 | homepage = "https://github.com/baseballyama/rsvelte"
[INFO] [stderr]   |            ^^^^^^^^^^^^^^^^^^^^^^^^^^^^^^^^^^^^^^^^^
[INFO] [stderr]   |
[INFO] [stderr]   = note: `cargo::redundant_homepage` is set to `warn` by default
[INFO] [stderr] help: consider removing `package.homepage`
[INFO] [stderr] warning: `tailwind_class_order` (manifest) generated 1 warning
[INFO] [stderr]    Compiling proc-macro2 v1.0.107
[INFO] [stderr]    Compiling serde_core v1.0.229
[INFO] [stderr]    Compiling serde v1.0.229
[INFO] [stderr]     Checking allocator-api2 v0.2.21
[INFO] [stderr]    Compiling erased-serde v0.4.10
[INFO] [stderr]    Compiling num-traits v0.2.19
[INFO] [stderr]     Checking typenum v1.20.1
[INFO] [stderr]    Compiling foldhash v0.2.0
[INFO] [stderr]    Compiling serde_json v1.0.151
[INFO] [stderr]    Compiling getrandom v0.4.3
[INFO] [stderr]     Checking getrandom v0.2.17
[INFO] [stderr]    Compiling hashbrown v0.17.1
[INFO] [stderr]     Checking getrandom v0.3.4
[INFO] [stderr]     Checking rand_core v0.6.4
[INFO] [stderr]    Compiling siphasher v1.0.3
[INFO] [stderr]    Compiling quote v1.0.47
[INFO] [stderr]    Compiling rustix v1.1.4
[INFO] [stderr]     Checking num-integer v0.1.47
[INFO] [stderr]     Checking linux-raw-sys v0.12.1
[INFO] [stderr]    Compiling syn v3.0.4
[INFO] [stderr]    Compiling syn v2.0.119
[INFO] [stderr]     Checking fastrand v2.5.0
[INFO] [stderr]    Compiling crossbeam-epoch v0.9.20
[INFO] [stderr]     Checking either v1.18.0
[INFO] [stderr]     Checking futures-sink v0.3.34
[INFO] [stderr]     Checking cpufeatures v0.3.1
[INFO] [stderr]     Checking generic-array v0.14.7
[INFO] [stderr]     Checking hybrid-array v0.4.14
[INFO] [stderr]     Checking futures-channel v0.3.34
[INFO] [stderr]     Checking subtle v2.6.1
[INFO] [stderr]     Checking crypto-common v0.1.7
[INFO] [stderr]     Checking concurrent-queue v2.5.0
[INFO] [stderr]     Checking unicode-ident v1.0.24
[INFO] [stderr]     Checking const-oid v0.10.2
[INFO] [stderr]     Checking crossbeam-deque v0.8.7
[INFO] [stderr]     Checking crypto-common v0.2.2
[INFO] [stderr]     Checking block-buffer v0.12.1
[INFO] [stderr]     Checking futures-lite v2.6.1
[INFO] [stderr]     Checking async-channel v2.5.0
[INFO] [stderr]     Checking block-buffer v0.10.4
[INFO] [stderr]    Compiling ref-cast v1.0.27
[INFO] [stderr]     Checking digest v0.10.7
[INFO] [stderr]     Checking bitflags v2.13.1
[INFO] [stderr]     Checking serde_fmt v1.1.0
[INFO] [stderr]     Checking uuid v1.26.0
[INFO] [stderr]    Compiling indexmap v2.14.0
[INFO] [stderr]     Checking digest v0.11.3
[INFO] [stderr]     Checking value-bag-serde1 v1.13.2
[INFO] [stderr]     Checking rayon-core v1.13.0
[INFO] [stderr]     Checking value-bag v1.13.2
[INFO] [stderr]     Checking sha2 v0.11.0
[INFO] [stderr]     Checking log v0.4.34
[INFO] [stderr]     Checking dyn-clone v1.0.20
[INFO] [stderr]     Checking rayon v1.12.0
[INFO] [stderr]     Checking unicode-width v0.2.2
[INFO] [stderr]    Compiling toml_edit v0.25.13+spec-1.1.0
[INFO] [stderr]     Checking winnow v1.0.4
[INFO] [stderr]    Compiling proc-macro-crate v3.5.0
[INFO] [stderr]    Compiling serde_derive_internals v0.30.0
[INFO] [stderr]    Compiling libc v0.2.189
[INFO] [stderr]     Checking serde_bytes v0.11.19
[INFO] [stderr]     Checking piper v0.2.5
[INFO] [stderr]     Checking blocking v1.7.0
[INFO] [stderr]     Checking bumpalo v3.20.3
[INFO] [stderr]    Compiling synstructure v0.13.2
[INFO] [stderr]     Checking sha2 v0.10.9
[INFO] [stderr]     Checking async-executor v1.14.0
[INFO] [stderr]     Checking block-padding v0.3.3
[INFO] [stderr]     Checking inout v0.1.4
[INFO] [stderr]     Checking num-bigint v0.4.8
[INFO] [stderr]     Checking hmac v0.12.1
[INFO] [stderr]    Compiling phf_shared v0.14.0
[INFO] [stderr]     Checking regex-automata v0.4.18
[INFO] [stderr]    Compiling serde_derive v1.0.229
[INFO] [stderr]    Compiling thiserror-impl v2.0.20
[INFO] [stderr]    Compiling bytemuck_derive v1.12.0
[INFO] [stderr]    Compiling tracing-attributes v0.1.31
[INFO] [stderr]    Compiling futures-macro v0.3.34
[INFO] [stderr]    Compiling enumflags2_derive v0.7.12
[INFO] [stderr]    Compiling zeroize_derive v1.5.0
[INFO] [stderr]    Compiling ref-cast-impl v1.0.27
[INFO] [stderr]     Checking zeroize v1.9.0
[INFO] [stderr]     Checking futures-util v0.3.34
[INFO] [stderr]    Compiling schemars_derive v1.2.2
[INFO] [stderr]     Checking thiserror v2.0.20
[INFO] [stderr]    Compiling async-trait v0.1.92
[INFO] [stderr]     Checking polling v3.11.0
[INFO] [stderr]     Checking bytemuck v1.25.2
[INFO] [stderr]     Checking tracing v0.1.44
[INFO] [stderr]     Checking async-io v2.6.0
[INFO] [stderr]    Compiling serde_repr v0.1.21
[INFO] [stderr]     Checking num-complex v0.4.6
[INFO] [stderr]     Checking async-signal v0.2.14
[INFO] [stderr]    Compiling async-recursion v1.1.1
[INFO] [stderr]     Checking async-process v2.5.0
[INFO] [stderr]    Compiling zerofrom-derive v0.1.7
[INFO] [stderr]     Checking cipher v0.4.4
[INFO] [stderr]    Compiling yoke-derive v0.8.2
[INFO] [stderr]    Compiling zerovec-derive v0.11.6
[INFO] [stderr]    Compiling displaydoc v0.2.7
[INFO] [stderr]     Checking base64ct v1.8.3
[INFO] [stderr]     Checking num-iter v0.1.46
[INFO] [stderr]     Checking num-rational v0.4.2
[INFO] [stderr]     Checking password-hash v0.5.0
[INFO] [stderr]    Compiling icu_properties_data v2.3.0
[INFO] [stderr]    Compiling icu_normalizer_data v2.3.0
[INFO] [stderr]     Checking pbkdf2 v0.12.2
[INFO] [stderr]     Checking num v0.4.3
[INFO] [stderr]     Checking zerofrom v0.1.8
[INFO] [stderr]     Checking aes v0.8.4
[INFO] [stderr]     Checking cbc v0.1.2
[INFO] [stderr]    Compiling phf v0.14.0
[INFO] [stderr]     Checking hkdf v0.12.4
[INFO] [stderr]     Checking yoke v0.8.3
[INFO] [stderr]    Compiling oxc_ast_macros v0.146.0 (https://github.com/oxc-project/oxc?rev=0389c4010ef8298728f3e47fff8e2a9106d10045#0389c401)
[INFO] [stderr]     Checking unicode-linebreak v0.1.5
[INFO] [stderr]     Checking zerovec v0.11.8
[INFO] [stderr]     Checking zerotrie v0.2.5
[INFO] [stderr]    Compiling jobserver v0.1.35
[INFO] [stderr]    Compiling find-msvc-tools v0.1.11
[INFO] [stderr]     Checking regex v1.13.1
[INFO] [stderr]     Checking form_urlencoded v1.2.2
[INFO] [stderr]     Checking smallvec v1.15.2
[INFO] [stderr]     Checking schemars v1.2.2
[INFO] [stderr]     Checking enumflags2 v0.7.12
[INFO] [stderr]     Checking zvariant_utils v4.2.0
[INFO] [stderr]    Compiling zcheapstr v1.1.0
[INFO] [stderr]     Checking tinystr v0.8.4
[INFO] [stderr]     Checking potential_utf v0.1.6
[INFO] [stderr]    Compiling cc v1.4.4
[INFO] [stderr]    Compiling dragonbox_ecma v0.1.12
[INFO] [stderr]     Checking icu_collections v2.3.0
[INFO] [stderr]     Checking keyring-core v1.0.0
[INFO] [stderr]     Checking icu_locale_core v2.3.0
[INFO] [stderr]     Checking castaway v0.2.4
[INFO] [stderr]     Checking oxc_data_structures v0.146.0 (https://github.com/oxc-project/oxc?rev=0389c4010ef8298728f3e47fff8e2a9106d10045#0389c401)
[INFO] [stderr]    Compiling zerocopy v0.8.56
[INFO] [stderr]    Compiling zerocopy-derive v0.8.56
[INFO] [stderr]     Checking oxc_estree v0.146.0 (https://github.com/oxc-project/oxc?rev=0389c4010ef8298728f3e47fff8e2a9106d10045#0389c401)
[INFO] [stderr]     Checking compact_str v0.10.0
[INFO] [stderr]     Checking oxc_allocator v0.146.0 (https://github.com/oxc-project/oxc?rev=0389c4010ef8298728f3e47fff8e2a9106d10045#0389c401)
[INFO] [stderr]    Compiling phf_generator v0.14.0
[INFO] [stderr]     Checking cow-utils v0.1.3
[INFO] [stderr]    Compiling phf_macros v0.14.0
[INFO] [stderr]    Compiling crc32fast v1.5.1
[INFO] [stderr]     Checking icu_provider v2.3.1
[INFO] [stderr]     Checking smawk v0.3.3
[INFO] [stderr]     Checking oxc_str v0.146.0 (https://github.com/oxc-project/oxc?rev=0389c4010ef8298728f3e47fff8e2a9106d10045#0389c401)
[INFO] [stderr]     Checking textwrap v0.16.2
[INFO] [stderr]    Compiling zvariant_derive v5.15.0
[INFO] [stderr]     Checking data-encoding v2.11.1
[INFO] [stderr]     Checking icu_normalizer v2.3.0
[INFO] [stderr]     Checking icu_properties v2.3.0
[INFO] [stderr]     Checking oxc_span v0.146.0 (https://github.com/oxc-project/oxc?rev=0389c4010ef8298728f3e47fff8e2a9106d10045#0389c401)
[INFO] [stderr]    Compiling zvariant v5.15.0
[INFO] [stderr]     Checking unicode-id-start v1.4.0
[INFO] [stderr]     Checking owo-colors v4.4.0
[INFO] [stderr]     Checking self_cell v1.3.0
[INFO] [stderr]     Checking nonmax v0.5.5
[INFO] [stderr]     Checking bytecount v0.6.9
[INFO] [stderr]     Checking num-bigint v0.5.1
[INFO] [stderr]     Checking oxc_index v5.0.0
[INFO] [stderr]     Checking vsimd v0.8.0
[INFO] [stderr]     Checking oxc_syntax v0.146.0 (https://github.com/oxc-project/oxc?rev=0389c4010ef8298728f3e47fff8e2a9106d10045#0389c401)
[INFO] [stderr]     Checking outref v0.5.2
[INFO] [stderr]     Checking oxc_diagnostics v0.146.0 (https://github.com/oxc-project/oxc?rev=0389c4010ef8298728f3e47fff8e2a9106d10045#0389c401)
[INFO] [stderr]     Checking base64-simd v0.8.0
[INFO] [stderr]    Compiling oxc_sourcemap v8.1.2
[INFO] [stderr]    Compiling radium v0.7.0
[INFO] [stderr]     Checking idna_adapter v1.2.2
[INFO] [stderr]     Checking idna v1.1.0
[INFO] [stderr]     Checking oxc_regular_expression v0.146.0 (https://github.com/oxc-project/oxc?rev=0389c4010ef8298728f3e47fff8e2a9106d10045#0389c401)
[INFO] [stderr]     Checking tap v1.0.1
[INFO] [stderr]     Checking json-escape-simd v3.1.1
[INFO] [stderr]     Checking wyz v0.5.1
[INFO] [stderr]     Checking url v2.5.8
[INFO] [stderr]     Checking itertools v0.15.0
[INFO] [stderr]     Checking bitmaps v2.1.0
[INFO] [stderr]    Compiling im v15.1.0
[INFO] [stderr]     Checking funty v2.0.0
[INFO] [stderr]     Checking debugid v0.8.0
[INFO] [stderr]     Checking oxc_ast v0.146.0 (https://github.com/oxc-project/oxc?rev=0389c4010ef8298728f3e47fff8e2a9106d10045#0389c401)
[INFO] [stderr]     Checking sized-chunks v0.6.5
[INFO] [stderr]    Compiling miette-derive v7.6.0
[INFO] [stderr]     Checking rand_xoshiro v0.6.0
[INFO] [stderr]     Checking bitvec v1.1.1
[INFO] [stderr]     Checking zbus_names v4.3.4
[INFO] [stderr]    Compiling rsvelte_core v0.11.1 (/opt/rustwide/workdir/vendor/rsvelte/rsvelte_core)
[INFO] [stderr]     Checking zlib-rs v0.6.7
[INFO] [stderr]     Checking if_chain v1.0.3
[INFO] [stderr]     Checking miette v7.6.0
[INFO] [stderr]    Compiling zbus_macros v5.19.0
[INFO] [stderr]     Checking string_wizard v1.2.7
[INFO] [stderr]     Checking anyhow v1.0.104
[INFO] [stderr]     Checking semver v1.0.28
[INFO] [stderr]     Checking studio-protocol v0.1.0 (/opt/rustwide/workdir/crates/studio-protocol)
[INFO] [stderr]     Checking flate2 v1.1.9
[INFO] [stderr]     Checking rand_core v0.9.5
[INFO] [stderr]     Checking arrayvec v0.7.8
[INFO] [stderr]     Checking bytes v1.12.1
[INFO] [stderr]    Compiling rustc-hash v2.1.3
[INFO] [stderr]    Compiling curve25519-dalek v5.0.0
[INFO] [stderr]    Compiling unicase v2.9.0
[INFO] [stderr]    Compiling curve25519-dalek-derive v0.1.1
[INFO] [stderr]     Checking signature v3.0.0
[INFO] [stderr]     Checking ed25519 v3.0.0
[INFO] [stderr]     Checking zopfli v0.8.3
[INFO] [stderr]     Checking typed-path v0.12.3
[INFO] [stderr]     Checking sourcemap v9.3.2
[INFO] [stderr]     Checking ryu-js v0.2.2
[INFO] [stderr]    Compiling phf_shared v0.13.1
[INFO] [stderr]     Checking serde_jcs v0.2.0
[INFO] [stderr]     Checking strsim v0.11.1
[INFO] [stderr]    Compiling phf_generator v0.13.1
[INFO] [stderr]     Checking http v1.5.0
[INFO] [stderr]     Checking hashbrown v0.16.1
[INFO] [stderr]     Checking ppv-lite86 v0.2.21
[INFO] [stderr]     Checking parking_lot_core v0.9.12
[INFO] [stderr]     Checking zip v8.6.0
[INFO] [stderr]     Checking ed25519-dalek v3.0.0
[INFO] [stderr]     Checking rand_chacha v0.9.0
[INFO] [stderr]     Checking parking_lot v0.12.5
[INFO] [stderr]    Compiling phf_macros v0.13.1
[INFO] [stderr]     Checking rand v0.9.5
[INFO] [stderr]     Checking rand_chacha v0.3.1
[INFO] [stderr]    Compiling phf_codegen v0.13.1
[INFO] [stderr]    Compiling aho-corasick v1.1.5
[INFO] [stderr]     Checking rand v0.8.8
[INFO] [stderr]    Compiling zmij v1.0.23
[INFO] [stderr]    Compiling regex-syntax v0.8.11
[INFO] [stderr]     Checking mio v1.2.2
[INFO] [stderr]     Checking zbus v5.19.0
[INFO] [stderr]     Checking phf v0.13.1
[INFO] [stderr]    Compiling itoa v1.0.18
[INFO] [stderr]     Checking rand_distr v0.5.1
[INFO] [stderr]     Checking http-body v1.1.0
[INFO] [stderr]     Checking hash32 v0.3.1
[INFO] [stderr]     Checking ahash v0.8.12
[INFO] [stderr]     Checking chrono v0.4.45
[INFO] [stderr]     Checking half v2.7.1
[INFO] [stderr]     Checking tempfile v3.27.0
[INFO] [stderr]     Checking hashbrown v0.14.5
[INFO] [stderr]    Compiling typeid v1.0.3
[INFO] [stderr]     Checking itertools v0.14.0
[INFO] [stderr]     Checking float_next_after v1.0.0
[INFO] [stderr]    Compiling pin-project-internal v1.1.13
[INFO] [stderr]     Checking oxc_ecmascript v0.146.0 (https://github.com/oxc-project/oxc?rev=0389c4010ef8298728f3e47fff8e2a9106d10045#0389c401)
[INFO] [stderr]     Checking oxc_ast_visit v0.146.0 (https://github.com/oxc-project/oxc?rev=0389c4010ef8298728f3e47fff8e2a9106d10045#0389c401)
[INFO] [stderr]     Checking rsvelte_esrap v0.10.37 (/opt/rustwide/workdir/vendor/rsvelte/rsvelte_esrap)
[INFO] [stderr]     Checking oxc_parser v0.146.0 (https://github.com/oxc-project/oxc?rev=0389c4010ef8298728f3e47fff8e2a9106d10045#0389c401)
[INFO] [stderr]     Checking pin-project v1.1.13
[INFO] [stderr]     Checking futures-executor v0.3.34
[INFO] [stderr]     Checking futures v0.3.34
[INFO] [stderr]     Checking precomputed-hash v0.1.1
[INFO] [stderr]     Checking approx v0.5.1
[INFO] [stderr]    Compiling tokio-macros v2.7.2
[INFO] [stderr]     Checking socket2 v0.6.5
[INFO] [stderr]    Compiling phf_shared v0.11.3
[INFO] [stderr]     Checking crossbeam-queue v0.3.13
[INFO] [stderr]     Checking tinyvec v1.12.0
[INFO] [stderr]     Checking tokio v1.52.1
[INFO] [stderr]     Checking oxc_semantic v0.146.0 (https://github.com/oxc-project/oxc?rev=0389c4010ef8298728f3e47fff8e2a9106d10045#0389c401)
[INFO] [stderr]     Checking num_cpus v1.17.0
[INFO] [stderr]     Checking sha1 v0.10.7
[INFO] [stderr]    Compiling cmake v0.1.58
[INFO] [stderr]    Compiling phf_generator v0.11.3
[INFO] [stderr]     Checking ciborium-io v0.2.2
[INFO] [stderr]    Compiling phf_macros v0.11.3
[INFO] [stderr]     Checking ciborium-ll v0.2.2
[INFO] [stderr]    Compiling aws-lc-sys v0.44.0
[INFO] [stderr]     Checking md-5 v0.10.6
[INFO] [stderr]     Checking itertools v0.13.0
[INFO] [stderr]     Checking oxc_codegen v0.146.0 (https://github.com/oxc-project/oxc?rev=0389c4010ef8298728f3e47fff8e2a9106d10045#0389c401)
[INFO] [stderr]    Compiling heapless v0.8.0
[INFO] [stderr]     Checking phf v0.11.3
[INFO] [stderr]     Checking ciborium v0.2.2
[INFO] [stderr]    Compiling time-core v0.1.9
[INFO] [stderr]     Checking tower-service v0.3.3
[INFO] [stderr]    Compiling num-conv v0.2.2
[INFO] [stderr]    Compiling time-macros v0.2.32
[INFO] [stderr]    Compiling clang-sys v1.9.1
[INFO] [stderr]     Checking secret-service v5.1.0
[INFO] [stderr]     Checking i_float v1.15.0
[INFO] [stderr]    Compiling aws-lc-rs v1.18.0
[INFO] [stderr]     Checking try-lock v0.2.5
[INFO] [stderr]     Checking deranged v0.5.8
[INFO] [stderr]     Checking want v0.3.1
[INFO] [stderr]     Checking i_shape v1.14.0
[INFO] [stderr]     Checking rstar v0.12.2
[INFO] [stderr]    Compiling lz4-sys v1.11.1+lz4-1.10.0
[INFO] [stderr]     Checking itertools v0.11.0
[INFO] [stderr]     Checking libloading v0.8.9
[INFO] [stderr]     Checking robust v1.2.0
[INFO] [stderr]     Checking sync_wrapper v1.0.2
[INFO] [stderr]     Checking tower-layer v0.3.3
[INFO] [stderr]     Checking zbus-secret-service-keyring-store v1.0.1
[INFO] [stderr]     Checking i_tree v0.16.0
[INFO] [stderr]     Checking i_key_sort v0.6.0
[INFO] [stderr]     Checking keyring v4.1.6
[INFO] [stderr]     Checking untrusted v0.7.1
[INFO] [stderr]    Compiling rust_decimal v1.42.1
[INFO] [stderr]     Checking time v0.3.55
[INFO] [stderr]     Checking studio-security v0.1.0 (/opt/rustwide/workdir/crates/studio-security)
[INFO] [stderr]     Checking i_overlay v4.0.7
[INFO] [stderr]     Checking spade v2.15.1
[INFO] [stderr]     Checking studio-net v0.1.0 (/opt/rustwide/workdir/crates/studio-net)
[INFO] [stderr]     Checking tokio-util v0.7.19
[INFO] [stderr]     Checking earcutr v0.4.3
[INFO] [stderr]    Compiling nom v7.1.3
[INFO] [stderr]     Checking geo-types v0.7.20
[INFO] [stderr]     Checking h2 v0.4.19
[INFO] [stderr]     Checking studio-package v0.1.0 (/opt/rustwide/workdir/crates/studio-package)
[INFO] [stderr]     Checking simple_asn1 v0.6.4
[INFO] [stderr]     Checking http-body-util v0.1.5
[INFO] [stderr]     Checking studio-plugin-registry v0.1.0 (/opt/rustwide/workdir/crates/studio-plugin-registry)
[INFO] [stderr]     Checking pem v3.0.6
[INFO] [stderr]    Compiling string_cache_codegen v0.6.1
[INFO] [stderr]     Checking geographiclib-rs v0.2.7
[INFO] [stderr]    Compiling bindgen v0.72.1
[INFO] [stderr]     Checking sif-itree v0.4.1
[INFO] [stderr]     Checking signature v2.2.0
[INFO] [stderr]    Compiling libz-sys v1.1.29
[INFO] [stderr]    Compiling prost-derive v0.14.4
[INFO] [stderr]     Checking geo v0.32.0
[INFO] [stderr]    Compiling web_atoms v0.2.6
[INFO] [stderr]    Compiling cexpr v0.6.0
[INFO] [stderr]     Checking axum-core v0.5.6
[INFO] [stderr]     Checking tower v0.5.3
[INFO] [stderr]     Checking hyper v1.11.0
[INFO] [stderr]    Compiling bzip2-sys v0.1.13+1.0.8
[INFO] [stderr]     Checking hyper-util v0.1.20
[INFO] [stderr]    Compiling zstd-sys v2.0.16+zstd.1.5.7
[INFO] [stderr]     Checking matchit v0.8.4
[INFO] [stderr]     Checking axum v0.8.9
[INFO] [stderr]     Checking hyper-timeout v0.5.2
[INFO] [stderr]     Checking prost v0.14.4
[INFO] [stderr]     Checking tokio-stream v0.1.19
[INFO] [stderr]     Checking string_cache v0.9.0
[INFO] [stderr]    Compiling flatbuffers v25.12.19
[INFO] [stderr]    Compiling matrixmultiply v0.3.11
[INFO] [stderr]     Checking dlib v0.5.3
[INFO] [stderr]     Checking tendril v0.5.1
[INFO] [stderr]     Checking diskann-wide v0.54.0
[INFO] [stderr]     Checking roaring v0.11.5
[INFO] [stderr]     Checking tonic v0.14.6
[INFO] [stdout] error[E0283]: type annotations needed
[INFO] [stdout]    --> /opt/rustwide/cargo-home/registry/src/index.crates.io-1949cf8c6b5b557f/diskann-wide-0.54.0/src/arch/x86_64/v3/mod.rs:435:82
[INFO] [stdout]     |
[INFO] [stdout] 435 |         let f: unsafe fn(Self, T0::Of<'_>) -> R = Self::run_function_with_1::<F, _, _>;
[INFO] [stdout]     |                                                                                  ^ cannot infer type
[INFO] [stdout]     |
[INFO] [stdout]     = note: the type must implement `AddLifetime`
[INFO] [stdout]     = help: the following types implement trait `AddLifetime`:
[INFO] [stdout]               As<T>
[INFO] [stdout]               Mut<T>
[INFO] [stdout]               String
[INFO] [stdout]               bool
[INFO] [stdout]               f32
[INFO] [stdout]               f64
[INFO] [stdout]               half::f16
[INFO] [stdout]               i16
[INFO] [stdout]             and 9 others
[INFO] [stdout] note: required by a bound in `V3::run_function_with_1`
[INFO] [stdout]    --> /opt/rustwide/cargo-home/registry/src/index.crates.io-1949cf8c6b5b557f/diskann-wide-0.54.0/src/arch/x86_64/v3/mod.rs:296:17
[INFO] [stdout]     |
[INFO] [stdout] 111 | impl V3 {
[INFO] [stdout] ...
[INFO] [stdout] 294 |         pub(super) unsafe fn run_function_with_1<F, T0, R>(self, x0: T0::Of<'_>) -> R
[INFO] [stdout] 295 |         where
[INFO] [stdout] 296 |             T0: AddLifetime,
[INFO] [stdout]     |                 ^^^^^^^^^^^ required by this bound in `V3::run_function_with_1`
[INFO] [stdout] 
[INFO] [stdout] 
[INFO] [stdout] error[E0283]: type annotations needed
[INFO] [stdout]    --> /opt/rustwide/cargo-home/registry/src/index.crates.io-1949cf8c6b5b557f/diskann-wide-0.54.0/src/arch/x86_64/v3/mod.rs:450:44
[INFO] [stdout]     |
[INFO] [stdout] 450 |             Self::run_function_with_2::<F, _, _, _>;
[INFO] [stdout]     |                                            ^ cannot infer type
[INFO] [stdout]     |
[INFO] [stdout]     = note: the type must implement `AddLifetime`
[INFO] [stdout]     = help: the following types implement trait `AddLifetime`:
[INFO] [stdout]               As<T>
[INFO] [stdout]               Mut<T>
[INFO] [stdout]               String
[INFO] [stdout]               bool
[INFO] [stdout]               f32
[INFO] [stdout]               f64
[INFO] [stdout]               half::f16
[INFO] [stdout]               i16
[INFO] [stdout]             and 9 others
[INFO] [stdout] note: required by a bound in `V3::run_function_with_2`
[INFO] [stdout]    --> /opt/rustwide/cargo-home/registry/src/index.crates.io-1949cf8c6b5b557f/diskann-wide-0.54.0/src/arch/x86_64/v3/mod.rs:313:17
[INFO] [stdout]     |
[INFO] [stdout] 111 | impl V3 {
[INFO] [stdout] ...
[INFO] [stdout] 307 |         pub(super) unsafe fn run_function_with_2<F, T0, T1, R>(
[INFO] [stdout] ...
[INFO] [stdout] 313 |             T0: AddLifetime,
[INFO] [stdout]     |                 ^^^^^^^^^^^ required by this bound in `V3::run_function_with_2`
[INFO] [stdout] 
[INFO] [stdout] 
[INFO] [stdout] error[E0283]: type annotations needed
[INFO] [stdout]    --> /opt/rustwide/cargo-home/registry/src/index.crates.io-1949cf8c6b5b557f/diskann-wide-0.54.0/src/arch/x86_64/v3/mod.rs:466:44
[INFO] [stdout]     |
[INFO] [stdout] 466 |             Self::run_function_with_3::<F, _, _, _, _>;
[INFO] [stdout]     |                                            ^ cannot infer type
[INFO] [stdout]     |
[INFO] [stdout]     = note: the type must implement `AddLifetime`
[INFO] [stdout]     = help: the following types implement trait `AddLifetime`:
[INFO] [stdout]               As<T>
[INFO] [stdout]               Mut<T>
[INFO] [stdout]               String
[INFO] [stdout]               bool
[INFO] [stdout]               f32
[INFO] [stdout]               f64
[INFO] [stdout]               half::f16
[INFO] [stdout]               i16
[INFO] [stdout]             and 9 others
[INFO] [stdout] note: required by a bound in `V3::run_function_with_3`
[INFO] [stdout]    --> /opt/rustwide/cargo-home/registry/src/index.crates.io-1949cf8c6b5b557f/diskann-wide-0.54.0/src/arch/x86_64/v3/mod.rs:332:17
[INFO] [stdout]     |
[INFO] [stdout] 111 | impl V3 {
[INFO] [stdout] ...
[INFO] [stdout] 325 |         pub(super) unsafe fn run_function_with_3<F, T0, T1, T2, R>(
[INFO] [stdout] ...
[INFO] [stdout] 332 |             T0: AddLifetime,
[INFO] [stdout]     |                 ^^^^^^^^^^^ required by this bound in `V3::run_function_with_3`
[INFO] [stdout] 
[INFO] [stdout] 
[INFO] [stdout] error[E0283]: type annotations needed
[INFO] [stdout]    --> /opt/rustwide/cargo-home/registry/src/index.crates.io-1949cf8c6b5b557f/diskann-wide-0.54.0/src/arch/x86_64/v4/mod.rs:540:82
[INFO] [stdout]     |
[INFO] [stdout] 540 |         let f: unsafe fn(Self, T0::Of<'_>) -> R = Self::run_function_with_1::<F, _, _>;
[INFO] [stdout]     |                                                                                  ^ cannot infer type
[INFO] [stdout]     |
[INFO] [stdout]     = note: the type must implement `AddLifetime`
[INFO] [stdout]     = help: the following types implement trait `AddLifetime`:
[INFO] [stdout]               As<T>
[INFO] [stdout]               Mut<T>
[INFO] [stdout]               String
[INFO] [stdout]               bool
[INFO] [stdout]               f32
[INFO] [stdout]               f64
[INFO] [stdout]               half::f16
[INFO] [stdout]               i16
[INFO] [stdout]             and 9 others
[INFO] [stdout] note: required by a bound in `v4::V4::run_function_with_1`
[INFO] [stdout]    --> /opt/rustwide/cargo-home/registry/src/index.crates.io-1949cf8c6b5b557f/diskann-wide-0.54.0/src/arch/x86_64/v4/mod.rs:401:17
[INFO] [stdout]     |
[INFO] [stdout] 213 | impl V4 {
[INFO] [stdout] ...
[INFO] [stdout] 399 |         pub(super) unsafe fn run_function_with_1<F, T0, R>(self, x0: T0::Of<'_>) -> R
[INFO] [stdout] 400 |         where
[INFO] [stdout] 401 |             T0: AddLifetime,
[INFO] [stdout]     |                 ^^^^^^^^^^^ required by this bound in `V4::run_function_with_1`
[INFO] [stdout] 
[INFO] [stdout] 
[INFO] [stdout] error[E0283]: type annotations needed
[INFO] [stdout]    --> /opt/rustwide/cargo-home/registry/src/index.crates.io-1949cf8c6b5b557f/diskann-wide-0.54.0/src/arch/x86_64/v4/mod.rs:555:44
[INFO] [stdout]     |
[INFO] [stdout] 555 |             Self::run_function_with_2::<F, _, _, _>;
[INFO] [stdout]     |                                            ^ cannot infer type
[INFO] [stdout]     |
[INFO] [stdout]     = note: the type must implement `AddLifetime`
[INFO] [stdout]     = help: the following types implement trait `AddLifetime`:
[INFO] [stdout]               As<T>
[INFO] [stdout]               Mut<T>
[INFO] [stdout]               String
[INFO] [stdout]               bool
[INFO] [stdout]               f32
[INFO] [stdout]               f64
[INFO] [stdout]               half::f16
[INFO] [stdout]               i16
[INFO] [stdout]             and 9 others
[INFO] [stdout] note: required by a bound in `v4::V4::run_function_with_2`
[INFO] [stdout]    --> /opt/rustwide/cargo-home/registry/src/index.crates.io-1949cf8c6b5b557f/diskann-wide-0.54.0/src/arch/x86_64/v4/mod.rs:418:17
[INFO] [stdout]     |
[INFO] [stdout] 213 | impl V4 {
[INFO] [stdout] ...
[INFO] [stdout] 412 |         pub(super) unsafe fn run_function_with_2<F, T0, T1, R>(
[INFO] [stdout] ...
[INFO] [stdout] 418 |             T0: AddLifetime,
[INFO] [stdout]     |                 ^^^^^^^^^^^ required by this bound in `V4::run_function_with_2`
[INFO] [stdout] 
[INFO] [stdout] 
[INFO] [stdout] error[E0283]: type annotations needed
[INFO] [stdout]    --> /opt/rustwide/cargo-home/registry/src/index.crates.io-1949cf8c6b5b557f/diskann-wide-0.54.0/src/arch/x86_64/v4/mod.rs:571:44
[INFO] [stdout]     |
[INFO] [stdout] 571 |             Self::run_function_with_3::<F, _, _, _, _>;
[INFO] [stdout]     |                                            ^ cannot infer type
[INFO] [stdout]     |
[INFO] [stdout]     = note: the type must implement `AddLifetime`
[INFO] [stdout]     = help: the following types implement trait `AddLifetime`:
[INFO] [stdout]               As<T>
[INFO] [stdout]               Mut<T>
[INFO] [stdout]               String
[INFO] [stdout]               bool
[INFO] [stdout]               f32
[INFO] [stdout]               f64
[INFO] [stdout]               half::f16
[INFO] [stdout]               i16
[INFO] [stdout]             and 9 others
[INFO] [stdout] note: required by a bound in `v4::V4::run_function_with_3`
[INFO] [stdout]    --> /opt/rustwide/cargo-home/registry/src/index.crates.io-1949cf8c6b5b557f/diskann-wide-0.54.0/src/arch/x86_64/v4/mod.rs:437:17
[INFO] [stdout]     |
[INFO] [stdout] 213 | impl V4 {
[INFO] [stdout] ...
[INFO] [stdout] 430 |         pub(super) unsafe fn run_function_with_3<F, T0, T1, T2, R>(
[INFO] [stdout] ...
[INFO] [stdout] 437 |             T0: AddLifetime,
[INFO] [stdout]     |                 ^^^^^^^^^^^ required by this bound in `V4::run_function_with_3`
[INFO] [stdout] 
[INFO] [stdout] 
[INFO] [stderr]    Compiling revision-derive v0.30.0
[INFO] [stdout] For more information about this error, try `rustc --explain E0283`.
[INFO] [stdout] 
[INFO] [stderr] error: could not compile `diskann-wide` (lib) due to 6 previous errors
[INFO] [stderr] warning: build failed, waiting for other jobs to finish...
[INFO] [stderr] error: could not compile `rsvelte_core` (lib)
[INFO] [stderr] 
[INFO] [stderr] Caused by:
[INFO] [stderr]   process didn't exit successfully: `/opt/rustwide/rustup-home/toolchains/3154cc1a3e6424e44f438a95007d043ed5ceaaf6/bin/rustc --crate-name rsvelte_core --edition=2024 vendor/rsvelte/rsvelte_core/src/lib.rs --error-format=json --json=diagnostic-rendered-ansi,artifacts,future-incompat,unused-externs-silent --crate-type rlib --emit=dep-info,metadata -C embed-bitcode=no -C debuginfo=2 --deny=unsafe_op_in_unsafe_fn '--deny=clippy::undocumented_unsafe_blocks' '--allow=clippy::type_complexity' '--allow=clippy::too_many_arguments' '--deny=clippy::format_push_string' --cfg 'feature="parallel"' --check-cfg 'cfg(docsrs,test)' --check-cfg 'cfg(feature, values("default", "measure-await", "measure-destructure-scanner", "measure-hoisted", "measure-json", "measure-module-source", "measure-pa-split", "measure-prop-reads", "measure-semantic-build", "measure-slot-key", "measure-stmt-chain", "measure-tf-split", "parallel", "trace-fastpath", "wasm-target"))' -C metadata=0e83990f5212a0f7 -C extra-filename=-32c2cfa44363759b --out-dir /opt/rustwide/target/debug/build/rsvelte_core/32c2cfa44363759b/out -L dependency=/opt/rustwide/target/debug/build/aho-corasick/a69c837171192e07/out -L dependency=/opt/rustwide/target/debug/build/allocator-api2/e4279aa7e7ef5c9a/out -L dependency=/opt/rustwide/target/debug/build/base64-simd/497162d520aa7a5c/out -L dependency=/opt/rustwide/target/debug/build/bitflags/4f73a475ffdfb44b/out -L dependency=/opt/rustwide/target/debug/build/bitmaps/79a51f864f543e5b/out -L dependency=/opt/rustwide/target/debug/build/bitvec/36c9bc9c1e7251f6/out -L dependency=/opt/rustwide/target/debug/build/bytecount/c3d08f69b28dd094/out -L dependency=/opt/rustwide/target/debug/build/castaway/774a978b7a2e3167/out -L dependency=/opt/rustwide/target/debug/build/cfg-if/190c9021fd162845/out -L dependency=/opt/rustwide/target/debug/build/compact_str/cbff8c3ac79addb9/out -L dependency=/opt/rustwide/target/debug/build/cow-utils/2e6250e60ac57551/out -L dependency=/opt/rustwide/target/debug/build/crossbeam-deque/8276e8ac1863dbd1/out -L dependency=/opt/rustwide/target/debug/build/crossbeam-epoch/8f4743d06fdd5f2e/out -L dependency=/opt/rustwide/target/debug/build/crossbeam-utils/438f252b9b1e5e6c/out -L dependency=/opt/rustwide/target/debug/build/data-encoding/a41f0c43161924c9/out -L dependency=/opt/rustwide/target/debug/build/debugid/585baa74749ef945/out -L dependency=/opt/rustwide/target/debug/build/displaydoc/9f12dcea40be8edf/out -L dependency=/opt/rustwide/target/debug/build/dragonbox_ecma/e28a03b78f9121a4/out -L dependency=/opt/rustwide/target/debug/build/either/91f0e0364e264e7b/out -L dependency=/opt/rustwide/target/debug/build/equivalent/d23b026399a51038/out -L dependency=/opt/rustwide/target/debug/build/foldhash/7cc0e6b6b64910e8/out -L dependency=/opt/rustwide/target/debug/build/form_urlencoded/a0709cb2f4e6749a/out -L dependency=/opt/rustwide/target/debug/build/funty/f036997386003508/out -L dependency=/opt/rustwide/target/debug/build/getrandom/1f0564378f8caa17/out -L dependency=/opt/rustwide/target/debug/build/getrandom/c05f60a9c819763b/out -L dependency=/opt/rustwide/target/debug/build/hashbrown/6e515fc19eb5e90b/out -L dependency=/opt/rustwide/target/debug/build/icu_collections/45b3d8a494006e49/out -L dependency=/opt/rustwide/target/debug/build/icu_locale_core/31dde82e0a21f869/out -L dependency=/opt/rustwide/target/debug/build/icu_normalizer/3bb1d2468fff9d0a/out -L dependency=/opt/rustwide/target/debug/build/icu_normalizer_data/55d53c9d9302ab5f/out -L dependency=/opt/rustwide/target/debug/build/icu_properties/b23b656cecb05360/out -L dependency=/opt/rustwide/target/debug/build/icu_properties_data/17963fca1444d170/out -L dependency=/opt/rustwide/target/debug/build/icu_provider/743bd5d2b39185c5/out -L dependency=/opt/rustwide/target/debug/build/idna/a675c541ff6a6f27/out -L dependency=/opt/rustwide/target/debug/build/idna_adapter/baea018435cb15d8/out -L dependency=/opt/rustwide/target/debug/build/if_chain/2a50e4c013b68f7a/out -L dependency=/opt/rustwide/target/debug/build/indexmap/862b4041c2825c4a/out -L dependency=/opt/rustwide/target/debug/build/itertools/6d84a511693cc1aa/out -L dependency=/opt/rustwide/target/debug/build/itoa/488dcf4f13423b18/out -L dependency=/opt/rustwide/target/debug/build/json-escape-simd/875c37608f4f23ed/out -L dependency=/opt/rustwide/target/debug/build/libc/b3dd724d477b84c5/out -L dependency=/opt/rustwide/target/debug/build/libm/89e5b3015da8f563/out -L dependency=/opt/rustwide/target/debug/build/litemap/1a3530997fd9ec30/out -L dependency=/opt/rustwide/target/debug/build/memchr/b924193483665774/out -L dependency=/opt/rustwide/target/debug/build/miette-derive/4d7785241660fed5/out -L dependency=/opt/rustwide/target/debug/build/nonmax/396b3e1595e9d4f5/out -L dependency=/opt/rustwide/target/debug/build/num-bigint/8a5039073e4c7711/out -L dependency=/opt/rustwide/target/debug/build/num-integer/1d1b690711ca7bd7/out -L dependency=/opt/rustwide/target/debug/build/num-traits/db5824db52a73596/out -L dependency=/opt/rustwide/target/debug/build/outref/dc38b173fed6e653/out -L dependency=/opt/rustwide/target/debug/build/owo-colors/9b721df5a5d9becc/out -L dependency=/opt/rustwide/target/debug/build/oxc_allocator/b5eb60118aa2b45f/out -L dependency=/opt/rustwide/target/debug/build/oxc_ast/3f7e33f7b820fc4e/out -L dependency=/opt/rustwide/target/debug/build/oxc_ast_macros/2d26b91c7ee99a01/out -L dependency=/opt/rustwide/target/debug/build/oxc_ast_visit/6194c641df4caef1/out -L dependency=/opt/rustwide/target/debug/build/oxc_data_structures/c9608e3d5192a96d/out -L dependency=/opt/rustwide/target/debug/build/oxc_diagnostics/1af084309f520e8c/out -L dependency=/opt/rustwide/target/debug/build/oxc_ecmascript/747ad8d1b5bb88da/out -L dependency=/opt/rustwide/target/debug/build/oxc_estree/44ef10d9775952e5/out -L dependency=/opt/rustwide/target/debug/build/oxc_index/61c88d7f78afbc8a/out -L dependency=/opt/rustwide/target/debug/build/oxc_regular_expression/1d82050413ac0933/out -L dependency=/opt/rustwide/target/debug/build/oxc_semantic/a465f122a8b1d7ad/out -L dependency=/opt/rustwide/target/debug/build/oxc_sourcemap/c339613e8752bed0/out -L dependency=/opt/rustwide/target/debug/build/oxc_span/bb5bb000adb9cdf9/out -L dependency=/opt/rustwide/target/debug/build/oxc_str/fda7fae548c6e605/out -L dependency=/opt/rustwide/target/debug/build/oxc_syntax/d954ce49d687d19f/out -L dependency=/opt/rustwide/target/debug/build/percent-encoding/f0f3780066f274e0/out -L dependency=/opt/rustwide/target/debug/build/phf/64f949da5cb83778/out -L dependency=/opt/rustwide/target/debug/build/phf_macros/ed060ff7787ec12b/out -L dependency=/opt/rustwide/target/debug/build/phf_shared/26413c3860fadb6b/out -L dependency=/opt/rustwide/target/debug/build/potential_utf/59467d434032e621/out -L dependency=/opt/rustwide/target/debug/build/radium/6818750d4d7c9b07/out -L dependency=/opt/rustwide/target/debug/build/rand_core/20eb3270fc02ca90/out -L dependency=/opt/rustwide/target/debug/build/rand_xoshiro/bc209f50b5a51719/out -L dependency=/opt/rustwide/target/debug/build/rayon-core/121f0037400e163a/out -L dependency=/opt/rustwide/target/debug/build/rayon/5ee3d92fec3bec98/out -L dependency=/opt/rustwide/target/debug/build/regex-automata/f4b9f1e5a8545a61/out -L dependency=/opt/rustwide/target/debug/build/regex-syntax/aa2c0ef21912879c/out -L dependency=/opt/rustwide/target/debug/build/regex/de271ab1e49b706c/out -L dependency=/opt/rustwide/target/debug/build/rustc-hash/9f55c8acc6427e18/out -L dependency=/opt/rustwide/target/debug/build/rustversion/5cea38e78999152b/out -L dependency=/opt/rustwide/target/debug/build/self_cell/7ba87d1a3ee9a3f5/out -L dependency=/opt/rustwide/target/debug/build/seq-macro/f9ac563ba0e6e78d/out -L dependency=/opt/rustwide/target/debug/build/serde/6675f36d185f4629/out -L dependency=/opt/rustwide/target/debug/build/serde_core/48032791fab7ab4f/out -L dependency=/opt/rustwide/target/debug/build/serde_derive/54ab2da55768af51/out -L dependency=/opt/rustwide/target/debug/build/serde_json/bdb809000a023e40/out -L dependency=/opt/rustwide/target/debug/build/sha1_smol/4e2b7f6914ec1690/out -L dependency=/opt/rustwide/target/debug/build/siphasher/893e00f08ec67819/out -L dependency=/opt/rustwide/target/debug/build/sized-chunks/96793709fd5a5008/out -L dependency=/opt/rustwide/target/debug/build/smallvec/acae779b4c5091fc/out -L dependency=/opt/rustwide/target/debug/build/smawk/9d6076bd28f30f3b/out -L dependency=/opt/rustwide/target/debug/build/stable_deref_trait/a4bd0afb694af506/out -L dependency=/opt/rustwide/target/debug/build/static_assertions/f2154b0bf273423d/out -L dependency=/opt/rustwide/target/debug/build/tap/5e0b76b1214ba198/out -L dependency=/opt/rustwide/target/debug/build/textwrap/6af2f0e22d85576e/out -L dependency=/opt/rustwide/target/debug/build/thiserror-impl/19762a1d9de97636/out -L dependency=/opt/rustwide/target/debug/build/tinystr/a75cefca1eb5b91f/out -L dependency=/opt/rustwide/target/debug/build/typenum/24aab6a4200ddd27/out -L dependency=/opt/rustwide/target/debug/build/unicode-id-start/1af4315288fca26c/out -L dependency=/opt/rustwide/target/debug/build/unicode-linebreak/12bb701ff06838c9/out -L dependency=/opt/rustwide/target/debug/build/unicode-segmentation/e19b1e2ed5cbf77b/out -L dependency=/opt/rustwide/target/debug/build/unicode-width/831b79c958a0d7a0/out -L dependency=/opt/rustwide/target/debug/build/unicode-width/a2cad30f1b072f70/out -L dependency=/opt/rustwide/target/debug/build/url/d6584353ea6df451/out -L dependency=/opt/rustwide/target/debug/build/utf8_iter/88f5a358869389d3/out -L dependency=/opt/rustwide/target/debug/build/uuid/0a062f2cd4e4cad3/out -L dependency=/opt/rustwide/target/debug/build/vsimd/0a8a956ba92747cc/out -L dependency=/opt/rustwide/target/debug/build/writeable/5ca0ec95d9ef6c5c/out -L dependency=/opt/rustwide/target/debug/build/wyz/98cc9b693d506724/out -L dependency=/opt/rustwide/target/debug/build/yoke-derive/3f4a5c2a9c2e89d0/out -L dependency=/opt/rustwide/target/debug/build/yoke/28134e0e38945f62/out -L dependency=/opt/rustwide/target/debug/build/zerofrom-derive/c909a7a04ed84200/out -L dependency=/opt/rustwide/target/debug/build/zerofrom/eec14baec2887db2/out -L dependency=/opt/rustwide/target/debug/build/zerotrie/62abdf6e23b5947c/out -L dependency=/opt/rustwide/target/debug/build/zerovec-derive/83bf5a6e127ba1f8/out -L dependency=/opt/rustwide/target/debug/build/zerovec/e479954dd0ab3faf/out -L dependency=/opt/rustwide/target/debug/build/zmij/93cb3e10a525d438/out --extern bumpalo=/opt/rustwide/target/debug/build/bumpalo/90ef0640e9d86faa/out/libbumpalo-90ef0640e9d86faa.rmeta --extern compact_str=/opt/rustwide/target/debug/build/compact_str/cbff8c3ac79addb9/out/libcompact_str-cbff8c3ac79addb9.rmeta --extern im=/opt/rustwide/target/debug/build/im/679143c85076a4b2/out/libim-679143c85076a4b2.rmeta --extern indexmap=/opt/rustwide/target/debug/build/indexmap/862b4041c2825c4a/out/libindexmap-862b4041c2825c4a.rmeta --extern itoa=/opt/rustwide/target/debug/build/itoa/488dcf4f13423b18/out/libitoa-488dcf4f13423b18.rmeta --extern lazy_static=/opt/rustwide/target/debug/build/lazy_static/cb8ca6aa8c56979f/out/liblazy_static-cb8ca6aa8c56979f.rmeta --extern memchr=/opt/rustwide/target/debug/build/memchr/b924193483665774/out/libmemchr-b924193483665774.rmeta --extern miette=/opt/rustwide/target/debug/build/miette/1210da8503e6846d/out/libmiette-1210da8503e6846d.rmeta --extern oxc_allocator=/opt/rustwide/target/debug/build/oxc_allocator/b5eb60118aa2b45f/out/liboxc_allocator-b5eb60118aa2b45f.rmeta --extern oxc_ast=/opt/rustwide/target/debug/build/oxc_ast/3f7e33f7b820fc4e/out/liboxc_ast-3f7e33f7b820fc4e.rmeta --extern oxc_ast_visit=/opt/rustwide/target/debug/build/oxc_ast_visit/6194c641df4caef1/out/liboxc_ast_visit-6194c641df4caef1.rmeta --extern oxc_codegen=/opt/rustwide/target/debug/build/oxc_codegen/532490f46ba2a01e/out/liboxc_codegen-532490f46ba2a01e.rmeta --extern oxc_diagnostics=/opt/rustwide/target/debug/build/oxc_diagnostics/1af084309f520e8c/out/liboxc_diagnostics-1af084309f520e8c.rmeta --extern oxc_parser=/opt/rustwide/target/debug/build/oxc_parser/ebbff17868c893f1/out/liboxc_parser-ebbff17868c893f1.rmeta --extern oxc_semantic=/opt/rustwide/target/debug/build/oxc_semantic/a465f122a8b1d7ad/out/liboxc_semantic-a465f122a8b1d7ad.rmeta --extern oxc_span=/opt/rustwide/target/debug/build/oxc_span/bb5bb000adb9cdf9/out/liboxc_span-bb5bb000adb9cdf9.rmeta --extern oxc_syntax=/opt/rustwide/target/debug/build/oxc_syntax/d954ce49d687d19f/out/liboxc_syntax-d954ce49d687d19f.rmeta --extern rayon=/opt/rustwide/target/debug/build/rayon/5ee3d92fec3bec98/out/librayon-5ee3d92fec3bec98.rmeta --extern regex=/opt/rustwide/target/debug/build/regex/de271ab1e49b706c/out/libregex-de271ab1e49b706c.rmeta --extern rsvelte_esrap=/opt/rustwide/target/debug/build/rsvelte_esrap/aa627e5b4abfa0a7/out/librsvelte_esrap-aa627e5b4abfa0a7.rmeta --extern rustc_hash=/opt/rustwide/target/debug/build/rustc-hash/9f55c8acc6427e18/out/librustc_hash-9f55c8acc6427e18.rmeta --extern self_cell=/opt/rustwide/target/debug/build/self_cell/7ba87d1a3ee9a3f5/out/libself_cell-7ba87d1a3ee9a3f5.rmeta --extern serde=/opt/rustwide/target/debug/build/serde/6675f36d185f4629/out/libserde-6675f36d185f4629.rmeta --extern serde_json=/opt/rustwide/target/debug/build/serde_json/bdb809000a023e40/out/libserde_json-bdb809000a023e40.rmeta --extern smallvec=/opt/rustwide/target/debug/build/smallvec/acae779b4c5091fc/out/libsmallvec-acae779b4c5091fc.rmeta --extern sourcemap=/opt/rustwide/target/debug/build/sourcemap/b5e790024039a011/out/libsourcemap-b5e790024039a011.rmeta --extern string_wizard=/opt/rustwide/target/debug/build/string_wizard/dce5b90b9befae59/out/libstring_wizard-dce5b90b9befae59.rmeta --extern thiserror=/opt/rustwide/target/debug/build/thiserror/389980d464017507/out/libthiserror-389980d464017507.rmeta --cap-lints=forbid --force-warn=unused_crate_dependencies` (signal: 9, SIGKILL: kill)
[INFO] running `Command { std: "docker" "inspect" "7f1d1600e5105c710edf6888b2cd6eea22a334575ce25370c96541ef9dd6a4b8", kill_on_drop: false }`
[INFO] running `Command { std: "docker" "rm" "-f" "7f1d1600e5105c710edf6888b2cd6eea22a334575ce25370c96541ef9dd6a4b8", kill_on_drop: false }`
[INFO] [stdout] 7f1d1600e5105c710edf6888b2cd6eea22a334575ce25370c96541ef9dd6a4b8
