[INFO] cloning repository https://github.com/Cult-of-the-Table/language
[INFO] running `Command { std: "git" "-c" "credential.helper=" "-c" "credential.helper=/workspace/cargo-home/bin/git-credential-null" "clone" "--bare" "https://github.com/Cult-of-the-Table/language" "/workspace/cache/git-repos/https%3A%2F%2Fgithub.com%2FCult-of-the-Table%2Flanguage", kill_on_drop: false }`
[INFO] [stderr] Cloning into bare repository '/workspace/cache/git-repos/https%3A%2F%2Fgithub.com%2FCult-of-the-Table%2Flanguage'...
[INFO] running `Command { std: "git" "rev-parse" "HEAD", kill_on_drop: false }`
[INFO] [stdout] 7357123e19631526cca385bd69045a335de599f7
[INFO] checking Cult-of-the-Table/language against 3154cc1a3e6424e44f438a95007d043ed5ceaaf6 for pr-133502-30
[INFO] running `Command { std: "git" "clone" "/workspace/cache/git-repos/https%3A%2F%2Fgithub.com%2FCult-of-the-Table%2Flanguage" "/workspace/builds/worker-0-tc2/source", kill_on_drop: false }`
[INFO] [stderr] Cloning into '/workspace/builds/worker-0-tc2/source'...
[INFO] [stderr] done.
[INFO] started tweaking git repo https://github.com/Cult-of-the-Table/language
[INFO] finished tweaking git repo https://github.com/Cult-of-the-Table/language
[INFO] tweaked toml for git repo https://github.com/Cult-of-the-Table/language written to /workspace/builds/worker-0-tc2/source/Cargo.toml
[INFO] validating manifest of git repo https://github.com/Cult-of-the-Table/language on toolchain 3154cc1a3e6424e44f438a95007d043ed5ceaaf6
[INFO] running `Command { std: CARGO_HOME="/workspace/cargo-home" RUSTUP_HOME="/workspace/rustup-home" "/workspace/cargo-home/bin/cargo" "+3154cc1a3e6424e44f438a95007d043ed5ceaaf6" "metadata" "--manifest-path" "Cargo.toml" "--no-deps", kill_on_drop: false }`
[INFO] crate git repo https://github.com/Cult-of-the-Table/language already has a lockfile, it will not be regenerated
[INFO] running `Command { std: CARGO_HOME="/workspace/cargo-home" RUSTUP_HOME="/workspace/rustup-home" "/workspace/cargo-home/bin/cargo" "+3154cc1a3e6424e44f438a95007d043ed5ceaaf6" "fetch" "--manifest-path" "Cargo.toml", kill_on_drop: false }`
[INFO] [stderr] warning: unused workspace dependency `cli`
[INFO] [stderr]  --> Cargo.toml:5:25
[INFO] [stderr]   |
[INFO] [stderr] 5 | [workspace.dependencies.cli]
[INFO] [stderr]   |                         ^^^
[INFO] [stderr]   |
[INFO] [stderr]   = note: `cargo::unused_workspace_dependencies` is set to `warn` by default
[INFO] [stderr] help: consider removing the workspace dependency `cli`
[INFO] [stderr] warning: unused workspace dependency `parser`
[INFO] [stderr]   --> Cargo.toml:11:25
[INFO] [stderr]    |
[INFO] [stderr] 11 | [workspace.dependencies.parser]
[INFO] [stderr]    |                         ^^^^^^
[INFO] [stderr]    |
[INFO] [stderr] help: consider removing the workspace dependency `parser`
[INFO] [stderr] warning: workspace (manifest) generated 2 warnings
[INFO] running `Command { std: "docker" "create" "-v" "/var/lib/crater-agent-workspace/builds/worker-0-tc2/source:/opt/rustwide/workdir:ro,Z" "-v" "/var/lib/crater-agent-workspace/builds/worker-0-tc2/target:/opt/rustwide/target:rw,Z" "-v" "/var/lib/crater-agent-workspace/cargo-home:/opt/rustwide/cargo-home:ro,Z" "-v" "/var/lib/crater-agent-workspace/rustup-home:/opt/rustwide/rustup-home:ro,Z" "-m" "1610612736" "--network" "none" "ghcr.io/rust-lang/crates-build-env/linux@sha256:77db811e55d90add9212f6832c23229e3de5f1c1f9905e8cb07319ea15df73ac" "sleep" "infinity", kill_on_drop: false }`
[INFO] [stdout] 53ed9e6e0a71d163ede3177d06e5c772de2ca14aa55c872b2b97896911b41860
[INFO] running `Command { std: "docker" "start" "53ed9e6e0a71d163ede3177d06e5c772de2ca14aa55c872b2b97896911b41860", kill_on_drop: false }`
[INFO] running `Command { std: "docker" "inspect" "53ed9e6e0a71d163ede3177d06e5c772de2ca14aa55c872b2b97896911b41860", kill_on_drop: false }`
[INFO] running `Command { std: "docker" "exec" "-e" "SOURCE_DIR=/opt/rustwide/workdir" "-e" "CARGO_HOME=/opt/rustwide/cargo-home" "-e" "RUSTUP_HOME=/opt/rustwide/rustup-home" "-e" "CARGO_TARGET_DIR=/opt/rustwide/target" "-w" "/opt/rustwide/workdir" "--user" "0:0" "53ed9e6e0a71d163ede3177d06e5c772de2ca14aa55c872b2b97896911b41860" "/opt/rustwide/cargo-home/bin/cargo" "+3154cc1a3e6424e44f438a95007d043ed5ceaaf6" "metadata" "--no-deps" "--format-version=1", kill_on_drop: false }`
[INFO] running `Command { std: "docker" "inspect" "53ed9e6e0a71d163ede3177d06e5c772de2ca14aa55c872b2b97896911b41860", kill_on_drop: false }`
[INFO] running `Command { std: "docker" "exec" "-e" "SOURCE_DIR=/opt/rustwide/workdir" "-e" "CARGO_HOME=/opt/rustwide/cargo-home" "-e" "RUSTUP_HOME=/opt/rustwide/rustup-home" "-e" "CARGO_TARGET_DIR=/opt/rustwide/target" "-e" "CARGO_INCREMENTAL=0" "-e" "RUST_BACKTRACE=full" "-e" "RUSTFLAGS=--cap-lints=forbid" "-e" "RUSTDOCFLAGS=--cap-lints=forbid" "-w" "/opt/rustwide/workdir" "--user" "0:0" "53ed9e6e0a71d163ede3177d06e5c772de2ca14aa55c872b2b97896911b41860" "/opt/rustwide/cargo-home/bin/cargo" "+3154cc1a3e6424e44f438a95007d043ed5ceaaf6" "check" "--frozen" "--all" "--all-targets" "--message-format=json", kill_on_drop: false }`
[INFO] [stderr] warning: unused workspace dependency `cli`
[INFO] [stderr]  --> Cargo.toml:5:25
[INFO] [stderr]   |
[INFO] [stderr] 5 | [workspace.dependencies.cli]
[INFO] [stderr]   |                         ^^^
[INFO] [stderr]   |
[INFO] [stderr]   = note: `cargo::unused_workspace_dependencies` is set to `warn` by default
[INFO] [stderr] help: consider removing the workspace dependency `cli`
[INFO] [stderr] warning: unused workspace dependency `parser`
[INFO] [stderr]   --> Cargo.toml:11:25
[INFO] [stderr]    |
[INFO] [stderr] 11 | [workspace.dependencies.parser]
[INFO] [stderr]    |                         ^^^^^^
[INFO] [stderr]    |
[INFO] [stderr] help: consider removing the workspace dependency `parser`
[INFO] [stderr] warning: workspace (manifest) generated 2 warnings
[INFO] [stderr]    Compiling object v0.39.1
[INFO] [stderr]    Compiling aho-corasick v1.1.5
[INFO] [stderr]     Checking cli v0.1.0 (/opt/rustwide/workdir/cli)
[INFO] [stderr]    Compiling stacker v0.1.25
[INFO] [stderr]    Compiling syn v2.0.119
[INFO] [stderr]    Compiling regex-automata v0.4.18
[INFO] [stderr]    Compiling logos-codegen v0.16.1
[INFO] [stderr]    Compiling ar_archive_writer v0.5.3
[INFO] [stderr]    Compiling logos-derive v0.16.1
[INFO] [stderr]     Checking logos v0.16.1
[INFO] [stderr]    Compiling psm v0.1.32
[INFO] [stderr]     Checking lexer v0.1.0 (/opt/rustwide/workdir/lexer)
[INFO] [stderr]     Checking chumsky v0.13.0
[INFO] [stdout] error[E0599]: no variant, associated function, or constant named `Borrow` found for enum `Token` in the current scope
[INFO] [stdout]    --> lexer/src/test.rs:276:20
[INFO] [stdout]     |
[INFO] [stdout] 276 |             Token::Borrow,
[INFO] [stdout]     |                    ^^^^^^ variant, associated function, or constant not found in `Token`
[INFO] [stdout]     |
[INFO] [stdout]    ::: lexer/src/lib.rs:8:1
[INFO] [stdout]     |
[INFO] [stdout]   8 | pub enum Token {
[INFO] [stdout]     | -------------- variant, associated function, or constant `Borrow` not found for this enum
[INFO] [stdout]     |
[INFO] [stdout] help: there is a method `borrow` with a similar name
[INFO] [stdout]    --> /rustc/3154cc1a3e6424e44f438a95007d043ed5ceaaf6/library/core/src/borrow.rs:179:4
[INFO] [stdout] 
[INFO] [stdout] 
[INFO] [stdout] error[E0599]: no variant, associated function, or constant named `Borrow` found for enum `Token` in the current scope
[INFO] [stdout]    --> lexer/src/test.rs:278:20
[INFO] [stdout]     |
[INFO] [stdout] 278 |             Token::Borrow,
[INFO] [stdout]     |                    ^^^^^^ variant, associated function, or constant not found in `Token`
[INFO] [stdout]     |
[INFO] [stdout]    ::: lexer/src/lib.rs:8:1
[INFO] [stdout]     |
[INFO] [stdout]   8 | pub enum Token {
[INFO] [stdout]     | -------------- variant, associated function, or constant `Borrow` not found for this enum
[INFO] [stdout]     |
[INFO] [stdout] help: there is a method `borrow` with a similar name
[INFO] [stdout]    --> /rustc/3154cc1a3e6424e44f438a95007d043ed5ceaaf6/library/core/src/borrow.rs:179:4
[INFO] [stdout] 
[INFO] [stdout] 
[INFO] [stdout] error[E0599]: no variant, associated function, or constant named `Borrow` found for enum `Token` in the current scope
[INFO] [stdout]    --> lexer/src/test.rs:279:20
[INFO] [stdout]     |
[INFO] [stdout] 279 |             Token::Borrow,
[INFO] [stdout]     |                    ^^^^^^ variant, associated function, or constant not found in `Token`
[INFO] [stdout]     |
[INFO] [stdout]    ::: lexer/src/lib.rs:8:1
[INFO] [stdout]     |
[INFO] [stdout]   8 | pub enum Token {
[INFO] [stdout]     | -------------- variant, associated function, or constant `Borrow` not found for this enum
[INFO] [stdout]     |
[INFO] [stdout] help: there is a method `borrow` with a similar name
[INFO] [stdout]    --> /rustc/3154cc1a3e6424e44f438a95007d043ed5ceaaf6/library/core/src/borrow.rs:179:4
[INFO] [stdout] 
[INFO] [stdout] 
[INFO] [stdout] error[E0599]: no variant, associated function, or constant named `Borrow` found for enum `Token` in the current scope
[INFO] [stdout]    --> lexer/src/test.rs:524:20
[INFO] [stdout]     |
[INFO] [stdout] 524 |             Token::Borrow,
[INFO] [stdout]     |                    ^^^^^^ variant, associated function, or constant not found in `Token`
[INFO] [stdout]     |
[INFO] [stdout]    ::: lexer/src/lib.rs:8:1
[INFO] [stdout]     |
[INFO] [stdout]   8 | pub enum Token {
[INFO] [stdout]     | -------------- variant, associated function, or constant `Borrow` not found for this enum
[INFO] [stdout]     |
[INFO] [stdout] help: there is a method `borrow` with a similar name
[INFO] [stdout]    --> /rustc/3154cc1a3e6424e44f438a95007d043ed5ceaaf6/library/core/src/borrow.rs:179:4
[INFO] [stdout] 
[INFO] [stdout] 
[INFO] [stdout] error[E0599]: no variant, associated function, or constant named `Borrow` found for enum `Token` in the current scope
[INFO] [stdout]    --> lexer/src/test.rs:551:20
[INFO] [stdout]     |
[INFO] [stdout] 551 |             Token::Borrow,
[INFO] [stdout]     |                    ^^^^^^ variant, associated function, or constant not found in `Token`
[INFO] [stdout]     |
[INFO] [stdout]    ::: lexer/src/lib.rs:8:1
[INFO] [stdout]     |
[INFO] [stdout]   8 | pub enum Token {
[INFO] [stdout]     | -------------- variant, associated function, or constant `Borrow` not found for this enum
[INFO] [stdout]     |
[INFO] [stdout] help: there is a method `borrow` with a similar name
[INFO] [stdout]    --> /rustc/3154cc1a3e6424e44f438a95007d043ed5ceaaf6/library/core/src/borrow.rs:179:4
[INFO] [stdout] 
[INFO] [stdout] 
[INFO] [stdout] For more information about this error, try `rustc --explain E0599`.
[INFO] [stdout] 
[INFO] [stderr] error: could not compile `lexer` (lib test) due to 5 previous errors
[INFO] [stderr] warning: build failed, waiting for other jobs to finish...
[INFO] running `Command { std: "docker" "inspect" "53ed9e6e0a71d163ede3177d06e5c772de2ca14aa55c872b2b97896911b41860", kill_on_drop: false }`
[INFO] running `Command { std: "docker" "rm" "-f" "53ed9e6e0a71d163ede3177d06e5c772de2ca14aa55c872b2b97896911b41860", kill_on_drop: false }`
[INFO] [stdout] 53ed9e6e0a71d163ede3177d06e5c772de2ca14aa55c872b2b97896911b41860
