[INFO] cloning repository https://github.com/CryogenicPlanet/exp_fs
[INFO] running `Command { std: "git" "-c" "credential.helper=" "-c" "credential.helper=/workspace/cargo-home/bin/git-credential-null" "clone" "--bare" "https://github.com/CryogenicPlanet/exp_fs" "/workspace/cache/git-repos/https%3A%2F%2Fgithub.com%2FCryogenicPlanet%2Fexp_fs", kill_on_drop: false }`
[INFO] [stderr] Cloning into bare repository '/workspace/cache/git-repos/https%3A%2F%2Fgithub.com%2FCryogenicPlanet%2Fexp_fs'...
[INFO] running `Command { std: "git" "rev-parse" "HEAD", kill_on_drop: false }`
[INFO] [stdout] 4ff4c53dd3fc19d603c5a8c5a5bcddfb9b8e92a6
[INFO] checking CryogenicPlanet/exp_fs against 3154cc1a3e6424e44f438a95007d043ed5ceaaf6+rustflags=-Znext-solver=coherence for pr-133502-30
[INFO] running `Command { std: "git" "clone" "/workspace/cache/git-repos/https%3A%2F%2Fgithub.com%2FCryogenicPlanet%2Fexp_fs" "/workspace/builds/worker-2-tc1/source", kill_on_drop: false }`
[INFO] [stderr] Cloning into '/workspace/builds/worker-2-tc1/source'...
[INFO] [stderr] done.
[INFO] started tweaking git repo https://github.com/CryogenicPlanet/exp_fs
[INFO] finished tweaking git repo https://github.com/CryogenicPlanet/exp_fs
[INFO] tweaked toml for git repo https://github.com/CryogenicPlanet/exp_fs written to /workspace/builds/worker-2-tc1/source/Cargo.toml
[INFO] validating manifest of git repo https://github.com/CryogenicPlanet/exp_fs on toolchain 3154cc1a3e6424e44f438a95007d043ed5ceaaf6
[INFO] running `Command { std: CARGO_HOME="/workspace/cargo-home" RUSTUP_HOME="/workspace/rustup-home" "/workspace/cargo-home/bin/cargo" "+3154cc1a3e6424e44f438a95007d043ed5ceaaf6" "metadata" "--manifest-path" "Cargo.toml" "--no-deps", kill_on_drop: false }`
[INFO] crate git repo https://github.com/CryogenicPlanet/exp_fs already has a lockfile, it will not be regenerated
[INFO] running `Command { std: CARGO_HOME="/workspace/cargo-home" RUSTUP_HOME="/workspace/rustup-home" "/workspace/cargo-home/bin/cargo" "+3154cc1a3e6424e44f438a95007d043ed5ceaaf6" "fetch" "--manifest-path" "Cargo.toml", kill_on_drop: false }`
[INFO] [stderr]     Updating crates.io index
[INFO] [stderr]  Downloading crates ...
[INFO] [stderr]   Downloaded ref-cast v1.0.26
[INFO] [stderr]   Downloaded cfg_aliases v0.2.2
[INFO] [stderr]   Downloaded zerocopy-derive v0.8.55
[INFO] [stderr]   Downloaded ref-cast-impl v1.0.26
[INFO] [stderr]   Downloaded page_size v0.6.0
[INFO] [stderr]   Downloaded clap_lex v1.1.0
[INFO] [stderr]   Downloaded thiserror v2.0.19
[INFO] [stderr]   Downloaded xxhash-rust v0.8.18
[INFO] [stderr]   Downloaded thiserror-impl v2.0.19
[INFO] [stderr]   Downloaded log v0.4.33
[INFO] [stderr]   Downloaded clap_derive v4.6.4
[INFO] [stderr]   Downloaded similar v2.7.0
[INFO] [stderr]   Downloaded clap v4.6.5
[INFO] [stderr]   Downloaded syn v3.0.3
[INFO] [stderr]   Downloaded clap_builder v4.6.5
[INFO] [stderr]   Downloaded zerocopy v0.8.55
[INFO] [stderr]   Downloaded nix v0.30.1
[INFO] running `Command { std: "docker" "create" "-v" "/var/lib/crater-agent-workspace/builds/worker-2-tc1/source:/opt/rustwide/workdir:ro,Z" "-v" "/var/lib/crater-agent-workspace/builds/worker-2-tc1/target:/opt/rustwide/target:rw,Z" "-v" "/var/lib/crater-agent-workspace/cargo-home:/opt/rustwide/cargo-home:ro,Z" "-v" "/var/lib/crater-agent-workspace/rustup-home:/opt/rustwide/rustup-home:ro,Z" "-m" "1610612736" "--network" "none" "ghcr.io/rust-lang/crates-build-env/linux@sha256:77db811e55d90add9212f6832c23229e3de5f1c1f9905e8cb07319ea15df73ac" "sleep" "infinity", kill_on_drop: false }`
[INFO] [stdout] 76b8a258e14452265a3188999b9298fc6c7ead3d09fb900e54652a8793249c98
[INFO] running `Command { std: "docker" "start" "76b8a258e14452265a3188999b9298fc6c7ead3d09fb900e54652a8793249c98", kill_on_drop: false }`
[INFO] running `Command { std: "docker" "inspect" "76b8a258e14452265a3188999b9298fc6c7ead3d09fb900e54652a8793249c98", kill_on_drop: false }`
[INFO] running `Command { std: "docker" "exec" "-e" "SOURCE_DIR=/opt/rustwide/workdir" "-e" "CARGO_HOME=/opt/rustwide/cargo-home" "-e" "RUSTUP_HOME=/opt/rustwide/rustup-home" "-e" "CARGO_TARGET_DIR=/opt/rustwide/target" "-w" "/opt/rustwide/workdir" "--user" "0:0" "76b8a258e14452265a3188999b9298fc6c7ead3d09fb900e54652a8793249c98" "/opt/rustwide/cargo-home/bin/cargo" "+3154cc1a3e6424e44f438a95007d043ed5ceaaf6" "metadata" "--no-deps" "--format-version=1", kill_on_drop: false }`
[INFO] running `Command { std: "docker" "inspect" "76b8a258e14452265a3188999b9298fc6c7ead3d09fb900e54652a8793249c98", kill_on_drop: false }`
[INFO] running `Command { std: "docker" "exec" "-e" "SOURCE_DIR=/opt/rustwide/workdir" "-e" "CARGO_HOME=/opt/rustwide/cargo-home" "-e" "RUSTUP_HOME=/opt/rustwide/rustup-home" "-e" "CARGO_TARGET_DIR=/opt/rustwide/target" "-e" "CARGO_INCREMENTAL=0" "-e" "RUST_BACKTRACE=full" "-e" "RUSTFLAGS=--cap-lints=forbid -Znext-solver=coherence" "-e" "RUSTDOCFLAGS=--cap-lints=forbid" "-w" "/opt/rustwide/workdir" "--user" "0:0" "76b8a258e14452265a3188999b9298fc6c7ead3d09fb900e54652a8793249c98" "/opt/rustwide/cargo-home/bin/cargo" "+3154cc1a3e6424e44f438a95007d043ed5ceaaf6" "check" "--frozen" "--all" "--all-targets" "--message-format=json", kill_on_drop: false }`
[INFO] [stderr]    Compiling proc-macro2 v1.0.107
[INFO] [stderr]    Compiling quote v1.0.47
[INFO] [stderr]    Compiling libc v0.2.189
[INFO] [stderr]    Compiling serde_core v1.0.229
[INFO] [stderr]    Compiling parking_lot_core v0.9.12
[INFO] [stderr]     Checking utf8parse v0.2.2
[INFO] [stderr]     Checking anstyle v1.0.14
[INFO] [stderr]     Checking colorchoice v1.0.5
[INFO] [stderr]     Checking anstyle-query v1.1.5
[INFO] [stderr]     Checking anstyle-parse v1.0.0
[INFO] [stderr]    Compiling zmij v1.0.23
[INFO] [stderr]     Checking smallvec v1.15.2
[INFO] [stderr]     Checking scopeguard v1.2.0
[INFO] [stderr]     Checking is_terminal_polyfill v1.70.2
[INFO] [stderr]    Compiling heck v0.5.0
[INFO] [stderr]     Checking lock_api v0.4.14
[INFO] [stderr]     Checking anstream v1.0.0
[INFO] [stderr]     Checking memchr v2.8.3
[INFO] [stderr]    Compiling thiserror v2.0.19
[INFO] [stderr]     Checking clap_lex v1.1.0
[INFO] [stderr]    Compiling serde v1.0.229
[INFO] [stderr]     Checking strsim v0.11.1
[INFO] [stderr]    Compiling serde_json v1.0.151
[INFO] [stderr]     Checking clap_builder v4.6.5
[INFO] [stderr]     Checking xxhash-rust v0.8.18
[INFO] [stderr]     Checking similar v2.7.0
[INFO] [stderr]     Checking bitflags v2.13.1
[INFO] [stderr]    Compiling winnow v1.0.4
[INFO] [stderr]    Compiling hashbrown v0.17.1
[INFO] [stderr]    Compiling autocfg v1.5.1
[INFO] [stderr]    Compiling toml_datetime v1.1.1+spec-1.1.0
[INFO] [stderr]    Compiling syn v3.0.3
[INFO] [stderr]    Compiling syn v2.0.119
[INFO] [stderr]    Compiling memoffset v0.9.1
[INFO] [stderr]    Compiling rustversion v1.0.23
[INFO] [stderr]    Compiling indexmap v2.14.0
[INFO] [stderr]    Compiling rustix v1.1.4
[INFO] [stderr]    Compiling cfg_aliases v0.2.2
[INFO] [stderr]    Compiling getrandom v0.4.3
[INFO] [stderr]    Compiling nix v0.30.1
[INFO] [stderr]    Compiling toml_parser v1.1.3+spec-1.1.0
[INFO] [stderr]     Checking parking_lot v0.12.5
[INFO] [stderr]    Compiling pkg-config v0.3.33
[INFO] [stderr]    Compiling zerocopy v0.8.55
[INFO] [stderr]     Checking linux-raw-sys v0.12.1
[INFO] [stderr]    Compiling ref-cast v1.0.26
[INFO] [stderr]    Compiling toml_edit v0.25.13+spec-1.1.0
[INFO] [stderr]    Compiling fuser v0.17.0 (/opt/rustwide/workdir/scratchpad/rust/vendor/fuser)
[INFO] [stderr]     Checking fastrand v2.5.0
[INFO] [stderr]     Checking page_size v0.6.0
[INFO] [stderr]     Checking log v0.4.33
[INFO] [stderr]    Compiling proc-macro-crate v3.5.0
[INFO] [stderr]     Checking tempfile v3.27.0
[INFO] [stderr]    Compiling serde_derive v1.0.229
[INFO] [stderr]    Compiling clap_derive v4.6.4
[INFO] [stderr]    Compiling thiserror-impl v2.0.19
[INFO] [stderr]    Compiling ref-cast-impl v1.0.26
[INFO] [stderr]    Compiling zerocopy-derive v0.8.55
[INFO] [stderr]    Compiling num_enum_derive v0.7.6
[INFO] [stderr]     Checking num_enum v0.7.6
[INFO] [stderr]     Checking clap v4.6.5
[INFO] [stderr]     Checking agentfs-core v0.1.0 (/opt/rustwide/workdir/rust/agentfs-core)
[INFO] [stdout] error[E0425]: cannot find function `renamex_np` in crate `libc`
[INFO] [stdout]    --> rust/agentfs-core/src/store.rs:981:23
[INFO] [stdout]     |
[INFO] [stdout] 981 |     if unsafe { libc::renamex_np(first.as_ptr(), second.as_ptr(), libc::RENAME_SWAP) } == 0 {
[INFO] [stdout]     |                       ^^^^^^^^^^ not found in `libc`
[INFO] [stdout] 
[INFO] [stdout] 
[INFO] [stdout] error[E0425]: cannot find value `RENAME_SWAP` in crate `libc`
[INFO] [stdout]    --> rust/agentfs-core/src/store.rs:981:73
[INFO] [stdout]     |
[INFO] [stdout] 981 |     if unsafe { libc::renamex_np(first.as_ptr(), second.as_ptr(), libc::RENAME_SWAP) } == 0 {
[INFO] [stdout]     |                                                                         ^^^^^^^^^^^ not found in `libc`
[INFO] [stdout] 
[INFO] [stdout] 
[INFO] [stdout] warning: unused import: `std::ffi::CString`
[INFO] [stdout]  --> rust/agentfs-core/src/clone.rs:1:5
[INFO] [stdout]   |
[INFO] [stdout] 1 | use std::ffi::CString;
[INFO] [stdout]   |     ^^^^^^^^^^^^^^^^^
[INFO] [stdout]   |
[INFO] [stdout]   = note: `#[warn(unused_imports)]` (part of `#[warn(unused)]`) on by default
[INFO] [stdout] 
[INFO] [stdout] 
[INFO] [stdout] warning: unused import: `std::os::unix::ffi::OsStrExt`
[INFO] [stdout]  --> rust/agentfs-core/src/clone.rs:4:5
[INFO] [stdout]   |
[INFO] [stdout] 4 | use std::os::unix::ffi::OsStrExt;
[INFO] [stdout]   |     ^^^^^^^^^^^^^^^^^^^^^^^^^^^^
[INFO] [stdout] 
[INFO] [stdout] 
[INFO] [stdout] error[E0425]: cannot find function `renamex_np` in crate `libc`
[INFO] [stdout]    --> rust/agentfs-core/src/store.rs:981:23
[INFO] [stdout]     |
[INFO] [stdout] 981 |     if unsafe { libc::renamex_np(first.as_ptr(), second.as_ptr(), libc::RENAME_SWAP) } == 0 {
[INFO] [stdout]     |                       ^^^^^^^^^^ not found in `libc`
[INFO] [stdout] 
[INFO] [stdout] 
[INFO] [stdout] error[E0425]: cannot find value `RENAME_SWAP` in crate `libc`
[INFO] [stdout]    --> rust/agentfs-core/src/store.rs:981:73
[INFO] [stdout]     |
[INFO] [stdout] 981 |     if unsafe { libc::renamex_np(first.as_ptr(), second.as_ptr(), libc::RENAME_SWAP) } == 0 {
[INFO] [stdout]     |                                                                         ^^^^^^^^^^^ not found in `libc`
[INFO] [stdout] 
[INFO] [stdout] 
[INFO] [stdout] warning: unused import: `std::ffi::CString`
[INFO] [stdout]  --> rust/agentfs-core/src/clone.rs:1:5
[INFO] [stdout]   |
[INFO] [stdout] 1 | use std::ffi::CString;
[INFO] [stdout]   |     ^^^^^^^^^^^^^^^^^
[INFO] [stdout]   |
[INFO] [stdout]   = note: `#[warn(unused_imports)]` (part of `#[warn(unused)]`) on by default
[INFO] [stdout] 
[INFO] [stdout] 
[INFO] [stdout] warning: unused import: `std::os::unix::ffi::OsStrExt`
[INFO] [stdout]  --> rust/agentfs-core/src/clone.rs:4:5
[INFO] [stdout]   |
[INFO] [stdout] 4 | use std::os::unix::ffi::OsStrExt;
[INFO] [stdout]   |     ^^^^^^^^^^^^^^^^^^^^^^^^^^^^
[INFO] [stdout] 
[INFO] [stdout] 
[INFO] [stdout] For more information about this error, try `rustc --explain E0425`.
[INFO] [stdout] 
[INFO] [stderr] error: could not compile `agentfs-core` (lib) due to 2 previous errors; 2 warnings emitted
[INFO] [stderr] warning: build failed, waiting for other jobs to finish...
[INFO] [stdout] For more information about this error, try `rustc --explain E0425`.
[INFO] [stdout] 
[INFO] [stderr] error: could not compile `agentfs-core` (lib test) due to 2 previous errors; 2 warnings emitted
[INFO] running `Command { std: "docker" "inspect" "76b8a258e14452265a3188999b9298fc6c7ead3d09fb900e54652a8793249c98", kill_on_drop: false }`
[INFO] running `Command { std: "docker" "rm" "-f" "76b8a258e14452265a3188999b9298fc6c7ead3d09fb900e54652a8793249c98", kill_on_drop: false }`
[INFO] [stdout] 76b8a258e14452265a3188999b9298fc6c7ead3d09fb900e54652a8793249c98
