[INFO] cloning repository https://github.com/CreativeMarian/MeshLink
[INFO] running `Command { std: "git" "-c" "credential.helper=" "-c" "credential.helper=/workspace/cargo-home/bin/git-credential-null" "clone" "--bare" "https://github.com/CreativeMarian/MeshLink" "/workspace/cache/git-repos/https%3A%2F%2Fgithub.com%2FCreativeMarian%2FMeshLink", kill_on_drop: false }`
[INFO] [stderr] Cloning into bare repository '/workspace/cache/git-repos/https%3A%2F%2Fgithub.com%2FCreativeMarian%2FMeshLink'...
[INFO] running `Command { std: "git" "rev-parse" "HEAD", kill_on_drop: false }`
[INFO] [stdout] 857f519fd8be497a69fb0c097917ddfae97ce356
[INFO] checking CreativeMarian/MeshLink against 3154cc1a3e6424e44f438a95007d043ed5ceaaf6+rustflags=-Znext-solver=coherence for pr-133502-30
[INFO] running `Command { std: "git" "clone" "/workspace/cache/git-repos/https%3A%2F%2Fgithub.com%2FCreativeMarian%2FMeshLink" "/workspace/builds/worker-7-tc1/source", kill_on_drop: false }`
[INFO] [stderr] Cloning into '/workspace/builds/worker-7-tc1/source'...
[INFO] [stderr] done.
[INFO] removed /workspace/builds/worker-7-tc1/source/rust-toolchain.toml
[INFO] started tweaking git repo https://github.com/CreativeMarian/MeshLink
[INFO] finished tweaking git repo https://github.com/CreativeMarian/MeshLink
[INFO] tweaked toml for git repo https://github.com/CreativeMarian/MeshLink written to /workspace/builds/worker-7-tc1/source/Cargo.toml
[INFO] validating manifest of git repo https://github.com/CreativeMarian/MeshLink on toolchain 3154cc1a3e6424e44f438a95007d043ed5ceaaf6
[INFO] running `Command { std: CARGO_HOME="/workspace/cargo-home" RUSTUP_HOME="/workspace/rustup-home" "/workspace/cargo-home/bin/cargo" "+3154cc1a3e6424e44f438a95007d043ed5ceaaf6" "metadata" "--manifest-path" "Cargo.toml" "--no-deps", kill_on_drop: false }`
[INFO] crate git repo https://github.com/CreativeMarian/MeshLink already has a lockfile, it will not be regenerated
[INFO] running `Command { std: CARGO_HOME="/workspace/cargo-home" RUSTUP_HOME="/workspace/rustup-home" "/workspace/cargo-home/bin/cargo" "+3154cc1a3e6424e44f438a95007d043ed5ceaaf6" "fetch" "--manifest-path" "Cargo.toml", kill_on_drop: false }`
[INFO] [stderr] warning: profiles for the non root package will be ignored, specify profiles at the workspace root:
[INFO] [stderr] package:   /workspace/builds/worker-7-tc1/source/apps/meshlink-ui/Cargo.toml
[INFO] [stderr] workspace: /workspace/builds/worker-7-tc1/source/Cargo.toml
[INFO] [stderr] warning: unused workspace dependency `mesh-agent`
[INFO] [stderr]   --> Cargo.toml:26:25
[INFO] [stderr]    |
[INFO] [stderr] 26 | [workspace.dependencies.mesh-agent]
[INFO] [stderr]    |                         ^^^^^^^^^^
[INFO] [stderr]    |
[INFO] [stderr]    = note: `cargo::unused_workspace_dependencies` is set to `warn` by default
[INFO] [stderr] help: consider removing the workspace dependency `mesh-agent`
[INFO] [stderr] warning: unused workspace dependency `secrecy`
[INFO] [stderr]   --> Cargo.toml:11:1
[INFO] [stderr]    |
[INFO] [stderr] 11 | secrecy = "0.10"
[INFO] [stderr]    | ^^^^^^^
[INFO] [stderr]    |
[INFO] [stderr] help: consider removing the workspace dependency `secrecy`
[INFO] [stderr] warning: workspace (manifest) generated 2 warnings
[INFO] [stderr]     Updating crates.io index
[INFO] [stderr]  Downloading crates ...
[INFO] [stderr]   Downloaded neli-proc-macros v0.2.2
[INFO] [stderr]   Downloaded getset v0.1.7
[INFO] [stderr]   Downloaded neli v0.7.4
[INFO] [stderr]   Downloaded winreg v0.52.0
[INFO] [stderr]   Downloaded local-ip-address v0.6.13
[INFO] [stderr]   Downloaded sansio v1.0.1
[INFO] [stderr]   Downloaded pem v4.0.0
[INFO] [stderr]   Downloaded rtc-shared v0.20.4
[INFO] [stderr]   Downloaded rtc-stun v0.20.4
[INFO] [stderr]   Downloaded rtc-mdns v0.20.4
[INFO] [stderr]   Downloaded rcgen v0.14.10
[INFO] [stderr]   Downloaded rtc-ice v0.20.4
[INFO] [stderr]   Downloaded snow v0.10.0
[INFO] running `Command { std: "docker" "create" "-v" "/var/lib/crater-agent-workspace/builds/worker-7-tc1/source:/opt/rustwide/workdir:ro,Z" "-v" "/var/lib/crater-agent-workspace/builds/worker-7-tc1/target:/opt/rustwide/target:rw,Z" "-v" "/var/lib/crater-agent-workspace/cargo-home:/opt/rustwide/cargo-home:ro,Z" "-v" "/var/lib/crater-agent-workspace/rustup-home:/opt/rustwide/rustup-home:ro,Z" "-m" "1610612736" "--network" "none" "ghcr.io/rust-lang/crates-build-env/linux@sha256:77db811e55d90add9212f6832c23229e3de5f1c1f9905e8cb07319ea15df73ac" "sleep" "infinity", kill_on_drop: false }`
[INFO] [stdout] 018adb9d6b6379e7049f2ea9ccdbd4ed221d0dad95f1e34df600073e9eeea133
[INFO] running `Command { std: "docker" "start" "018adb9d6b6379e7049f2ea9ccdbd4ed221d0dad95f1e34df600073e9eeea133", kill_on_drop: false }`
[INFO] running `Command { std: "docker" "inspect" "018adb9d6b6379e7049f2ea9ccdbd4ed221d0dad95f1e34df600073e9eeea133", kill_on_drop: false }`
[INFO] running `Command { std: "docker" "exec" "-e" "SOURCE_DIR=/opt/rustwide/workdir" "-e" "CARGO_HOME=/opt/rustwide/cargo-home" "-e" "RUSTUP_HOME=/opt/rustwide/rustup-home" "-e" "CARGO_TARGET_DIR=/opt/rustwide/target" "-w" "/opt/rustwide/workdir" "--user" "0:0" "018adb9d6b6379e7049f2ea9ccdbd4ed221d0dad95f1e34df600073e9eeea133" "/opt/rustwide/cargo-home/bin/cargo" "+3154cc1a3e6424e44f438a95007d043ed5ceaaf6" "metadata" "--no-deps" "--format-version=1", kill_on_drop: false }`
[INFO] running `Command { std: "docker" "inspect" "018adb9d6b6379e7049f2ea9ccdbd4ed221d0dad95f1e34df600073e9eeea133", kill_on_drop: false }`
[INFO] running `Command { std: "docker" "exec" "-e" "SOURCE_DIR=/opt/rustwide/workdir" "-e" "CARGO_HOME=/opt/rustwide/cargo-home" "-e" "RUSTUP_HOME=/opt/rustwide/rustup-home" "-e" "CARGO_TARGET_DIR=/opt/rustwide/target" "-e" "CARGO_INCREMENTAL=0" "-e" "RUST_BACKTRACE=full" "-e" "RUSTFLAGS=--cap-lints=forbid -Znext-solver=coherence" "-e" "RUSTDOCFLAGS=--cap-lints=forbid" "-w" "/opt/rustwide/workdir" "--user" "0:0" "018adb9d6b6379e7049f2ea9ccdbd4ed221d0dad95f1e34df600073e9eeea133" "/opt/rustwide/cargo-home/bin/cargo" "+3154cc1a3e6424e44f438a95007d043ed5ceaaf6" "check" "--frozen" "--all" "--all-targets" "--message-format=json", kill_on_drop: false }`
[INFO] [stderr] warning: profiles for the non root package will be ignored, specify profiles at the workspace root:
[INFO] [stderr] package:   /opt/rustwide/workdir/apps/meshlink-ui/Cargo.toml
[INFO] [stderr] workspace: /opt/rustwide/workdir/Cargo.toml
[INFO] [stderr] warning: unused workspace dependency `mesh-agent`
[INFO] [stderr]   --> Cargo.toml:26:25
[INFO] [stderr]    |
[INFO] [stderr] 26 | [workspace.dependencies.mesh-agent]
[INFO] [stderr]    |                         ^^^^^^^^^^
[INFO] [stderr]    |
[INFO] [stderr]    = note: `cargo::unused_workspace_dependencies` is set to `warn` by default
[INFO] [stderr] help: consider removing the workspace dependency `mesh-agent`
[INFO] [stderr] warning: unused workspace dependency `secrecy`
[INFO] [stderr]   --> Cargo.toml:11:1
[INFO] [stderr]    |
[INFO] [stderr] 11 | secrecy = "0.10"
[INFO] [stderr]    | ^^^^^^^
[INFO] [stderr]    |
[INFO] [stderr] help: consider removing the workspace dependency `secrecy`
[INFO] [stderr] warning: workspace (manifest) generated 2 warnings
[INFO] [stderr]    Compiling proc-macro2 v1.0.107
[INFO] [stderr]    Compiling serde_core v1.0.229
[INFO] [stderr]     Checking smallvec v1.15.2
[INFO] [stderr]     Checking memchr v2.8.3
[INFO] [stderr]    Compiling serde v1.0.229
[INFO] [stderr]    Compiling thiserror v2.0.20
[INFO] [stderr]    Compiling libc v0.2.189
[INFO] [stderr]    Compiling zmij v1.0.23
[INFO] [stderr]    Compiling pkg-config v0.3.34
[INFO] [stderr]     Checking log v0.4.34
[INFO] [stderr]    Compiling indexmap v2.14.1
[INFO] [stderr]    Compiling serde_json v1.0.151
[INFO] [stderr]     Checking regex-syntax v0.8.11
[INFO] [stderr]     Checking typenum v1.20.1
[INFO] [stderr]    Compiling target-lexicon v0.12.16
[INFO] [stderr]    Compiling icu_normalizer_data v2.3.0
[INFO] [stderr]    Compiling icu_properties_data v2.3.0
[INFO] [stderr]    Compiling version-compare v0.2.1
[INFO] [stderr]     Checking sharded-slab v0.1.7
[INFO] [stderr]     Checking tracing-log v0.2.0
[INFO] [stderr]     Checking thread_local v1.1.10
[INFO] [stderr]    Compiling num-conv v0.2.2
[INFO] [stderr]    Compiling time-core v0.1.9
[INFO] [stderr]    Compiling find-msvc-tools v0.1.11
[INFO] [stderr]     Checking bytes v1.12.1
[INFO] [stderr]     Checking aho-corasick v1.1.5
[INFO] [stderr]     Checking deranged v0.5.8
[INFO] [stderr]     Checking litemap v0.8.3
[INFO] [stderr]    Compiling cc v1.4.4
[INFO] [stderr]    Compiling time-macros v0.2.32
[INFO] [stderr]     Checking writeable v0.6.4
[INFO] [stderr]    Compiling memoffset v0.9.1
[INFO] [stderr]    Compiling cfg-expr v0.15.8
[INFO] [stderr]    Compiling getrandom v0.4.3
[INFO] [stderr]     Checking form_urlencoded v1.2.2
[INFO] [stderr]    Compiling getrandom v0.3.4
[INFO] [stderr]    Compiling nix v0.31.3
[INFO] [stderr]    Compiling substring v1.4.5
[INFO] [stderr]     Checking cpufeatures v0.3.1
[INFO] [stderr]     Checking base64 v0.23.1
[INFO] [stderr]     Checking chacha20 v0.10.2
[INFO] [stderr]    Compiling quote v1.0.47
[INFO] [stderr]     Checking sansio v1.0.1
[INFO] [stderr]    Compiling siphasher v1.0.3
[INFO] [stderr]    Compiling rustls v0.23.43
[INFO] [stderr]    Compiling fastrand v2.5.0
[INFO] [stderr]    Compiling stable_deref_trait v1.2.1
[INFO] [stderr]     Checking pem v4.0.0
[INFO] [stderr]    Compiling secure-store v0.1.0-m0 (/opt/rustwide/workdir/crates/secure-store)
[INFO] [stderr]    Compiling proc-macro-error-attr v1.0.4
[INFO] [stderr]    Compiling syn v2.0.119
[INFO] [stderr]    Compiling syn v3.0.4
[INFO] [stderr]    Compiling phf_shared v0.13.1
[INFO] [stderr]    Compiling syn v1.0.109
[INFO] [stderr]    Compiling proc-macro-error v1.0.4
[INFO] [stderr]     Checking futures-core v0.3.34
[INFO] [stderr]     Checking futures-task v0.3.34
[INFO] [stderr]    Compiling heck v0.4.1
[INFO] [stderr]     Checking futures-channel v0.3.34
[INFO] [stderr]    Compiling phf_generator v0.13.1
[INFO] [stderr]    Compiling either v1.18.0
[INFO] [stderr]    Compiling phf_codegen v0.13.1
[INFO] [stderr]    Compiling erased-serde v0.4.10
[INFO] [stderr]    Compiling new_debug_unreachable v1.0.6
[INFO] [stderr]    Compiling string_cache_codegen v0.6.1
[INFO] [stderr]    Compiling winnow v1.0.4
[INFO] [stderr]     Checking getrandom v0.2.17
[INFO] [stderr]     Checking socket2 v0.6.5
[INFO] [stderr]     Checking mio v1.2.2
[INFO] [stderr]     Checking rand v0.10.2
[INFO] [stderr]     Checking rand_core v0.6.4
[INFO] [stderr]     Checking ff v0.13.1
[INFO] [stderr]     Checking parking_lot_core v0.9.12
[INFO] [stderr]     Checking group v0.13.0
[INFO] [stderr]     Checking regex-automata v0.4.18
[INFO] [stderr]    Compiling precomputed-hash v0.1.1
[INFO] [stderr]    Compiling gio v0.18.4
[INFO] [stderr]     Checking parking_lot v0.12.5
[INFO] [stderr]    Compiling anyhow v1.0.104
[INFO] [stderr]    Compiling toml_parser v1.1.3+spec-1.1.0
[INFO] [stderr]    Compiling web_atoms v0.2.6
[INFO] [stderr]    Compiling ctor-proc-macro v0.0.7
[INFO] [stderr]     Checking futures-io v0.3.34
[INFO] [stderr]    Compiling toml_writer v1.1.2+spec-1.1.0
[INFO] [stderr]     Checking time v0.3.55
[INFO] [stderr]    Compiling dtoa v1.0.11
[INFO] [stderr]    Compiling percent-encoding v2.3.2
[INFO] [stderr]    Compiling selectors v0.36.1
[INFO] [stderr]    Compiling dtoa-short v0.3.5
[INFO] [stderr]    Compiling ring v0.17.14
[INFO] [stderr]    Compiling tendril v0.5.1
[INFO] [stderr]    Compiling indexmap v1.9.3
[INFO] [stderr]    Compiling camino v1.2.5
[INFO] [stderr]    Compiling unic-char-range v0.9.0
[INFO] [stderr]    Compiling unic-common v0.9.0
[INFO] [stderr]    Compiling alloc-no-stdlib v2.0.4
[INFO] [stderr]    Compiling unic-ucd-version v0.9.0
[INFO] [stderr]    Compiling unic-char-property v0.9.0
[INFO] [stderr]    Compiling alloc-stdlib v0.2.4
[INFO] [stderr]    Compiling typeid v1.0.3
[INFO] [stderr]    Compiling servo_arc v0.4.3
[INFO] [stderr]    Compiling bit-vec v0.8.0
[INFO] [stderr]    Compiling bitflags v2.13.1
[INFO] [stderr]    Compiling schemars v0.8.22
[INFO] [stderr]    Compiling rustc-hash v2.1.3
[INFO] [stderr]    Compiling powerfmt v0.2.0
[INFO] [stderr]    Compiling hashbrown v0.12.3
[INFO] [stderr]     Checking uuid v1.26.0
[INFO] [stderr]    Compiling brotli-decompressor v5.0.3
[INFO] [stderr]    Compiling bit-set v0.8.0
[INFO] [stderr]    Compiling unic-ucd-ident v0.9.0
[INFO] [stderr]    Compiling dyn-clone v1.0.20
[INFO] [stderr]    Compiling same-file v1.0.6
[INFO] [stderr]    Compiling foldhash v0.2.0
[INFO] [stderr]    Compiling base64 v0.22.1
[INFO] [stderr]    Compiling http v1.5.0
[INFO] [stderr]    Compiling semver v1.0.28
[INFO] [stderr]    Compiling serde_spanned v1.1.1
[INFO] [stderr]    Compiling string_cache v0.9.0
[INFO] [stderr]    Compiling toml_datetime v1.1.1+spec-1.1.0
[INFO] [stderr]    Compiling rustc_version v0.4.1
[INFO] [stderr]    Compiling toml v1.1.4+spec-1.1.0
[INFO] [stderr]    Compiling curve25519-dalek v4.1.3
[INFO] [stderr]    Compiling snow v0.10.0
[INFO] [stderr]    Compiling cfb v0.7.3
[INFO] [stderr]    Compiling field-offset v0.3.6
[INFO] [stderr]    Compiling brotli v8.0.4
[INFO] [stderr]    Compiling walkdir v2.5.0
[INFO] [stderr]    Compiling ctor v0.8.0
[INFO] [stderr]    Compiling gtk v0.18.2
[INFO] [stderr]     Checking yasna v0.6.0
[INFO] [stderr]    Compiling simd-adler32 v0.3.10
[INFO] [stderr]    Compiling glob v0.3.4
[INFO] [stderr]    Compiling serde-untagged v0.1.9
[INFO] [stderr]    Compiling toml_datetime v0.7.5+spec-1.1.0
[INFO] [stderr]    Compiling x11 v2.21.0
[INFO] [stderr]    Compiling infer v0.19.0
[INFO] [stderr]    Compiling winnow v0.7.15
[INFO] [stderr]    Compiling option-ext v0.2.0
[INFO] [stderr]    Compiling crc32fast v1.5.1
[INFO] [stderr]    Compiling adler2 v2.0.1
[INFO] [stderr]    Compiling dirs-sys v0.5.0
[INFO] [stderr]    Compiling embed-resource v3.0.11
[INFO] [stderr]     Checking matchers v0.2.0
[INFO] [stderr]    Compiling crossbeam-utils v0.8.22
[INFO] [stderr]    Compiling dirs v6.0.0
[INFO] [stderr]    Compiling tauri-winres v0.3.6
[INFO] [stderr]    Compiling miniz_oxide v0.9.1
[INFO] [stderr]    Compiling libdbus-sys v0.2.7
[INFO] [stderr]    Compiling x11-dl v2.21.0
[INFO] [stderr]    Compiling cookie v0.18.2
[INFO] [stderr]    Compiling generic-array v0.14.7
[INFO] [stderr]    Compiling synstructure v0.13.2
[INFO] [stderr]    Compiling darling_core v0.20.11
[INFO] [stderr]    Compiling darling_core v0.23.0
[INFO] [stderr]    Compiling serde_derive_internals v0.29.1
[INFO] [stderr]    Compiling crypto-common v0.1.7
[INFO] [stderr]    Compiling block-buffer v0.10.4
[INFO] [stderr]    Compiling flate2 v1.1.10
[INFO] [stderr]     Checking regex v1.13.1
[INFO] [stderr]    Compiling miniz_oxide v0.8.9
[INFO] [stderr]    Compiling fdeflate v0.3.7
[INFO] [stderr]     Checking quick-xml v0.41.0
[INFO] [stderr]    Compiling bitflags v1.3.2
[INFO] [stderr]    Compiling png v0.17.16
[INFO] [stderr]    Compiling toml v0.9.12+spec-1.1.0
[INFO] [stderr]    Compiling digest v0.10.7
[INFO] [stderr]     Checking crossbeam-channel v0.5.16
[INFO] [stderr]    Compiling wry v0.55.1
[INFO] [stderr]     Checking dunce v1.0.5
[INFO] [stderr]    Compiling tauri-runtime v2.11.3
[INFO] [stderr]    Compiling sha2 v0.10.9
[INFO] [stderr]     Checking dbus v0.9.12
[INFO] [stderr]    Compiling tauri-runtime-wry v2.11.4
[INFO] [stderr]     Checking unicode-segmentation v1.13.3
[INFO] [stderr]     Checking heck v0.5.0
[INFO] [stderr]    Compiling serde_derive v1.0.229
[INFO] [stderr]    Compiling thiserror-impl v2.0.20
[INFO] [stderr]    Compiling zerovec-derive v0.11.6
[INFO] [stderr]    Compiling displaydoc v0.2.7
[INFO] [stderr]    Compiling tokio-macros v2.7.2
[INFO] [stderr]    Compiling zeroize_derive v1.5.0
[INFO] [stderr]    Compiling zerofrom-derive v0.1.7
[INFO] [stderr]    Compiling yoke-derive v0.8.2
[INFO] [stderr]    Compiling tracing-attributes v0.1.31
[INFO] [stderr]     Checking zeroize v1.9.0
[INFO] [stderr]    Compiling async-trait v0.1.92
[INFO] [stderr]     Checking rustls-pki-types v1.15.1
[INFO] [stderr]     Checking der v0.7.10
[INFO] [stderr]     Checking tokio v1.53.1
[INFO] [stderr]     Checking rcgen v0.14.10
[INFO] [stderr]    Compiling curve25519-dalek-derive v0.1.1
[INFO] [stderr]    Compiling thiserror-impl v1.0.69
[INFO] [stderr]     Checking rustls-webpki v0.103.15
[INFO] [stderr]     Checking rustls-pemfile v2.2.0
[INFO] [stderr]     Checking rustls-native-certs v0.8.4
[INFO] [stderr]    Compiling darling_macro v0.20.11
[INFO] [stderr]    Compiling phf_macros v0.13.1
[INFO] [stderr]     Checking inout v0.1.4
[INFO] [stderr]     Checking universal-hash v0.5.1
[INFO] [stderr]     Checking zerofrom v0.1.8
[INFO] [stderr]     Checking polyval v0.6.2
[INFO] [stderr]     Checking aead v0.5.2
[INFO] [stderr]     Checking cipher v0.4.4
[INFO] [stderr]     Checking yoke v0.8.3
[INFO] [stderr]     Checking crypto-bigint v0.5.5
[INFO] [stderr]     Checking ghash v0.5.1
[INFO] [stderr]     Checking hmac v0.12.1
[INFO] [stderr]     Checking spki v0.7.3
[INFO] [stderr]     Checking signature v2.2.0
[INFO] [stderr]     Checking tracing v0.1.44
[INFO] [stderr]     Checking ctr v0.9.2
[INFO] [stderr]     Checking aes v0.8.4
[INFO] [stderr]     Checking pkcs8 v0.10.2
[INFO] [stderr]     Checking zerovec v0.11.8
[INFO] [stderr]     Checking zerotrie v0.2.5
[INFO] [stderr]     Checking hkdf v0.12.4
[INFO] [stderr]     Checking rfc6979 v0.4.0
[INFO] [stderr]     Checking sec1 v0.7.3
[INFO] [stderr]     Checking chacha20 v0.9.1
[INFO] [stderr]     Checking poly1305 v0.8.0
[INFO] [stderr]     Checking blake2 v0.10.6
[INFO] [stderr]     Checking md-5 v0.10.6
[INFO] [stderr]    Compiling darling v0.20.11
[INFO] [stderr]    Compiling futures-macro v0.3.34
[INFO] [stderr]    Compiling derive_builder_core v0.20.2
[INFO] [stderr]    Compiling getset v0.1.7
[INFO] [stderr]     Checking tinystr v0.8.4
[INFO] [stderr]     Checking potential_utf v0.1.6
[INFO] [stderr]     Checking chacha20poly1305 v0.10.1
[INFO] [stderr]     Checking icu_collections v2.3.0
[INFO] [stderr]     Checking aes-gcm v0.10.3
[INFO] [stderr]    Compiling darling_macro v0.23.0
[INFO] [stderr]     Checking icu_locale_core v2.3.0
[INFO] [stderr]    Compiling phf v0.13.1
[INFO] [stderr]    Compiling darling v0.23.0
[INFO] [stderr]    Compiling serde_with_macros v3.22.0
[INFO] [stderr]    Compiling cssparser-macros v0.6.1
[INFO] [stderr]    Compiling derive_more-impl v2.1.1
[INFO] [stderr]     Checking futures-util v0.3.34
[INFO] [stderr]     Checking thiserror v1.0.69
[INFO] [stderr]    Compiling schemars_derive v0.8.22
[INFO] [stderr]    Compiling cssparser v0.36.0
[INFO] [stderr]    Compiling dlopen2_derive v0.4.3
[INFO] [stderr]    Compiling ico v0.5.0
[INFO] [stderr]     Checking elliptic-curve v0.13.8
[INFO] [stderr]    Compiling derive_builder_macro v0.20.2
[INFO] [stderr]     Checking dlopen2 v0.8.2
[INFO] [stderr]     Checking icu_provider v2.3.1
[INFO] [stderr]    Compiling serialize-to-javascript-impl v0.1.2
[INFO] [stderr]    Compiling serde_with v3.22.0
[INFO] [stderr]     Checking derive_builder v0.20.2
[INFO] [stderr]     Checking ecdsa v0.16.9
[INFO] [stderr]     Checking primeorder v0.13.6
[INFO] [stderr]     Checking icu_normalizer v2.3.0
[INFO] [stderr]     Checking icu_properties v2.3.0
[INFO] [stderr]    Compiling markup5ever v0.38.0
[INFO] [stderr]    Compiling serde_repr v0.1.21
[INFO] [stderr]    Compiling derive_more v2.1.1
[INFO] [stderr]    Compiling html5ever v0.38.0
[INFO] [stderr]     Checking p256 v0.13.2
[INFO] [stderr]     Checking yasna v0.5.2
[INFO] [stderr]    Compiling toml_datetime v0.6.3
[INFO] [stderr]    Compiling serde_spanned v0.6.9
[INFO] [stderr]    Compiling neli-proc-macros v0.2.2
[INFO] [stderr]    Compiling jsonptr v0.6.3
[INFO] [stderr]    Compiling toml_edit v0.20.2
[INFO] [stderr]     Checking tracing-serde v0.2.0
[INFO] [stderr]     Checking tracing-subscriber v0.3.23
[INFO] [stderr]    Compiling toml_edit v0.19.15
[INFO] [stderr]     Checking futures-executor v0.3.34
[INFO] [stderr]    Compiling cargo-platform v0.1.9
[INFO] [stderr]    Compiling json-patch v3.0.1
[INFO] [stderr]    Compiling plist v1.10.0
[INFO] [stderr]    Compiling cargo_metadata v0.19.2
[INFO] [stderr]     Checking idna_adapter v1.2.2
[INFO] [stderr]     Checking idna v1.1.0
[INFO] [stderr]     Checking dpi v0.1.2
[INFO] [stderr]    Compiling cargo_toml v0.22.3
[INFO] [stderr]    Compiling dom_query v0.27.0
[INFO] [stderr]     Checking url v2.5.8
[INFO] [stderr]     Checking neli v0.7.4
[INFO] [stderr]     Checking keyboard-types v0.7.0
[INFO] [stderr]     Checking mesh-common v0.1.0-m0 (/opt/rustwide/workdir/crates/mesh-common)
[INFO] [stderr]     Checking rtc-shared v0.20.4
[INFO] [stderr]     Checking urlpattern v0.3.0
[INFO] [stderr]     Checking serialize-to-javascript v0.1.2
[INFO] [stderr]     Checking rcgen v0.13.2
[INFO] [stderr]     Checking config-manager v0.1.0-m0 (/opt/rustwide/workdir/crates/config-manager)
[INFO] [stderr]     Checking circuit-breaker v0.1.0-m0 (/opt/rustwide/workdir/crates/circuit-breaker)
[INFO] [stderr]     Checking controller-client v0.1.0-m0 (/opt/rustwide/workdir/crates/controller-client)
[INFO] [stderr]     Checking mesh-vnic v0.1.0-m0 (/opt/rustwide/workdir/crates/mesh-vnic)
[INFO] [stdout] error[E0433]: cannot find `windows` in `os`
[INFO] [stdout]   --> crates/secure-store/src/acl.rs:20:14
[INFO] [stdout]    |
[INFO] [stdout] 20 | use std::os::windows::ffi::OsStrExt;
[INFO] [stdout]    |              ^^^^^^^ could not find `windows` in `os`
[INFO] [stdout]    |
[INFO] [stdout] note: found an item that was configured out
[INFO] [stdout]   --> /rustc/3154cc1a3e6424e44f438a95007d043ed5ceaaf6/library/std/src/os/mod.rs:62:4
[INFO] [stdout]    |
[INFO] [stdout]    = note: the item is gated behind the `windows` feature
[INFO] [stdout] 
[INFO] [stdout] 
[INFO] [stdout] warning: use of deprecated enum `packet::PacketRejectReason`: 内部使用 PacketDisposition；仅 VnicError::PacketInvalid 继续使用旧枚举映射到稳定 ErrorCode
[INFO] [stdout]   --> crates/mesh-vnic/src/lib.rs:23:5
[INFO] [stdout]    |
[INFO] [stdout] 23 |     PacketRejectReason,
[INFO] [stdout]    |     ^^^^^^^^^^^^^^^^^^
[INFO] [stdout]    |
[INFO] [stdout]    = note: `#[warn(deprecated)]` on by default
[INFO] [stdout] 
[INFO] [stdout] 
[INFO] [stdout] warning: use of deprecated enum `packet::PacketRejectReason`: 内部使用 PacketDisposition；仅 VnicError::PacketInvalid 继续使用旧枚举映射到稳定 ErrorCode
[INFO] [stdout]  --> crates/mesh-vnic/src/error.rs:6:20
[INFO] [stdout]   |
[INFO] [stdout] 6 | use crate::packet::PacketRejectReason;
[INFO] [stdout]   |                    ^^^^^^^^^^^^^^^^^^
[INFO] [stdout] 
[INFO] [stdout] 
[INFO] [stdout] warning: use of deprecated enum `packet::PacketRejectReason`: 内部使用 PacketDisposition；仅 VnicError::PacketInvalid 继续使用旧枚举映射到稳定 ErrorCode
[INFO] [stdout]   --> crates/mesh-vnic/src/error.rs:64:29
[INFO] [stdout]    |
[INFO] [stdout] 64 |     PacketInvalid { reason: PacketRejectReason },
[INFO] [stdout]    |                             ^^^^^^^^^^^^^^^^^^
[INFO] [stdout] 
[INFO] [stdout] 
[INFO] [stdout] warning: use of deprecated enum `packet::PacketRejectReason`: 内部使用 PacketDisposition；仅 VnicError::PacketInvalid 继续使用旧枚举映射到稳定 ErrorCode
[INFO] [stdout]   --> crates/mesh-vnic/src/vnic.rs:33:78
[INFO] [stdout]    |
[INFO] [stdout] 33 |     classify, icmp_checksum, validate_ipv4, PacketBuffer, PacketDisposition, PacketRejectReason,
[INFO] [stdout]    |                                                                              ^^^^^^^^^^^^^^^^^^
[INFO] [stdout] 
[INFO] [stdout] 
[INFO] [stdout] warning: use of deprecated unit variant `packet::PacketRejectReason::TooLong`: 内部使用 PacketDisposition；仅 VnicError::PacketInvalid 继续使用旧枚举映射到稳定 ErrorCode
[INFO] [stdout]    --> crates/mesh-vnic/src/vnic.rs:538:79
[INFO] [stdout]     |
[INFO] [stdout] 538 |             return Err(VnicError::PacketInvalid { reason: PacketRejectReason::TooLong });
[INFO] [stdout]     |                                                                               ^^^^^^^
[INFO] [stdout] 
[INFO] [stdout] 
[INFO] [stdout] warning: use of deprecated unit variant `packet::PacketRejectReason::UnsupportedIpVersion`: 内部使用 PacketDisposition；仅 VnicError::PacketInvalid 继续使用旧枚举映射到稳定 ErrorCode
[INFO] [stdout]    --> crates/mesh-vnic/src/vnic.rs:633:80
[INFO] [stdout]     |
[INFO] [stdout] 633 |             None => Err(VnicError::PacketInvalid { reason: PacketRejectReason::UnsupportedIpVersion }),
[INFO] [stdout]     |                                                                                ^^^^^^^^^^^^^^^^^^^^
[INFO] [stdout] 
[INFO] [stdout] 
[INFO] [stderr]     Checking transport-api v0.1.0-m0 (/opt/rustwide/workdir/crates/transport-api)
[INFO] [stdout] error[E0599]: no method named `encode_wide` found for reference `&OsStr` in the current scope
[INFO] [stdout]   --> crates/secure-store/src/acl.rs:76:16
[INFO] [stdout]    |
[INFO] [stdout] 76 |     s.as_ref().encode_wide().chain(std::iter::once(0)).collect()
[INFO] [stdout]    |                ^^^^^^^^^^^ method not found in `&OsStr`
[INFO] [stdout] 
[INFO] [stdout] 
[INFO] [stderr]     Checking mesh-ipc v0.1.0-m0 (/opt/rustwide/workdir/crates/mesh-ipc)
[INFO] [stdout] Some errors have detailed explanations: E0433, E0599.
[INFO] [stdout] 
[INFO] [stdout] For more information about an error, try `rustc --explain E0433`.
[INFO] [stdout] 
[INFO] [stderr] error: could not compile `secure-store` (lib) due to 2 previous errors
[INFO] [stderr] warning: build failed, waiting for other jobs to finish...
[INFO] [stdout] error[E0433]: cannot find `windows` in `os`
[INFO] [stdout]   --> crates/mesh-ipc/src/client.rs:13:14
[INFO] [stdout]    |
[INFO] [stdout] 13 | use std::os::windows::ffi::OsStrExt;
[INFO] [stdout]    |              ^^^^^^^ could not find `windows` in `os`
[INFO] [stdout]    |
[INFO] [stdout] note: found an item that was configured out
[INFO] [stdout]   --> /rustc/3154cc1a3e6424e44f438a95007d043ed5ceaaf6/library/std/src/os/mod.rs:62:4
[INFO] [stdout]    |
[INFO] [stdout]    = note: the item is gated behind the `windows` feature
[INFO] [stdout] 
[INFO] [stdout] 
[INFO] [stdout] error[E0433]: cannot find `windows` in `os`
[INFO] [stdout]   --> crates/mesh-ipc/src/server.rs:21:14
[INFO] [stdout]    |
[INFO] [stdout] 21 | use std::os::windows::ffi::OsStrExt;
[INFO] [stdout]    |              ^^^^^^^ could not find `windows` in `os`
[INFO] [stdout]    |
[INFO] [stdout] note: found an item that was configured out
[INFO] [stdout]   --> /rustc/3154cc1a3e6424e44f438a95007d043ed5ceaaf6/library/std/src/os/mod.rs:62:4
[INFO] [stdout]    |
[INFO] [stdout]    = note: the item is gated behind the `windows` feature
[INFO] [stdout] 
[INFO] [stdout] 
[INFO] [stdout] warning: field `name` is never read
[INFO] [stdout]   --> crates/mesh-vnic/src/adapter.rs:71:5
[INFO] [stdout]    |
[INFO] [stdout] 69 | pub(crate) struct AdapterLock {
[INFO] [stdout]    |                   ----------- field in this struct
[INFO] [stdout] 70 |     handle: Handle,
[INFO] [stdout] 71 |     name: String,
[INFO] [stdout]    |     ^^^^
[INFO] [stdout]    |
[INFO] [stdout]    = note: `AdapterLock` has a derived impl for the trait `Debug`, but this is intentionally ignored during dead code analysis
[INFO] [stdout]    = note: `#[warn(dead_code)]` (part of `#[warn(unused)]`) on by default
[INFO] [stdout] 
[INFO] [stdout] 
[INFO] [stdout] warning: method `mutex_name` is never used
[INFO] [stdout]    --> crates/mesh-vnic/src/adapter.rs:152:12
[INFO] [stdout]     |
[INFO] [stdout]  78 | impl AdapterLock {
[INFO] [stdout]     | ---------------- method in this implementation
[INFO] [stdout] ...
[INFO] [stdout] 152 |     pub fn mutex_name(&self) -> &str {
[INFO] [stdout]     |            ^^^^^^^^^^
[INFO] [stdout] 
[INFO] [stdout] 
[INFO] [stdout] warning: associated items `open` and `name` are never used
[INFO] [stdout]    --> crates/mesh-vnic/src/adapter.rs:239:12
[INFO] [stdout]     |
[INFO] [stdout] 193 | impl WintunAdapter {
[INFO] [stdout]     | ------------------ associated items in this implementation
[INFO] [stdout] ...
[INFO] [stdout] 239 |     pub fn open(
[INFO] [stdout]     |            ^^^^
[INFO] [stdout] ...
[INFO] [stdout] 270 |     pub fn name(&self) -> &str {
[INFO] [stdout]     |            ^^^^
[INFO] [stdout] 
[INFO] [stdout] 
[INFO] [stdout] warning: constant `ERROR_SUCCESS` is never used
[INFO] [stdout]   --> crates/mesh-vnic/src/api.rs:29:18
[INFO] [stdout]    |
[INFO] [stdout] 29 | pub(crate) const ERROR_SUCCESS: OsError = 0;
[INFO] [stdout]    |                  ^^^^^^^^^^^^^
[INFO] [stdout] 
[INFO] [stdout] 
[INFO] [stdout] warning: constant `ERROR_INVALID_PARAMETER` is never used
[INFO] [stdout]   --> crates/mesh-vnic/src/api.rs:34:18
[INFO] [stdout]    |
[INFO] [stdout] 34 | pub(crate) const ERROR_INVALID_PARAMETER: OsError = 87;
[INFO] [stdout]    |                  ^^^^^^^^^^^^^^^^^^^^^^^
[INFO] [stdout] 
[INFO] [stdout] 
[INFO] [stdout] warning: constant `ERROR_NOT_FOUND` is never used
[INFO] [stdout]   --> crates/mesh-vnic/src/api.rs:35:18
[INFO] [stdout]    |
[INFO] [stdout] 35 | pub(crate) const ERROR_NOT_FOUND: OsError = 1168;
[INFO] [stdout]    |                  ^^^^^^^^^^^^^^^
[INFO] [stdout] 
[INFO] [stdout] 
[INFO] [stdout] warning: fields `open_adapter` and `delete_driver` are never read
[INFO] [stdout]    --> crates/mesh-vnic/src/api.rs:295:9
[INFO] [stdout]     |
[INFO] [stdout] 293 | pub(crate) struct WintunFunctions {
[INFO] [stdout]     |                   --------------- fields in this struct
[INFO] [stdout] 294 |     pub create_adapter: unsafe extern "system" fn(*const u16, *const u16, *const Guid, *mut i32) -> WintunAdapterHandle,
[INFO] [stdout] 295 |     pub open_adapter: unsafe extern "system" fn(*const u16) -> WintunAdapterHandle,
[INFO] [stdout]     |         ^^^^^^^^^^^^
[INFO] [stdout] 296 |     pub close_adapter: unsafe extern "system" fn(WintunAdapterHandle),
[INFO] [stdout] 297 |     pub delete_driver: unsafe extern "system" fn(*mut i32) -> i32,
[INFO] [stdout]     |         ^^^^^^^^^^^^^
[INFO] [stdout]     |
[INFO] [stdout]     = note: `WintunFunctions` has derived impls for the traits `Clone` and `Debug`, but these are intentionally ignored during dead code analysis
[INFO] [stdout] 
[INFO] [stdout] 
[INFO] [stdout] warning: constant `MUTEX_MODIFY_STATE` is never used
[INFO] [stdout]   --> crates/mesh-vnic/src/api.rs:91:22
[INFO] [stdout]    |
[INFO] [stdout] 91 |     pub(crate) const MUTEX_MODIFY_STATE: u32 = 0x0001;
[INFO] [stdout]    |                      ^^^^^^^^^^^^^^^^^^
[INFO] [stdout] 
[INFO] [stdout] 
[INFO] [stdout] warning: constant `SYNCHRONIZE` is never used
[INFO] [stdout]   --> crates/mesh-vnic/src/api.rs:92:22
[INFO] [stdout]    |
[INFO] [stdout] 92 |     pub(crate) const SYNCHRONIZE: u32 = 0x0010_0000;
[INFO] [stdout]    |                      ^^^^^^^^^^^
[INFO] [stdout] 
[INFO] [stdout] 
[INFO] [stdout] warning: constant `READ_CONTROL` is never used
[INFO] [stdout]   --> crates/mesh-vnic/src/api.rs:93:22
[INFO] [stdout]    |
[INFO] [stdout] 93 |     pub(crate) const READ_CONTROL: u32 = 0x0002_0000;
[INFO] [stdout]    |                      ^^^^^^^^^^^^
[INFO] [stdout] 
[INFO] [stdout] 
[INFO] [stdout] warning: constant `MUTEX_OPEN_DESIRED` is never used
[INFO] [stdout]   --> crates/mesh-vnic/src/api.rs:96:22
[INFO] [stdout]    |
[INFO] [stdout] 96 |     pub(crate) const MUTEX_OPEN_DESIRED: u32 = MUTEX_MODIFY_STATE | SYNCHRONIZE | READ_CONTROL;
[INFO] [stdout]    |                      ^^^^^^^^^^^^^^^^^^
[INFO] [stdout] 
[INFO] [stdout] 
[INFO] [stdout] warning: function `OpenMutexW` is never used
[INFO] [stdout]   --> crates/mesh-vnic/src/api.rs:70:23
[INFO] [stdout]    |
[INFO] [stdout] 70 |         pub(crate) fn OpenMutexW(dw_desired_access: u32, b_inherit_handle: i32, lp_name: *const u16) -> Handle;
[INFO] [stdout]    |                       ^^^^^^^^^^
[INFO] [stdout] 
[INFO] [stdout] 
[INFO] [stdout] warning: function `ip_exists_on` is never used
[INFO] [stdout]    --> crates/mesh-vnic/src/ip_config.rs:328:8
[INFO] [stdout]     |
[INFO] [stdout] 328 | pub fn ip_exists_on(luid: NetLuid, ip: Ipv4Addr) -> Result<bool, VnicError> {
[INFO] [stdout]     |        ^^^^^^^^^^^^
[INFO] [stdout] 
[INFO] [stdout] 
[INFO] [stdout] warning: method `handle` is never used
[INFO] [stdout]   --> crates/mesh-vnic/src/session.rs:38:19
[INFO] [stdout]    |
[INFO] [stdout] 24 | impl WintunSession {
[INFO] [stdout]    | ------------------ method in this implementation
[INFO] [stdout] ...
[INFO] [stdout] 38 |     pub(crate) fn handle(&self) -> WintunSessionHandle {
[INFO] [stdout]    |                   ^^^^^^
[INFO] [stdout] 
[INFO] [stdout] 
[INFO] [stdout] warning: method `is_empty` is never used
[INFO] [stdout]    --> crates/mesh-vnic/src/session.rs:136:19
[INFO] [stdout]     |
[INFO] [stdout] 126 | impl ReceivedPacketRef<'_> {
[INFO] [stdout]     | -------------------------- method in this implementation
[INFO] [stdout] ...
[INFO] [stdout] 136 |     pub(crate) fn is_empty(&self) -> bool {
[INFO] [stdout]     |                   ^^^^^^^^
[INFO] [stdout] 
[INFO] [stdout] 
[INFO] [stdout] error[E0599]: no method named `encode_wide` found for reference `&OsStr` in the current scope
[INFO] [stdout]   --> crates/mesh-ipc/src/client.rs:45:16
[INFO] [stdout]    |
[INFO] [stdout] 45 |     s.as_ref().encode_wide().chain(std::iter::once(0)).collect()
[INFO] [stdout]    |                ^^^^^^^^^^^ method not found in `&OsStr`
[INFO] [stdout] 
[INFO] [stdout] 
[INFO] [stdout] error[E0599]: no method named `encode_wide` found for reference `&OsStr` in the current scope
[INFO] [stdout]   --> crates/mesh-ipc/src/server.rs:94:16
[INFO] [stdout]    |
[INFO] [stdout] 94 |     s.as_ref().encode_wide().chain(std::iter::once(0)).collect()
[INFO] [stdout]    |                ^^^^^^^^^^^ method not found in `&OsStr`
[INFO] [stdout] 
[INFO] [stdout] 
[INFO] [stdout] Some errors have detailed explanations: E0433, E0599.
[INFO] [stdout] 
[INFO] [stderr] error: could not compile `mesh-ipc` (lib) due to 4 previous errors
[INFO] [stdout] For more information about an error, try `rustc --explain E0433`.
[INFO] [stdout] 
[INFO] running `Command { std: "docker" "inspect" "018adb9d6b6379e7049f2ea9ccdbd4ed221d0dad95f1e34df600073e9eeea133", kill_on_drop: false }`
[INFO] running `Command { std: "docker" "rm" "-f" "018adb9d6b6379e7049f2ea9ccdbd4ed221d0dad95f1e34df600073e9eeea133", kill_on_drop: false }`
[INFO] [stdout] 018adb9d6b6379e7049f2ea9ccdbd4ed221d0dad95f1e34df600073e9eeea133
