[INFO] cloning repository https://github.com/CoreEngineX/tycho
[INFO] running `Command { std: "git" "-c" "credential.helper=" "-c" "credential.helper=/workspace/cargo-home/bin/git-credential-null" "clone" "--bare" "https://github.com/CoreEngineX/tycho" "/workspace/cache/git-repos/https%3A%2F%2Fgithub.com%2FCoreEngineX%2Ftycho", kill_on_drop: false }`
[INFO] [stderr] Cloning into bare repository '/workspace/cache/git-repos/https%3A%2F%2Fgithub.com%2FCoreEngineX%2Ftycho'...
[INFO] running `Command { std: "git" "rev-parse" "HEAD", kill_on_drop: false }`
[INFO] [stdout] deaed2d894f2c668be4f7b40128a4b8f63e3db84
[INFO] checking CoreEngineX/tycho against 3154cc1a3e6424e44f438a95007d043ed5ceaaf6 for pr-133502-30
[INFO] running `Command { std: "git" "clone" "/workspace/cache/git-repos/https%3A%2F%2Fgithub.com%2FCoreEngineX%2Ftycho" "/workspace/builds/worker-5-tc2/source", kill_on_drop: false }`
[INFO] [stderr] Cloning into '/workspace/builds/worker-5-tc2/source'...
[INFO] [stderr] done.
[INFO] removed /workspace/builds/worker-5-tc2/source/.cargo/config.toml
[INFO] started tweaking git repo https://github.com/CoreEngineX/tycho
[INFO] finished tweaking git repo https://github.com/CoreEngineX/tycho
[INFO] tweaked toml for git repo https://github.com/CoreEngineX/tycho written to /workspace/builds/worker-5-tc2/source/Cargo.toml
[INFO] validating manifest of git repo https://github.com/CoreEngineX/tycho on toolchain 3154cc1a3e6424e44f438a95007d043ed5ceaaf6
[INFO] running `Command { std: CARGO_HOME="/workspace/cargo-home" RUSTUP_HOME="/workspace/rustup-home" "/workspace/cargo-home/bin/cargo" "+3154cc1a3e6424e44f438a95007d043ed5ceaaf6" "metadata" "--manifest-path" "Cargo.toml" "--no-deps", kill_on_drop: false }`
[INFO] crate git repo https://github.com/CoreEngineX/tycho already has a lockfile, it will not be regenerated
[INFO] running `Command { std: CARGO_HOME="/workspace/cargo-home" RUSTUP_HOME="/workspace/rustup-home" "/workspace/cargo-home/bin/cargo" "+3154cc1a3e6424e44f438a95007d043ed5ceaaf6" "fetch" "--manifest-path" "Cargo.toml", kill_on_drop: false }`
[INFO] running `Command { std: "docker" "create" "-v" "/var/lib/crater-agent-workspace/builds/worker-5-tc2/source:/opt/rustwide/workdir:ro,Z" "-v" "/var/lib/crater-agent-workspace/builds/worker-5-tc2/target:/opt/rustwide/target:rw,Z" "-v" "/var/lib/crater-agent-workspace/cargo-home:/opt/rustwide/cargo-home:ro,Z" "-v" "/var/lib/crater-agent-workspace/rustup-home:/opt/rustwide/rustup-home:ro,Z" "-m" "1610612736" "--network" "none" "ghcr.io/rust-lang/crates-build-env/linux@sha256:77db811e55d90add9212f6832c23229e3de5f1c1f9905e8cb07319ea15df73ac" "sleep" "infinity", kill_on_drop: false }`
[INFO] [stdout] 2b8a830136a675179af02ef3d937efe69908c6508318d3f8897103458970464a
[INFO] running `Command { std: "docker" "start" "2b8a830136a675179af02ef3d937efe69908c6508318d3f8897103458970464a", kill_on_drop: false }`
[INFO] running `Command { std: "docker" "inspect" "2b8a830136a675179af02ef3d937efe69908c6508318d3f8897103458970464a", kill_on_drop: false }`
[INFO] running `Command { std: "docker" "exec" "-e" "SOURCE_DIR=/opt/rustwide/workdir" "-e" "CARGO_HOME=/opt/rustwide/cargo-home" "-e" "RUSTUP_HOME=/opt/rustwide/rustup-home" "-e" "CARGO_TARGET_DIR=/opt/rustwide/target" "-w" "/opt/rustwide/workdir" "--user" "0:0" "2b8a830136a675179af02ef3d937efe69908c6508318d3f8897103458970464a" "/opt/rustwide/cargo-home/bin/cargo" "+3154cc1a3e6424e44f438a95007d043ed5ceaaf6" "metadata" "--no-deps" "--format-version=1", kill_on_drop: false }`
[INFO] running `Command { std: "docker" "inspect" "2b8a830136a675179af02ef3d937efe69908c6508318d3f8897103458970464a", kill_on_drop: false }`
[INFO] running `Command { std: "docker" "exec" "-e" "SOURCE_DIR=/opt/rustwide/workdir" "-e" "CARGO_HOME=/opt/rustwide/cargo-home" "-e" "RUSTUP_HOME=/opt/rustwide/rustup-home" "-e" "CARGO_TARGET_DIR=/opt/rustwide/target" "-e" "CARGO_INCREMENTAL=0" "-e" "RUST_BACKTRACE=full" "-e" "RUSTFLAGS=--cap-lints=forbid" "-e" "RUSTDOCFLAGS=--cap-lints=forbid" "-w" "/opt/rustwide/workdir" "--user" "0:0" "2b8a830136a675179af02ef3d937efe69908c6508318d3f8897103458970464a" "/opt/rustwide/cargo-home/bin/cargo" "+3154cc1a3e6424e44f438a95007d043ed5ceaaf6" "check" "--frozen" "--all" "--all-targets" "--message-format=json", kill_on_drop: false }`
[INFO] [stderr]     Checking aho-corasick v1.1.5
[INFO] [stderr]     Checking toml_parser v1.1.3+spec-1.1.0
[INFO] [stderr]    Compiling libc v0.2.189
[INFO] [stderr]     Checking toml_writer v1.1.2+spec-1.1.0
[INFO] [stderr]     Checking bstr v1.13.0
[INFO] [stderr]     Checking jiff-core v0.1.0
[INFO] [stderr]     Checking toml_datetime v1.1.1+spec-1.1.0
[INFO] [stderr]     Checking clap_builder v4.6.5
[INFO] [stderr]     Checking serde_spanned v1.1.1
[INFO] [stderr]     Checking unicode-normalization v0.1.25
[INFO] [stderr]    Compiling serde_derive v1.0.229
[INFO] [stderr]    Compiling thiserror-impl v2.0.19
[INFO] [stderr]     Checking serde_json v1.0.151
[INFO] [stderr]     Checking rustix v1.1.4
[INFO] [stderr]     Checking toml_edit v0.25.13+spec-1.1.0
[INFO] [stderr]     Checking toml v1.1.4+spec-1.1.0
[INFO] [stderr]     Checking regex-automata v0.4.16
[INFO] [stderr]     Checking thiserror v2.0.19
[INFO] [stderr]     Checking jiff v0.2.35
[INFO] [stderr]     Checking clap v4.6.5
[INFO] [stderr]     Checking clap_complete v4.6.8
[INFO] [stderr]     Checking getrandom v0.4.3
[INFO] [stderr]     Checking tempfile v3.27.0
[INFO] [stderr]     Checking globset v0.4.19
[INFO] [stderr]     Checking serde v1.0.229
[INFO] [stderr]     Checking tycho v0.4.1 (/opt/rustwide/workdir)
[INFO] [stdout] error: Tycho supports macOS and Windows. Porting it means a `platform::scheduler` backend, a `platform::notify` arm, and the `DATA_DIR`/`LOG_DIR` conventions in `platform.rs`.
[INFO] [stdout]   --> src/lib.rs:31:1
[INFO] [stdout]    |
[INFO] [stdout] 31 | / compile_error!(
[INFO] [stdout] 32 | |     "Tycho supports macOS and Windows. Porting it means a `platform::scheduler` \
[INFO] [stdout] 33 | |      backend, a `platform::notify` arm, and the `DATA_DIR`/`LOG_DIR` conventions in \
[INFO] [stdout] 34 | |      `platform.rs`."
[INFO] [stdout] 35 | | );
[INFO] [stdout]    | |_^
[INFO] [stdout] 
[INFO] [stdout] 
[INFO] [stdout] error: Tycho supports macOS and Windows. Porting it means a `platform::scheduler` backend, a `platform::notify` arm, and the `DATA_DIR`/`LOG_DIR` conventions in `platform.rs`.
[INFO] [stdout]   --> src/lib.rs:31:1
[INFO] [stdout]    |
[INFO] [stdout] 31 | / compile_error!(
[INFO] [stdout] 32 | |     "Tycho supports macOS and Windows. Porting it means a `platform::scheduler` \
[INFO] [stdout] 33 | |      backend, a `platform::notify` arm, and the `DATA_DIR`/`LOG_DIR` conventions in \
[INFO] [stdout] 34 | |      `platform.rs`."
[INFO] [stdout] 35 | | );
[INFO] [stdout]    | |_^
[INFO] [stdout] 
[INFO] [stdout] 
[INFO] [stdout] error[E0432]: unresolved import `crate::platform::scheduler`
[INFO] [stdout]   --> src/cli/doctor.rs:7:35
[INFO] [stdout]    |
[INFO] [stdout]  7 | use crate::platform::{Agent, Job, scheduler};
[INFO] [stdout]    |                                   ^^^^^^^^^ no `scheduler` in `platform`
[INFO] [stdout]    |
[INFO] [stdout] note: found an item that was configured out
[INFO] [stdout]   --> src/platform.rs:24:20
[INFO] [stdout]    |
[INFO] [stdout] 23 | #[cfg(target_os = "macos")]
[INFO] [stdout]    |       ------------------- the item is gated behind the `macos` feature
[INFO] [stdout] 24 | pub use launchd as scheduler;
[INFO] [stdout]    |                    ^^^^^^^^^
[INFO] [stdout] note: found an item that was configured out
[INFO] [stdout]   --> src/platform.rs:26:21
[INFO] [stdout]    |
[INFO] [stdout] 25 | #[cfg(windows)]
[INFO] [stdout]    |       ------- the item is gated here
[INFO] [stdout] 26 | pub use schtasks as scheduler;
[INFO] [stdout]    |                     ^^^^^^^^^
[INFO] [stdout] 
[INFO] [stdout] 
[INFO] [stdout] error[E0432]: unresolved import `crate::platform::scheduler`
[INFO] [stdout]   --> src/service.rs:14:43
[INFO] [stdout]    |
[INFO] [stdout] 14 | use crate::platform::{Agent, Job, Loaded, scheduler};
[INFO] [stdout]    |                                           ^^^^^^^^^ no `scheduler` in `platform`
[INFO] [stdout]    |
[INFO] [stdout] note: found an item that was configured out
[INFO] [stdout]   --> src/platform.rs:24:20
[INFO] [stdout]    |
[INFO] [stdout] 23 | #[cfg(target_os = "macos")]
[INFO] [stdout]    |       ------------------- the item is gated behind the `macos` feature
[INFO] [stdout] 24 | pub use launchd as scheduler;
[INFO] [stdout]    |                    ^^^^^^^^^
[INFO] [stdout] note: found an item that was configured out
[INFO] [stdout]   --> src/platform.rs:26:21
[INFO] [stdout]    |
[INFO] [stdout] 25 | #[cfg(windows)]
[INFO] [stdout]    |       ------- the item is gated here
[INFO] [stdout] 26 | pub use schtasks as scheduler;
[INFO] [stdout]    |                     ^^^^^^^^^
[INFO] [stdout] 
[INFO] [stdout] 
[INFO] [stdout] error[E0433]: cannot find `scheduler` in `platform`
[INFO] [stdout]    --> src/cli/doctor.rs:148:46
[INFO] [stdout]     |
[INFO] [stdout] 148 |     if let Ok(definition) = crate::platform::scheduler::definition_path(&agent) {
[INFO] [stdout]     |                                              ^^^^^^^^^ could not find `scheduler` in `platform`
[INFO] [stdout]     |
[INFO] [stdout] note: found an item that was configured out
[INFO] [stdout]    --> src/platform.rs:24:20
[INFO] [stdout]     |
[INFO] [stdout]  23 | #[cfg(target_os = "macos")]
[INFO] [stdout]     |       ------------------- the item is gated behind the `macos` feature
[INFO] [stdout]  24 | pub use launchd as scheduler;
[INFO] [stdout]     |                    ^^^^^^^^^
[INFO] [stdout] note: found an item that was configured out
[INFO] [stdout]    --> src/platform.rs:26:21
[INFO] [stdout]     |
[INFO] [stdout]  25 | #[cfg(windows)]
[INFO] [stdout]     |       ------- the item is gated here
[INFO] [stdout]  26 | pub use schtasks as scheduler;
[INFO] [stdout]     |                     ^^^^^^^^^
[INFO] [stdout] 
[INFO] [stdout] 
[INFO] [stdout] error[E0425]: cannot find value `DATA_DIR` in this scope
[INFO] [stdout]    --> src/platform.rs:100:20
[INFO] [stdout]     |
[INFO] [stdout] 100 |     AbsPath::parse(DATA_DIR)
[INFO] [stdout]     |                    ^^^^^^^^ not found in this scope
[INFO] [stdout] 
[INFO] [stdout] 
[INFO] [stdout] error[E0425]: cannot find value `DATA_DIR` in this scope
[INFO] [stdout]    --> src/platform.rs:111:43
[INFO] [stdout]     |
[INFO] [stdout] 111 |         None => AbsPath::parse(&format!("{DATA_DIR}/store"))?,
[INFO] [stdout]     |                                           ^^^^^^^^ not found in this scope
[INFO] [stdout]     |
[INFO] [stdout] note: similarly named function `data_dir` defined here
[INFO] [stdout]    --> src/platform.rs:99:1
[INFO] [stdout]     |
[INFO] [stdout]  99 | pub fn data_dir() -> Result<AbsPath, PathError> {
[INFO] [stdout]     | ^^^^^^^^^^^^^^^^^^^^^^^^^^^^^^^^^^^^^^^^^^^^^^^
[INFO] [stdout] help: a function with a similar name exists
[INFO] [stdout]     |
[INFO] [stdout] 111 -         None => AbsPath::parse(&format!("{DATA_DIR}/store"))?,
[INFO] [stdout] 111 +         None => AbsPath::parse(&format!("{data_dir}/store"))?,
[INFO] [stdout]     |
[INFO] [stdout] 
[INFO] [stdout] 
[INFO] [stdout] error[E0425]: cannot find value `DATA_DIR` in this scope
[INFO] [stdout]    --> src/platform.rs:129:31
[INFO] [stdout]     |
[INFO] [stdout] 129 |     AbsPath::parse(&format!("{DATA_DIR}/state.json"))
[INFO] [stdout]     |                               ^^^^^^^^ not found in this scope
[INFO] [stdout]     |
[INFO] [stdout] note: similarly named function `data_dir` defined here
[INFO] [stdout]    --> src/platform.rs:99:1
[INFO] [stdout]     |
[INFO] [stdout]  99 | pub fn data_dir() -> Result<AbsPath, PathError> {
[INFO] [stdout]     | ^^^^^^^^^^^^^^^^^^^^^^^^^^^^^^^^^^^^^^^^^^^^^^^
[INFO] [stdout] help: a function with a similar name exists
[INFO] [stdout]     |
[INFO] [stdout] 129 -     AbsPath::parse(&format!("{DATA_DIR}/state.json"))
[INFO] [stdout] 129 +     AbsPath::parse(&format!("{data_dir}/state.json"))
[INFO] [stdout]     |
[INFO] [stdout] 
[INFO] [stdout] 
[INFO] [stdout] error[E0425]: cannot find value `LOG_DIR` in this scope
[INFO] [stdout]    --> src/platform.rs:136:20
[INFO] [stdout]     |
[INFO] [stdout] 136 |     AbsPath::parse(LOG_DIR)
[INFO] [stdout]     |                    ^^^^^^^ not found in this scope
[INFO] [stdout] 
[INFO] [stdout] 
[INFO] [stdout] warning: unused imports: `Timeout` and `command`
[INFO] [stdout]   --> src/platform/notify.rs:23:27
[INFO] [stdout]    |
[INFO] [stdout] 23 | use crate::sys::process::{Timeout, command};
[INFO] [stdout]    |                           ^^^^^^^  ^^^^^^^
[INFO] [stdout]    |
[INFO] [stdout]    = note: `#[warn(unused_imports)]` (part of `#[warn(unused)]`) on by default
[INFO] [stdout] 
[INFO] [stdout] 
[INFO] [stdout] error[E0432]: unresolved import `crate::platform::scheduler`
[INFO] [stdout]   --> src/cli/doctor.rs:7:35
[INFO] [stdout]    |
[INFO] [stdout]  7 | use crate::platform::{Agent, Job, scheduler};
[INFO] [stdout]    |                                   ^^^^^^^^^ no `scheduler` in `platform`
[INFO] [stdout]    |
[INFO] [stdout] note: found an item that was configured out
[INFO] [stdout]   --> src/platform.rs:24:20
[INFO] [stdout]    |
[INFO] [stdout] 23 | #[cfg(target_os = "macos")]
[INFO] [stdout]    |       ------------------- the item is gated behind the `macos` feature
[INFO] [stdout] 24 | pub use launchd as scheduler;
[INFO] [stdout]    |                    ^^^^^^^^^
[INFO] [stdout] note: found an item that was configured out
[INFO] [stdout]   --> src/platform.rs:26:21
[INFO] [stdout]    |
[INFO] [stdout] 25 | #[cfg(windows)]
[INFO] [stdout]    |       ------- the item is gated here
[INFO] [stdout] 26 | pub use schtasks as scheduler;
[INFO] [stdout]    |                     ^^^^^^^^^
[INFO] [stdout] 
[INFO] [stdout] 
[INFO] [stdout] error[E0432]: unresolved import `crate::platform::scheduler`
[INFO] [stdout]   --> src/service.rs:14:43
[INFO] [stdout]    |
[INFO] [stdout] 14 | use crate::platform::{Agent, Job, Loaded, scheduler};
[INFO] [stdout]    |                                           ^^^^^^^^^ no `scheduler` in `platform`
[INFO] [stdout]    |
[INFO] [stdout] note: found an item that was configured out
[INFO] [stdout]   --> src/platform.rs:24:20
[INFO] [stdout]    |
[INFO] [stdout] 23 | #[cfg(target_os = "macos")]
[INFO] [stdout]    |       ------------------- the item is gated behind the `macos` feature
[INFO] [stdout] 24 | pub use launchd as scheduler;
[INFO] [stdout]    |                    ^^^^^^^^^
[INFO] [stdout] note: found an item that was configured out
[INFO] [stdout]   --> src/platform.rs:26:21
[INFO] [stdout]    |
[INFO] [stdout] 25 | #[cfg(windows)]
[INFO] [stdout]    |       ------- the item is gated here
[INFO] [stdout] 26 | pub use schtasks as scheduler;
[INFO] [stdout]    |                     ^^^^^^^^^
[INFO] [stdout] 
[INFO] [stdout] 
[INFO] [stdout] error[E0432]: unresolved import `crate::platform::scheduler`
[INFO] [stdout]    --> src/service.rs:218:39
[INFO] [stdout]     |
[INFO] [stdout] 218 |     use crate::platform::{Agent, Job, scheduler};
[INFO] [stdout]     |                                       ^^^^^^^^^ no `scheduler` in `platform`
[INFO] [stdout]     |
[INFO] [stdout]     = help: consider importing this unresolved item through its public re-export instead:
[INFO] [stdout]             crate::service::scheduler
[INFO] [stdout] note: found an item that was configured out
[INFO] [stdout]    --> src/platform.rs:24:20
[INFO] [stdout]     |
[INFO] [stdout]  23 | #[cfg(target_os = "macos")]
[INFO] [stdout]     |       ------------------- the item is gated behind the `macos` feature
[INFO] [stdout]  24 | pub use launchd as scheduler;
[INFO] [stdout]     |                    ^^^^^^^^^
[INFO] [stdout] note: found an item that was configured out
[INFO] [stdout]    --> src/platform.rs:26:21
[INFO] [stdout]     |
[INFO] [stdout]  25 | #[cfg(windows)]
[INFO] [stdout]     |       ------- the item is gated here
[INFO] [stdout]  26 | pub use schtasks as scheduler;
[INFO] [stdout]     |                     ^^^^^^^^^
[INFO] [stdout] 
[INFO] [stdout] 
[INFO] [stdout] error[E0433]: cannot find `scheduler` in `platform`
[INFO] [stdout]    --> src/cli/doctor.rs:148:46
[INFO] [stdout]     |
[INFO] [stdout] 148 |     if let Ok(definition) = crate::platform::scheduler::definition_path(&agent) {
[INFO] [stdout]     |                                              ^^^^^^^^^ could not find `scheduler` in `platform`
[INFO] [stdout]     |
[INFO] [stdout] note: found an item that was configured out
[INFO] [stdout]    --> src/platform.rs:24:20
[INFO] [stdout]     |
[INFO] [stdout]  23 | #[cfg(target_os = "macos")]
[INFO] [stdout]     |       ------------------- the item is gated behind the `macos` feature
[INFO] [stdout]  24 | pub use launchd as scheduler;
[INFO] [stdout]     |                    ^^^^^^^^^
[INFO] [stdout] note: found an item that was configured out
[INFO] [stdout]    --> src/platform.rs:26:21
[INFO] [stdout]     |
[INFO] [stdout]  25 | #[cfg(windows)]
[INFO] [stdout]     |       ------- the item is gated here
[INFO] [stdout]  26 | pub use schtasks as scheduler;
[INFO] [stdout]     |                     ^^^^^^^^^
[INFO] [stdout] 
[INFO] [stdout] 
[INFO] [stdout] error[E0425]: cannot find value `DATA_DIR` in this scope
[INFO] [stdout]    --> src/platform.rs:100:20
[INFO] [stdout]     |
[INFO] [stdout] 100 |     AbsPath::parse(DATA_DIR)
[INFO] [stdout]     |                    ^^^^^^^^ not found in this scope
[INFO] [stdout] 
[INFO] [stdout] 
[INFO] [stdout] error[E0425]: cannot find value `DATA_DIR` in this scope
[INFO] [stdout]    --> src/platform.rs:111:43
[INFO] [stdout]     |
[INFO] [stdout] 111 |         None => AbsPath::parse(&format!("{DATA_DIR}/store"))?,
[INFO] [stdout]     |                                           ^^^^^^^^ not found in this scope
[INFO] [stdout]     |
[INFO] [stdout] note: similarly named function `data_dir` defined here
[INFO] [stdout]    --> src/platform.rs:99:1
[INFO] [stdout]     |
[INFO] [stdout]  99 | pub fn data_dir() -> Result<AbsPath, PathError> {
[INFO] [stdout]     | ^^^^^^^^^^^^^^^^^^^^^^^^^^^^^^^^^^^^^^^^^^^^^^^
[INFO] [stdout] help: a function with a similar name exists
[INFO] [stdout]     |
[INFO] [stdout] 111 -         None => AbsPath::parse(&format!("{DATA_DIR}/store"))?,
[INFO] [stdout] 111 +         None => AbsPath::parse(&format!("{data_dir}/store"))?,
[INFO] [stdout]     |
[INFO] [stdout] 
[INFO] [stdout] 
[INFO] [stdout] error[E0425]: cannot find value `DATA_DIR` in this scope
[INFO] [stdout]    --> src/platform.rs:129:31
[INFO] [stdout]     |
[INFO] [stdout] 129 |     AbsPath::parse(&format!("{DATA_DIR}/state.json"))
[INFO] [stdout]     |                               ^^^^^^^^ not found in this scope
[INFO] [stdout]     |
[INFO] [stdout] note: similarly named function `data_dir` defined here
[INFO] [stdout]    --> src/platform.rs:99:1
[INFO] [stdout]     |
[INFO] [stdout]  99 | pub fn data_dir() -> Result<AbsPath, PathError> {
[INFO] [stdout]     | ^^^^^^^^^^^^^^^^^^^^^^^^^^^^^^^^^^^^^^^^^^^^^^^
[INFO] [stdout] help: a function with a similar name exists
[INFO] [stdout]     |
[INFO] [stdout] 129 -     AbsPath::parse(&format!("{DATA_DIR}/state.json"))
[INFO] [stdout] 129 +     AbsPath::parse(&format!("{data_dir}/state.json"))
[INFO] [stdout]     |
[INFO] [stdout] 
[INFO] [stdout] 
[INFO] [stdout] error[E0425]: cannot find value `LOG_DIR` in this scope
[INFO] [stdout]    --> src/platform.rs:136:20
[INFO] [stdout]     |
[INFO] [stdout] 136 |     AbsPath::parse(LOG_DIR)
[INFO] [stdout]     |                    ^^^^^^^ not found in this scope
[INFO] [stdout] 
[INFO] [stdout] 
[INFO] [stdout] warning: unused imports: `Timeout` and `command`
[INFO] [stdout]   --> src/platform/notify.rs:23:27
[INFO] [stdout]    |
[INFO] [stdout] 23 | use crate::sys::process::{Timeout, command};
[INFO] [stdout]    |                           ^^^^^^^  ^^^^^^^
[INFO] [stdout]    |
[INFO] [stdout]    = note: `#[warn(unused_imports)]` (part of `#[warn(unused)]`) on by default
[INFO] [stdout] 
[INFO] [stdout] 
[INFO] [stdout] Some errors have detailed explanations: E0425, E0432, E0433.
[INFO] [stdout] 
[INFO] [stdout] For more information about an error, try `rustc --explain E0425`.
[INFO] [stdout] 
[INFO] [stderr] error: could not compile `tycho` (lib) due to 8 previous errors; 1 warning emitted
[INFO] [stderr] warning: build failed, waiting for other jobs to finish...
[INFO] [stdout] Some errors have detailed explanations: E0425, E0432, E0433.
[INFO] [stdout] 
[INFO] [stdout] For more information about an error, try `rustc --explain E0425`.
[INFO] [stdout] 
[INFO] [stderr] error: could not compile `tycho` (lib test) due to 9 previous errors; 1 warning emitted
[INFO] running `Command { std: "docker" "inspect" "2b8a830136a675179af02ef3d937efe69908c6508318d3f8897103458970464a", kill_on_drop: false }`
[INFO] running `Command { std: "docker" "rm" "-f" "2b8a830136a675179af02ef3d937efe69908c6508318d3f8897103458970464a", kill_on_drop: false }`
[INFO] [stdout] 2b8a830136a675179af02ef3d937efe69908c6508318d3f8897103458970464a
