[INFO] cloning repository https://github.com/CoolCoderSuper/latitude
[INFO] running `Command { std: "git" "-c" "credential.helper=" "-c" "credential.helper=/workspace/cargo-home/bin/git-credential-null" "clone" "--bare" "https://github.com/CoolCoderSuper/latitude" "/workspace/cache/git-repos/https%3A%2F%2Fgithub.com%2FCoolCoderSuper%2Flatitude", kill_on_drop: false }`
[INFO] [stderr] Cloning into bare repository '/workspace/cache/git-repos/https%3A%2F%2Fgithub.com%2FCoolCoderSuper%2Flatitude'...
[INFO] running `Command { std: "git" "rev-parse" "HEAD", kill_on_drop: false }`
[INFO] [stdout] a167807558c77413e1a7ca9c83378546a4011e66
[INFO] checking CoolCoderSuper/latitude against 3154cc1a3e6424e44f438a95007d043ed5ceaaf6+rustflags=-Znext-solver=coherence for pr-133502-30
[INFO] running `Command { std: "git" "clone" "/workspace/cache/git-repos/https%3A%2F%2Fgithub.com%2FCoolCoderSuper%2Flatitude" "/workspace/builds/worker-2-tc1/source", kill_on_drop: false }`
[INFO] [stderr] Cloning into '/workspace/builds/worker-2-tc1/source'...
[INFO] [stderr] done.
[INFO] started tweaking git repo https://github.com/CoolCoderSuper/latitude
[INFO] finished tweaking git repo https://github.com/CoolCoderSuper/latitude
[INFO] tweaked toml for git repo https://github.com/CoolCoderSuper/latitude written to /workspace/builds/worker-2-tc1/source/Cargo.toml
[INFO] validating manifest of git repo https://github.com/CoolCoderSuper/latitude on toolchain 3154cc1a3e6424e44f438a95007d043ed5ceaaf6
[INFO] running `Command { std: CARGO_HOME="/workspace/cargo-home" RUSTUP_HOME="/workspace/rustup-home" "/workspace/cargo-home/bin/cargo" "+3154cc1a3e6424e44f438a95007d043ed5ceaaf6" "metadata" "--manifest-path" "Cargo.toml" "--no-deps", kill_on_drop: false }`
[INFO] crate git repo https://github.com/CoolCoderSuper/latitude already has a lockfile, it will not be regenerated
[INFO] running `Command { std: CARGO_HOME="/workspace/cargo-home" RUSTUP_HOME="/workspace/rustup-home" "/workspace/cargo-home/bin/cargo" "+3154cc1a3e6424e44f438a95007d043ed5ceaaf6" "fetch" "--manifest-path" "Cargo.toml", kill_on_drop: false }`
[INFO] [stderr]     Updating crates.io index
[INFO] [stderr]  Downloading crates ...
[INFO] [stderr]   Downloaded windows-service v0.8.1
[INFO] [stderr]   Downloaded webrtc v0.17.2
[INFO] [stderr]   Downloaded webrtc-util v0.17.2
[INFO] [stderr]   Downloaded bytes v1.12.0
[INFO] [stderr]   Downloaded rtp v0.17.2
[INFO] [stderr]   Downloaded webrtc-srtp v0.17.2
[INFO] [stderr]   Downloaded webrtc-sctp v0.17.2
[INFO] [stderr]   Downloaded webrtc-mdns v0.17.2
[INFO] [stderr]   Downloaded webrtc-media v0.17.2
[INFO] [stderr]   Downloaded webrtc-ice v0.17.2
[INFO] [stderr]   Downloaded rtcp v0.17.2
[INFO] [stderr]   Downloaded rcgen v0.13.2
[INFO] [stderr]   Downloaded ptr_meta v0.3.1
[INFO] [stderr]   Downloaded ptr_meta_derive v0.3.1
[INFO] [stderr]   Downloaded munge v0.4.7
[INFO] [stderr]   Downloaded munge_macro v0.4.7
[INFO] [stderr]   Downloaded rend v0.5.4
[INFO] [stderr]   Downloaded ccm v0.5.0
[INFO] [stderr]   Downloaded vt100 v0.16.2
[INFO] [stderr]   Downloaded vte v0.15.0
[INFO] [stderr]   Downloaded plist v1.9.0
[INFO] [stderr]   Downloaded turn v0.17.2
[INFO] [stderr]   Downloaded stun v0.17.2
[INFO] [stderr]   Downloaded webrtc-data v0.17.2
[INFO] [stderr]   Downloaded sdp v0.17.2
[INFO] [stderr]   Downloaded time-macros v0.2.30
[INFO] [stderr]   Downloaded oid-registry v0.7.1
[INFO] [stderr]   Downloaded asn1-rs v0.6.2
[INFO] [stderr]   Downloaded asn1-rs-derive v0.5.1
[INFO] [stderr]   Downloaded interceptor v0.17.2
[INFO] [stderr]   Downloaded dtls v0.17.2
[INFO] [stderr]   Downloaded rkyv v0.8.17
[INFO] [stderr]   Downloaded rkyv_derive v0.8.17
[INFO] [stderr]   Downloaded bytecheck v0.8.2
[INFO] [stderr]   Downloaded rancor v0.1.2
[INFO] [stderr]   Downloaded bytecheck_derive v0.8.2
[INFO] [stderr]   Downloaded onig v6.5.3
[INFO] [stderr]   Downloaded syntect v5.3.0
[INFO] [stderr]   Downloaded rmpv v1.3.1
[INFO] [stderr]   Downloaded time v0.3.51
[INFO] [stderr]   Downloaded onig_sys v69.9.3
[INFO] [stderr]   Downloaded two-face v0.5.1
[INFO] [stderr]   Downloaded pulldown-cmark-escape v0.11.0
[INFO] [stderr]   Downloaded portable-pty v0.9.0
[INFO] [stderr]   Downloaded shared_library v0.1.9
[INFO] [stderr]   Downloaded serial2 v0.2.37
[INFO] [stderr]   Downloaded nix v0.28.0
[INFO] [stderr]   Downloaded openh264 v0.9.7
[INFO] [stderr]   Downloaded safe_arch v1.1.0
[INFO] [stderr]   Downloaded maud v0.27.0
[INFO] [stderr]   Downloaded maud_macros v0.27.0
[INFO] [stderr]   Downloaded xxhash-rust v0.8.17
[INFO] [stderr]   Downloaded notify v9.0.0-rc.4
[INFO] [stderr]   Downloaded objc2-core-services v0.3.2
[INFO] [stderr]   Downloaded openh264-sys2 v0.9.7
[INFO] [stderr]   Downloaded nasm-rs v0.3.2
[INFO] [stderr]   Downloaded kqueue v1.2.0
[INFO] [stderr]   Downloaded kqueue-sys v1.1.2
[INFO] [stderr]   Downloaded inotify v0.11.4
[INFO] [stderr]   Downloaded ignore v0.4.29
[INFO] [stderr]   Downloaded globset v0.4.19
[INFO] [stderr]   Downloaded heed v0.22.1
[INFO] [stderr]   Downloaded synchronoise v1.0.1
[INFO] [stderr]   Downloaded doxygen-rs v0.4.2
[INFO] [stderr]   Downloaded heed-types v0.21.0
[INFO] [stderr]   Downloaded heed-traits v0.20.0
[INFO] [stderr]   Downloaded glidesort v0.1.2
[INFO] [stderr]   Downloaded fff-notify-debouncer-full v0.9.4
[INFO] [stderr]   Downloaded wide v1.5.0
[INFO] [stderr]   Downloaded lmdb-master-sys v0.2.6
[INFO] [stderr]   Downloaded tracing-appender v0.2.5
[INFO] [stderr]   Downloaded file-id v0.2.3
[INFO] [stderr]   Downloaded notify-types v2.1.0
[INFO] [stderr]   Downloaded git2 v0.20.4
[INFO] [stderr]   Downloaded libgit2-sys v0.18.5+1.9.4
[INFO] [stderr]   Downloaded fff-query-parser v0.10.1
[INFO] [stderr]   Downloaded fff-grep v0.10.1
[INFO] [stderr]   Downloaded yuvutils-rs v0.8.3
[INFO] [stderr]   Downloaded neo_frizbee v0.11.0
[INFO] [stderr]   Downloaded fff-search v0.10.1
[INFO] running `Command { std: "docker" "create" "-v" "/var/lib/crater-agent-workspace/builds/worker-2-tc1/source:/opt/rustwide/workdir:ro,Z" "-v" "/var/lib/crater-agent-workspace/builds/worker-2-tc1/target:/opt/rustwide/target:rw,Z" "-v" "/var/lib/crater-agent-workspace/cargo-home:/opt/rustwide/cargo-home:ro,Z" "-v" "/var/lib/crater-agent-workspace/rustup-home:/opt/rustwide/rustup-home:ro,Z" "-m" "1610612736" "--network" "none" "ghcr.io/rust-lang/crates-build-env/linux@sha256:77db811e55d90add9212f6832c23229e3de5f1c1f9905e8cb07319ea15df73ac" "sleep" "infinity", kill_on_drop: false }`
[INFO] [stdout] c7ca695e7f88a8d6e0c75e8e3c2775efe2333066e785c61dc0eb0c8ac9097b78
[INFO] running `Command { std: "docker" "start" "c7ca695e7f88a8d6e0c75e8e3c2775efe2333066e785c61dc0eb0c8ac9097b78", kill_on_drop: false }`
[INFO] running `Command { std: "docker" "inspect" "c7ca695e7f88a8d6e0c75e8e3c2775efe2333066e785c61dc0eb0c8ac9097b78", kill_on_drop: false }`
[INFO] running `Command { std: "docker" "exec" "-e" "SOURCE_DIR=/opt/rustwide/workdir" "-e" "CARGO_HOME=/opt/rustwide/cargo-home" "-e" "RUSTUP_HOME=/opt/rustwide/rustup-home" "-e" "CARGO_TARGET_DIR=/opt/rustwide/target" "-w" "/opt/rustwide/workdir" "--user" "0:0" "c7ca695e7f88a8d6e0c75e8e3c2775efe2333066e785c61dc0eb0c8ac9097b78" "/opt/rustwide/cargo-home/bin/cargo" "+3154cc1a3e6424e44f438a95007d043ed5ceaaf6" "metadata" "--no-deps" "--format-version=1", kill_on_drop: false }`
[INFO] running `Command { std: "docker" "inspect" "c7ca695e7f88a8d6e0c75e8e3c2775efe2333066e785c61dc0eb0c8ac9097b78", kill_on_drop: false }`
[INFO] running `Command { std: "docker" "exec" "-e" "SOURCE_DIR=/opt/rustwide/workdir" "-e" "CARGO_HOME=/opt/rustwide/cargo-home" "-e" "RUSTUP_HOME=/opt/rustwide/rustup-home" "-e" "CARGO_TARGET_DIR=/opt/rustwide/target" "-e" "CARGO_INCREMENTAL=0" "-e" "RUST_BACKTRACE=full" "-e" "RUSTFLAGS=--cap-lints=forbid -Znext-solver=coherence" "-e" "RUSTDOCFLAGS=--cap-lints=forbid" "-w" "/opt/rustwide/workdir" "--user" "0:0" "c7ca695e7f88a8d6e0c75e8e3c2775efe2333066e785c61dc0eb0c8ac9097b78" "/opt/rustwide/cargo-home/bin/cargo" "+3154cc1a3e6424e44f438a95007d043ed5ceaaf6" "check" "--frozen" "--all" "--all-targets" "--message-format=json", kill_on_drop: false }`
[INFO] [stderr]    Compiling quote v1.0.46
[INFO] [stderr]    Compiling libc v0.2.186
[INFO] [stderr]    Compiling serde_core v1.0.228
[INFO] [stderr]    Compiling serde v1.0.228
[INFO] [stderr]     Checking bytes v1.12.0
[INFO] [stderr]    Compiling zerocopy v0.8.52
[INFO] [stderr]    Compiling stable_deref_trait v1.2.1
[INFO] [stderr]    Compiling memoffset v0.7.1
[INFO] [stderr]    Compiling portable-atomic v1.14.0
[INFO] [stderr]     Checking tracing-core v0.1.36
[INFO] [stderr]    Compiling rustls v0.23.41
[INFO] [stderr]    Compiling num-conv v0.2.2
[INFO] [stderr]    Compiling time-core v0.1.9
[INFO] [stderr]     Checking deranged v0.5.8
[INFO] [stderr]    Compiling litemap v0.8.2
[INFO] [stderr]    Compiling smallvec v1.15.2
[INFO] [stderr]    Compiling writeable v0.6.3
[INFO] [stderr]     Checking base64ct v1.8.3
[INFO] [stderr]    Compiling futures-core v0.3.32
[INFO] [stderr]    Compiling utf8_iter v1.0.4
[INFO] [stderr]    Compiling time-macros v0.2.30
[INFO] [stderr]    Compiling log v0.4.33
[INFO] [stderr]    Compiling syn v2.0.118
[INFO] [stderr]    Compiling syn v3.0.3
[INFO] [stderr]    Compiling serde_json v1.0.150
[INFO] [stderr]    Compiling crossbeam-utils v0.8.21
[INFO] [stderr]    Compiling zeroize v1.9.0
[INFO] [stderr]    Compiling rand_core v0.6.4
[INFO] [stderr]     Checking pem-rfc7468 v0.7.0
[INFO] [stderr]    Compiling typenum v1.20.1
[INFO] [stderr]    Compiling scopeguard v1.2.0
[INFO] [stderr]     Checking crc-catalog v2.5.0
[INFO] [stderr]    Compiling phf_shared v0.11.3
[INFO] [stderr]     Checking crc v3.4.0
[INFO] [stderr]    Compiling rustls-pki-types v1.14.1
[INFO] [stderr]    Compiling lock_api v0.4.14
[INFO] [stderr]    Compiling rand v0.8.6
[INFO] [stderr]    Compiling icu_properties_data v2.2.0
[INFO] [stderr]     Checking http v1.4.2
[INFO] [stderr]    Compiling icu_normalizer_data v2.2.0
[INFO] [stderr]     Checking aho-corasick v1.1.4
[INFO] [stderr]     Checking minimal-lexical v0.2.1
[INFO] [stderr]     Checking nom v7.1.3
[INFO] [stderr]    Compiling untrusted v0.9.0
[INFO] [stderr]    Compiling crossbeam-epoch v0.9.20
[INFO] [stderr]    Compiling phf_generator v0.11.3
[INFO] [stderr]    Compiling jobserver v0.1.35
[INFO] [stderr]    Compiling generic-array v0.14.7
[INFO] [stderr]    Compiling getrandom v0.2.17
[INFO] [stderr]     Checking http-body v1.0.1
[INFO] [stderr]    Compiling parking_lot_core v0.9.12
[INFO] [stderr]    Compiling mio v1.2.1
[INFO] [stderr]    Compiling cc v1.2.65
[INFO] [stderr]    Compiling socket2 v0.6.4
[INFO] [stderr]    Compiling form_urlencoded v1.2.2
[INFO] [stderr]    Compiling futures-io v0.3.32
[INFO] [stderr]    Compiling slab v0.4.12
[INFO] [stderr]     Checking data-encoding v2.11.0
[INFO] [stderr]     Checking time v0.3.51
[INFO] [stderr]     Checking regex-automata v0.4.16
[INFO] [stderr]    Compiling crossbeam-deque v0.8.7
[INFO] [stderr]    Compiling futures-task v0.3.32
[INFO] [stderr]    Compiling allocator-api2 v0.2.21
[INFO] [stderr]     Checking same-file v1.0.6
[INFO] [stderr]    Compiling foldhash v0.1.5
[INFO] [stderr]     Checking walkdir v2.5.0
[INFO] [stderr]    Compiling futures-util v0.3.32
[INFO] [stderr]    Compiling parking_lot v0.12.5
[INFO] [stderr]    Compiling hashbrown v0.15.5
[INFO] [stderr]    Compiling num-traits v0.2.19
[INFO] [stderr]    Compiling tokio v1.52.3
[INFO] [stderr]    Compiling concurrent-queue v2.5.0
[INFO] [stderr]    Compiling crypto-common v0.1.7
[INFO] [stderr]     Checking errno v0.3.14
[INFO] [stderr]     Checking signal-hook-registry v1.4.8
[INFO] [stderr]     Checking getrandom v0.3.4
[INFO] [stderr]     Checking rand_core v0.9.5
[INFO] [stderr]     Checking nix v0.26.4
[INFO] [stderr]     Checking ff v0.13.1
[INFO] [stderr]    Compiling block-buffer v0.10.4
[INFO] [stderr]     Checking group v0.13.0
[INFO] [stderr]    Compiling digest v0.10.7
[INFO] [stderr]     Checking bitflags v2.13.0
[INFO] [stderr]     Checking indexmap v2.14.0
[INFO] [stderr]    Compiling webpki-roots v1.0.8
[INFO] [stderr]     Checking num-integer v0.1.46
[INFO] [stderr]     Checking crossbeam-queue v0.3.12
[INFO] [stderr]    Compiling subtle v2.6.1
[INFO] [stderr]    Compiling inotify-sys v0.1.8
[INFO] [stderr]    Compiling oid-registry v0.7.1
[INFO] [stderr]    Compiling parking v2.2.1
[INFO] [stderr]     Checking rusticata-macros v4.1.0
[INFO] [stderr]    Compiling event-listener v5.4.1
[INFO] [stderr]    Compiling sha2 v0.10.9
[INFO] [stderr]    Compiling ring v0.17.14
[INFO] [stderr]    Compiling libsqlite3-sys v0.30.1
[INFO] [stderr]    Compiling libz-sys v1.1.29
[INFO] [stderr]    Compiling onig_sys v69.9.3
[INFO] [stderr]     Checking num-bigint v0.4.8
[INFO] [stderr]    Compiling webpki-roots v0.26.11
[INFO] [stderr]    Compiling hashlink v0.10.0
[INFO] [stderr]    Compiling futures-intrusive v0.5.0
[INFO] [stderr]    Compiling curve25519-dalek v4.1.3
[INFO] [stderr]    Compiling spin v0.9.8
[INFO] [stderr]    Compiling ryu v1.0.23
[INFO] [stderr]     Checking simdutf8 v0.1.5
[INFO] [stderr]    Compiling base64 v0.22.1
[INFO] [stderr]    Compiling flume v0.11.1
[INFO] [stderr]     Checking arc-swap v1.9.2
[INFO] [stderr]    Compiling libgit2-sys v0.18.5+1.9.4
[INFO] [stderr]    Compiling synstructure v0.13.2
[INFO] [stderr]    Compiling futures-channel v0.3.32
[INFO] [stderr]    Compiling nasm-rs v0.3.2
[INFO] [stderr]    Compiling zmij v1.0.21
[INFO] [stderr]    Compiling substring v1.4.5
[INFO] [stderr]    Compiling atoi v2.0.0
[INFO] [stderr]    Compiling proc-macro2-diagnostics v0.10.1
[INFO] [stderr]     Checking bstr v1.13.0
[INFO] [stderr]     Checking simd-adler32 v0.3.9
[INFO] [stderr]    Compiling cfg_aliases v0.1.1
[INFO] [stderr]    Compiling nix v0.28.0
[INFO] [stderr]    Compiling openh264-sys2 v0.9.7
[INFO] [stderr]     Checking anstyle-parse v1.0.0
[INFO] [stderr]     Checking miniz_oxide v0.8.9
[INFO] [stderr]     Checking ppv-lite86 v0.2.21
[INFO] [stderr]     Checking inotify v0.11.4
[INFO] [stderr]     Checking rayon-core v1.13.0
[INFO] [stderr]     Checking getrandom v0.4.3
[INFO] [stderr]     Checking matchers v0.2.0
[INFO] [stderr]    Compiling futures-executor v0.3.32
[INFO] [stderr]     Checking yasna v0.5.2
[INFO] [stderr]    Compiling blake3 v1.8.5
[INFO] [stderr]     Checking notify-types v2.1.0
[INFO] [stderr]     Checking rand_chacha v0.9.0
[INFO] [stderr]     Checking socket2 v0.5.10
[INFO] [stderr]     Checking http-body-util v0.1.3
[INFO] [stderr]     Checking waitgroup v0.1.2
[INFO] [stderr]    Compiling async-trait v0.1.91
[INFO] [stderr]     Checking tracing-log v0.2.0
[INFO] [stderr]     Checking rand v0.9.4
[INFO] [stderr]     Checking thread_local v1.1.9
[INFO] [stderr]     Checking quick-xml v0.39.4
[INFO] [stderr]     Checking heed-traits v0.20.0
[INFO] [stderr]     Checking bytemuck v1.25.2
[INFO] [stderr]     Checking anstyle v1.0.14
[INFO] [stderr]    Compiling heed v0.22.1
[INFO] [stderr]     Checking colorchoice v1.0.5
[INFO] [stderr]    Compiling anyhow v1.0.103
[INFO] [stderr]    Compiling dotenvy v0.15.7
[INFO] [stderr]     Checking linked-hash-map v0.5.6
[INFO] [stderr]     Checking xxhash-rust v0.8.17
[INFO] [stderr]     Checking nu-ansi-term v0.50.3
[INFO] [stderr]     Checking unicode-width v0.2.2
[INFO] [stderr]     Checking yaml-rust v0.4.5
[INFO] [stderr]     Checking notify v9.0.0-rc.4
[INFO] [stderr]     Checking safe_arch v1.1.0
[INFO] [stderr]     Checking anstream v1.0.0
[INFO] [stderr]     Checking dirs-sys v0.4.1
[INFO] [stderr]    Compiling mime_guess v2.0.5
[INFO] [stderr]    Compiling zeroize_derive v1.5.0
[INFO] [stderr]    Compiling zerofrom-derive v0.1.7
[INFO] [stderr]    Compiling yoke-derive v0.8.2
[INFO] [stderr]    Compiling displaydoc v0.2.6
[INFO] [stderr]    Compiling zerovec-derive v0.11.3
[INFO] [stderr]    Compiling serde_derive v1.0.228
[INFO] [stderr]    Compiling tokio-macros v2.7.0
[INFO] [stderr]    Compiling thiserror-impl v1.0.69
[INFO] [stderr]    Compiling tracing-attributes v0.1.31
[INFO] [stderr]    Compiling futures-macro v0.3.32
[INFO] [stderr]    Compiling thiserror-impl v2.0.18
[INFO] [stderr]     Checking block-padding v0.3.3
[INFO] [stderr]     Checking der v0.7.10
[INFO] [stderr]     Checking inout v0.1.4
[INFO] [stderr]     Checking cipher v0.4.4
[INFO] [stderr]     Checking hmac v0.12.1
[INFO] [stderr]     Checking universal-hash v0.5.1
[INFO] [stderr]     Checking hkdf v0.12.4
[INFO] [stderr]     Checking zerofrom v0.1.8
[INFO] [stderr]     Checking yoke v0.8.3
[INFO] [stderr]     Checking sha1 v0.10.6
[INFO] [stderr]     Checking tracing v0.1.44
[INFO] [stderr]     Checking zerovec v0.11.6
[INFO] [stderr]     Checking thiserror v1.0.69
[INFO] [stderr]     Checking zerotrie v0.2.4
[INFO] [stderr]     Checking aead v0.5.2
[INFO] [stderr]     Checking thiserror v2.0.18
[INFO] [stderr]     Checking crypto-bigint v0.5.5
[INFO] [stderr]    Compiling asn1-rs-impl v0.2.0
[INFO] [stderr]    Compiling asn1-rs-derive v0.5.1
[INFO] [stderr]    Compiling ptr_meta_derive v0.3.1
[INFO] [stderr]    Compiling phf_macros v0.11.3
[INFO] [stderr]     Checking ptr_meta v0.3.1
[INFO] [stderr]     Checking tinystr v0.8.3
[INFO] [stderr]     Checking potential_utf v0.1.5
[INFO] [stderr]     Checking icu_collections v2.2.0
[INFO] [stderr]     Checking asn1-rs v0.6.2
[INFO] [stderr]     Checking spki v0.7.3
[INFO] [stderr]     Checking icu_locale_core v2.2.0
[INFO] [stderr]     Checking pkcs8 v0.10.2
[INFO] [stderr]     Checking rustls-webpki v0.103.13
[INFO] [stderr]    Compiling phf v0.11.3
[INFO] [stderr]     Checking sec1 v0.7.3
[INFO] [stderr]     Checking polyval v0.6.2
[INFO] [stderr]     Checking ctr v0.9.2
[INFO] [stderr]    Compiling doxygen-rs v0.4.2
[INFO] [stderr]     Checking ghash v0.5.1
[INFO] [stderr]     Checking rancor v0.1.2
[INFO] [stderr]    Compiling tokio-stream v0.1.18
[INFO] [stderr]     Checking rfc6979 v0.4.0
[INFO] [stderr]     Checking aes v0.8.4
[INFO] [stderr]     Checking signature v2.2.0
[INFO] [stderr]    Compiling bytecheck_derive v0.8.2
[INFO] [stderr]    Compiling lmdb-master-sys v0.2.6
[INFO] [stderr]     Checking elliptic-curve v0.13.8
[INFO] [stderr]     Checking icu_provider v2.2.0
[INFO] [stderr]     Checking der-parser v9.0.0
[INFO] [stderr]     Checking ecdsa v0.16.9
[INFO] [stderr]     Checking icu_properties v2.2.0
[INFO] [stderr]     Checking icu_normalizer v2.2.0
[INFO] [stderr]     Checking aes-gcm v0.10.3
[INFO] [stderr]     Checking bytecheck v0.8.2
[INFO] [stderr]     Checking primeorder v0.13.6
[INFO] [stderr]     Checking md-5 v0.10.6
[INFO] [stderr]    Compiling munge_macro v0.4.7
[INFO] [stderr]    Compiling curve25519-dalek-derive v0.1.1
[INFO] [stderr]     Checking rend v0.5.4
[INFO] [stderr]     Checking x509-parser v0.16.0
[INFO] [stderr]     Checking munge v0.4.7
[INFO] [stderr]     Checking poly1305 v0.8.0
[INFO] [stderr]     Checking chacha20 v0.9.1
[INFO] [stderr]    Compiling rkyv_derive v0.8.17
[INFO] [stderr]     Checking futures v0.3.32
[INFO] [stderr]     Checking onig v6.5.3
[INFO] [stderr]     Checking chacha20poly1305 v0.10.1
[INFO] [stderr]     Checking p384 v0.13.1
[INFO] [stderr]     Checking either v1.16.0
[INFO] [stderr]     Checking idna_adapter v1.2.2
[INFO] [stderr]     Checking bincode v1.3.3
[INFO] [stderr]     Checking idna v1.1.0
[INFO] [stderr]    Compiling serde_urlencoded v0.7.1
[INFO] [stderr]     Checking rcgen v0.13.2
[INFO] [stderr]     Checking url v2.5.8
[INFO] [stderr]     Checking rayon v1.12.0
[INFO] [stderr]     Checking plist v1.9.0
[INFO] [stderr]     Checking webrtc-util v0.17.2
[INFO] [stderr]     Checking tokio-util v0.7.18
[INFO] [stderr]     Checking hyper v1.10.1
[INFO] [stderr]     Checking tower v0.5.3
[INFO] [stderr]     Checking x25519-dalek v2.0.1
[INFO] [stderr]     Checking heed-types v0.21.0
[INFO] [stderr]     Checking p256 v0.13.2
[INFO] [stderr]     Checking ccm v0.5.0
[INFO] [stderr]     Checking tungstenite v0.29.0
[INFO] [stderr]     Checking tracing-subscriber v0.3.23
[INFO] [stderr]     Checking cbc v0.1.2
[INFO] [stderr]     Checking uuid v1.24.0
[INFO] [stderr]     Checking flate2 v1.1.9
[INFO] [stderr]     Checking hyper-util v0.1.20
[INFO] [stderr]     Checking sqlx-core v0.8.6
[INFO] [stderr]     Checking tokio-rustls v0.26.4
[INFO] [stderr]     Checking globset v0.4.19
[INFO] [stderr]     Checking regex v1.13.1
[INFO] [stderr]     Checking synchronoise v1.0.1
[INFO] [stderr]     Checking page_size v0.6.0
[INFO] [stderr]     Checking crossbeam-channel v0.5.16
[INFO] [stderr]     Checking rmp v0.8.15
[INFO] [stderr]     Checking symlink v0.1.0
[INFO] [stderr]     Checking rustc-hash v2.1.2
[INFO] [stderr]     Checking clap_lex v1.1.0
[INFO] [stderr]    Compiling pulldown-cmark v0.13.4
[INFO] [stderr]    Compiling fff-search v0.10.1
[INFO] [stderr]     Checking file-id v0.2.3
[INFO] [stderr]     Checking cpufeatures v0.3.0
[INFO] [stderr]     Checking syntect v5.3.0
[INFO] [stderr]     Checking fff-notify-debouncer-full v0.9.4
[INFO] [stderr]     Checking ignore v0.4.29
[INFO] [stderr]     Checking clap_builder v4.6.0
[INFO] [stderr]     Checking rtp v0.17.2
[INFO] [stderr]     Checking stun v0.17.2
[INFO] [stderr]     Checking rtcp v0.17.2
[INFO] [stderr]     Checking webrtc-mdns v0.17.2
[INFO] [stderr]     Checking webrtc-sctp v0.17.2
[INFO] [stderr]     Checking tracing-appender v0.2.5
[INFO] [stderr]     Checking turn v0.17.2
[INFO] [stderr]     Checking webrtc-media v0.17.2
[INFO] [stderr]     Checking webrtc-srtp v0.17.2
[INFO] [stderr]    Compiling maud_macros v0.27.0
[INFO] [stderr]     Checking tokio-tungstenite v0.29.0
[INFO] [stderr]     Checking hyper-rustls v0.27.9
[INFO] [stderr]     Checking sdp v0.17.2
[INFO] [stderr]     Checking tower-http v0.6.11
[INFO] [stderr]     Checking interceptor v0.17.2
[INFO] [stderr]     Checking ahash v0.8.12
[INFO] [stderr]     Checking smol_str v0.2.2
[INFO] [stderr]     Checking axum-core v0.5.6
[INFO] [stderr]     Checking filedescriptor v0.8.3
[INFO] [stderr]     Checking wide v1.5.0
[INFO] [stderr]    Compiling clap_derive v4.6.1
[INFO] [stderr]     Checking dirs v5.0.1
[INFO] [stderr]     Checking rkyv v0.8.17
[INFO] [stderr]     Checking getopts v0.2.24
[INFO] [stderr]     Checking fff-grep v0.10.1
[INFO] [stderr]     Checking vte v0.15.0
[INFO] [stderr]     Checking serde_path_to_error v0.1.20
[INFO] [stderr]     Checking sqlx-sqlite v0.8.6
[INFO] [stderr]     Checking serde_bytes v0.11.19
[INFO] [stderr]     Checking memmap2 v0.9.11
[INFO] [stderr]     Checking serial2 v0.2.37
[INFO] [stderr]     Checking webrtc-data v0.17.2
[INFO] [stderr]     Checking windows-link v0.2.1
[INFO] [stderr]     Checking pathdiff v0.2.3
[INFO] [stderr]     Checking glidesort v0.1.2
[INFO] [stderr]     Checking pulldown-cmark-escape v0.11.0
[INFO] [stderr]     Checking fff-query-parser v0.10.1
[INFO] [stderr]     Checking neo_frizbee v0.11.0
[INFO] [stderr]     Checking shell-words v1.1.1
[INFO] [stderr]     Checking webrtc-ice v0.17.2
[INFO] [stderr]     Checking windows-sys v0.61.2
[INFO] [stderr]     Checking portable-pty v0.9.0
[INFO] [stderr]     Checking rmpv v1.3.1
[INFO] [stderr]     Checking vt100 v0.16.2
[INFO] [stderr]     Checking reqwest v0.12.28
[INFO] [stderr]     Checking maud v0.27.0
[INFO] [stderr]     Checking two-face v0.5.1
[INFO] [stderr]     Checking axum v0.8.9
[INFO] [stderr]     Checking yuvutils-rs v0.8.3
[INFO] [stderr]     Checking rmp-serde v1.3.1
[INFO] [stderr]     Checking clap v4.6.1
[INFO] [stderr]     Checking hostname v0.4.2
[INFO] [stderr]     Checking dtls v0.17.2
[INFO] [stderr]    Compiling sqlx-macros-core v0.8.6
[INFO] [stderr]     Checking git2 v0.20.4
[INFO] [stderr]     Checking webrtc v0.17.2
[INFO] [stderr]    Compiling sqlx-macros v0.8.6
[INFO] [stderr]     Checking sqlx v0.8.6
[INFO] [stderr]     Checking openh264 v0.9.7
[INFO] [stderr]     Checking latitude v0.1.0 (/opt/rustwide/workdir)
[INFO] [stdout] error[E0432]: unresolved import `capture::native_cursor_style`
[INFO] [stdout]   --> src/desktop/native/mod.rs:17:26
[INFO] [stdout]    |
[INFO] [stdout] 17 | pub(crate) use capture::{native_cursor_style, native_desktop_geometry};
[INFO] [stdout]    |                          ^^^^^^^^^^^^^^^^^^^ no `native_cursor_style` in `desktop::native::capture`
[INFO] [stdout]    |
[INFO] [stdout] note: found an item that was configured out
[INFO] [stdout]   --> src/desktop/native/capture.rs:34:15
[INFO] [stdout]    |
[INFO] [stdout] 33 | #[cfg(windows)]
[INFO] [stdout]    |       ------- the item is gated here
[INFO] [stdout] 34 | pub(crate) fn native_cursor_style() -> NativeDesktopCursor {
[INFO] [stdout]    |               ^^^^^^^^^^^^^^^^^^^
[INFO] [stdout] 
[INFO] [stdout] 
[INFO] [stdout] error[E0432]: unresolved import `capture::native_cursor_style`
[INFO] [stdout]   --> src/desktop/native/mod.rs:17:26
[INFO] [stdout]    |
[INFO] [stdout] 17 | pub(crate) use capture::{native_cursor_style, native_desktop_geometry};
[INFO] [stdout]    |                          ^^^^^^^^^^^^^^^^^^^ no `native_cursor_style` in `desktop::native::capture`
[INFO] [stdout]    |
[INFO] [stdout] note: found an item that was configured out
[INFO] [stdout]   --> src/desktop/native/capture.rs:34:15
[INFO] [stdout]    |
[INFO] [stdout] 33 | #[cfg(windows)]
[INFO] [stdout]    |       ------- the item is gated here
[INFO] [stdout] 34 | pub(crate) fn native_cursor_style() -> NativeDesktopCursor {
[INFO] [stdout]    |               ^^^^^^^^^^^^^^^^^^^
[INFO] [stdout] 
[INFO] [stdout] 
[INFO] [stdout] warning: unused import: `NativeDesktopCursor`
[INFO] [stdout]  --> src/desktop/native/capture.rs:1:13
[INFO] [stdout]   |
[INFO] [stdout] 1 | use super::{NativeDesktopCursor, NativeDesktopError, NativeDesktopGeometry};
[INFO] [stdout]   |             ^^^^^^^^^^^^^^^^^^^
[INFO] [stdout]   |
[INFO] [stdout]   = note: `#[warn(unused_imports)]` (part of `#[warn(unused)]`) on by default
[INFO] [stdout] 
[INFO] [stdout] 
[INFO] [stdout] warning: unused imports: `InputDesktop` and `NativeDesktopPixels`
[INFO] [stdout]   --> src/desktop.rs:18:5
[INFO] [stdout]    |
[INFO] [stdout] 18 |     InputDesktop, NativeControllerLeaseState, NativeDesktopCommand, NativeDesktopCursor,
[INFO] [stdout]    |     ^^^^^^^^^^^^
[INFO] [stdout] 19 |     NativeDesktopFrame, NativeDesktopGeometry, NativeDesktopPixels, NativeInputController,
[INFO] [stdout]    |                                                ^^^^^^^^^^^^^^^^^^^
[INFO] [stdout] 
[INFO] [stdout] 
[INFO] [stdout] warning: unused import: `anyhow`
[INFO] [stdout]   --> src/desktop_webrtc/video.rs:14:22
[INFO] [stdout]    |
[INFO] [stdout] 14 | use anyhow::{Result, anyhow};
[INFO] [stdout]    |                      ^^^^^^
[INFO] [stdout] 
[INFO] [stdout] 
[INFO] [stdout] error[E0433]: cannot find type `Duration` in this scope
[INFO] [stdout]    --> src/desktop_webrtc/video.rs:918:40
[INFO] [stdout]     |
[INFO] [stdout] 918 |         assert_eq!(rtp_timestamp_delta(Duration::from_secs(1)), 90_000);
[INFO] [stdout]     |                                        ^^^^^^^^ use of undeclared type `Duration`
[INFO] [stdout]     |
[INFO] [stdout] help: consider importing one of these structs
[INFO] [stdout]     |
[INFO] [stdout] 845 +     use crate::desktop_webrtc::Duration;
[INFO] [stdout]     |
[INFO] [stdout] 845 +     use std::time::Duration;
[INFO] [stdout]     |
[INFO] [stdout] 845 +     use tokio::time::Duration;
[INFO] [stdout]     |
[INFO] [stdout] 
[INFO] [stdout] 
[INFO] [stdout] error[E0433]: cannot find type `Duration` in this scope
[INFO] [stdout]    --> src/desktop_webrtc/video.rs:919:40
[INFO] [stdout]     |
[INFO] [stdout] 919 |         assert_eq!(rtp_timestamp_delta(Duration::from_millis(500)), 45_000);
[INFO] [stdout]     |                                        ^^^^^^^^ use of undeclared type `Duration`
[INFO] [stdout]     |
[INFO] [stdout] help: consider importing one of these structs
[INFO] [stdout]     |
[INFO] [stdout] 845 +     use crate::desktop_webrtc::Duration;
[INFO] [stdout]     |
[INFO] [stdout] 845 +     use std::time::Duration;
[INFO] [stdout]     |
[INFO] [stdout] 845 +     use tokio::time::Duration;
[INFO] [stdout]     |
[INFO] [stdout] 
[INFO] [stdout] 
[INFO] [stdout] error[E0433]: cannot find type `Duration` in this scope
[INFO] [stdout]    --> src/desktop_webrtc/video.rs:920:40
[INFO] [stdout]     |
[INFO] [stdout] 920 |         assert_eq!(rtp_timestamp_delta(Duration::from_micros(16_667)), 1_500);
[INFO] [stdout]     |                                        ^^^^^^^^ use of undeclared type `Duration`
[INFO] [stdout]     |
[INFO] [stdout] help: consider importing one of these structs
[INFO] [stdout]     |
[INFO] [stdout] 845 +     use crate::desktop_webrtc::Duration;
[INFO] [stdout]     |
[INFO] [stdout] 845 +     use std::time::Duration;
[INFO] [stdout]     |
[INFO] [stdout] 845 +     use tokio::time::Duration;
[INFO] [stdout]     |
[INFO] [stdout] 
[INFO] [stdout] 
[INFO] [stdout] warning: unused import: `NativeDesktopCursor`
[INFO] [stdout]  --> src/desktop/native/capture.rs:1:13
[INFO] [stdout]   |
[INFO] [stdout] 1 | use super::{NativeDesktopCursor, NativeDesktopError, NativeDesktopGeometry};
[INFO] [stdout]   |             ^^^^^^^^^^^^^^^^^^^
[INFO] [stdout]   |
[INFO] [stdout]   = note: `#[warn(unused_imports)]` (part of `#[warn(unused)]`) on by default
[INFO] [stdout] 
[INFO] [stdout] 
[INFO] [stdout] warning: unused imports: `InputDesktop` and `NativeDesktopPixels`
[INFO] [stdout]   --> src/desktop.rs:18:5
[INFO] [stdout]    |
[INFO] [stdout] 18 |     InputDesktop, NativeControllerLeaseState, NativeDesktopCommand, NativeDesktopCursor,
[INFO] [stdout]    |     ^^^^^^^^^^^^
[INFO] [stdout] 19 |     NativeDesktopFrame, NativeDesktopGeometry, NativeDesktopPixels, NativeInputController,
[INFO] [stdout]    |                                                ^^^^^^^^^^^^^^^^^^^
[INFO] [stdout] 
[INFO] [stdout] 
[INFO] [stdout] warning: unused import: `anyhow`
[INFO] [stdout]   --> src/desktop_webrtc/video.rs:14:22
[INFO] [stdout]    |
[INFO] [stdout] 14 | use anyhow::{Result, anyhow};
[INFO] [stdout]    |                      ^^^^^^
[INFO] [stdout] 
[INFO] [stdout] 
[INFO] [stdout] warning: unused import: `super::*`
[INFO] [stdout]    --> src/workspace/host.rs:114:9
[INFO] [stdout]     |
[INFO] [stdout] 114 |     use super::*;
[INFO] [stdout]     |         ^^^^^^^^
[INFO] [stdout] 
[INFO] [stdout] 
[INFO] [stdout] warning: unused import: `std::time::Duration`
[INFO] [stdout]    --> src/workspace/host.rs:115:9
[INFO] [stdout]     |
[INFO] [stdout] 115 |     use std::time::Duration;
[INFO] [stdout]     |         ^^^^^^^^^^^^^^^^^^^
[INFO] [stdout] 
[INFO] [stdout] 
[INFO] [stdout] warning: unused imports: `WorkspaceBridge` and `WorkspaceExecRequest`
[INFO] [stdout]    --> src/workspace/host.rs:117:28
[INFO] [stdout]     |
[INFO] [stdout] 117 |     use crate::workspace::{WorkspaceBridge, WorkspaceExecRequest};
[INFO] [stdout]     |                            ^^^^^^^^^^^^^^^  ^^^^^^^^^^^^^^^^^^^^
[INFO] [stdout] 
[INFO] [stdout] 
[INFO] [stdout] warning: unused variable: `stop_rx`
[INFO] [stdout]    --> src/desktop_webrtc/video.rs:196:23
[INFO] [stdout]     |
[INFO] [stdout] 196 |         let (stop_tx, stop_rx) = watch::channel(false);
[INFO] [stdout]     |                       ^^^^^^^ help: if this is intentional, prefix it with an underscore: `_stop_rx`
[INFO] [stdout]     |
[INFO] [stdout]     = note: `#[warn(unused_variables)]` (part of `#[warn(unused)]`) on by default
[INFO] [stdout] 
[INFO] [stdout] 
[INFO] [stdout] warning: unused variable: `force_keyframe_for_worker`
[INFO] [stdout]    --> src/desktop_webrtc/video.rs:198:13
[INFO] [stdout]     |
[INFO] [stdout] 198 |         let force_keyframe_for_worker = Arc::clone(&force_keyframe);
[INFO] [stdout]     |             ^^^^^^^^^^^^^^^^^^^^^^^^^ help: if this is intentional, prefix it with an underscore: `_force_keyframe_for_worker`
[INFO] [stdout] 
[INFO] [stdout] 
[INFO] [stdout] warning: unused variable: `runtime`
[INFO] [stdout]    --> src/desktop_webrtc/video.rs:200:13
[INFO] [stdout]     |
[INFO] [stdout] 200 |         let runtime = tokio::runtime::Handle::current();
[INFO] [stdout]     |             ^^^^^^^ help: if this is intentional, prefix it with an underscore: `_runtime`
[INFO] [stdout] 
[INFO] [stdout] 
[INFO] [stdout] warning: unused variable: `stop_rx`
[INFO] [stdout]    --> src/desktop_webrtc/video.rs:196:23
[INFO] [stdout]     |
[INFO] [stdout] 196 |         let (stop_tx, stop_rx) = watch::channel(false);
[INFO] [stdout]     |                       ^^^^^^^ help: if this is intentional, prefix it with an underscore: `_stop_rx`
[INFO] [stdout]     |
[INFO] [stdout]     = note: `#[warn(unused_variables)]` (part of `#[warn(unused)]`) on by default
[INFO] [stdout] 
[INFO] [stdout] 
[INFO] [stdout] warning: unused variable: `force_keyframe_for_worker`
[INFO] [stdout]    --> src/desktop_webrtc/video.rs:198:13
[INFO] [stdout]     |
[INFO] [stdout] 198 |         let force_keyframe_for_worker = Arc::clone(&force_keyframe);
[INFO] [stdout]     |             ^^^^^^^^^^^^^^^^^^^^^^^^^ help: if this is intentional, prefix it with an underscore: `_force_keyframe_for_worker`
[INFO] [stdout] 
[INFO] [stdout] 
[INFO] [stdout] warning: unused variable: `runtime`
[INFO] [stdout]    --> src/desktop_webrtc/video.rs:200:13
[INFO] [stdout]     |
[INFO] [stdout] 200 |         let runtime = tokio::runtime::Handle::current();
[INFO] [stdout]     |             ^^^^^^^ help: if this is intentional, prefix it with an underscore: `_runtime`
[INFO] [stdout] 
[INFO] [stdout] 
[INFO] [stdout] For more information about this error, try `rustc --explain E0432`.
[INFO] [stdout] 
[INFO] [stderr] error: could not compile `latitude` (bin "latitude") due to 1 previous error; 6 warnings emitted
[INFO] [stderr] warning: build failed, waiting for other jobs to finish...
[INFO] [stdout] Some errors have detailed explanations: E0432, E0433.
[INFO] [stdout] 
[INFO] [stdout] For more information about an error, try `rustc --explain E0432`.
[INFO] [stdout] 
[INFO] [stderr] error: could not compile `latitude` (bin "latitude" test) due to 4 previous errors; 9 warnings emitted
[INFO] [stderr] warning: unused dependency `windows-sys`
[INFO] [stderr]   --> Cargo.toml:67:15
[INFO] [stderr]    |
[INFO] [stderr] 67 | [dependencies.windows-sys]
[INFO] [stderr]    |               ^^^^^^^^^^^^
[INFO] [stderr]    |
[INFO] [stderr]    = note: `cargo::unused_dependencies` is set to `warn` by default
[INFO] [stderr] help: consider removing the dependency on `windows-sys`
[INFO] [stderr] warning: `latitude` (manifest) generated 1 warning
[INFO] running `Command { std: "docker" "inspect" "c7ca695e7f88a8d6e0c75e8e3c2775efe2333066e785c61dc0eb0c8ac9097b78", kill_on_drop: false }`
[INFO] running `Command { std: "docker" "rm" "-f" "c7ca695e7f88a8d6e0c75e8e3c2775efe2333066e785c61dc0eb0c8ac9097b78", kill_on_drop: false }`
[INFO] [stdout] c7ca695e7f88a8d6e0c75e8e3c2775efe2333066e785c61dc0eb0c8ac9097b78
