[INFO] cloning repository https://github.com/ConstantinCezarBegu/nix-flake-parts-lint
[INFO] running `Command { std: "git" "-c" "credential.helper=" "-c" "credential.helper=/workspace/cargo-home/bin/git-credential-null" "clone" "--bare" "https://github.com/ConstantinCezarBegu/nix-flake-parts-lint" "/workspace/cache/git-repos/https%3A%2F%2Fgithub.com%2FConstantinCezarBegu%2Fnix-flake-parts-lint", kill_on_drop: false }`
[INFO] [stderr] Cloning into bare repository '/workspace/cache/git-repos/https%3A%2F%2Fgithub.com%2FConstantinCezarBegu%2Fnix-flake-parts-lint'...
[INFO] running `Command { std: "git" "rev-parse" "HEAD", kill_on_drop: false }`
[INFO] [stdout] 441569e1da763faadc03cf5f39df6c78ec2f1258
[INFO] checking ConstantinCezarBegu/nix-flake-parts-lint against 3154cc1a3e6424e44f438a95007d043ed5ceaaf6+rustflags=-Znext-solver=coherence for pr-133502-30
[INFO] running `Command { std: "git" "clone" "/workspace/cache/git-repos/https%3A%2F%2Fgithub.com%2FConstantinCezarBegu%2Fnix-flake-parts-lint" "/workspace/builds/worker-5-tc1/source", kill_on_drop: false }`
[INFO] [stderr] Cloning into '/workspace/builds/worker-5-tc1/source'...
[INFO] [stderr] done.
[INFO] removed /workspace/builds/worker-5-tc1/source/rust-toolchain.toml
[INFO] started tweaking git repo https://github.com/ConstantinCezarBegu/nix-flake-parts-lint
[INFO] finished tweaking git repo https://github.com/ConstantinCezarBegu/nix-flake-parts-lint
[INFO] tweaked toml for git repo https://github.com/ConstantinCezarBegu/nix-flake-parts-lint written to /workspace/builds/worker-5-tc1/source/Cargo.toml
[INFO] validating manifest of git repo https://github.com/ConstantinCezarBegu/nix-flake-parts-lint on toolchain 3154cc1a3e6424e44f438a95007d043ed5ceaaf6
[INFO] running `Command { std: CARGO_HOME="/workspace/cargo-home" RUSTUP_HOME="/workspace/rustup-home" "/workspace/cargo-home/bin/cargo" "+3154cc1a3e6424e44f438a95007d043ed5ceaaf6" "metadata" "--manifest-path" "Cargo.toml" "--no-deps", kill_on_drop: false }`
[INFO] crate git repo https://github.com/ConstantinCezarBegu/nix-flake-parts-lint already has a lockfile, it will not be regenerated
[INFO] running `Command { std: CARGO_HOME="/workspace/cargo-home" RUSTUP_HOME="/workspace/rustup-home" "/workspace/cargo-home/bin/cargo" "+3154cc1a3e6424e44f438a95007d043ed5ceaaf6" "fetch" "--manifest-path" "Cargo.toml", kill_on_drop: false }`
[INFO] [stderr] warning: missing `[lints]` to inherit `[workspace.lints]`
[INFO] [stderr]   --> src/nix-lint-core/Cargo.toml
[INFO] [stderr]    = note: `cargo::missing_lints_inheritance` is set to `warn` by default
[INFO] [stderr] help: to inherit `workspace.lints, add:
[INFO] [stderr]    |
[INFO] [stderr]  8 ~ rowan = "0.15"
[INFO] [stderr]  9 + [lints]
[INFO] [stderr] 10 + workspace = true
[INFO] [stderr]    |
[INFO] [stderr] help: to clarify your intent to not inherit, add:
[INFO] [stderr]    |
[INFO] [stderr]  8 ~ rowan = "0.15"
[INFO] [stderr]  9 + [lints]
[INFO] [stderr]    |
[INFO] [stderr] warning: `nix-lint-core` (manifest) generated 1 warning
[INFO] [stderr] warning: missing `[lints]` to inherit `[workspace.lints]`
[INFO] [stderr]   --> src/nix-lint/Cargo.toml
[INFO] [stderr]    = note: `cargo::missing_lints_inheritance` is set to `warn` by default
[INFO] [stderr] help: to inherit `workspace.lints, add:
[INFO] [stderr]    |
[INFO] [stderr] 11 ~ toml = "0.8"
[INFO] [stderr] 12 + [lints]
[INFO] [stderr] 13 + workspace = true
[INFO] [stderr]    |
[INFO] [stderr] help: to clarify your intent to not inherit, add:
[INFO] [stderr]    |
[INFO] [stderr] 11 ~ toml = "0.8"
[INFO] [stderr] 12 + [lints]
[INFO] [stderr]    |
[INFO] [stderr] warning: `nix-flake-parts-lint` (manifest) generated 1 warning
[INFO] [stderr] warning: missing `[lints]` to inherit `[workspace.lints]`
[INFO] [stderr]   --> src/nix-lint-macros/Cargo.toml
[INFO] [stderr]    = note: `cargo::missing_lints_inheritance` is set to `warn` by default
[INFO] [stderr] help: to inherit `workspace.lints, add:
[INFO] [stderr]    |
[INFO] [stderr] 12 ~ syn = { version = "2.0", features = ["full"] }
[INFO] [stderr] 13 + [lints]
[INFO] [stderr] 14 + workspace = true
[INFO] [stderr]    |
[INFO] [stderr] help: to clarify your intent to not inherit, add:
[INFO] [stderr]    |
[INFO] [stderr] 12 ~ syn = { version = "2.0", features = ["full"] }
[INFO] [stderr] 13 + [lints]
[INFO] [stderr]    |
[INFO] [stderr] warning: `nix-lint-macros` (manifest) generated 1 warning
[INFO] [stderr] warning: missing `[lints]` to inherit `[workspace.lints]`
[INFO] [stderr]   --> src/nix-lint-rules/Cargo.toml
[INFO] [stderr]    = note: `cargo::missing_lints_inheritance` is set to `warn` by default
[INFO] [stderr] help: to inherit `workspace.lints, add:
[INFO] [stderr]    |
[INFO] [stderr]  9 ~ regex = "1.11"
[INFO] [stderr] 10 + [lints]
[INFO] [stderr] 11 + workspace = true
[INFO] [stderr]    |
[INFO] [stderr] help: to clarify your intent to not inherit, add:
[INFO] [stderr]    |
[INFO] [stderr]  9 ~ regex = "1.11"
[INFO] [stderr] 10 + [lints]
[INFO] [stderr]    |
[INFO] [stderr] warning: `nix-lint-rules` (manifest) generated 1 warning
[INFO] [stderr]     Updating crates.io index
[INFO] [stderr]  Downloading crates ...
[INFO] [stderr]   Downloaded rowan v0.15.19
[INFO] [stderr]   Downloaded rnix v0.12.0
[INFO] running `Command { std: "docker" "create" "-v" "/var/lib/crater-agent-workspace/builds/worker-5-tc1/source:/opt/rustwide/workdir:ro,Z" "-v" "/var/lib/crater-agent-workspace/builds/worker-5-tc1/target:/opt/rustwide/target:rw,Z" "-v" "/var/lib/crater-agent-workspace/cargo-home:/opt/rustwide/cargo-home:ro,Z" "-v" "/var/lib/crater-agent-workspace/rustup-home:/opt/rustwide/rustup-home:ro,Z" "-m" "1610612736" "--network" "none" "ghcr.io/rust-lang/crates-build-env/linux@sha256:77db811e55d90add9212f6832c23229e3de5f1c1f9905e8cb07319ea15df73ac" "sleep" "infinity", kill_on_drop: false }`
[INFO] [stdout] d39298f3e2eb48b7741e0762a4a351f194daeb6683a0922268ebb799f680c8a4
[INFO] running `Command { std: "docker" "start" "d39298f3e2eb48b7741e0762a4a351f194daeb6683a0922268ebb799f680c8a4", kill_on_drop: false }`
[INFO] running `Command { std: "docker" "inspect" "d39298f3e2eb48b7741e0762a4a351f194daeb6683a0922268ebb799f680c8a4", kill_on_drop: false }`
[INFO] running `Command { std: "docker" "exec" "-e" "SOURCE_DIR=/opt/rustwide/workdir" "-e" "CARGO_HOME=/opt/rustwide/cargo-home" "-e" "RUSTUP_HOME=/opt/rustwide/rustup-home" "-e" "CARGO_TARGET_DIR=/opt/rustwide/target" "-w" "/opt/rustwide/workdir" "--user" "0:0" "d39298f3e2eb48b7741e0762a4a351f194daeb6683a0922268ebb799f680c8a4" "/opt/rustwide/cargo-home/bin/cargo" "+3154cc1a3e6424e44f438a95007d043ed5ceaaf6" "metadata" "--no-deps" "--format-version=1", kill_on_drop: false }`
[INFO] running `Command { std: "docker" "inspect" "d39298f3e2eb48b7741e0762a4a351f194daeb6683a0922268ebb799f680c8a4", kill_on_drop: false }`
[INFO] running `Command { std: "docker" "exec" "-e" "SOURCE_DIR=/opt/rustwide/workdir" "-e" "CARGO_HOME=/opt/rustwide/cargo-home" "-e" "RUSTUP_HOME=/opt/rustwide/rustup-home" "-e" "CARGO_TARGET_DIR=/opt/rustwide/target" "-e" "CARGO_INCREMENTAL=0" "-e" "RUST_BACKTRACE=full" "-e" "RUSTFLAGS=--cap-lints=forbid -Znext-solver=coherence" "-e" "RUSTDOCFLAGS=--cap-lints=forbid" "-w" "/opt/rustwide/workdir" "--user" "0:0" "d39298f3e2eb48b7741e0762a4a351f194daeb6683a0922268ebb799f680c8a4" "/opt/rustwide/cargo-home/bin/cargo" "+3154cc1a3e6424e44f438a95007d043ed5ceaaf6" "check" "--frozen" "--all" "--all-targets" "--message-format=json", kill_on_drop: false }`
[INFO] [stderr] warning: missing `[lints]` to inherit `[workspace.lints]`
[INFO] [stderr]   --> src/nix-lint-macros/Cargo.toml
[INFO] [stderr]    = note: `cargo::missing_lints_inheritance` is set to `warn` by default
[INFO] [stderr] help: to inherit `workspace.lints, add:
[INFO] [stderr]    |
[INFO] [stderr] 12 ~ syn = { version = "2.0", features = ["full"] }
[INFO] [stderr] 13 + [lints]
[INFO] [stderr] 14 + workspace = true
[INFO] [stderr]    |
[INFO] [stderr] help: to clarify your intent to not inherit, add:
[INFO] [stderr]    |
[INFO] [stderr] 12 ~ syn = { version = "2.0", features = ["full"] }
[INFO] [stderr] 13 + [lints]
[INFO] [stderr]    |
[INFO] [stderr] warning: `nix-lint-macros` (manifest) generated 1 warning
[INFO] [stderr] warning: missing `[lints]` to inherit `[workspace.lints]`
[INFO] [stderr]   --> src/nix-lint-rules/Cargo.toml
[INFO] [stderr]    = note: `cargo::missing_lints_inheritance` is set to `warn` by default
[INFO] [stderr] help: to inherit `workspace.lints, add:
[INFO] [stderr]    |
[INFO] [stderr]  9 ~ regex = "1.11"
[INFO] [stderr] 10 + [lints]
[INFO] [stderr] 11 + workspace = true
[INFO] [stderr]    |
[INFO] [stderr] help: to clarify your intent to not inherit, add:
[INFO] [stderr]    |
[INFO] [stderr]  9 ~ regex = "1.11"
[INFO] [stderr] 10 + [lints]
[INFO] [stderr]    |
[INFO] [stderr] warning: `nix-lint-rules` (manifest) generated 1 warning
[INFO] [stderr] warning: missing `[lints]` to inherit `[workspace.lints]`
[INFO] [stderr]   --> src/nix-lint-core/Cargo.toml
[INFO] [stderr]    = note: `cargo::missing_lints_inheritance` is set to `warn` by default
[INFO] [stderr] help: to inherit `workspace.lints, add:
[INFO] [stderr]    |
[INFO] [stderr]  8 ~ rowan = "0.15"
[INFO] [stderr]  9 + [lints]
[INFO] [stderr] 10 + workspace = true
[INFO] [stderr]    |
[INFO] [stderr] help: to clarify your intent to not inherit, add:
[INFO] [stderr]    |
[INFO] [stderr]  8 ~ rowan = "0.15"
[INFO] [stderr]  9 + [lints]
[INFO] [stderr]    |
[INFO] [stderr] warning: `nix-lint-core` (manifest) generated 1 warning
[INFO] [stderr] warning: missing `[lints]` to inherit `[workspace.lints]`
[INFO] [stderr]   --> src/nix-lint/Cargo.toml
[INFO] [stderr]    = note: `cargo::missing_lints_inheritance` is set to `warn` by default
[INFO] [stderr] help: to inherit `workspace.lints, add:
[INFO] [stderr]    |
[INFO] [stderr] 11 ~ toml = "0.8"
[INFO] [stderr] 12 + [lints]
[INFO] [stderr] 13 + workspace = true
[INFO] [stderr]    |
[INFO] [stderr] help: to clarify your intent to not inherit, add:
[INFO] [stderr]    |
[INFO] [stderr] 11 ~ toml = "0.8"
[INFO] [stderr] 12 + [lints]
[INFO] [stderr]    |
[INFO] [stderr] warning: `nix-flake-parts-lint` (manifest) generated 1 warning
[INFO] [stderr]     Checking countme v3.0.1
[INFO] [stderr]     Checking hashbrown v0.14.5
[INFO] [stderr]     Checking text-size v1.1.1
[INFO] [stderr]    Compiling serde v1.0.229
[INFO] [stderr]    Compiling crossbeam-epoch v0.9.20
[INFO] [stderr]    Compiling crossbeam-deque v0.8.7
[INFO] [stderr]     Checking aho-corasick v1.1.4
[INFO] [stderr]     Checking either v1.16.0
[INFO] [stderr]     Checking unicode-ident v1.0.24
[INFO] [stderr]    Compiling nix-lint-macros v0.1.0 (/opt/rustwide/workdir/src/nix-lint-macros)
[INFO] [stderr]     Checking clap_builder v4.6.2
[INFO] [stderr]    Compiling clap_derive v4.6.3
[INFO] [stderr]     Checking proc-macro2 v1.0.107
[INFO] [stderr]     Checking quote v1.0.47
[INFO] [stderr]     Checking rayon-core v1.13.0
[INFO] [stderr]     Checking rowan v0.15.19
[INFO] [stderr]     Checking syn v2.0.119
[INFO] [stderr]     Checking serde_spanned v0.6.9
[INFO] [stderr]     Checking toml_datetime v0.6.11
[INFO] [stderr]     Checking rayon v1.12.0
[INFO] [stderr]     Checking toml_edit v0.22.27
[INFO] [stderr]     Checking rnix v0.12.0
[INFO] [stderr]     Checking regex-automata v0.4.16
[INFO] [stderr]     Checking nix-lint-core v0.1.0 (/opt/rustwide/workdir/src/nix-lint-core)
[INFO] [stderr]     Checking clap v4.6.3
[INFO] [stderr]     Checking toml v0.8.23
[INFO] [stderr]     Checking regex v1.13.1
[INFO] [stderr]     Checking nix-lint-rules v0.1.0 (/opt/rustwide/workdir/src/nix-lint-rules)
[INFO] [stdout] warning: unused import: `regex::Regex`
[INFO] [stdout]  --> src/nix-lint-rules/src/option_nix_restricted_to_hosts.rs:4:5
[INFO] [stdout]   |
[INFO] [stdout] 4 | use regex::Regex;
[INFO] [stdout]   |     ^^^^^^^^^^^^
[INFO] [stdout]   |
[INFO] [stdout]   = note: `#[warn(unused_imports)]` (part of `#[warn(unused)]`) on by default
[INFO] [stdout] 
[INFO] [stdout] 
[INFO] [stdout] warning: unused import: `regex::Regex`
[INFO] [stdout]  --> src/nix-lint-rules/src/option_nix_restricted_to_hosts.rs:4:5
[INFO] [stdout]   |
[INFO] [stdout] 4 | use regex::Regex;
[INFO] [stdout]   |     ^^^^^^^^^^^^
[INFO] [stdout]   |
[INFO] [stdout]   = note: `#[warn(unused_imports)]` (part of `#[warn(unused)]`) on by default
[INFO] [stdout] 
[INFO] [stdout] 
[INFO] [stderr]     Checking nix-flake-parts-lint v0.1.0 (/opt/rustwide/workdir/src/nix-lint)
[INFO] [stdout] error[E0061]: this function takes 3 arguments but 2 arguments were supplied
[INFO] [stdout]    --> src/nix-lint/tests/test_rule_107_no_nix_env.rs:25:19
[INFO] [stdout]     |
[INFO] [stdout]  25 |     let reports = nix_lint_core::lint_file(&registry, src).unwrap();
[INFO] [stdout]     |                   ^^^^^^^^^^^^^^^^^^^^^^^^            --- argument #2 of type `&std::path::Path` is missing
[INFO] [stdout]     |
[INFO] [stdout] note: function defined here
[INFO] [stdout]    --> src/nix-lint-core/src/lib.rs:235:8
[INFO] [stdout]     |
[INFO] [stdout] 235 | pub fn lint_file(registry: &LintRegistry, file_path: &Path, src: &str) -> Result<Vec<Report>, ParseError> {
[INFO] [stdout]     |        ^^^^^^^^^
[INFO] [stdout] help: provide the argument
[INFO] [stdout]     |
[INFO] [stdout]  25 |     let reports = nix_lint_core::lint_file(&registry, /* &Path */, src).unwrap();
[INFO] [stdout]     |                                                       ++++++++++++
[INFO] [stdout] 
[INFO] [stdout] 
[INFO] [stdout] error[E0061]: this function takes 3 arguments but 2 arguments were supplied
[INFO] [stdout]    --> src/nix-lint/tests/test_rule_107_no_nix_env.rs:38:19
[INFO] [stdout]     |
[INFO] [stdout]  38 |     let reports = nix_lint_core::lint_file(&registry, src).unwrap();
[INFO] [stdout]     |                   ^^^^^^^^^^^^^^^^^^^^^^^^            --- argument #2 of type `&std::path::Path` is missing
[INFO] [stdout]     |
[INFO] [stdout] note: function defined here
[INFO] [stdout]    --> src/nix-lint-core/src/lib.rs:235:8
[INFO] [stdout]     |
[INFO] [stdout] 235 | pub fn lint_file(registry: &LintRegistry, file_path: &Path, src: &str) -> Result<Vec<Report>, ParseError> {
[INFO] [stdout]     |        ^^^^^^^^^
[INFO] [stdout] help: provide the argument
[INFO] [stdout]     |
[INFO] [stdout]  38 |     let reports = nix_lint_core::lint_file(&registry, /* &Path */, src).unwrap();
[INFO] [stdout]     |                                                       ++++++++++++
[INFO] [stdout] 
[INFO] [stdout] 
[INFO] [stdout] For more information about this error, try `rustc --explain E0061`.
[INFO] [stdout] 
[INFO] [stdout] error[E0061]: this function takes 3 arguments but 2 arguments were supplied
[INFO] [stdout]    --> src/nix-lint/tests/test_rule_104_no_mkif_true.rs:21:19
[INFO] [stdout]     |
[INFO] [stdout]  21 |     let reports = nix_lint_core::lint_file(&registry, src).unwrap();
[INFO] [stdout]     |                   ^^^^^^^^^^^^^^^^^^^^^^^^            --- argument #2 of type `&std::path::Path` is missing
[INFO] [stdout]     |
[INFO] [stdout] note: function defined here
[INFO] [stdout]    --> src/nix-lint-core/src/lib.rs:235:8
[INFO] [stdout]     |
[INFO] [stdout] 235 | pub fn lint_file(registry: &LintRegistry, file_path: &Path, src: &str) -> Result<Vec<Report>, ParseError> {
[INFO] [stdout]     |        ^^^^^^^^^
[INFO] [stdout] help: provide the argument
[INFO] [stdout]     |
[INFO] [stdout]  21 |     let reports = nix_lint_core::lint_file(&registry, /* &Path */, src).unwrap();
[INFO] [stdout]     |                                                       ++++++++++++
[INFO] [stdout] 
[INFO] [stdout] 
[INFO] [stdout] error[E0061]: this function takes 3 arguments but 2 arguments were supplied
[INFO] [stdout]    --> src/nix-lint/tests/test_rule_104_no_mkif_true.rs:34:19
[INFO] [stdout]     |
[INFO] [stdout]  34 |     let reports = nix_lint_core::lint_file(&registry, src).unwrap();
[INFO] [stdout]     |                   ^^^^^^^^^^^^^^^^^^^^^^^^            --- argument #2 of type `&std::path::Path` is missing
[INFO] [stdout]     |
[INFO] [stdout] note: function defined here
[INFO] [stdout]    --> src/nix-lint-core/src/lib.rs:235:8
[INFO] [stdout]     |
[INFO] [stdout] 235 | pub fn lint_file(registry: &LintRegistry, file_path: &Path, src: &str) -> Result<Vec<Report>, ParseError> {
[INFO] [stdout]     |        ^^^^^^^^^
[INFO] [stdout] help: provide the argument
[INFO] [stdout]     |
[INFO] [stdout]  34 |     let reports = nix_lint_core::lint_file(&registry, /* &Path */, src).unwrap();
[INFO] [stdout]     |                                                       ++++++++++++
[INFO] [stdout] 
[INFO] [stdout] 
[INFO] [stderr] error: could not compile `nix-flake-parts-lint` (test "test_rule_107_no_nix_env") due to 2 previous errors
[INFO] [stderr] warning: build failed, waiting for other jobs to finish...
[INFO] [stdout] For more information about this error, try `rustc --explain E0061`.
[INFO] [stdout] 
[INFO] [stdout] warning: function `mkSecretCmd_outside_hosts_warning` should have a snake case name
[INFO] [stdout]   --> src/nix-lint/tests/test_rule_123_secrets_in_hosts_only.rs:38:4
[INFO] [stdout]    |
[INFO] [stdout] 38 | fn mkSecretCmd_outside_hosts_warning() {
[INFO] [stdout]    |    ^^^^^^^^^^^^^^^^^^^^^^^^^^^^^^^^^ help: convert the identifier to snake case: `mk_secret_cmd_outside_hosts_warning`
[INFO] [stdout]    |
[INFO] [stdout]    = note: `#[warn(non_snake_case)]` (part of `#[warn(nonstandard_style)]`) on by default
[INFO] [stdout] 
[INFO] [stdout] 
[INFO] [stdout] warning: function `secretspecToml_in_nixos_warning` should have a snake case name
[INFO] [stdout]   --> src/nix-lint/tests/test_rule_123_secrets_in_hosts_only.rs:70:4
[INFO] [stdout]    |
[INFO] [stdout] 70 | fn secretspecToml_in_nixos_warning() {
[INFO] [stdout]    |    ^^^^^^^^^^^^^^^^^^^^^^^^^^^^^^^ help: convert the identifier to snake case: `secretspec_toml_in_nixos_warning`
[INFO] [stdout] 
[INFO] [stdout] 
[INFO] [stdout] warning: function `bwSession_in_darwin_warning` should have a snake case name
[INFO] [stdout]   --> src/nix-lint/tests/test_rule_123_secrets_in_hosts_only.rs:88:4
[INFO] [stdout]    |
[INFO] [stdout] 88 | fn bwSession_in_darwin_warning() {
[INFO] [stdout]    |    ^^^^^^^^^^^^^^^^^^^^^^^^^^^ help: convert the identifier to snake case: `bw_session_in_darwin_warning`
[INFO] [stdout] 
[INFO] [stdout] 
[INFO] [stdout] error[E0061]: this function takes 3 arguments but 2 arguments were supplied
[INFO] [stdout]    --> src/nix-lint/tests/test_rule_101_no_with_pkgs_lib.rs:25:19
[INFO] [stdout]     |
[INFO] [stdout]  25 |     let reports = nix_lint_core::lint_file(&registry, src).unwrap();
[INFO] [stdout]     |                   ^^^^^^^^^^^^^^^^^^^^^^^^            --- argument #2 of type `&std::path::Path` is missing
[INFO] [stdout]     |
[INFO] [stdout] note: function defined here
[INFO] [stdout]    --> src/nix-lint-core/src/lib.rs:235:8
[INFO] [stdout]     |
[INFO] [stdout] 235 | pub fn lint_file(registry: &LintRegistry, file_path: &Path, src: &str) -> Result<Vec<Report>, ParseError> {
[INFO] [stdout]     |        ^^^^^^^^^
[INFO] [stdout] help: provide the argument
[INFO] [stdout]     |
[INFO] [stdout]  25 |     let reports = nix_lint_core::lint_file(&registry, /* &Path */, src).unwrap();
[INFO] [stdout]     |                                                       ++++++++++++
[INFO] [stdout] 
[INFO] [stdout] 
[INFO] [stderr] error: could not compile `nix-flake-parts-lint` (test "test_rule_104_no_mkif_true") due to 2 previous errors
[INFO] [stdout] error[E0061]: this function takes 3 arguments but 2 arguments were supplied
[INFO] [stdout]    --> src/nix-lint/tests/test_rule_101_no_with_pkgs_lib.rs:41:19
[INFO] [stdout]     |
[INFO] [stdout]  41 |     let reports = nix_lint_core::lint_file(&registry, src).unwrap();
[INFO] [stdout]     |                   ^^^^^^^^^^^^^^^^^^^^^^^^            --- argument #2 of type `&std::path::Path` is missing
[INFO] [stdout]     |
[INFO] [stdout] note: function defined here
[INFO] [stdout]    --> src/nix-lint-core/src/lib.rs:235:8
[INFO] [stdout]     |
[INFO] [stdout] 235 | pub fn lint_file(registry: &LintRegistry, file_path: &Path, src: &str) -> Result<Vec<Report>, ParseError> {
[INFO] [stdout]     |        ^^^^^^^^^
[INFO] [stdout] help: provide the argument
[INFO] [stdout]     |
[INFO] [stdout]  41 |     let reports = nix_lint_core::lint_file(&registry, /* &Path */, src).unwrap();
[INFO] [stdout]     |                                                       ++++++++++++
[INFO] [stdout] 
[INFO] [stdout] 
[INFO] [stdout] For more information about this error, try `rustc --explain E0061`.
[INFO] [stdout] 
[INFO] [stdout] error[E0061]: this function takes 3 arguments but 2 arguments were supplied
[INFO] [stdout]    --> src/nix-lint/tests/test_rule_113_no_defaults.rs:24:19
[INFO] [stdout]     |
[INFO] [stdout]  24 |     let reports = nix_lint_core::lint_file(&registry, src).unwrap();
[INFO] [stdout]     |                   ^^^^^^^^^^^^^^^^^^^^^^^^            --- argument #2 of type `&std::path::Path` is missing
[INFO] [stdout]     |
[INFO] [stdout] note: function defined here
[INFO] [stdout]    --> src/nix-lint-core/src/lib.rs:235:8
[INFO] [stdout]     |
[INFO] [stdout] 235 | pub fn lint_file(registry: &LintRegistry, file_path: &Path, src: &str) -> Result<Vec<Report>, ParseError> {
[INFO] [stdout]     |        ^^^^^^^^^
[INFO] [stdout] help: provide the argument
[INFO] [stdout]     |
[INFO] [stdout]  24 |     let reports = nix_lint_core::lint_file(&registry, /* &Path */, src).unwrap();
[INFO] [stdout]     |                                                       ++++++++++++
[INFO] [stdout] 
[INFO] [stdout] 
[INFO] [stdout] error[E0061]: this function takes 3 arguments but 2 arguments were supplied
[INFO] [stdout]    --> src/nix-lint/tests/test_rule_113_no_defaults.rs:35:19
[INFO] [stdout]     |
[INFO] [stdout]  35 |     let reports = nix_lint_core::lint_file(&registry, src).unwrap();
[INFO] [stdout]     |                   ^^^^^^^^^^^^^^^^^^^^^^^^            --- argument #2 of type `&std::path::Path` is missing
[INFO] [stdout]     |
[INFO] [stdout] note: function defined here
[INFO] [stdout]    --> src/nix-lint-core/src/lib.rs:235:8
[INFO] [stdout]     |
[INFO] [stdout] 235 | pub fn lint_file(registry: &LintRegistry, file_path: &Path, src: &str) -> Result<Vec<Report>, ParseError> {
[INFO] [stdout]     |        ^^^^^^^^^
[INFO] [stdout] help: provide the argument
[INFO] [stdout]     |
[INFO] [stdout]  35 |     let reports = nix_lint_core::lint_file(&registry, /* &Path */, src).unwrap();
[INFO] [stdout]     |                                                       ++++++++++++
[INFO] [stdout] 
[INFO] [stdout] 
[INFO] [stdout] error[E0061]: this function takes 3 arguments but 2 arguments were supplied
[INFO] [stdout]    --> src/nix-lint/tests/integration_tests.rs:43:19
[INFO] [stdout]     |
[INFO] [stdout]  43 |     let reports = nix_lint_core::lint_file(&registry, src).unwrap();
[INFO] [stdout]     |                   ^^^^^^^^^^^^^^^^^^^^^^^^            --- argument #2 of type `&std::path::Path` is missing
[INFO] [stdout]     |
[INFO] [stdout] note: function defined here
[INFO] [stdout]    --> src/nix-lint-core/src/lib.rs:235:8
[INFO] [stdout]     |
[INFO] [stdout] 235 | pub fn lint_file(registry: &LintRegistry, file_path: &Path, src: &str) -> Result<Vec<Report>, ParseError> {
[INFO] [stdout]     |        ^^^^^^^^^
[INFO] [stdout] help: provide the argument
[INFO] [stdout]     |
[INFO] [stdout]  43 |     let reports = nix_lint_core::lint_file(&registry, /* &Path */, src).unwrap();
[INFO] [stdout]     |                                                       ++++++++++++
[INFO] [stdout] 
[INFO] [stdout] 
[INFO] [stdout] error[E0061]: this function takes 3 arguments but 2 arguments were supplied
[INFO] [stdout]    --> src/nix-lint/tests/test_rule_111_no_missing_description.rs:23:19
[INFO] [stdout]     |
[INFO] [stdout]  23 |     let reports = nix_lint_core::lint_file(&registry, src).unwrap();
[INFO] [stdout]     |                   ^^^^^^^^^^^^^^^^^^^^^^^^            --- argument #2 of type `&std::path::Path` is missing
[INFO] [stdout]     |
[INFO] [stdout] note: function defined here
[INFO] [stdout]    --> src/nix-lint-core/src/lib.rs:235:8
[INFO] [stdout]     |
[INFO] [stdout] 235 | pub fn lint_file(registry: &LintRegistry, file_path: &Path, src: &str) -> Result<Vec<Report>, ParseError> {
[INFO] [stdout]     |        ^^^^^^^^^
[INFO] [stdout] help: provide the argument
[INFO] [stdout]     |
[INFO] [stdout]  23 |     let reports = nix_lint_core::lint_file(&registry, /* &Path */, src).unwrap();
[INFO] [stdout]     |                                                       ++++++++++++
[INFO] [stdout] 
[INFO] [stdout] 
[INFO] [stdout] error[E0061]: this function takes 3 arguments but 2 arguments were supplied
[INFO] [stdout]    --> src/nix-lint/tests/test_rule_111_no_missing_description.rs:38:19
[INFO] [stdout]     |
[INFO] [stdout]  38 |     let reports = nix_lint_core::lint_file(&registry, src).unwrap();
[INFO] [stdout]     |                   ^^^^^^^^^^^^^^^^^^^^^^^^            --- argument #2 of type `&std::path::Path` is missing
[INFO] [stdout]     |
[INFO] [stdout] note: function defined here
[INFO] [stdout]    --> src/nix-lint-core/src/lib.rs:235:8
[INFO] [stdout]     |
[INFO] [stdout] 235 | pub fn lint_file(registry: &LintRegistry, file_path: &Path, src: &str) -> Result<Vec<Report>, ParseError> {
[INFO] [stdout]     |        ^^^^^^^^^
[INFO] [stdout] help: provide the argument
[INFO] [stdout]     |
[INFO] [stdout]  38 |     let reports = nix_lint_core::lint_file(&registry, /* &Path */, src).unwrap();
[INFO] [stdout]     |                                                       ++++++++++++
[INFO] [stdout] 
[INFO] [stdout] 
[INFO] [stdout] error[E0061]: this function takes 3 arguments but 2 arguments were supplied
[INFO] [stdout]    --> src/nix-lint/tests/test_rule_113_no_defaults.rs:45:19
[INFO] [stdout]     |
[INFO] [stdout]  45 |     let reports = nix_lint_core::lint_file(&registry, src).unwrap();
[INFO] [stdout]     |                   ^^^^^^^^^^^^^^^^^^^^^^^^            --- argument #2 of type `&std::path::Path` is missing
[INFO] [stdout]     |
[INFO] [stdout] note: function defined here
[INFO] [stdout]    --> src/nix-lint-core/src/lib.rs:235:8
[INFO] [stdout]     |
[INFO] [stdout] 235 | pub fn lint_file(registry: &LintRegistry, file_path: &Path, src: &str) -> Result<Vec<Report>, ParseError> {
[INFO] [stdout]     |        ^^^^^^^^^
[INFO] [stdout] help: provide the argument
[INFO] [stdout]     |
[INFO] [stdout]  45 |     let reports = nix_lint_core::lint_file(&registry, /* &Path */, src).unwrap();
[INFO] [stdout]     |                                                       ++++++++++++
[INFO] [stdout] 
[INFO] [stdout] 
[INFO] [stdout] error[E0061]: this function takes 3 arguments but 2 arguments were supplied
[INFO] [stdout]    --> src/nix-lint/tests/integration_tests.rs:59:19
[INFO] [stdout]     |
[INFO] [stdout]  59 |     let reports = nix_lint_core::lint_file(&registry, src).unwrap();
[INFO] [stdout]     |                   ^^^^^^^^^^^^^^^^^^^^^^^^            --- argument #2 of type `&std::path::Path` is missing
[INFO] [stdout]     |
[INFO] [stdout] note: function defined here
[INFO] [stdout]    --> src/nix-lint-core/src/lib.rs:235:8
[INFO] [stdout]     |
[INFO] [stdout] 235 | pub fn lint_file(registry: &LintRegistry, file_path: &Path, src: &str) -> Result<Vec<Report>, ParseError> {
[INFO] [stdout]     |        ^^^^^^^^^
[INFO] [stdout] help: provide the argument
[INFO] [stdout]     |
[INFO] [stdout]  59 |     let reports = nix_lint_core::lint_file(&registry, /* &Path */, src).unwrap();
[INFO] [stdout]     |                                                       ++++++++++++
[INFO] [stdout] 
[INFO] [stdout] 
[INFO] [stdout] error[E0061]: this function takes 3 arguments but 2 arguments were supplied
[INFO] [stdout]    --> src/nix-lint/tests/integration_tests.rs:75:19
[INFO] [stdout]     |
[INFO] [stdout]  75 |     let reports = nix_lint_core::lint_file(&registry, src).unwrap();
[INFO] [stdout]     |                   ^^^^^^^^^^^^^^^^^^^^^^^^            --- argument #2 of type `&std::path::Path` is missing
[INFO] [stdout]     |
[INFO] [stdout] note: function defined here
[INFO] [stdout]    --> src/nix-lint-core/src/lib.rs:235:8
[INFO] [stdout]     |
[INFO] [stdout] 235 | pub fn lint_file(registry: &LintRegistry, file_path: &Path, src: &str) -> Result<Vec<Report>, ParseError> {
[INFO] [stdout]     |        ^^^^^^^^^
[INFO] [stdout] help: provide the argument
[INFO] [stdout]     |
[INFO] [stdout]  75 |     let reports = nix_lint_core::lint_file(&registry, /* &Path */, src).unwrap();
[INFO] [stdout]     |                                                       ++++++++++++
[INFO] [stdout] 
[INFO] [stdout] 
[INFO] [stdout] For more information about this error, try `rustc --explain E0061`.
[INFO] [stdout] 
[INFO] [stdout] For more information about this error, try `rustc --explain E0061`.
[INFO] [stdout] 
[INFO] [stdout] For more information about this error, try `rustc --explain E0061`.
[INFO] [stdout] 
[INFO] [stderr] error: could not compile `nix-flake-parts-lint` (test "test_rule_113_no_defaults") due to 3 previous errors
[INFO] [stdout] error[E0061]: this function takes 3 arguments but 2 arguments were supplied
[INFO] [stdout]    --> src/nix-lint/tests/test_rule_119_bool_equals_true.rs:21:19
[INFO] [stdout]     |
[INFO] [stdout]  21 |     let reports = nix_lint_core::lint_file(&registry, src).unwrap();
[INFO] [stdout]     |                   ^^^^^^^^^^^^^^^^^^^^^^^^            --- argument #2 of type `&std::path::Path` is missing
[INFO] [stdout]     |
[INFO] [stdout] note: function defined here
[INFO] [stdout]    --> src/nix-lint-core/src/lib.rs:235:8
[INFO] [stdout]     |
[INFO] [stdout] 235 | pub fn lint_file(registry: &LintRegistry, file_path: &Path, src: &str) -> Result<Vec<Report>, ParseError> {
[INFO] [stdout]     |        ^^^^^^^^^
[INFO] [stdout] help: provide the argument
[INFO] [stdout]     |
[INFO] [stdout]  21 |     let reports = nix_lint_core::lint_file(&registry, /* &Path */, src).unwrap();
[INFO] [stdout]     |                                                       ++++++++++++
[INFO] [stdout] 
[INFO] [stdout] 
[INFO] [stdout] error[E0061]: this function takes 3 arguments but 2 arguments were supplied
[INFO] [stdout]    --> src/nix-lint/tests/test_rule_102_no_mkdefault.rs:21:19
[INFO] [stdout]     |
[INFO] [stdout]  21 |     let reports = nix_lint_core::lint_file(&registry, src).unwrap();
[INFO] [stdout]     |                   ^^^^^^^^^^^^^^^^^^^^^^^^            --- argument #2 of type `&std::path::Path` is missing
[INFO] [stdout]     |
[INFO] [stdout] note: function defined here
[INFO] [stdout]    --> src/nix-lint-core/src/lib.rs:235:8
[INFO] [stdout]     |
[INFO] [stdout] 235 | pub fn lint_file(registry: &LintRegistry, file_path: &Path, src: &str) -> Result<Vec<Report>, ParseError> {
[INFO] [stdout]     |        ^^^^^^^^^
[INFO] [stdout] help: provide the argument
[INFO] [stdout]     |
[INFO] [stdout]  21 |     let reports = nix_lint_core::lint_file(&registry, /* &Path */, src).unwrap();
[INFO] [stdout]     |                                                       ++++++++++++
[INFO] [stdout] 
[INFO] [stdout] 
[INFO] [stderr] error: could not compile `nix-flake-parts-lint` (test "integration_tests") due to 3 previous errors
[INFO] [stdout] error[E0061]: this function takes 3 arguments but 2 arguments were supplied
[INFO] [stdout]    --> src/nix-lint/tests/test_rule_102_no_mkdefault.rs:34:19
[INFO] [stdout]     |
[INFO] [stdout]  34 |     let reports = nix_lint_core::lint_file(&registry, src).unwrap();
[INFO] [stdout]     |                   ^^^^^^^^^^^^^^^^^^^^^^^^            --- argument #2 of type `&std::path::Path` is missing
[INFO] [stdout]     |
[INFO] [stdout] note: function defined here
[INFO] [stdout]    --> src/nix-lint-core/src/lib.rs:235:8
[INFO] [stdout]     |
[INFO] [stdout] 235 | pub fn lint_file(registry: &LintRegistry, file_path: &Path, src: &str) -> Result<Vec<Report>, ParseError> {
[INFO] [stdout]     |        ^^^^^^^^^
[INFO] [stdout] help: provide the argument
[INFO] [stdout]     |
[INFO] [stdout]  34 |     let reports = nix_lint_core::lint_file(&registry, /* &Path */, src).unwrap();
[INFO] [stdout]     |                                                       ++++++++++++
[INFO] [stdout] 
[INFO] [stdout] 
[INFO] [stdout] error[E0061]: this function takes 3 arguments but 2 arguments were supplied
[INFO] [stdout]    --> src/nix-lint/tests/test_rule_102_no_mkdefault.rs:42:19
[INFO] [stdout]     |
[INFO] [stdout]  42 |     let reports = nix_lint_core::lint_file(&registry, src).unwrap();
[INFO] [stdout]     |                   ^^^^^^^^^^^^^^^^^^^^^^^^            --- argument #2 of type `&std::path::Path` is missing
[INFO] [stdout]     |
[INFO] [stdout] note: function defined here
[INFO] [stdout]    --> src/nix-lint-core/src/lib.rs:235:8
[INFO] [stdout]     |
[INFO] [stdout] 235 | pub fn lint_file(registry: &LintRegistry, file_path: &Path, src: &str) -> Result<Vec<Report>, ParseError> {
[INFO] [stdout]     |        ^^^^^^^^^
[INFO] [stdout] help: provide the argument
[INFO] [stdout]     |
[INFO] [stdout]  42 |     let reports = nix_lint_core::lint_file(&registry, /* &Path */, src).unwrap();
[INFO] [stdout]     |                                                       ++++++++++++
[INFO] [stdout] 
[INFO] [stdout] 
[INFO] [stdout] error[E0061]: this function takes 3 arguments but 2 arguments were supplied
[INFO] [stdout]    --> src/nix-lint/tests/test_rule_119_bool_equals_true.rs:34:19
[INFO] [stdout]     |
[INFO] [stdout]  34 |     let reports = nix_lint_core::lint_file(&registry, src).unwrap();
[INFO] [stdout]     |                   ^^^^^^^^^^^^^^^^^^^^^^^^            --- argument #2 of type `&std::path::Path` is missing
[INFO] [stdout]     |
[INFO] [stdout] note: function defined here
[INFO] [stdout]    --> src/nix-lint-core/src/lib.rs:235:8
[INFO] [stdout]     |
[INFO] [stdout] 235 | pub fn lint_file(registry: &LintRegistry, file_path: &Path, src: &str) -> Result<Vec<Report>, ParseError> {
[INFO] [stdout]     |        ^^^^^^^^^
[INFO] [stdout] help: provide the argument
[INFO] [stdout]     |
[INFO] [stdout]  34 |     let reports = nix_lint_core::lint_file(&registry, /* &Path */, src).unwrap();
[INFO] [stdout]     |                                                       ++++++++++++
[INFO] [stdout] 
[INFO] [stdout] 
[INFO] [stderr] error: could not compile `nix-flake-parts-lint` (test "test_rule_111_no_missing_description") due to 2 previous errors
[INFO] [stdout] error[E0061]: this function takes 3 arguments but 2 arguments were supplied
[INFO] [stdout]    --> src/nix-lint/tests/test_rule_119_bool_equals_true.rs:47:19
[INFO] [stdout]     |
[INFO] [stdout]  47 |     let reports = nix_lint_core::lint_file(&registry, src).unwrap();
[INFO] [stdout]     |                   ^^^^^^^^^^^^^^^^^^^^^^^^            --- argument #2 of type `&std::path::Path` is missing
[INFO] [stdout]     |
[INFO] [stdout] note: function defined here
[INFO] [stdout]    --> src/nix-lint-core/src/lib.rs:235:8
[INFO] [stdout]     |
[INFO] [stdout] 235 | pub fn lint_file(registry: &LintRegistry, file_path: &Path, src: &str) -> Result<Vec<Report>, ParseError> {
[INFO] [stdout]     |        ^^^^^^^^^
[INFO] [stdout] help: provide the argument
[INFO] [stdout]     |
[INFO] [stdout]  47 |     let reports = nix_lint_core::lint_file(&registry, /* &Path */, src).unwrap();
[INFO] [stdout]     |                                                       ++++++++++++
[INFO] [stdout] 
[INFO] [stdout] 
[INFO] [stdout] For more information about this error, try `rustc --explain E0061`.
[INFO] [stdout] 
[INFO] [stdout] error[E0061]: this function takes 3 arguments but 2 arguments were supplied
[INFO] [stdout]    --> src/nix-lint/tests/test_rule_109_no_firewall_disable.rs:21:19
[INFO] [stdout]     |
[INFO] [stdout]  21 |     let reports = nix_lint_core::lint_file(&registry, src).unwrap();
[INFO] [stdout]     |                   ^^^^^^^^^^^^^^^^^^^^^^^^            --- argument #2 of type `&std::path::Path` is missing
[INFO] [stdout]     |
[INFO] [stdout] note: function defined here
[INFO] [stdout]    --> src/nix-lint-core/src/lib.rs:235:8
[INFO] [stdout]     |
[INFO] [stdout] 235 | pub fn lint_file(registry: &LintRegistry, file_path: &Path, src: &str) -> Result<Vec<Report>, ParseError> {
[INFO] [stdout]     |        ^^^^^^^^^
[INFO] [stdout] help: provide the argument
[INFO] [stdout]     |
[INFO] [stdout]  21 |     let reports = nix_lint_core::lint_file(&registry, /* &Path */, src).unwrap();
[INFO] [stdout]     |                                                       ++++++++++++
[INFO] [stdout] 
[INFO] [stdout] 
[INFO] [stdout] For more information about this error, try `rustc --explain E0061`.
[INFO] [stdout] 
[INFO] [stdout] error[E0061]: this function takes 3 arguments but 2 arguments were supplied
[INFO] [stdout]    --> src/nix-lint/tests/test_rule_109_no_firewall_disable.rs:34:19
[INFO] [stdout]     |
[INFO] [stdout]  34 |     let reports = nix_lint_core::lint_file(&registry, src).unwrap();
[INFO] [stdout]     |                   ^^^^^^^^^^^^^^^^^^^^^^^^            --- argument #2 of type `&std::path::Path` is missing
[INFO] [stdout]     |
[INFO] [stdout] note: function defined here
[INFO] [stdout]    --> src/nix-lint-core/src/lib.rs:235:8
[INFO] [stdout]     |
[INFO] [stdout] 235 | pub fn lint_file(registry: &LintRegistry, file_path: &Path, src: &str) -> Result<Vec<Report>, ParseError> {
[INFO] [stdout]     |        ^^^^^^^^^
[INFO] [stdout] help: provide the argument
[INFO] [stdout]     |
[INFO] [stdout]  34 |     let reports = nix_lint_core::lint_file(&registry, /* &Path */, src).unwrap();
[INFO] [stdout]     |                                                       ++++++++++++
[INFO] [stdout] 
[INFO] [stdout] 
[INFO] [stdout] error[E0061]: this function takes 3 arguments but 2 arguments were supplied
[INFO] [stdout]    --> src/nix-lint/tests/test_rule_106_no_lookup_path.rs:26:19
[INFO] [stdout]     |
[INFO] [stdout]  26 |     let reports = nix_lint_core::lint_file(&registry, src).unwrap();
[INFO] [stdout]     |                   ^^^^^^^^^^^^^^^^^^^^^^^^            --- argument #2 of type `&std::path::Path` is missing
[INFO] [stdout]     |
[INFO] [stdout] note: function defined here
[INFO] [stdout]    --> src/nix-lint-core/src/lib.rs:235:8
[INFO] [stdout]     |
[INFO] [stdout] 235 | pub fn lint_file(registry: &LintRegistry, file_path: &Path, src: &str) -> Result<Vec<Report>, ParseError> {
[INFO] [stdout]     |        ^^^^^^^^^
[INFO] [stdout] help: provide the argument
[INFO] [stdout]     |
[INFO] [stdout]  26 |     let reports = nix_lint_core::lint_file(&registry, /* &Path */, src).unwrap();
[INFO] [stdout]     |                                                       ++++++++++++
[INFO] [stdout] 
[INFO] [stdout] 
[INFO] [stderr] error: could not compile `nix-flake-parts-lint` (test "test_rule_102_no_mkdefault") due to 3 previous errors
[INFO] [stdout] error[E0061]: this function takes 3 arguments but 2 arguments were supplied
[INFO] [stdout]    --> src/nix-lint/tests/test_rule_106_no_lookup_path.rs:42:19
[INFO] [stdout]     |
[INFO] [stdout]  42 |     let reports = nix_lint_core::lint_file(&registry, src).unwrap();
[INFO] [stdout]     |                   ^^^^^^^^^^^^^^^^^^^^^^^^            --- argument #2 of type `&std::path::Path` is missing
[INFO] [stdout]     |
[INFO] [stdout] note: function defined here
[INFO] [stdout]    --> src/nix-lint-core/src/lib.rs:235:8
[INFO] [stdout]     |
[INFO] [stdout] 235 | pub fn lint_file(registry: &LintRegistry, file_path: &Path, src: &str) -> Result<Vec<Report>, ParseError> {
[INFO] [stdout]     |        ^^^^^^^^^
[INFO] [stdout] help: provide the argument
[INFO] [stdout]     |
[INFO] [stdout]  42 |     let reports = nix_lint_core::lint_file(&registry, /* &Path */, src).unwrap();
[INFO] [stdout]     |                                                       ++++++++++++
[INFO] [stdout] 
[INFO] [stdout] 
[INFO] [stdout] For more information about this error, try `rustc --explain E0061`.
[INFO] [stdout] 
[INFO] [stdout] For more information about this error, try `rustc --explain E0061`.
[INFO] [stdout] 
[INFO] [stderr] error: could not compile `nix-flake-parts-lint` (test "test_rule_101_no_with_pkgs_lib") due to 2 previous errors
[INFO] [stderr] error: could not compile `nix-flake-parts-lint` (test "test_rule_119_bool_equals_true") due to 3 previous errors
[INFO] [stderr] error: could not compile `nix-flake-parts-lint` (test "test_rule_109_no_firewall_disable") due to 2 previous errors
[INFO] [stderr] error: could not compile `nix-flake-parts-lint` (test "test_rule_106_no_lookup_path") due to 2 previous errors
[INFO] [stdout] warning: function `make_path` is never used
[INFO] [stdout]    --> src/nix-lint-rules/src/module_imports.rs:260:8
[INFO] [stdout]     |
[INFO] [stdout] 260 |     fn make_path(name: &str) -> PathBuf {
[INFO] [stdout]     |        ^^^^^^^^^
[INFO] [stdout]     |
[INFO] [stdout]     = note: `#[warn(dead_code)]` (part of `#[warn(unused)]`) on by default
[INFO] [stdout] 
[INFO] [stdout] 
[INFO] [stdout] warning: function `test_mkSecretCmd_outside_hosts_report` should have a snake case name
[INFO] [stdout]    --> src/nix-lint-rules/src/secrets_in_hosts_only.rs:117:8
[INFO] [stdout]     |
[INFO] [stdout] 117 |     fn test_mkSecretCmd_outside_hosts_report() {
[INFO] [stdout]     |        ^^^^^^^^^^^^^^^^^^^^^^^^^^^^^^^^^^^^^ help: convert the identifier to snake case: `test_mk_secret_cmd_outside_hosts_report`
[INFO] [stdout]     |
[INFO] [stdout]     = note: `#[warn(non_snake_case)]` (part of `#[warn(nonstandard_style)]`) on by default
[INFO] [stdout] 
[INFO] [stdout] 
[INFO] [stdout] warning: function `test_secretspecToml_outside_hosts_report` should have a snake case name
[INFO] [stdout]    --> src/nix-lint-rules/src/secrets_in_hosts_only.rs:131:8
[INFO] [stdout]     |
[INFO] [stdout] 131 |     fn test_secretspecToml_outside_hosts_report() {
[INFO] [stdout]     |        ^^^^^^^^^^^^^^^^^^^^^^^^^^^^^^^^^^^^^^^^ help: convert the identifier to snake case: `test_secretspec_toml_outside_hosts_report`
[INFO] [stdout] 
[INFO] [stdout] 
[INFO] [stdout] warning: function `test_bwSession_outside_hosts_report` should have a snake case name
[INFO] [stdout]    --> src/nix-lint-rules/src/secrets_in_hosts_only.rs:145:8
[INFO] [stdout]     |
[INFO] [stdout] 145 |     fn test_bwSession_outside_hosts_report() {
[INFO] [stdout]     |        ^^^^^^^^^^^^^^^^^^^^^^^^^^^^^^^^^^^ help: convert the identifier to snake case: `test_bw_session_outside_hosts_report`
[INFO] [stdout] 
[INFO] [stdout] 
[INFO] running `Command { std: "docker" "inspect" "d39298f3e2eb48b7741e0762a4a351f194daeb6683a0922268ebb799f680c8a4", kill_on_drop: false }`
[INFO] running `Command { std: "docker" "rm" "-f" "d39298f3e2eb48b7741e0762a4a351f194daeb6683a0922268ebb799f680c8a4", kill_on_drop: false }`
[INFO] [stdout] d39298f3e2eb48b7741e0762a4a351f194daeb6683a0922268ebb799f680c8a4
