[INFO] cloning repository https://github.com/CoffeeCat08/rust-game-common
[INFO] running `Command { std: "git" "-c" "credential.helper=" "-c" "credential.helper=/workspace/cargo-home/bin/git-credential-null" "clone" "--bare" "https://github.com/CoffeeCat08/rust-game-common" "/workspace/cache/git-repos/https%3A%2F%2Fgithub.com%2FCoffeeCat08%2Frust-game-common", kill_on_drop: false }`
[INFO] [stderr] Cloning into bare repository '/workspace/cache/git-repos/https%3A%2F%2Fgithub.com%2FCoffeeCat08%2Frust-game-common'...
[INFO] running `Command { std: "git" "rev-parse" "HEAD", kill_on_drop: false }`
[INFO] [stdout] 1ce393600e0113421d609dffe8c8ce72b0ab23f1
[INFO] checking CoffeeCat08/rust-game-common against 3154cc1a3e6424e44f438a95007d043ed5ceaaf6+rustflags=-Znext-solver=coherence for pr-133502-30
[INFO] running `Command { std: "git" "clone" "/workspace/cache/git-repos/https%3A%2F%2Fgithub.com%2FCoffeeCat08%2Frust-game-common" "/workspace/builds/worker-1-tc1/source", kill_on_drop: false }`
[INFO] [stderr] Cloning into '/workspace/builds/worker-1-tc1/source'...
[INFO] [stderr] done.
[INFO] started tweaking git repo https://github.com/CoffeeCat08/rust-game-common
[INFO] finished tweaking git repo https://github.com/CoffeeCat08/rust-game-common
[INFO] tweaked toml for git repo https://github.com/CoffeeCat08/rust-game-common written to /workspace/builds/worker-1-tc1/source/Cargo.toml
[INFO] validating manifest of git repo https://github.com/CoffeeCat08/rust-game-common on toolchain 3154cc1a3e6424e44f438a95007d043ed5ceaaf6
[INFO] running `Command { std: CARGO_HOME="/workspace/cargo-home" RUSTUP_HOME="/workspace/rustup-home" "/workspace/cargo-home/bin/cargo" "+3154cc1a3e6424e44f438a95007d043ed5ceaaf6" "metadata" "--manifest-path" "Cargo.toml" "--no-deps", kill_on_drop: false }`
[INFO] crate git repo https://github.com/CoffeeCat08/rust-game-common already has a lockfile, it will not be regenerated
[INFO] running `Command { std: CARGO_HOME="/workspace/cargo-home" RUSTUP_HOME="/workspace/rustup-home" "/workspace/cargo-home/bin/cargo" "+3154cc1a3e6424e44f438a95007d043ed5ceaaf6" "fetch" "--manifest-path" "Cargo.toml", kill_on_drop: false }`
[INFO] [stderr]     Updating crates.io index
[INFO] [stderr]      Locking 34 packages to highest Rust 1.101.0-nightly compatible versions
[INFO] [stderr]       Adding atomic-polyfill v1.0.3
[INFO] [stderr]       Adding bitflags v2.13.2
[INFO] [stderr]       Adding byteorder v1.5.0
[INFO] [stderr]       Adding cfg-if v1.0.5
[INFO] [stderr]       Adding chacha20 v0.10.2
[INFO] [stderr]       Adding cobs v0.3.0
[INFO] [stderr]       Adding cpufeatures v0.3.1
[INFO] [stderr]       Adding critical-section v1.2.0
[INFO] [stderr]       Adding getrandom v0.4.3
[INFO] [stderr]       Adding hash32 v0.2.1
[INFO] [stderr]       Adding heapless v0.7.17
[INFO] [stderr]       Adding libc v0.2.190
[INFO] [stderr]       Adding lock_api v0.4.14
[INFO] [stderr]       Adding once_cell v1.21.4
[INFO] [stderr]       Adding postcard v1.1.3
[INFO] [stderr]       Adding proc-macro2 v1.0.107
[INFO] [stderr]       Adding quote v1.0.47
[INFO] [stderr]       Adding r-efi v6.0.0
[INFO] [stderr]       Adding rand v0.10.3
[INFO] [stderr]       Adding rand_core v0.10.1
[INFO] [stderr]       Adding ron v0.12.2
[INFO] [stderr]       Adding rustc_version v0.4.1
[INFO] [stderr]       Adding scopeguard v1.2.0
[INFO] [stderr]       Adding semver v1.0.28
[INFO] [stderr]       Adding serde v1.0.229
[INFO] [stderr]       Adding serde_core v1.0.229
[INFO] [stderr]       Adding serde_derive v1.0.229
[INFO] [stderr]       Adding spin v0.9.9
[INFO] [stderr]       Adding stable_deref_trait v1.2.1
[INFO] [stderr]       Adding syn v3.0.7
[INFO] [stderr]       Adding thiserror v2.0.21
[INFO] [stderr]       Adding thiserror-impl v2.0.21
[INFO] [stderr]       Adding typeid v1.0.3
[INFO] [stderr]       Adding unicode-ident v1.0.26
[INFO] [stderr]  Downloading crates ...
[INFO] [stderr]   Downloaded ron v0.12.2
[INFO] running `Command { std: "docker" "create" "-v" "/var/lib/crater-agent-workspace/builds/worker-1-tc1/source:/opt/rustwide/workdir:ro,Z" "-v" "/var/lib/crater-agent-workspace/builds/worker-1-tc1/target:/opt/rustwide/target:rw,Z" "-v" "/var/lib/crater-agent-workspace/cargo-home:/opt/rustwide/cargo-home:ro,Z" "-v" "/var/lib/crater-agent-workspace/rustup-home:/opt/rustwide/rustup-home:ro,Z" "-m" "1610612736" "--network" "none" "ghcr.io/rust-lang/crates-build-env/linux@sha256:77db811e55d90add9212f6832c23229e3de5f1c1f9905e8cb07319ea15df73ac" "sleep" "infinity", kill_on_drop: false }`
[INFO] [stdout] 8ab6394db5e73b5c10569835f3dfd39bce276e64cd89fc02858e15b98f9ac11b
[INFO] running `Command { std: "docker" "start" "8ab6394db5e73b5c10569835f3dfd39bce276e64cd89fc02858e15b98f9ac11b", kill_on_drop: false }`
[INFO] running `Command { std: "docker" "inspect" "8ab6394db5e73b5c10569835f3dfd39bce276e64cd89fc02858e15b98f9ac11b", kill_on_drop: false }`
[INFO] running `Command { std: "docker" "exec" "-e" "SOURCE_DIR=/opt/rustwide/workdir" "-e" "CARGO_HOME=/opt/rustwide/cargo-home" "-e" "RUSTUP_HOME=/opt/rustwide/rustup-home" "-e" "CARGO_TARGET_DIR=/opt/rustwide/target" "-w" "/opt/rustwide/workdir" "--user" "0:0" "8ab6394db5e73b5c10569835f3dfd39bce276e64cd89fc02858e15b98f9ac11b" "/opt/rustwide/cargo-home/bin/cargo" "+3154cc1a3e6424e44f438a95007d043ed5ceaaf6" "metadata" "--no-deps" "--format-version=1", kill_on_drop: false }`
[INFO] running `Command { std: "docker" "inspect" "8ab6394db5e73b5c10569835f3dfd39bce276e64cd89fc02858e15b98f9ac11b", kill_on_drop: false }`
[INFO] running `Command { std: "docker" "exec" "-e" "SOURCE_DIR=/opt/rustwide/workdir" "-e" "CARGO_HOME=/opt/rustwide/cargo-home" "-e" "RUSTUP_HOME=/opt/rustwide/rustup-home" "-e" "CARGO_TARGET_DIR=/opt/rustwide/target" "-e" "CARGO_INCREMENTAL=0" "-e" "RUST_BACKTRACE=full" "-e" "RUSTFLAGS=--cap-lints=forbid -Znext-solver=coherence" "-e" "RUSTDOCFLAGS=--cap-lints=forbid" "-w" "/opt/rustwide/workdir" "--user" "0:0" "8ab6394db5e73b5c10569835f3dfd39bce276e64cd89fc02858e15b98f9ac11b" "/opt/rustwide/cargo-home/bin/cargo" "+3154cc1a3e6424e44f438a95007d043ed5ceaaf6" "check" "--frozen" "--all" "--all-targets" "--message-format=json", kill_on_drop: false }`
[INFO] [stderr]    Compiling libc v0.2.190
[INFO] [stderr]    Compiling thiserror v2.0.21
[INFO] [stderr]    Compiling heapless v0.7.17
[INFO] [stderr]    Compiling syn v3.0.7
[INFO] [stderr]     Checking spin v0.9.9
[INFO] [stderr]     Checking bitflags v2.13.2
[INFO] [stderr]     Checking unicode-ident v1.0.26
[INFO] [stderr]     Checking once_cell v1.21.4
[INFO] [stderr]     Checking getrandom v0.4.3
[INFO] [stderr]     Checking rand v0.10.3
[INFO] [stderr]    Compiling serde_derive v1.0.229
[INFO] [stderr]    Compiling thiserror-impl v2.0.21
[INFO] [stderr]     Checking cobs v0.3.0
[INFO] [stderr]     Checking serde v1.0.229
[INFO] [stderr]     Checking ron v0.12.2
[INFO] [stderr]     Checking postcard v1.1.3
[INFO] [stderr]     Checking rust_game_common v0.1.0 (/opt/rustwide/workdir)
[INFO] [stdout] error[E0583]: file not found for module `demo`
[INFO] [stdout]   --> src/lib.rs:21:5
[INFO] [stdout]    |
[INFO] [stdout] 21 |     pub mod demo;
[INFO] [stdout]    |     ^^^^^^^^^^^^^
[INFO] [stdout]    |
[INFO] [stdout]    = help: to create the module `demo`, create file "src/examples/demo.rs" or "src/examples/demo/mod.rs"
[INFO] [stdout]    = note: if there is a `mod demo` elsewhere in the crate already, import it with `use crate::...` instead
[INFO] [stdout] 
[INFO] [stdout] 
[INFO] [stdout] error[E0583]: file not found for module `demo`
[INFO] [stdout]   --> src/lib.rs:21:5
[INFO] [stdout]    |
[INFO] [stdout] 21 |     pub mod demo;
[INFO] [stdout]    |     ^^^^^^^^^^^^^
[INFO] [stdout]    |
[INFO] [stdout]    = help: to create the module `demo`, create file "src/examples/demo.rs" or "src/examples/demo/mod.rs"
[INFO] [stdout]    = note: if there is a `mod demo` elsewhere in the crate already, import it with `use crate::...` instead
[INFO] [stdout] 
[INFO] [stdout] 
[INFO] [stdout] error[E0425]: cannot find function `status_view` in this scope
[INFO] [stdout]    --> src/utility/console.rs:146:20
[INFO] [stdout]     |
[INFO] [stdout] 146 |         let test = status_view(max_amount, amount);
[INFO] [stdout]     |                    ^^^^^^^^^^^ not found in this scope
[INFO] [stdout] 
[INFO] [stdout] 
[INFO] [stdout] For more information about this error, try `rustc --explain E0583`.
[INFO] [stdout] 
[INFO] [stdout] Some errors have detailed explanations: E0425, E0583.
[INFO] [stdout] 
[INFO] [stdout] For more information about an error, try `rustc --explain E0425`.
[INFO] [stdout] 
[INFO] [stderr] error: could not compile `rust_game_common` (lib) due to 1 previous error
[INFO] [stderr] warning: build failed, waiting for other jobs to finish...
[INFO] [stderr] error: could not compile `rust_game_common` (lib test) due to 2 previous errors
[INFO] [stderr] warning: unused dependency `postcard`
[INFO] [stderr]  --> Cargo.toml:2:1
[INFO] [stderr]   |
[INFO] [stderr] 2 | postcard = "1.1.3"
[INFO] [stderr]   | ^^^^^^^^^^^^^^^^^^
[INFO] [stderr]   |
[INFO] [stderr]   = note: `cargo::unused_dependencies` is set to `warn` by default
[INFO] [stderr] help: consider removing the dependency on `postcard`
[INFO] [stderr] warning: `rust_game_common` (manifest) generated 1 warning
[INFO] running `Command { std: "docker" "inspect" "8ab6394db5e73b5c10569835f3dfd39bce276e64cd89fc02858e15b98f9ac11b", kill_on_drop: false }`
[INFO] running `Command { std: "docker" "rm" "-f" "8ab6394db5e73b5c10569835f3dfd39bce276e64cd89fc02858e15b98f9ac11b", kill_on_drop: false }`
[INFO] [stdout] 8ab6394db5e73b5c10569835f3dfd39bce276e64cd89fc02858e15b98f9ac11b
