[INFO] cloning repository https://github.com/Coding-LEB/protofolio_pro
[INFO] running `Command { std: "git" "-c" "credential.helper=" "-c" "credential.helper=/workspace/cargo-home/bin/git-credential-null" "clone" "--bare" "https://github.com/Coding-LEB/protofolio_pro" "/workspace/cache/git-repos/https%3A%2F%2Fgithub.com%2FCoding-LEB%2Fprotofolio_pro", kill_on_drop: false }`
[INFO] [stderr] Cloning into bare repository '/workspace/cache/git-repos/https%3A%2F%2Fgithub.com%2FCoding-LEB%2Fprotofolio_pro'...
[INFO] running `Command { std: "git" "rev-parse" "HEAD", kill_on_drop: false }`
[INFO] [stdout] 521dfe099e4c339792a4c237a679ba3d7e193ec2
[INFO] checking Coding-LEB/protofolio_pro against 3154cc1a3e6424e44f438a95007d043ed5ceaaf6+rustflags=-Znext-solver=coherence for pr-133502-30
[INFO] running `Command { std: "git" "clone" "/workspace/cache/git-repos/https%3A%2F%2Fgithub.com%2FCoding-LEB%2Fprotofolio_pro" "/workspace/builds/worker-5-tc1/source", kill_on_drop: false }`
[INFO] [stderr] Cloning into '/workspace/builds/worker-5-tc1/source'...
[INFO] [stderr] done.
[INFO] started tweaking git repo https://github.com/Coding-LEB/protofolio_pro
[INFO] finished tweaking git repo https://github.com/Coding-LEB/protofolio_pro
[INFO] tweaked toml for git repo https://github.com/Coding-LEB/protofolio_pro written to /workspace/builds/worker-5-tc1/source/Cargo.toml
[INFO] validating manifest of git repo https://github.com/Coding-LEB/protofolio_pro on toolchain 3154cc1a3e6424e44f438a95007d043ed5ceaaf6
[INFO] running `Command { std: CARGO_HOME="/workspace/cargo-home" RUSTUP_HOME="/workspace/rustup-home" "/workspace/cargo-home/bin/cargo" "+3154cc1a3e6424e44f438a95007d043ed5ceaaf6" "metadata" "--manifest-path" "Cargo.toml" "--no-deps", kill_on_drop: false }`
[INFO] crate git repo https://github.com/Coding-LEB/protofolio_pro already has a lockfile, it will not be regenerated
[INFO] running `Command { std: CARGO_HOME="/workspace/cargo-home" RUSTUP_HOME="/workspace/rustup-home" "/workspace/cargo-home/bin/cargo" "+3154cc1a3e6424e44f438a95007d043ed5ceaaf6" "fetch" "--manifest-path" "Cargo.toml", kill_on_drop: false }`
[INFO] [stderr]     Updating crates.io index
[INFO] [stderr]  Downloading crates ...
[INFO] [stderr]   Downloaded proc-macro-error-attr3 v3.1.0
[INFO] [stderr]   Downloaded validator v0.20.0
[INFO] [stderr]   Downloaded validator_derive v0.20.1
[INFO] [stderr]   Downloaded proc-macro-error3 v3.1.0
[INFO] [stderr]   Downloaded rfc6979 v0.4.0
[INFO] [stderr]   Downloaded wasm-bindgen-shared v0.2.126
[INFO] [stderr]   Downloaded zeroize_derive v1.5.0
[INFO] [stderr]   Downloaded curve25519-dalek-derive v0.1.1
[INFO] [stderr]   Downloaded base16ct v0.2.0
[INFO] [stderr]   Downloaded wasm-bindgen-macro v0.2.126
[INFO] [stderr]   Downloaded ff v0.13.1
[INFO] [stderr]   Downloaded simple_asn1 v0.6.4
[INFO] [stderr]   Downloaded ed25519 v2.2.3
[INFO] [stderr]   Downloaded primeorder v0.13.6
[INFO] [stderr]   Downloaded ecdsa v0.16.9
[INFO] [stderr]   Downloaded multer v3.1.0
[INFO] [stderr]   Downloaded generic-array v0.14.9
[INFO] [stderr]   Downloaded native-tls v0.2.18
[INFO] [stderr]   Downloaded group v0.13.0
[INFO] [stderr]   Downloaded async-trait v0.1.91
[INFO] [stderr]   Downloaded thiserror v2.0.19
[INFO] [stderr]   Downloaded thiserror-impl v2.0.19
[INFO] [stderr]   Downloaded pem v3.0.6
[INFO] [stderr]   Downloaded sec1 v0.7.3
[INFO] [stderr]   Downloaded cookie v0.18.1
[INFO] [stderr]   Downloaded find-msvc-tools v0.1.9
[INFO] [stderr]   Downloaded jsonwebtoken v10.4.0
[INFO] [stderr]   Downloaded elliptic-curve v0.13.8
[INFO] [stderr]   Downloaded p256 v0.13.2
[INFO] [stderr]   Downloaded axum-extra v0.12.6
[INFO] [stderr]   Downloaded wasm-bindgen v0.2.126
[INFO] [stderr]   Downloaded cc v1.4.0
[INFO] [stderr]   Downloaded crypto-bigint v0.5.5
[INFO] [stderr]   Downloaded wasm-bindgen-macro-support v0.2.126
[INFO] [stderr]   Downloaded ed25519-dalek v2.2.0
[INFO] [stderr]   Downloaded openssl-sys v0.9.117
[INFO] [stderr]   Downloaded js-sys v0.3.103
[INFO] [stderr]   Downloaded zerocopy-derive v0.8.55
[INFO] [stderr]   Downloaded aho-corasick v1.1.4
[INFO] [stderr]   Downloaded p384 v0.13.1
[INFO] [stderr]   Downloaded zerocopy v0.8.55
[INFO] [stderr]   Downloaded curve25519-dalek v4.1.3
[INFO] [stderr]   Downloaded openssl v0.10.81
[INFO] [stderr]   Downloaded regex-automata v0.4.16
[INFO] [stderr]   Downloaded fiat-crypto v0.2.9
[INFO] running `Command { std: "docker" "create" "-v" "/var/lib/crater-agent-workspace/builds/worker-5-tc1/source:/opt/rustwide/workdir:ro,Z" "-v" "/var/lib/crater-agent-workspace/builds/worker-5-tc1/target:/opt/rustwide/target:rw,Z" "-v" "/var/lib/crater-agent-workspace/cargo-home:/opt/rustwide/cargo-home:ro,Z" "-v" "/var/lib/crater-agent-workspace/rustup-home:/opt/rustwide/rustup-home:ro,Z" "-m" "1610612736" "--network" "none" "ghcr.io/rust-lang/crates-build-env/linux@sha256:77db811e55d90add9212f6832c23229e3de5f1c1f9905e8cb07319ea15df73ac" "sleep" "infinity", kill_on_drop: false }`
[INFO] [stdout] 751c2af04b590ff6869a278f3f157e844088b7abbc66361549f75df166a7cd77
[INFO] running `Command { std: "docker" "start" "751c2af04b590ff6869a278f3f157e844088b7abbc66361549f75df166a7cd77", kill_on_drop: false }`
[INFO] running `Command { std: "docker" "inspect" "751c2af04b590ff6869a278f3f157e844088b7abbc66361549f75df166a7cd77", kill_on_drop: false }`
[INFO] running `Command { std: "docker" "exec" "-e" "SOURCE_DIR=/opt/rustwide/workdir" "-e" "CARGO_HOME=/opt/rustwide/cargo-home" "-e" "RUSTUP_HOME=/opt/rustwide/rustup-home" "-e" "CARGO_TARGET_DIR=/opt/rustwide/target" "-w" "/opt/rustwide/workdir" "--user" "0:0" "751c2af04b590ff6869a278f3f157e844088b7abbc66361549f75df166a7cd77" "/opt/rustwide/cargo-home/bin/cargo" "+3154cc1a3e6424e44f438a95007d043ed5ceaaf6" "metadata" "--no-deps" "--format-version=1", kill_on_drop: false }`
[INFO] running `Command { std: "docker" "inspect" "751c2af04b590ff6869a278f3f157e844088b7abbc66361549f75df166a7cd77", kill_on_drop: false }`
[INFO] running `Command { std: "docker" "exec" "-e" "SOURCE_DIR=/opt/rustwide/workdir" "-e" "CARGO_HOME=/opt/rustwide/cargo-home" "-e" "RUSTUP_HOME=/opt/rustwide/rustup-home" "-e" "CARGO_TARGET_DIR=/opt/rustwide/target" "-e" "CARGO_INCREMENTAL=0" "-e" "RUST_BACKTRACE=full" "-e" "RUSTFLAGS=--cap-lints=forbid -Znext-solver=coherence" "-e" "RUSTDOCFLAGS=--cap-lints=forbid" "-w" "/opt/rustwide/workdir" "--user" "0:0" "751c2af04b590ff6869a278f3f157e844088b7abbc66361549f75df166a7cd77" "/opt/rustwide/cargo-home/bin/cargo" "+3154cc1a3e6424e44f438a95007d043ed5ceaaf6" "check" "--frozen" "--all" "--all-targets" "--message-format=json", kill_on_drop: false }`
[INFO] [stderr]    Compiling proc-macro2 v1.0.107
[INFO] [stderr]    Compiling unicode-ident v1.0.24
[INFO] [stderr]    Compiling quote v1.0.47
[INFO] [stderr]    Compiling libc v0.2.189
[INFO] [stderr]    Compiling version_check v0.9.5
[INFO] [stderr]     Checking cfg-if v1.0.4
[INFO] [stderr]    Compiling serde v1.0.229
[INFO] [stderr]    Compiling serde_core v1.0.229
[INFO] [stderr]     Checking subtle v2.6.1
[INFO] [stderr]     Checking typenum v1.20.1
[INFO] [stderr]     Checking const-oid v0.9.6
[INFO] [stderr]    Compiling autocfg v1.5.1
[INFO] [stderr]    Compiling parking_lot_core v0.9.12
[INFO] [stderr]    Compiling generic-array v0.14.9
[INFO] [stderr]    Compiling icu_normalizer_data v2.2.0
[INFO] [stderr]    Compiling icu_properties_data v2.2.0
[INFO] [stderr]     Checking itoa v1.0.18
[INFO] [stderr]    Compiling shlex v2.0.1
[INFO] [stderr]    Compiling find-msvc-tools v0.1.9
[INFO] [stderr]    Compiling stable_deref_trait v1.2.1
[INFO] [stderr]     Checking base64ct v1.8.3
[INFO] [stderr]    Compiling cc v1.4.0
[INFO] [stderr]    Compiling syn v2.0.119
[INFO] [stderr]    Compiling syn v3.0.3
[INFO] [stderr]    Compiling pkg-config v0.3.33
[INFO] [stderr]    Compiling zerocopy v0.8.55
[INFO] [stderr]     Checking pin-project-lite v0.2.17
[INFO] [stderr]     Checking getrandom v0.2.17
[INFO] [stderr]    Compiling vcpkg v0.2.15
[INFO] [stderr]     Checking rand_core v0.6.4
[INFO] [stderr]    Compiling zmij v1.0.23
[INFO] [stderr]     Checking bytes v1.12.1
[INFO] [stderr]     Checking futures-core v0.3.33
[INFO] [stderr]    Compiling libm v0.2.16
[INFO] [stderr]     Checking pem-rfc7468 v0.7.0
[INFO] [stderr]    Compiling num-traits v0.2.19
[INFO] [stderr]     Checking memchr v2.8.3
[INFO] [stderr]    Compiling serde_json v1.0.151
[INFO] [stderr]    Compiling openssl-sys v0.9.117
[INFO] [stderr]     Checking scopeguard v1.2.0
[INFO] [stderr]     Checking once_cell v1.21.4
[INFO] [stderr]     Checking lock_api v0.4.14
[INFO] [stderr]    Compiling litemap v0.8.2
[INFO] [stderr]    Compiling crossbeam-utils v0.8.22
[INFO] [stderr]    Compiling openssl v0.10.81
[INFO] [stderr]     Checking log v0.4.33
[INFO] [stderr]    Compiling writeable v0.6.3
[INFO] [stderr]    Compiling thiserror v2.0.19
[INFO] [stderr]     Checking tracing-core v0.1.36
[INFO] [stderr]     Checking errno v0.3.14
[INFO] [stderr]    Compiling utf8_iter v1.0.4
[INFO] [stderr]     Checking futures-sink v0.3.33
[INFO] [stderr]     Checking signal-hook-registry v1.4.8
[INFO] [stderr]     Checking socket2 v0.6.5
[INFO] [stderr]     Checking mio v1.2.2
[INFO] [stderr]     Checking cpufeatures v0.2.17
[INFO] [stderr]     Checking percent-encoding v2.3.2
[INFO] [stderr]    Compiling native-tls v0.2.18
[INFO] [stderr]     Checking http v1.5.0
[INFO] [stderr]     Checking spin v0.9.9
[INFO] [stderr]    Compiling block-buffer v0.10.4
[INFO] [stderr]    Compiling crypto-common v0.1.6
[INFO] [stderr]     Checking form_urlencoded v1.2.2
[INFO] [stderr]    Compiling digest v0.10.7
[INFO] [stderr]     Checking slab v0.4.12
[INFO] [stderr]    Compiling foreign-types-shared v0.1.1
[INFO] [stderr]     Checking futures-io v0.3.33
[INFO] [stderr]    Compiling equivalent v1.0.2
[INFO] [stderr]     Checking futures-task v0.3.33
[INFO] [stderr]    Compiling foreign-types v0.3.2
[INFO] [stderr]     Checking futures-util v0.3.33
[INFO] [stderr]     Checking http-body v1.1.0
[INFO] [stderr]     Checking ff v0.13.1
[INFO] [stderr]    Compiling bitflags v2.13.1
[INFO] [stderr]    Compiling synstructure v0.13.2
[INFO] [stderr]    Compiling allocator-api2 v0.2.21
[INFO] [stderr]    Compiling foldhash v0.1.5
[INFO] [stderr]     Checking base16ct v0.2.0
[INFO] [stderr]    Compiling serde_derive v1.0.229
[INFO] [stderr]    Compiling displaydoc v0.2.7
[INFO] [stderr]    Compiling thiserror-impl v2.0.19
[INFO] [stderr]    Compiling tokio-macros v2.7.2
[INFO] [stderr]    Compiling tinyvec_macros v0.1.1
[INFO] [stderr]    Compiling httparse v1.10.1
[INFO] [stderr]    Compiling zerofrom-derive v0.1.7
[INFO] [stderr]    Compiling yoke-derive v0.8.2
[INFO] [stderr]    Compiling zeroize_derive v1.5.0
[INFO] [stderr]    Compiling zerovec-derive v0.11.3
[INFO] [stderr]    Compiling tracing-attributes v0.1.31
[INFO] [stderr]     Checking zeroize v1.9.0
[INFO] [stderr]     Checking der v0.7.10
[INFO] [stderr]    Compiling zerofrom v0.1.8
[INFO] [stderr]    Compiling yoke v0.8.3
[INFO] [stderr]    Compiling openssl-macros v0.1.1
[INFO] [stderr]     Checking hmac v0.12.1
[INFO] [stderr]    Compiling zerovec v0.11.6
[INFO] [stderr]    Compiling zerotrie v0.2.4
[INFO] [stderr]     Checking hkdf v0.12.4
[INFO] [stderr]     Checking tracing v0.1.44
[INFO] [stderr]     Checking ppv-lite86 v0.2.21
[INFO] [stderr]     Checking sha2 v0.10.9
[INFO] [stderr]     Checking signature v2.2.0
[INFO] [stderr]     Checking spki v0.7.3
[INFO] [stderr]     Checking crypto-bigint v0.5.5
[INFO] [stderr]     Checking rand_chacha v0.3.1
[INFO] [stderr]     Checking tinystr v0.8.3
[INFO] [stderr]     Checking pkcs8 v0.10.2
[INFO] [stderr]    Compiling potential_utf v0.1.5
[INFO] [stderr]     Checking icu_locale_core v2.2.0
[INFO] [stderr]     Checking icu_collections v2.2.0
[INFO] [stderr]     Checking sec1 v0.7.3
[INFO] [stderr]    Compiling tinyvec v1.12.0
[INFO] [stderr]    Compiling tokio v1.53.1
[INFO] [stderr]     Checking smallvec v1.15.2
[INFO] [stderr]     Checking icu_provider v2.2.0
[INFO] [stderr]    Compiling hashbrown v0.15.5
[INFO] [stderr]     Checking icu_properties v2.2.0
[INFO] [stderr]     Checking icu_normalizer v2.2.0
[INFO] [stderr]     Checking parking_lot v0.12.5
[INFO] [stderr]     Checking group v0.13.0
[INFO] [stderr]     Checking num-integer v0.1.46
[INFO] [stderr]     Checking futures-channel v0.3.33
[INFO] [stderr]    Compiling num-conv v0.2.2
[INFO] [stderr]     Checking idna_adapter v1.2.2
[INFO] [stderr]     Checking tower-service v0.3.3
[INFO] [stderr]    Compiling hashbrown v0.17.1
[INFO] [stderr]    Compiling openssl-probe v0.2.1
[INFO] [stderr]    Compiling getrandom v0.4.3
[INFO] [stderr]    Compiling semver v1.0.28
[INFO] [stderr]    Compiling time-core v0.1.9
[INFO] [stderr]    Compiling iana-time-zone v0.1.65
[INFO] [stderr]    Compiling parking v2.2.1
[INFO] [stderr]    Compiling crc-catalog v2.5.0
[INFO] [stderr]    Compiling crc v3.4.0
[INFO] [stderr]    Compiling event-listener v5.4.2
[INFO] [stderr]    Compiling chrono v0.4.45
[INFO] [stderr]    Compiling idna v1.1.0
[INFO] [stderr]    Compiling time-macros v0.2.32
[INFO] [stderr]    Compiling rustc_version v0.4.1
[INFO] [stderr]    Compiling url v2.5.8
[INFO] [stderr]    Compiling indexmap v2.14.0
[INFO] [stderr]    Compiling crossbeam-queue v0.3.13
[INFO] [stderr]    Compiling hashlink v0.10.0
[INFO] [stderr]     Checking elliptic-curve v0.13.8
[INFO] [stderr]    Compiling futures-intrusive v0.5.0
[INFO] [stderr]    Compiling tokio-stream v0.1.19
[INFO] [stderr]    Compiling unicode-normalization v0.1.25
[INFO] [stderr]    Compiling either v1.17.0
[INFO] [stderr]     Checking rand v0.8.7
[INFO] [stderr]     Checking lazy_static v1.5.0
[INFO] [stderr]     Checking deranged v0.5.8
[INFO] [stderr]     Checking powerfmt v0.2.0
[INFO] [stderr]    Compiling base64 v0.22.1
[INFO] [stderr]    Compiling strsim v0.11.1
[INFO] [stderr]    Compiling uuid v1.24.0
[INFO] [stderr]    Compiling ident_case v1.0.1
[INFO] [stderr]     Checking tower-layer v0.3.3
[INFO] [stderr]    Compiling unicode-properties v0.1.4
[INFO] [stderr]    Compiling unicode-bidi v0.3.18
[INFO] [stderr]    Compiling darling_core v0.23.0
[INFO] [stderr]    Compiling sqlx-core v0.8.6
[INFO] [stderr]    Compiling stringprep v0.1.5
[INFO] [stderr]     Checking time v0.3.55
[INFO] [stderr]    Compiling curve25519-dalek v4.1.3
[INFO] [stderr]     Checking rfc6979 v0.4.0
[INFO] [stderr]    Compiling atoi v2.0.0
[INFO] [stderr]    Compiling md-5 v0.10.6
[INFO] [stderr]    Compiling multer v3.1.0
[INFO] [stderr]     Checking httpdate v1.0.3
[INFO] [stderr]    Compiling home v0.5.12
[INFO] [stderr]    Compiling whoami v1.6.1
[INFO] [stderr]    Compiling num-bigint-dig v0.8.6
[INFO] [stderr]     Checking atomic-waker v1.1.2
[INFO] [stderr]    Compiling hex v0.4.3
[INFO] [stderr]    Compiling byteorder v1.5.0
[INFO] [stderr]     Checking sync_wrapper v1.0.2
[INFO] [stderr]    Compiling dotenvy v0.15.7
[INFO] [stderr]     Checking mime v0.3.17
[INFO] [stderr]     Checking hyper v1.11.0
[INFO] [stderr]     Checking ecdsa v0.16.9
[INFO] [stderr]     Checking primeorder v0.13.6
[INFO] [stderr]     Checking num-iter v0.1.46
[INFO] [stderr]    Compiling curve25519-dalek-derive v0.1.1
[INFO] [stderr]    Compiling sqlx-postgres v0.8.6
[INFO] [stderr]     Checking http-body-util v0.1.4
[INFO] [stderr]    Compiling darling_macro v0.23.0
[INFO] [stderr]     Checking aho-corasick v1.1.4
[INFO] [stderr]    Compiling proc-macro-error-attr3 v3.1.0
[INFO] [stderr]    Compiling cookie v0.18.1
[INFO] [stderr]     Checking encoding_rs v0.8.35
[INFO] [stderr]    Compiling heck v0.5.0
[INFO] [stderr]     Checking ryu v1.0.23
[INFO] [stderr]     Checking regex-syntax v0.8.11
[INFO] [stderr]     Checking serde_urlencoded v0.7.1
[INFO] [stderr]    Compiling proc-macro-error3 v3.1.0
[INFO] [stderr]    Compiling darling v0.23.0
[INFO] [stderr]     Checking axum-core v0.5.6
[INFO] [stderr]     Checking hyper-util v0.1.20
[INFO] [stderr]     Checking tower v0.5.3
[INFO] [stderr]     Checking num-bigint v0.4.8
[INFO] [stderr]     Checking ed25519 v2.2.3
[INFO] [stderr]     Checking pkcs1 v0.7.5
[INFO] [stderr]     Checking serde_path_to_error v0.1.20
[INFO] [stderr]     Checking matchit v0.8.4
[INFO] [stderr]     Checking regex-automata v0.4.16
[INFO] [stderr]     Checking rsa v0.9.10
[INFO] [stderr]     Checking ed25519-dalek v2.2.0
[INFO] [stderr]     Checking axum v0.8.9
[INFO] [stderr]    Compiling validator_derive v0.20.1
[INFO] [stderr]     Checking p384 v0.13.1
[INFO] [stderr]     Checking simple_asn1 v0.6.4
[INFO] [stderr]     Checking p256 v0.13.2
[INFO] [stderr]     Checking pem v3.0.6
[INFO] [stderr]     Checking sharded-slab v0.1.7
[INFO] [stderr]     Checking blake2 v0.10.6
[INFO] [stderr]     Checking tracing-log v0.2.0
[INFO] [stderr]     Checking password-hash v0.5.0
[INFO] [stderr]     Checking thread_local v1.1.10
[INFO] [stderr]     Checking nu-ansi-term v0.50.3
[INFO] [stderr]     Checking argon2 v0.5.3
[INFO] [stderr]     Checking jsonwebtoken v10.4.0
[INFO] [stderr]     Checking tracing-subscriber v0.3.23
[INFO] [stderr]     Checking tower-http v0.6.11
[INFO] [stderr]    Compiling async-trait v0.1.91
[INFO] [stderr]     Checking regex v1.13.1
[INFO] [stderr]     Checking validator v0.20.0
[INFO] [stderr]    Compiling sqlx-macros-core v0.8.6
[INFO] [stderr]    Compiling sqlx-macros v0.8.6
[INFO] [stderr]     Checking axum-extra v0.12.6
[INFO] [stderr]     Checking sqlx v0.8.6
[INFO] [stderr]     Checking protofolio_pro_backend v0.1.0 (/opt/rustwide/workdir)
[INFO] [stdout] error: set `DATABASE_URL` to use query macros online, or run `cargo sqlx prepare` to update the query cache
[INFO] [stdout]   --> src/repositories/profile_repository.rs:44:26
[INFO] [stdout]    |
[INFO] [stdout] 44 |           let profile_id = sqlx::query_scalar!(
[INFO] [stdout]    |  __________________________^
[INFO] [stdout] 45 | |             r#"
[INFO] [stdout] 46 | |                 INSERT INTO profile (
[INFO] [stdout] 47 | |                     profile_key,
[INFO] [stdout] ...  |
[INFO] [stdout] 70 | |             payload.availability_status
[INFO] [stdout] 71 | |         )
[INFO] [stdout]    | |_________^
[INFO] [stdout]    |
[INFO] [stdout]    = note: this error originates in the macro `$crate::sqlx_macros::expand_query` which comes from the expansion of the macro `sqlx::query_scalar` (in Nightly builds, run with -Z macro-backtrace for more info)
[INFO] [stdout] 
[INFO] [stdout] 
[INFO] [stdout] error: set `DATABASE_URL` to use query macros online, or run `cargo sqlx prepare` to update the query cache
[INFO] [stdout]    --> src/repositories/profile_repository.rs:79:23
[INFO] [stdout]     |
[INFO] [stdout]  79 |           let profile = sqlx::query_as!(
[INFO] [stdout]     |  _______________________^
[INFO] [stdout]  80 | |             Profile,
[INFO] [stdout]  81 | |             r#"
[INFO] [stdout]  82 | |                 SELECT
[INFO] [stdout] ...   |
[INFO] [stdout] 100 | |             "#,
[INFO] [stdout] 101 | |         )
[INFO] [stdout]     | |_________^
[INFO] [stdout]     |
[INFO] [stdout]     = note: this error originates in the macro `$crate::sqlx_macros::expand_query` which comes from the expansion of the macro `sqlx::query_as` (in Nightly builds, run with -Z macro-backtrace for more info)
[INFO] [stdout] 
[INFO] [stdout] 
[INFO] [stdout] error: set `DATABASE_URL` to use query macros online, or run `cargo sqlx prepare` to update the query cache
[INFO] [stdout]    --> src/repositories/profile_repository.rs:109:22
[INFO] [stdout]     |
[INFO] [stdout] 109 |           let result = sqlx::query!(
[INFO] [stdout]     |  ______________________^
[INFO] [stdout] 110 | |             r#"
[INFO] [stdout] 111 | |                 UPDATE profile
[INFO] [stdout] 112 | |                 SET
[INFO] [stdout] ...   |
[INFO] [stdout] 133 | |             payload.availability_status,
[INFO] [stdout] 134 | |         )
[INFO] [stdout]     | |_________^
[INFO] [stdout]     |
[INFO] [stdout]     = note: this error originates in the macro `$crate::sqlx_macros::expand_query` which comes from the expansion of the macro `sqlx::query` (in Nightly builds, run with -Z macro-backtrace for more info)
[INFO] [stdout] 
[INFO] [stdout] 
[INFO] [stdout] error: set `DATABASE_URL` to use query macros online, or run `cargo sqlx prepare` to update the query cache
[INFO] [stdout]   --> src/repositories/skill_repository.rs:77:24
[INFO] [stdout]    |
[INFO] [stdout] 77 |           let skill_id = sqlx::query_scalar!(
[INFO] [stdout]    |  ________________________^
[INFO] [stdout] 78 | |             r#"
[INFO] [stdout] 79 | |             INSERT INTO skills (
[INFO] [stdout] 80 | |                 slug,
[INFO] [stdout] ...  |
[INFO] [stdout] 97 | |             payload.is_visible,
[INFO] [stdout] 98 | |         )
[INFO] [stdout]    | |_________^
[INFO] [stdout]    |
[INFO] [stdout]    = note: this error originates in the macro `$crate::sqlx_macros::expand_query` which comes from the expansion of the macro `sqlx::query_scalar` (in Nightly builds, run with -Z macro-backtrace for more info)
[INFO] [stdout] 
[INFO] [stdout] 
[INFO] [stdout] error: set `DATABASE_URL` to use query macros online, or run `cargo sqlx prepare` to update the query cache
[INFO] [stdout]    --> src/repositories/skill_repository.rs:191:21
[INFO] [stdout]     |
[INFO] [stdout] 191 |           let skill = sqlx::query_as!(
[INFO] [stdout]     |  _____________________^
[INFO] [stdout] 192 | |             Skill,
[INFO] [stdout] 193 | |             r#"
[INFO] [stdout] 194 | |             SELECT
[INFO] [stdout] ...   |
[INFO] [stdout] 206 | |             skill_id
[INFO] [stdout] 207 | |         )
[INFO] [stdout]     | |_________^
[INFO] [stdout]     |
[INFO] [stdout]     = note: this error originates in the macro `$crate::sqlx_macros::expand_query` which comes from the expansion of the macro `sqlx::query_as` (in Nightly builds, run with -Z macro-backtrace for more info)
[INFO] [stdout] 
[INFO] [stdout] 
[INFO] [stdout] error: set `DATABASE_URL` to use query macros online, or run `cargo sqlx prepare` to update the query cache
[INFO] [stdout]    --> src/repositories/skill_repository.rs:219:22
[INFO] [stdout]     |
[INFO] [stdout] 219 |           let result = sqlx::query!(
[INFO] [stdout]     |  ______________________^
[INFO] [stdout] 220 | |             r#"
[INFO] [stdout] 221 | |             UPDATE skills
[INFO] [stdout] 222 | |             SET
[INFO] [stdout] ...   |
[INFO] [stdout] 239 | |             skill_id,
[INFO] [stdout] 240 | |         )
[INFO] [stdout]     | |_________^
[INFO] [stdout]     |
[INFO] [stdout]     = note: this error originates in the macro `$crate::sqlx_macros::expand_query` which comes from the expansion of the macro `sqlx::query` (in Nightly builds, run with -Z macro-backtrace for more info)
[INFO] [stdout] 
[INFO] [stdout] 
[INFO] [stdout] error: set `DATABASE_URL` to use query macros online, or run `cargo sqlx prepare` to update the query cache
[INFO] [stdout]    --> src/repositories/skill_repository.rs:252:22
[INFO] [stdout]     |
[INFO] [stdout] 252 |           let result = sqlx::query!(
[INFO] [stdout]     |  ______________________^
[INFO] [stdout] 253 | |             r#"
[INFO] [stdout] 254 | |             UPDATE skills
[INFO] [stdout] 255 | |             SET is_visible = $1
[INFO] [stdout] ...   |
[INFO] [stdout] 259 | |             skill_id,
[INFO] [stdout] 260 | |         )
[INFO] [stdout]     | |_________^
[INFO] [stdout]     |
[INFO] [stdout]     = note: this error originates in the macro `$crate::sqlx_macros::expand_query` which comes from the expansion of the macro `sqlx::query` (in Nightly builds, run with -Z macro-backtrace for more info)
[INFO] [stdout] 
[INFO] [stdout] 
[INFO] [stdout] error: set `DATABASE_URL` to use query macros online, or run `cargo sqlx prepare` to update the query cache
[INFO] [stdout]    --> src/repositories/skill_repository.rs:271:22
[INFO] [stdout]     |
[INFO] [stdout] 271 |           let result = sqlx::query!(
[INFO] [stdout]     |  ______________________^
[INFO] [stdout] 272 | |             r#"
[INFO] [stdout] 273 | |             DELETE FROM skills
[INFO] [stdout] 274 | |             WHERE id = $1
[INFO] [stdout] 275 | |             "#,
[INFO] [stdout] 276 | |             skill_id,
[INFO] [stdout] 277 | |         )
[INFO] [stdout]     | |_________^
[INFO] [stdout]     |
[INFO] [stdout]     = note: this error originates in the macro `$crate::sqlx_macros::expand_query` which comes from the expansion of the macro `sqlx::query` (in Nightly builds, run with -Z macro-backtrace for more info)
[INFO] [stdout] 
[INFO] [stdout] 
[INFO] [stdout] error: set `DATABASE_URL` to use query macros online, or run `cargo sqlx prepare` to update the query cache
[INFO] [stdout]   --> src/repositories/profile_repository.rs:44:26
[INFO] [stdout]    |
[INFO] [stdout] 44 |           let profile_id = sqlx::query_scalar!(
[INFO] [stdout]    |  __________________________^
[INFO] [stdout] 45 | |             r#"
[INFO] [stdout] 46 | |                 INSERT INTO profile (
[INFO] [stdout] 47 | |                     profile_key,
[INFO] [stdout] ...  |
[INFO] [stdout] 70 | |             payload.availability_status
[INFO] [stdout] 71 | |         )
[INFO] [stdout]    | |_________^
[INFO] [stdout]    |
[INFO] [stdout]    = note: this error originates in the macro `$crate::sqlx_macros::expand_query` which comes from the expansion of the macro `sqlx::query_scalar` (in Nightly builds, run with -Z macro-backtrace for more info)
[INFO] [stdout] 
[INFO] [stdout] 
[INFO] [stdout] error: set `DATABASE_URL` to use query macros online, or run `cargo sqlx prepare` to update the query cache
[INFO] [stdout]    --> src/repositories/profile_repository.rs:79:23
[INFO] [stdout]     |
[INFO] [stdout]  79 |           let profile = sqlx::query_as!(
[INFO] [stdout]     |  _______________________^
[INFO] [stdout]  80 | |             Profile,
[INFO] [stdout]  81 | |             r#"
[INFO] [stdout]  82 | |                 SELECT
[INFO] [stdout] ...   |
[INFO] [stdout] 100 | |             "#,
[INFO] [stdout] 101 | |         )
[INFO] [stdout]     | |_________^
[INFO] [stdout]     |
[INFO] [stdout]     = note: this error originates in the macro `$crate::sqlx_macros::expand_query` which comes from the expansion of the macro `sqlx::query_as` (in Nightly builds, run with -Z macro-backtrace for more info)
[INFO] [stdout] 
[INFO] [stdout] 
[INFO] [stdout] error: set `DATABASE_URL` to use query macros online, or run `cargo sqlx prepare` to update the query cache
[INFO] [stdout]    --> src/repositories/profile_repository.rs:109:22
[INFO] [stdout]     |
[INFO] [stdout] 109 |           let result = sqlx::query!(
[INFO] [stdout]     |  ______________________^
[INFO] [stdout] 110 | |             r#"
[INFO] [stdout] 111 | |                 UPDATE profile
[INFO] [stdout] 112 | |                 SET
[INFO] [stdout] ...   |
[INFO] [stdout] 133 | |             payload.availability_status,
[INFO] [stdout] 134 | |         )
[INFO] [stdout]     | |_________^
[INFO] [stdout]     |
[INFO] [stdout]     = note: this error originates in the macro `$crate::sqlx_macros::expand_query` which comes from the expansion of the macro `sqlx::query` (in Nightly builds, run with -Z macro-backtrace for more info)
[INFO] [stdout] 
[INFO] [stdout] 
[INFO] [stdout] error: set `DATABASE_URL` to use query macros online, or run `cargo sqlx prepare` to update the query cache
[INFO] [stdout]   --> src/repositories/skill_repository.rs:77:24
[INFO] [stdout]    |
[INFO] [stdout] 77 |           let skill_id = sqlx::query_scalar!(
[INFO] [stdout]    |  ________________________^
[INFO] [stdout] 78 | |             r#"
[INFO] [stdout] 79 | |             INSERT INTO skills (
[INFO] [stdout] 80 | |                 slug,
[INFO] [stdout] ...  |
[INFO] [stdout] 97 | |             payload.is_visible,
[INFO] [stdout] 98 | |         )
[INFO] [stdout]    | |_________^
[INFO] [stdout]    |
[INFO] [stdout]    = note: this error originates in the macro `$crate::sqlx_macros::expand_query` which comes from the expansion of the macro `sqlx::query_scalar` (in Nightly builds, run with -Z macro-backtrace for more info)
[INFO] [stdout] 
[INFO] [stdout] 
[INFO] [stdout] error: set `DATABASE_URL` to use query macros online, or run `cargo sqlx prepare` to update the query cache
[INFO] [stdout]    --> src/repositories/skill_repository.rs:191:21
[INFO] [stdout]     |
[INFO] [stdout] 191 |           let skill = sqlx::query_as!(
[INFO] [stdout]     |  _____________________^
[INFO] [stdout] 192 | |             Skill,
[INFO] [stdout] 193 | |             r#"
[INFO] [stdout] 194 | |             SELECT
[INFO] [stdout] ...   |
[INFO] [stdout] 206 | |             skill_id
[INFO] [stdout] 207 | |         )
[INFO] [stdout]     | |_________^
[INFO] [stdout]     |
[INFO] [stdout]     = note: this error originates in the macro `$crate::sqlx_macros::expand_query` which comes from the expansion of the macro `sqlx::query_as` (in Nightly builds, run with -Z macro-backtrace for more info)
[INFO] [stdout] 
[INFO] [stdout] 
[INFO] [stdout] error: set `DATABASE_URL` to use query macros online, or run `cargo sqlx prepare` to update the query cache
[INFO] [stdout]    --> src/repositories/skill_repository.rs:219:22
[INFO] [stdout]     |
[INFO] [stdout] 219 |           let result = sqlx::query!(
[INFO] [stdout]     |  ______________________^
[INFO] [stdout] 220 | |             r#"
[INFO] [stdout] 221 | |             UPDATE skills
[INFO] [stdout] 222 | |             SET
[INFO] [stdout] ...   |
[INFO] [stdout] 239 | |             skill_id,
[INFO] [stdout] 240 | |         )
[INFO] [stdout]     | |_________^
[INFO] [stdout]     |
[INFO] [stdout]     = note: this error originates in the macro `$crate::sqlx_macros::expand_query` which comes from the expansion of the macro `sqlx::query` (in Nightly builds, run with -Z macro-backtrace for more info)
[INFO] [stdout] 
[INFO] [stdout] 
[INFO] [stdout] error: set `DATABASE_URL` to use query macros online, or run `cargo sqlx prepare` to update the query cache
[INFO] [stdout]    --> src/repositories/skill_repository.rs:252:22
[INFO] [stdout]     |
[INFO] [stdout] 252 |           let result = sqlx::query!(
[INFO] [stdout]     |  ______________________^
[INFO] [stdout] 253 | |             r#"
[INFO] [stdout] 254 | |             UPDATE skills
[INFO] [stdout] 255 | |             SET is_visible = $1
[INFO] [stdout] ...   |
[INFO] [stdout] 259 | |             skill_id,
[INFO] [stdout] 260 | |         )
[INFO] [stdout]     | |_________^
[INFO] [stdout]     |
[INFO] [stdout]     = note: this error originates in the macro `$crate::sqlx_macros::expand_query` which comes from the expansion of the macro `sqlx::query` (in Nightly builds, run with -Z macro-backtrace for more info)
[INFO] [stdout] 
[INFO] [stdout] 
[INFO] [stdout] error: set `DATABASE_URL` to use query macros online, or run `cargo sqlx prepare` to update the query cache
[INFO] [stdout]    --> src/repositories/skill_repository.rs:271:22
[INFO] [stdout]     |
[INFO] [stdout] 271 |           let result = sqlx::query!(
[INFO] [stdout]     |  ______________________^
[INFO] [stdout] 272 | |             r#"
[INFO] [stdout] 273 | |             DELETE FROM skills
[INFO] [stdout] 274 | |             WHERE id = $1
[INFO] [stdout] 275 | |             "#,
[INFO] [stdout] 276 | |             skill_id,
[INFO] [stdout] 277 | |         )
[INFO] [stdout]     | |_________^
[INFO] [stdout]     |
[INFO] [stdout]     = note: this error originates in the macro `$crate::sqlx_macros::expand_query` which comes from the expansion of the macro `sqlx::query` (in Nightly builds, run with -Z macro-backtrace for more info)
[INFO] [stdout] 
[INFO] [stdout] 
[INFO] [stdout] warning: method call on a diverging inference variable
[INFO] [stdout]    --> src/repositories/profile_repository.rs:138:19
[INFO] [stdout]     |
[INFO] [stdout] 138 |         Ok(result.rows_affected() > 0)
[INFO] [stdout]     |                   ^^^^^^^^^^^^^
[INFO] [stdout]     |
[INFO] [stdout]     = help: consider providing a type annotation
[INFO] [stdout]     = warning: this was previously accepted by the compiler but is being phased out; it will become a hard error in a future release!
[INFO] [stdout]     = note: for more information, see issue #156047 <https://github.com/rust-lang/rust/issues/156047>
[INFO] [stdout]     = note: `#[warn(method_call_on_diverging_infer_var)]` (part of `#[warn(future_incompatible)]`) on by default
[INFO] [stdout] 
[INFO] [stdout] 
[INFO] [stdout] warning: method call on a diverging inference variable
[INFO] [stdout]    --> src/repositories/profile_repository.rs:138:19
[INFO] [stdout]     |
[INFO] [stdout] 138 |         Ok(result.rows_affected() > 0)
[INFO] [stdout]     |                   ^^^^^^^^^^^^^
[INFO] [stdout]     |
[INFO] [stdout]     = help: consider providing a type annotation
[INFO] [stdout]     = warning: this was previously accepted by the compiler but is being phased out; it will become a hard error in a future release!
[INFO] [stdout]     = note: for more information, see issue #156047 <https://github.com/rust-lang/rust/issues/156047>
[INFO] [stdout]     = note: `#[warn(method_call_on_diverging_infer_var)]` (part of `#[warn(future_incompatible)]`) on by default
[INFO] [stdout] 
[INFO] [stdout] 
[INFO] [stdout] error[E0599]: no method named `rows_affected` found for type `!` in the current scope
[INFO] [stdout]    --> src/repositories/profile_repository.rs:138:19
[INFO] [stdout]     |
[INFO] [stdout] 138 |         Ok(result.rows_affected() > 0)
[INFO] [stdout]     |                   ^^^^^^^^^^^^^ method not found in `!`
[INFO] [stdout] 
[INFO] [stdout] 
[INFO] [stdout] error[E0599]: no method named `rows_affected` found for type `!` in the current scope
[INFO] [stdout]    --> src/repositories/profile_repository.rs:138:19
[INFO] [stdout]     |
[INFO] [stdout] 138 |         Ok(result.rows_affected() > 0)
[INFO] [stdout]     |                   ^^^^^^^^^^^^^ method not found in `!`
[INFO] [stdout] 
[INFO] [stdout] 
[INFO] [stdout] warning: method call on a diverging inference variable
[INFO] [stdout]    --> src/repositories/skill_repository.rs:244:19
[INFO] [stdout]     |
[INFO] [stdout] 244 |         Ok(result.rows_affected() > 0)
[INFO] [stdout]     |                   ^^^^^^^^^^^^^
[INFO] [stdout]     |
[INFO] [stdout]     = help: consider providing a type annotation
[INFO] [stdout]     = warning: this was previously accepted by the compiler but is being phased out; it will become a hard error in a future release!
[INFO] [stdout]     = note: for more information, see issue #156047 <https://github.com/rust-lang/rust/issues/156047>
[INFO] [stdout] 
[INFO] [stdout] 
[INFO] [stdout] error[E0599]: no method named `rows_affected` found for type `!` in the current scope
[INFO] [stdout]    --> src/repositories/skill_repository.rs:244:19
[INFO] [stdout]     |
[INFO] [stdout] 244 |         Ok(result.rows_affected() > 0)
[INFO] [stdout]     |                   ^^^^^^^^^^^^^ method not found in `!`
[INFO] [stdout] 
[INFO] [stdout] 
[INFO] [stdout] warning: method call on a diverging inference variable
[INFO] [stdout]    --> src/repositories/skill_repository.rs:264:19
[INFO] [stdout]     |
[INFO] [stdout] 264 |         Ok(result.rows_affected() > 0)
[INFO] [stdout]     |                   ^^^^^^^^^^^^^
[INFO] [stdout]     |
[INFO] [stdout]     = help: consider providing a type annotation
[INFO] [stdout]     = warning: this was previously accepted by the compiler but is being phased out; it will become a hard error in a future release!
[INFO] [stdout]     = note: for more information, see issue #156047 <https://github.com/rust-lang/rust/issues/156047>
[INFO] [stdout] 
[INFO] [stdout] 
[INFO] [stdout] warning: method call on a diverging inference variable
[INFO] [stdout]    --> src/repositories/skill_repository.rs:244:19
[INFO] [stdout]     |
[INFO] [stdout] 244 |         Ok(result.rows_affected() > 0)
[INFO] [stdout]     |                   ^^^^^^^^^^^^^
[INFO] [stdout]     |
[INFO] [stdout]     = help: consider providing a type annotation
[INFO] [stdout]     = warning: this was previously accepted by the compiler but is being phased out; it will become a hard error in a future release!
[INFO] [stdout]     = note: for more information, see issue #156047 <https://github.com/rust-lang/rust/issues/156047>
[INFO] [stdout] 
[INFO] [stdout] 
[INFO] [stdout] error[E0599]: no method named `rows_affected` found for type `!` in the current scope
[INFO] [stdout]    --> src/repositories/skill_repository.rs:264:19
[INFO] [stdout]     |
[INFO] [stdout] 264 |         Ok(result.rows_affected() > 0)
[INFO] [stdout]     |                   ^^^^^^^^^^^^^ method not found in `!`
[INFO] [stdout] 
[INFO] [stdout] 
[INFO] [stdout] warning: method call on a diverging inference variable
[INFO] [stdout]    --> src/repositories/skill_repository.rs:281:19
[INFO] [stdout]     |
[INFO] [stdout] 281 |         Ok(result.rows_affected() > 0)
[INFO] [stdout]     |                   ^^^^^^^^^^^^^
[INFO] [stdout]     |
[INFO] [stdout]     = help: consider providing a type annotation
[INFO] [stdout]     = warning: this was previously accepted by the compiler but is being phased out; it will become a hard error in a future release!
[INFO] [stdout]     = note: for more information, see issue #156047 <https://github.com/rust-lang/rust/issues/156047>
[INFO] [stdout] 
[INFO] [stdout] 
[INFO] [stdout] error[E0599]: no method named `rows_affected` found for type `!` in the current scope
[INFO] [stdout]    --> src/repositories/skill_repository.rs:281:19
[INFO] [stdout]     |
[INFO] [stdout] 281 |         Ok(result.rows_affected() > 0)
[INFO] [stdout]     |                   ^^^^^^^^^^^^^ method not found in `!`
[INFO] [stdout] 
[INFO] [stdout] 
[INFO] [stdout] error[E0599]: no method named `rows_affected` found for type `!` in the current scope
[INFO] [stdout]    --> src/repositories/skill_repository.rs:244:19
[INFO] [stdout]     |
[INFO] [stdout] 244 |         Ok(result.rows_affected() > 0)
[INFO] [stdout]     |                   ^^^^^^^^^^^^^ method not found in `!`
[INFO] [stdout] 
[INFO] [stdout] 
[INFO] [stdout] warning: method call on a diverging inference variable
[INFO] [stdout]    --> src/repositories/skill_repository.rs:264:19
[INFO] [stdout]     |
[INFO] [stdout] 264 |         Ok(result.rows_affected() > 0)
[INFO] [stdout]     |                   ^^^^^^^^^^^^^
[INFO] [stdout]     |
[INFO] [stdout]     = help: consider providing a type annotation
[INFO] [stdout]     = warning: this was previously accepted by the compiler but is being phased out; it will become a hard error in a future release!
[INFO] [stdout]     = note: for more information, see issue #156047 <https://github.com/rust-lang/rust/issues/156047>
[INFO] [stdout] 
[INFO] [stdout] 
[INFO] [stdout] error[E0599]: no method named `rows_affected` found for type `!` in the current scope
[INFO] [stdout]    --> src/repositories/skill_repository.rs:264:19
[INFO] [stdout]     |
[INFO] [stdout] 264 |         Ok(result.rows_affected() > 0)
[INFO] [stdout]     |                   ^^^^^^^^^^^^^ method not found in `!`
[INFO] [stdout] 
[INFO] [stdout] 
[INFO] [stdout] warning: method call on a diverging inference variable
[INFO] [stdout]    --> src/repositories/skill_repository.rs:281:19
[INFO] [stdout]     |
[INFO] [stdout] 281 |         Ok(result.rows_affected() > 0)
[INFO] [stdout]     |                   ^^^^^^^^^^^^^
[INFO] [stdout]     |
[INFO] [stdout]     = help: consider providing a type annotation
[INFO] [stdout]     = warning: this was previously accepted by the compiler but is being phased out; it will become a hard error in a future release!
[INFO] [stdout]     = note: for more information, see issue #156047 <https://github.com/rust-lang/rust/issues/156047>
[INFO] [stdout] 
[INFO] [stdout] 
[INFO] [stdout] error[E0599]: no method named `rows_affected` found for type `!` in the current scope
[INFO] [stdout]    --> src/repositories/skill_repository.rs:281:19
[INFO] [stdout]     |
[INFO] [stdout] 281 |         Ok(result.rows_affected() > 0)
[INFO] [stdout]     |                   ^^^^^^^^^^^^^ method not found in `!`
[INFO] [stdout] 
[INFO] [stdout] 
[INFO] [stdout] For more information about this error, try `rustc --explain E0599`.
[INFO] [stdout] 
[INFO] [stderr] error: could not compile `protofolio_pro_backend` (bin "protofolio_pro_backend" test) due to 12 previous errors; 8 warnings emitted
[INFO] [stderr] warning: build failed, waiting for other jobs to finish...
[INFO] [stdout] For more information about this error, try `rustc --explain E0599`.
[INFO] [stdout] 
[INFO] [stderr] error: could not compile `protofolio_pro_backend` (bin "protofolio_pro_backend") due to 12 previous errors; 8 warnings emitted
[INFO] running `Command { std: "docker" "inspect" "751c2af04b590ff6869a278f3f157e844088b7abbc66361549f75df166a7cd77", kill_on_drop: false }`
[INFO] running `Command { std: "docker" "rm" "-f" "751c2af04b590ff6869a278f3f157e844088b7abbc66361549f75df166a7cd77", kill_on_drop: false }`
[INFO] [stdout] 751c2af04b590ff6869a278f3f157e844088b7abbc66361549f75df166a7cd77
