[INFO] cloning repository https://github.com/Clownnvd/vidgrab-app
[INFO] running `Command { std: "git" "-c" "credential.helper=" "-c" "credential.helper=/workspace/cargo-home/bin/git-credential-null" "clone" "--bare" "https://github.com/Clownnvd/vidgrab-app" "/workspace/cache/git-repos/https%3A%2F%2Fgithub.com%2FClownnvd%2Fvidgrab-app", kill_on_drop: false }`
[INFO] [stderr] Cloning into bare repository '/workspace/cache/git-repos/https%3A%2F%2Fgithub.com%2FClownnvd%2Fvidgrab-app'...
[INFO] running `Command { std: "git" "rev-parse" "HEAD", kill_on_drop: false }`
[INFO] [stdout] adb47177105be2d244d9deb11ca0db033f71f3fe
[INFO] checking Clownnvd/vidgrab-app against 3154cc1a3e6424e44f438a95007d043ed5ceaaf6 for pr-133502-30
[INFO] running `Command { std: "git" "clone" "/workspace/cache/git-repos/https%3A%2F%2Fgithub.com%2FClownnvd%2Fvidgrab-app" "/workspace/builds/worker-3-tc2/source", kill_on_drop: false }`
[INFO] [stderr] Cloning into '/workspace/builds/worker-3-tc2/source'...
[INFO] [stderr] done.
[INFO] removed /workspace/builds/worker-3-tc2/source/.cargo/config.toml
[INFO] removed /workspace/builds/worker-3-tc2/source/rust-toolchain.toml
[INFO] started tweaking git repo https://github.com/Clownnvd/vidgrab-app
[INFO] finished tweaking git repo https://github.com/Clownnvd/vidgrab-app
[INFO] tweaked toml for git repo https://github.com/Clownnvd/vidgrab-app written to /workspace/builds/worker-3-tc2/source/Cargo.toml
[INFO] validating manifest of git repo https://github.com/Clownnvd/vidgrab-app on toolchain 3154cc1a3e6424e44f438a95007d043ed5ceaaf6
[INFO] running `Command { std: CARGO_HOME="/workspace/cargo-home" RUSTUP_HOME="/workspace/rustup-home" "/workspace/cargo-home/bin/cargo" "+3154cc1a3e6424e44f438a95007d043ed5ceaaf6" "metadata" "--manifest-path" "Cargo.toml" "--no-deps", kill_on_drop: false }`
[INFO] crate git repo https://github.com/Clownnvd/vidgrab-app already has a lockfile, it will not be regenerated
[INFO] running `Command { std: CARGO_HOME="/workspace/cargo-home" RUSTUP_HOME="/workspace/rustup-home" "/workspace/cargo-home/bin/cargo" "+3154cc1a3e6424e44f438a95007d043ed5ceaaf6" "fetch" "--manifest-path" "Cargo.toml", kill_on_drop: false }`
[INFO] running `Command { std: "docker" "create" "-v" "/var/lib/crater-agent-workspace/builds/worker-3-tc2/source:/opt/rustwide/workdir:ro,Z" "-v" "/var/lib/crater-agent-workspace/builds/worker-3-tc2/target:/opt/rustwide/target:rw,Z" "-v" "/var/lib/crater-agent-workspace/cargo-home:/opt/rustwide/cargo-home:ro,Z" "-v" "/var/lib/crater-agent-workspace/rustup-home:/opt/rustwide/rustup-home:ro,Z" "-m" "1610612736" "--network" "none" "ghcr.io/rust-lang/crates-build-env/linux@sha256:77db811e55d90add9212f6832c23229e3de5f1c1f9905e8cb07319ea15df73ac" "sleep" "infinity", kill_on_drop: false }`
[INFO] [stdout] 5de2ee4c4d307bd0f363c5070d8e850627c1ee38914217a0e3e4a0a6d2e5343e
[INFO] running `Command { std: "docker" "start" "5de2ee4c4d307bd0f363c5070d8e850627c1ee38914217a0e3e4a0a6d2e5343e", kill_on_drop: false }`
[INFO] running `Command { std: "docker" "inspect" "5de2ee4c4d307bd0f363c5070d8e850627c1ee38914217a0e3e4a0a6d2e5343e", kill_on_drop: false }`
[INFO] running `Command { std: "docker" "exec" "-e" "SOURCE_DIR=/opt/rustwide/workdir" "-e" "CARGO_HOME=/opt/rustwide/cargo-home" "-e" "RUSTUP_HOME=/opt/rustwide/rustup-home" "-e" "CARGO_TARGET_DIR=/opt/rustwide/target" "-w" "/opt/rustwide/workdir" "--user" "0:0" "5de2ee4c4d307bd0f363c5070d8e850627c1ee38914217a0e3e4a0a6d2e5343e" "/opt/rustwide/cargo-home/bin/cargo" "+3154cc1a3e6424e44f438a95007d043ed5ceaaf6" "metadata" "--no-deps" "--format-version=1", kill_on_drop: false }`
[INFO] running `Command { std: "docker" "inspect" "5de2ee4c4d307bd0f363c5070d8e850627c1ee38914217a0e3e4a0a6d2e5343e", kill_on_drop: false }`
[INFO] running `Command { std: "docker" "exec" "-e" "SOURCE_DIR=/opt/rustwide/workdir" "-e" "CARGO_HOME=/opt/rustwide/cargo-home" "-e" "RUSTUP_HOME=/opt/rustwide/rustup-home" "-e" "CARGO_TARGET_DIR=/opt/rustwide/target" "-e" "CARGO_INCREMENTAL=0" "-e" "RUST_BACKTRACE=full" "-e" "RUSTFLAGS=--cap-lints=forbid" "-e" "RUSTDOCFLAGS=--cap-lints=forbid" "-w" "/opt/rustwide/workdir" "--user" "0:0" "5de2ee4c4d307bd0f363c5070d8e850627c1ee38914217a0e3e4a0a6d2e5343e" "/opt/rustwide/cargo-home/bin/cargo" "+3154cc1a3e6424e44f438a95007d043ed5ceaaf6" "check" "--frozen" "--all" "--all-targets" "--message-format=json", kill_on_drop: false }`
[INFO] [stderr]    Compiling quote v1.0.46
[INFO] [stderr]    Compiling serde_core v1.0.228
[INFO] [stderr]    Compiling serde v1.0.228
[INFO] [stderr]    Compiling libc v0.2.186
[INFO] [stderr]    Compiling winnow v0.5.40
[INFO] [stderr]     Checking cfg-if v1.0.4
[INFO] [stderr]    Compiling target-lexicon v0.12.16
[INFO] [stderr]    Compiling smallvec v1.15.2
[INFO] [stderr]    Compiling version-compare v0.2.1
[INFO] [stderr]     Checking once_cell v1.21.4
[INFO] [stderr]     Checking bitflags v2.13.0
[INFO] [stderr]    Compiling syn v2.0.118
[INFO] [stderr]     Checking log v0.4.33
[INFO] [stderr]    Compiling rustix v1.1.4
[INFO] [stderr]     Checking linux-raw-sys v0.12.1
[INFO] [stderr]     Checking libloading v0.8.9
[INFO] [stderr]     Checking slab v0.4.12
[INFO] [stderr]    Compiling cfg-expr v0.15.8
[INFO] [stderr]     Checking dlib v0.5.3
[INFO] [stderr]    Compiling wayland-sys v0.31.11
[INFO] [stderr]    Compiling cc v1.2.65
[INFO] [stderr]     Checking pin-project-lite v0.2.17
[INFO] [stderr]    Compiling thiserror v1.0.69
[INFO] [stderr]     Checking scoped-tls v1.0.1
[INFO] [stderr]     Checking downcast-rs v1.2.1
[INFO] [stderr]    Compiling memchr v2.8.2
[INFO] [stderr]    Compiling wayland-client v0.31.14
[INFO] [stderr]    Compiling zerocopy v0.8.52
[INFO] [stderr]     Checking stable_deref_trait v1.2.1
[INFO] [stderr]    Compiling semver v1.0.28
[INFO] [stderr]    Compiling quick-xml v0.39.4
[INFO] [stderr]    Compiling rustc_version v0.4.1
[INFO] [stderr]    Compiling proc-macro-error-attr v1.0.4
[INFO] [stderr]    Compiling syn v1.0.109
[INFO] [stderr]    Compiling generic-array v0.14.7
[INFO] [stderr]    Compiling proc-macro-error v1.0.4
[INFO] [stderr]     Checking typenum v1.20.1
[INFO] [stderr]    Compiling wayland-backend v0.3.15
[INFO] [stderr]    Compiling wayland-scanner v0.31.10
[INFO] [stderr]     Checking writeable v0.6.3
[INFO] [stderr]     Checking litemap v0.8.2
[INFO] [stderr]     Checking futures-core v0.3.32
[INFO] [stderr]    Compiling getrandom v0.3.4
[INFO] [stderr]    Compiling gl_generator v0.14.0
[INFO] [stderr]    Compiling x11-dl v2.21.0
[INFO] [stderr]    Compiling toml_datetime v0.6.3
[INFO] [stderr]    Compiling serde_spanned v0.6.9
[INFO] [stderr]    Compiling toml_edit v0.20.2
[INFO] [stderr]     Checking utf8_iter v1.0.4
[INFO] [stderr]     Checking percent-encoding v2.3.2
[INFO] [stderr]     Checking futures-task v0.3.32
[INFO] [stderr]    Compiling parking_lot_core v0.9.12
[INFO] [stderr]    Compiling rustix v0.38.44
[INFO] [stderr]    Compiling icu_normalizer_data v2.2.0
[INFO] [stderr]    Compiling icu_properties_data v2.2.0
[INFO] [stderr]    Compiling ahash v0.8.12
[INFO] [stderr]    Compiling memoffset v0.9.1
[INFO] [stderr]     Checking getrandom v0.2.17
[INFO] [stderr]     Checking bitflags v1.3.2
[INFO] [stderr]     Checking cursor-icon v1.2.0
[INFO] [stderr]     Checking linux-raw-sys v0.4.15
[INFO] [stderr]     Checking scopeguard v1.2.0
[INFO] [stderr]     Checking xcursor v0.3.10
[INFO] [stderr]     Checking crypto-common v0.1.7
[INFO] [stderr]     Checking block-buffer v0.10.4
[INFO] [stderr]     Checking xkeysym v0.2.1
[INFO] [stderr]     Checking lock_api v0.4.14
[INFO] [stderr]     Checking digest v0.10.7
[INFO] [stderr]     Checking rand_core v0.6.4
[INFO] [stderr]     Checking futures-channel v0.3.32
[INFO] [stderr]    Compiling curve25519-dalek v4.1.3
[INFO] [stderr]     Checking memmap2 v0.9.11
[INFO] [stderr]     Checking itoa v1.0.18
[INFO] [stderr]    Compiling synstructure v0.13.2
[INFO] [stderr]     Checking simd-adler32 v0.3.9
[INFO] [stderr]     Checking cpufeatures v0.2.17
[INFO] [stderr]     Checking ttf-parser v0.25.1
[INFO] [stderr]     Checking tracing-core v0.1.36
[INFO] [stderr]     Checking tracing v0.1.44
[INFO] [stderr]     Checking ppv-lite86 v0.2.21
[INFO] [stderr]    Compiling toml v0.8.2
[INFO] [stderr]    Compiling system-deps v6.2.2
[INFO] [stderr]     Checking polling v3.11.0
[INFO] [stderr]    Compiling proc-macro-crate v2.0.2
[INFO] [stderr]    Compiling thiserror-impl v1.0.69
[INFO] [stderr]    Compiling zerofrom-derive v0.1.7
[INFO] [stderr]    Compiling yoke-derive v0.8.2
[INFO] [stderr]    Compiling zerovec-derive v0.11.3
[INFO] [stderr]    Compiling glib-sys v0.18.1
[INFO] [stderr]    Compiling gobject-sys v0.18.0
[INFO] [stderr]    Compiling gio-sys v0.18.1
[INFO] [stderr]    Compiling displaydoc v0.2.6
[INFO] [stderr]    Compiling bytemuck_derive v1.10.2
[INFO] [stderr]    Compiling gdk-sys v0.18.2
[INFO] [stderr]    Compiling futures-macro v0.3.32
[INFO] [stderr]    Compiling glib-macros v0.18.5
[INFO] [stderr]     Checking wayland-csd-frame v0.3.0
[INFO] [stderr]     Checking zerofrom v0.1.8
[INFO] [stderr]     Checking calloop v0.12.4
[INFO] [stderr]     Checking yoke v0.8.3
[INFO] [stderr]     Checking owned_ttf_parser v0.25.1
[INFO] [stderr]    Compiling pango-sys v0.18.0
[INFO] [stderr]     Checking zerovec v0.11.6
[INFO] [stderr]     Checking zerotrie v0.2.4
[INFO] [stderr]     Checking futures-util v0.3.32
[INFO] [stderr]     Checking wayland-protocols v0.31.2
[INFO] [stderr]     Checking wayland-protocols v0.32.13
[INFO] [stderr]     Checking wayland-cursor v0.31.14
[INFO] [stderr]    Compiling gdk-pixbuf-sys v0.18.0
[INFO] [stderr]    Compiling cairo-sys-rs v0.18.2
[INFO] [stderr]    Compiling atk-sys v0.18.2
[INFO] [stderr]    Compiling curve25519-dalek-derive v0.1.1
[INFO] [stderr]    Compiling thiserror-impl v2.0.18
[INFO] [stderr]     Checking bytemuck v1.25.0
[INFO] [stderr]     Checking tinystr v0.8.3
[INFO] [stderr]     Checking potential_utf v0.1.5
[INFO] [stderr]     Checking icu_collections v2.2.0
[INFO] [stderr]     Checking gethostname v1.1.0
[INFO] [stderr]     Checking icu_locale_core v2.2.0
[INFO] [stderr]    Compiling zmij v1.0.21
[INFO] [stderr]    Compiling crc32fast v1.5.0
[INFO] [stderr]    Compiling thiserror v2.0.18
[INFO] [stderr]     Checking parking_lot v0.12.5
[INFO] [stderr]    Compiling smithay-client-toolkit v0.18.1
[INFO] [stderr]     Checking as-raw-xcb-connection v1.0.1
[INFO] [stderr]     Checking x11rb-protocol v0.13.2
[INFO] [stderr]     Checking signature v2.2.0
[INFO] [stderr]     Checking subtle v2.6.1
[INFO] [stderr]    Compiling serde_json v1.0.150
[INFO] [stderr]     Checking icu_provider v2.2.0
[INFO] [stderr]     Checking adler2 v2.0.1
[INFO] [stderr]     Checking zeroize v1.9.0
[INFO] [stderr]     Checking ab_glyph_rasterizer v0.1.10
[INFO] [stderr]     Checking icu_normalizer v2.2.0
[INFO] [stderr]     Checking icu_properties v2.2.0
[INFO] [stderr]     Checking ab_glyph v0.2.32
[INFO] [stderr]     Checking futures-executor v0.3.32
[INFO] [stderr]     Checking miniz_oxide v0.8.9
[INFO] [stderr]     Checking glib v0.18.5
[INFO] [stderr]    Compiling anyhow v1.0.102
[INFO] [stderr]     Checking ed25519 v2.2.3
[INFO] [stderr]     Checking idna_adapter v1.2.2
[INFO] [stderr]     Checking ecolor v0.27.2
[INFO] [stderr]     Checking emath v0.27.2
[INFO] [stderr]     Checking calloop-wayland-source v0.2.0
[INFO] [stderr]    Compiling serde_derive v1.0.228
[INFO] [stderr]     Checking calloop v0.14.4
[INFO] [stderr]     Checking wayland-protocols-wlr v0.2.0
[INFO] [stderr]     Checking rand_chacha v0.3.1
[INFO] [stderr]     Checking sha2 v0.10.9
[INFO] [stderr]    Compiling glutin_glx_sys v0.5.0
[INFO] [stderr]    Compiling glutin_egl_sys v0.6.0
[INFO] [stderr]    Compiling winit v0.29.15
[INFO] [stderr]     Checking raw-window-handle v0.6.2
[INFO] [stderr]     Checking nohash-hasher v0.2.0
[INFO] [stderr]     Checking raw-window-handle v0.5.2
[INFO] [stderr]    Compiling smithay-client-toolkit v0.20.0
[INFO] [stderr]     Checking epaint v0.27.2
[INFO] [stderr]    Compiling num-traits v0.2.19
[INFO] [stderr]     Checking calloop-wayland-source v0.4.1
[INFO] [stderr]     Checking ed25519-dalek v2.2.0
[INFO] [stderr]     Checking rand v0.8.6
[INFO] [stderr]     Checking wayland-protocols-plasma v0.2.0
[INFO] [stderr]     Checking idna v1.1.0
[INFO] [stderr]     Checking flate2 v1.1.9
[INFO] [stderr]     Checking wayland-protocols-wlr v0.3.12
[INFO] [stderr]     Checking wayland-protocols-experimental v20250721.0.1
[INFO] [stderr]     Checking wayland-protocols-misc v0.3.12
[INFO] [stderr]     Checking fdeflate v0.3.7
[INFO] [stderr]     Checking xkbcommon-dl v0.4.2
[INFO] [stderr]     Checking form_urlencoded v1.2.2
[INFO] [stderr]    Compiling glutin v0.31.3
[INFO] [stderr]     Checking smol_str v0.2.2
[INFO] [stderr]     Checking base64 v0.22.1
[INFO] [stderr]    Compiling gio v0.18.4
[INFO] [stderr]     Checking url v2.5.8
[INFO] [stderr]     Checking png v0.17.16
[INFO] [stderr]     Checking egui v0.27.2
[INFO] [stderr]    Compiling gtk-sys v0.18.2
[INFO] [stderr]    Compiling glutin-winit v0.4.2
[INFO] [stderr]     Checking home v0.5.12
[INFO] [stderr]    Compiling winnow v1.0.3
[INFO] [stderr]     Checking futures-io v0.3.32
[INFO] [stderr]     Checking webbrowser v0.8.15
[INFO] [stderr]    Compiling toml_parser v1.1.2+spec-1.1.0
[INFO] [stderr]     Checking vidgrab-core v0.1.0 (/opt/rustwide/workdir/core)
[INFO] [stdout] warning: variable does not need to be mutable
[INFO] [stdout]  --> core/src/process.rs:7:9
[INFO] [stdout]   |
[INFO] [stdout] 7 |     let mut c = Command::new(program);
[INFO] [stdout]   |         ----^
[INFO] [stdout]   |         |
[INFO] [stdout]   |         help: remove this `mut`
[INFO] [stdout]   |
[INFO] [stdout]   = note: `#[warn(unused_mut)]` (part of `#[warn(unused)]`) on by default
[INFO] [stdout] 
[INFO] [stdout] 
[INFO] [stderr]    Compiling toml_datetime v1.1.1+spec-1.1.0
[INFO] [stderr]    Compiling serde_spanned v1.1.1
[INFO] [stderr]     Checking web-time v0.2.4
[INFO] [stderr]     Checking quick-error v2.0.1
[INFO] [stderr]     Checking byteorder v1.5.0
[INFO] [stderr]     Checking zune-core v0.4.12
[INFO] [stderr]     Checking color_quant v1.1.0
[INFO] [stderr]     Checking byteorder-lite v0.1.0
[INFO] [stderr]     Checking glow v0.13.1
[INFO] [stderr]     Checking zune-jpeg v0.4.21
[INFO] [stderr]     Checking image v0.24.9
[INFO] [stderr]     Checking smithay-clipboard v0.7.3
[INFO] [stderr]     Checking image-webp v0.2.4
[INFO] [stderr]    Compiling toml v1.1.2+spec-1.1.0
[INFO] [stderr]     Checking static_assertions v1.1.0
[INFO] [stderr]    Compiling windows_x86_64_gnu v0.52.6
[INFO] [stderr]    Compiling javascriptcore-rs-sys v1.1.1
[INFO] [stderr]    Compiling soup3-sys v0.5.0
[INFO] [stderr]    Compiling winresource v0.1.31
[INFO] [stderr]     Checking image v0.25.5
[INFO] [stderr]    Compiling webkit2gtk-sys v2.0.2
[INFO] [stderr]    Compiling toml_edit v0.19.15
[INFO] [stderr]     Checking cairo-rs v0.18.5
[INFO] [stderr]    Compiling field-offset v0.3.6
[INFO] [stderr]    Compiling x11 v2.21.0
[INFO] [stderr]     Checking egui_glow v0.27.2
[INFO] [stderr]     Checking windows-targets v0.52.6
[INFO] [stderr]    Compiling gdkx11-sys v0.18.2
[INFO] [stderr]    Compiling gtk v0.18.2
[INFO] [stderr]    Compiling time-core v0.1.9
[INFO] [stderr]    Compiling num-conv v0.2.2
[INFO] [stderr]     Checking windows-result v0.2.0
[INFO] [stderr]    Compiling time-macros v0.2.30
[INFO] [stderr]     Checking atk v0.18.2
[INFO] [stderr]    Compiling cookie v0.18.1
[INFO] [stderr]     Checking powerfmt v0.2.0
[INFO] [stderr]     Checking option-ext v0.2.0
[INFO] [stderr]     Checking deranged v0.5.8
[INFO] [stderr]     Checking dirs-sys v0.5.0
[INFO] [stderr]     Checking windows-strings v0.1.0
[INFO] [stderr]     Checking javascriptcore-rs v1.1.2
[INFO] [stderr]    Compiling proc-macro-crate v1.3.1
[INFO] [stderr]    Compiling windows-interface v0.58.0
[INFO] [stderr]    Compiling windows-implement v0.58.0
[INFO] [stderr]     Checking x11rb v0.13.2
[INFO] [stderr]    Compiling wry v0.55.1
[INFO] [stderr]     Checking time v0.3.51
[INFO] [stderr]     Checking bytes v1.12.0
[INFO] [stderr]     Checking dirs v6.0.0
[INFO] [stderr]    Compiling gtk3-macros v0.18.2
[INFO] [stderr]    Compiling vidgrab-gui v0.1.0 (/opt/rustwide/workdir/gui)
[INFO] [stderr]    Compiling tiktok-grab v0.1.0 (/opt/rustwide/workdir/tiktok)
[INFO] [stderr]     Checking dpi v0.1.2
[INFO] [stderr]     Checking windows-core v0.58.0
[INFO] [stderr]     Checking vidgrab-cli v0.1.0 (/opt/rustwide/workdir/cli)
[INFO] [stderr]     Checking windows v0.58.0
[INFO] [stderr]     Checking http v1.4.2
[INFO] [stdout] warning: variable does not need to be mutable
[INFO] [stdout]  --> core/src/process.rs:7:9
[INFO] [stdout]   |
[INFO] [stdout] 7 |     let mut c = Command::new(program);
[INFO] [stdout]   |         ----^
[INFO] [stdout]   |         |
[INFO] [stdout]   |         help: remove this `mut`
[INFO] [stdout]   |
[INFO] [stdout]   = note: `#[warn(unused_mut)]` (part of `#[warn(unused)]`) on by default
[INFO] [stdout] 
[INFO] [stdout] 
[INFO] [stderr]     Checking arboard v3.6.1
[INFO] [stderr]     Checking egui-winit v0.27.2
[INFO] [stderr]     Checking eframe v0.27.2
[INFO] [stderr]     Checking dlkit v0.1.0 (/opt/rustwide/workdir/dlkit)
[INFO] [stdout] warning: falling back to `f32` as the trait bound `f32: From<f64>` is not satisfied
[INFO] [stdout]    --> dlkit/src/lib.rs:144:48
[INFO] [stdout]     |
[INFO] [stdout] 144 |     v.widgets.inactive.bg_stroke = Stroke::new(1.0, BORDER);
[INFO] [stdout]     |                                                ^^^ help: explicitly specify the type as `f32`: `1.0_f32`
[INFO] [stdout]     |
[INFO] [stdout]     = warning: this was previously accepted by the compiler but is being phased out; it will become a hard error in a future release!
[INFO] [stdout]     = note: for more information, see issue #154024 <https://github.com/rust-lang/rust/issues/154024>
[INFO] [stdout]     = note: `#[warn(float_literal_f32_fallback)]` (part of `#[warn(future_incompatible)]`) on by default
[INFO] [stdout] 
[INFO] [stdout] 
[INFO] [stdout] warning: falling back to `f32` as the trait bound `f32: From<f64>` is not satisfied
[INFO] [stdout]    --> dlkit/src/lib.rs:147:47
[INFO] [stdout]     |
[INFO] [stdout] 147 |     v.widgets.hovered.bg_stroke = Stroke::new(1.0, ACCENT);
[INFO] [stdout]     |                                               ^^^ help: explicitly specify the type as `f32`: `1.0_f32`
[INFO] [stdout]     |
[INFO] [stdout]     = warning: this was previously accepted by the compiler but is being phased out; it will become a hard error in a future release!
[INFO] [stdout]     = note: for more information, see issue #154024 <https://github.com/rust-lang/rust/issues/154024>
[INFO] [stdout] 
[INFO] [stdout] 
[INFO] [stdout] warning: falling back to `f32` as the trait bound `f32: From<f64>` is not satisfied
[INFO] [stdout]    --> dlkit/src/lib.rs:144:48
[INFO] [stdout]     |
[INFO] [stdout] 144 |     v.widgets.inactive.bg_stroke = Stroke::new(1.0, BORDER);
[INFO] [stdout]     |                                                ^^^ help: explicitly specify the type as `f32`: `1.0_f32`
[INFO] [stdout]     |
[INFO] [stdout]     = warning: this was previously accepted by the compiler but is being phased out; it will become a hard error in a future release!
[INFO] [stdout]     = note: for more information, see issue #154024 <https://github.com/rust-lang/rust/issues/154024>
[INFO] [stdout]     = note: `#[warn(float_literal_f32_fallback)]` (part of `#[warn(future_incompatible)]`) on by default
[INFO] [stdout] 
[INFO] [stdout] 
[INFO] [stdout] warning: falling back to `f32` as the trait bound `f32: From<f64>` is not satisfied
[INFO] [stdout]    --> dlkit/src/lib.rs:147:47
[INFO] [stdout]     |
[INFO] [stdout] 147 |     v.widgets.hovered.bg_stroke = Stroke::new(1.0, ACCENT);
[INFO] [stdout]     |                                               ^^^ help: explicitly specify the type as `f32`: `1.0_f32`
[INFO] [stdout]     |
[INFO] [stdout]     = warning: this was previously accepted by the compiler but is being phased out; it will become a hard error in a future release!
[INFO] [stdout]     = note: for more information, see issue #154024 <https://github.com/rust-lang/rust/issues/154024>
[INFO] [stdout] 
[INFO] [stdout] 
[INFO] [stdout] warning: falling back to `f32` as the trait bound `f32: From<f64>` is not satisfied
[INFO] [stdout]    --> dlkit/src/lib.rs:274:45
[INFO] [stdout]     |
[INFO] [stdout] 274 |                         .stroke(Stroke::new(1.0, BORDER))
[INFO] [stdout]     |                                             ^^^ help: explicitly specify the type as `f32`: `1.0_f32`
[INFO] [stdout]     |
[INFO] [stdout]     = warning: this was previously accepted by the compiler but is being phased out; it will become a hard error in a future release!
[INFO] [stdout]     = note: for more information, see issue #154024 <https://github.com/rust-lang/rust/issues/154024>
[INFO] [stdout] 
[INFO] [stdout] 
[INFO] [stdout] warning: falling back to `f32` as the trait bound `f32: From<f64>` is not satisfied
[INFO] [stdout]    --> dlkit/src/lib.rs:274:45
[INFO] [stdout]     |
[INFO] [stdout] 274 |                         .stroke(Stroke::new(1.0, BORDER))
[INFO] [stdout]     |                                             ^^^ help: explicitly specify the type as `f32`: `1.0_f32`
[INFO] [stdout]     |
[INFO] [stdout]     = warning: this was previously accepted by the compiler but is being phased out; it will become a hard error in a future release!
[INFO] [stdout]     = note: for more information, see issue #154024 <https://github.com/rust-lang/rust/issues/154024>
[INFO] [stdout] 
[INFO] [stdout] 
[INFO] [stdout] warning: falling back to `f32` as the trait bound `f32: From<f64>` is not satisfied
[INFO] [stdout]    --> gui/src/main.rs:584:54
[INFO] [stdout]     |
[INFO] [stdout] 584 |             p.circle_stroke(fab_c, 21.0, Stroke::new(2.0, c.accent_text));
[INFO] [stdout]     |                                                      ^^^ help: explicitly specify the type as `f32`: `2.0_f32`
[INFO] [stdout]     |
[INFO] [stdout]     = warning: this was previously accepted by the compiler but is being phased out; it will become a hard error in a future release!
[INFO] [stdout]     = note: for more information, see issue #154024 <https://github.com/rust-lang/rust/issues/154024>
[INFO] [stdout]     = note: `#[warn(float_literal_f32_fallback)]` (part of `#[warn(future_incompatible)]`) on by default
[INFO] [stdout] 
[INFO] [stdout] 
[INFO] [stdout] warning: falling back to `f32` as the trait bound `f32: From<f64>` is not satisfied
[INFO] [stdout]    --> gui/src/main.rs:651:54
[INFO] [stdout]     |
[INFO] [stdout] 651 |     v.widgets.noninteractive.bg_stroke = Stroke::new(1.0, c.border_subtle);
[INFO] [stdout]     |                                                      ^^^ help: explicitly specify the type as `f32`: `1.0_f32`
[INFO] [stdout]     |
[INFO] [stdout]     = warning: this was previously accepted by the compiler but is being phased out; it will become a hard error in a future release!
[INFO] [stdout]     = note: for more information, see issue #154024 <https://github.com/rust-lang/rust/issues/154024>
[INFO] [stdout] 
[INFO] [stdout] 
[INFO] [stdout] warning: falling back to `f32` as the trait bound `f32: From<f64>` is not satisfied
[INFO] [stdout]    --> gui/src/main.rs:654:48
[INFO] [stdout]     |
[INFO] [stdout] 654 |     v.widgets.inactive.bg_stroke = Stroke::new(1.0, c.border);
[INFO] [stdout]     |                                                ^^^ help: explicitly specify the type as `f32`: `1.0_f32`
[INFO] [stdout]     |
[INFO] [stdout]     = warning: this was previously accepted by the compiler but is being phased out; it will become a hard error in a future release!
[INFO] [stdout]     = note: for more information, see issue #154024 <https://github.com/rust-lang/rust/issues/154024>
[INFO] [stdout] 
[INFO] [stdout] 
[INFO] [stdout] warning: falling back to `f32` as the trait bound `f32: From<f64>` is not satisfied
[INFO] [stdout]    --> gui/src/main.rs:656:48
[INFO] [stdout]     |
[INFO] [stdout] 656 |     v.widgets.inactive.fg_stroke = Stroke::new(1.0, c.text);
[INFO] [stdout]     |                                                ^^^ help: explicitly specify the type as `f32`: `1.0_f32`
[INFO] [stdout]     |
[INFO] [stdout]     = warning: this was previously accepted by the compiler but is being phased out; it will become a hard error in a future release!
[INFO] [stdout]     = note: for more information, see issue #154024 <https://github.com/rust-lang/rust/issues/154024>
[INFO] [stdout] 
[INFO] [stdout] 
[INFO] [stdout] warning: falling back to `f32` as the trait bound `f32: From<f64>` is not satisfied
[INFO] [stdout]    --> gui/src/main.rs:658:47
[INFO] [stdout]     |
[INFO] [stdout] 658 |     v.widgets.hovered.bg_stroke = Stroke::new(1.0, c.accent);
[INFO] [stdout]     |                                               ^^^ help: explicitly specify the type as `f32`: `1.0_f32`
[INFO] [stdout]     |
[INFO] [stdout]     = warning: this was previously accepted by the compiler but is being phased out; it will become a hard error in a future release!
[INFO] [stdout]     = note: for more information, see issue #154024 <https://github.com/rust-lang/rust/issues/154024>
[INFO] [stdout] 
[INFO] [stdout] 
[INFO] [stdout] warning: falling back to `f32` as the trait bound `f32: From<f64>` is not satisfied
[INFO] [stdout]    --> gui/src/main.rs:660:47
[INFO] [stdout]     |
[INFO] [stdout] 660 |     v.widgets.hovered.fg_stroke = Stroke::new(1.0, c.text);
[INFO] [stdout]     |                                               ^^^ help: explicitly specify the type as `f32`: `1.0_f32`
[INFO] [stdout]     |
[INFO] [stdout]     = warning: this was previously accepted by the compiler but is being phased out; it will become a hard error in a future release!
[INFO] [stdout]     = note: for more information, see issue #154024 <https://github.com/rust-lang/rust/issues/154024>
[INFO] [stdout] 
[INFO] [stdout] 
[INFO] [stdout] warning: falling back to `f32` as the trait bound `f32: From<f64>` is not satisfied
[INFO] [stdout]    --> gui/src/main.rs:664:38
[INFO] [stdout]     |
[INFO] [stdout] 664 |     v.selection.stroke = Stroke::new(1.0, Color32::WHITE);
[INFO] [stdout]     |                                      ^^^ help: explicitly specify the type as `f32`: `1.0_f32`
[INFO] [stdout]     |
[INFO] [stdout]     = warning: this was previously accepted by the compiler but is being phased out; it will become a hard error in a future release!
[INFO] [stdout]     = note: for more information, see issue #154024 <https://github.com/rust-lang/rust/issues/154024>
[INFO] [stdout] 
[INFO] [stdout] 
[INFO] [stdout] warning: falling back to `f32` as the trait bound `f32: From<f64>` is not satisfied
[INFO] [stdout]    --> gui/src/main.rs:584:54
[INFO] [stdout]     |
[INFO] [stdout] 584 |             p.circle_stroke(fab_c, 21.0, Stroke::new(2.0, c.accent_text));
[INFO] [stdout]     |                                                      ^^^ help: explicitly specify the type as `f32`: `2.0_f32`
[INFO] [stdout]     |
[INFO] [stdout]     = warning: this was previously accepted by the compiler but is being phased out; it will become a hard error in a future release!
[INFO] [stdout]     = note: for more information, see issue #154024 <https://github.com/rust-lang/rust/issues/154024>
[INFO] [stdout]     = note: `#[warn(float_literal_f32_fallback)]` (part of `#[warn(future_incompatible)]`) on by default
[INFO] [stdout] 
[INFO] [stdout] 
[INFO] [stdout] warning: falling back to `f32` as the trait bound `f32: From<f64>` is not satisfied
[INFO] [stdout]    --> gui/src/main.rs:755:25
[INFO] [stdout]     |
[INFO] [stdout] 755 |             Stroke::new(1.0, Color32::from_black_alpha(50)),
[INFO] [stdout]     |                         ^^^ help: explicitly specify the type as `f32`: `1.0_f32`
[INFO] [stdout]     |
[INFO] [stdout]     = warning: this was previously accepted by the compiler but is being phased out; it will become a hard error in a future release!
[INFO] [stdout]     = note: for more information, see issue #154024 <https://github.com/rust-lang/rust/issues/154024>
[INFO] [stdout] 
[INFO] [stdout] 
[INFO] [stdout] warning: falling back to `f32` as the trait bound `f32: From<f64>` is not satisfied
[INFO] [stdout]    --> gui/src/main.rs:651:54
[INFO] [stdout]     |
[INFO] [stdout] 651 |     v.widgets.noninteractive.bg_stroke = Stroke::new(1.0, c.border_subtle);
[INFO] [stdout]     |                                                      ^^^ help: explicitly specify the type as `f32`: `1.0_f32`
[INFO] [stdout]     |
[INFO] [stdout]     = warning: this was previously accepted by the compiler but is being phased out; it will become a hard error in a future release!
[INFO] [stdout]     = note: for more information, see issue #154024 <https://github.com/rust-lang/rust/issues/154024>
[INFO] [stdout] 
[INFO] [stdout] 
[INFO] [stdout] warning: falling back to `f32` as the trait bound `f32: From<f64>` is not satisfied
[INFO] [stdout]    --> gui/src/main.rs:654:48
[INFO] [stdout]     |
[INFO] [stdout] 654 |     v.widgets.inactive.bg_stroke = Stroke::new(1.0, c.border);
[INFO] [stdout]     |                                                ^^^ help: explicitly specify the type as `f32`: `1.0_f32`
[INFO] [stdout]     |
[INFO] [stdout]     = warning: this was previously accepted by the compiler but is being phased out; it will become a hard error in a future release!
[INFO] [stdout]     = note: for more information, see issue #154024 <https://github.com/rust-lang/rust/issues/154024>
[INFO] [stdout] 
[INFO] [stdout] 
[INFO] [stdout] warning: falling back to `f32` as the trait bound `f32: From<f64>` is not satisfied
[INFO] [stdout]    --> gui/src/main.rs:656:48
[INFO] [stdout]     |
[INFO] [stdout] 656 |     v.widgets.inactive.fg_stroke = Stroke::new(1.0, c.text);
[INFO] [stdout]     |                                                ^^^ help: explicitly specify the type as `f32`: `1.0_f32`
[INFO] [stdout]     |
[INFO] [stdout]     = warning: this was previously accepted by the compiler but is being phased out; it will become a hard error in a future release!
[INFO] [stdout]     = note: for more information, see issue #154024 <https://github.com/rust-lang/rust/issues/154024>
[INFO] [stdout] 
[INFO] [stdout] 
[INFO] [stdout] warning: falling back to `f32` as the trait bound `f32: From<f64>` is not satisfied
[INFO] [stdout]    --> gui/src/main.rs:658:47
[INFO] [stdout]     |
[INFO] [stdout] 658 |     v.widgets.hovered.bg_stroke = Stroke::new(1.0, c.accent);
[INFO] [stdout]     |                                               ^^^ help: explicitly specify the type as `f32`: `1.0_f32`
[INFO] [stdout]     |
[INFO] [stdout]     = warning: this was previously accepted by the compiler but is being phased out; it will become a hard error in a future release!
[INFO] [stdout]     = note: for more information, see issue #154024 <https://github.com/rust-lang/rust/issues/154024>
[INFO] [stdout] 
[INFO] [stdout] 
[INFO] [stdout] warning: falling back to `f32` as the trait bound `f32: From<f64>` is not satisfied
[INFO] [stdout]    --> gui/src/main.rs:660:47
[INFO] [stdout]     |
[INFO] [stdout] 660 |     v.widgets.hovered.fg_stroke = Stroke::new(1.0, c.text);
[INFO] [stdout]     |                                               ^^^ help: explicitly specify the type as `f32`: `1.0_f32`
[INFO] [stdout]     |
[INFO] [stdout]     = warning: this was previously accepted by the compiler but is being phased out; it will become a hard error in a future release!
[INFO] [stdout]     = note: for more information, see issue #154024 <https://github.com/rust-lang/rust/issues/154024>
[INFO] [stdout] 
[INFO] [stdout] 
[INFO] [stdout] warning: falling back to `f32` as the trait bound `f32: From<f64>` is not satisfied
[INFO] [stdout]    --> gui/src/main.rs:664:38
[INFO] [stdout]     |
[INFO] [stdout] 664 |     v.selection.stroke = Stroke::new(1.0, Color32::WHITE);
[INFO] [stdout]     |                                      ^^^ help: explicitly specify the type as `f32`: `1.0_f32`
[INFO] [stdout]     |
[INFO] [stdout]     = warning: this was previously accepted by the compiler but is being phased out; it will become a hard error in a future release!
[INFO] [stdout]     = note: for more information, see issue #154024 <https://github.com/rust-lang/rust/issues/154024>
[INFO] [stdout] 
[INFO] [stdout] 
[INFO] [stdout] warning: falling back to `f32` as the trait bound `f32: From<f64>` is not satisfied
[INFO] [stdout]    --> gui/src/main.rs:821:29
[INFO] [stdout]     |
[INFO] [stdout] 821 |         .stroke(Stroke::new(1.0, c.danger))
[INFO] [stdout]     |                             ^^^ help: explicitly specify the type as `f32`: `1.0_f32`
[INFO] [stdout]     |
[INFO] [stdout]     = warning: this was previously accepted by the compiler but is being phased out; it will become a hard error in a future release!
[INFO] [stdout]     = note: for more information, see issue #154024 <https://github.com/rust-lang/rust/issues/154024>
[INFO] [stdout] 
[INFO] [stdout] 
[INFO] [stdout] warning: falling back to `f32` as the trait bound `f32: From<f64>` is not satisfied
[INFO] [stdout]    --> gui/src/main.rs:755:25
[INFO] [stdout]     |
[INFO] [stdout] 755 |             Stroke::new(1.0, Color32::from_black_alpha(50)),
[INFO] [stdout]     |                         ^^^ help: explicitly specify the type as `f32`: `1.0_f32`
[INFO] [stdout]     |
[INFO] [stdout]     = warning: this was previously accepted by the compiler but is being phased out; it will become a hard error in a future release!
[INFO] [stdout]     = note: for more information, see issue #154024 <https://github.com/rust-lang/rust/issues/154024>
[INFO] [stdout] 
[INFO] [stdout] 
[INFO] [stdout] warning: falling back to `f32` as the trait bound `f32: From<f64>` is not satisfied
[INFO] [stdout]    --> gui/src/main.rs:821:29
[INFO] [stdout]     |
[INFO] [stdout] 821 |         .stroke(Stroke::new(1.0, c.danger))
[INFO] [stdout]     |                             ^^^ help: explicitly specify the type as `f32`: `1.0_f32`
[INFO] [stdout]     |
[INFO] [stdout]     = warning: this was previously accepted by the compiler but is being phased out; it will become a hard error in a future release!
[INFO] [stdout]     = note: for more information, see issue #154024 <https://github.com/rust-lang/rust/issues/154024>
[INFO] [stdout] 
[INFO] [stdout] 
[INFO] [stderr]     Checking youtube-grab v0.1.0 (/opt/rustwide/workdir/youtube)
[INFO] [stdout] warning: fields `accent_hover` and `accent_soft` are never read
[INFO] [stdout]   --> gui/src/design.rs:13:9
[INFO] [stdout]    |
[INFO] [stdout]  7 | pub struct ColorScheme {
[INFO] [stdout]    |            ----------- fields in this struct
[INFO] [stdout] ...
[INFO] [stdout] 13 |     pub accent_hover: Color32,
[INFO] [stdout]    |         ^^^^^^^^^^^^
[INFO] [stdout] 14 |     pub accent_text: Color32,
[INFO] [stdout] 15 |     pub accent_soft: Color32, // nền accent-mờ cho pill selected
[INFO] [stdout]    |         ^^^^^^^^^^^
[INFO] [stdout]    |
[INFO] [stdout]    = note: `#[warn(dead_code)]` (part of `#[warn(unused)]`) on by default
[INFO] [stdout] 
[INFO] [stdout] 
[INFO] [stdout] warning: constant `FONT_H1` is never used
[INFO] [stdout]   --> gui/src/design.rs:89:11
[INFO] [stdout]    |
[INFO] [stdout] 89 | pub const FONT_H1: f32 = 18.0;
[INFO] [stdout]    |           ^^^^^^^
[INFO] [stdout] 
[INFO] [stdout] 
[INFO] [stdout] warning: function `h1` is never used
[INFO] [stdout]    --> gui/src/design.rs:103:8
[INFO] [stdout]     |
[INFO] [stdout] 103 | pub fn h1(t: &str) -> RichText {
[INFO] [stdout]     |        ^^
[INFO] [stdout] 
[INFO] [stdout] 
[INFO] [stdout] warning: constant `SP_XL` is never used
[INFO] [stdout]    --> gui/src/design.rs:133:11
[INFO] [stdout]     |
[INFO] [stdout] 133 | pub const SP_XL: f32 = 24.0;
[INFO] [stdout]     |           ^^^^^
[INFO] [stdout] 
[INFO] [stdout] 
[INFO] [stdout] warning: constant `R_LG` is never used
[INFO] [stdout]    --> gui/src/design.rs:138:11
[INFO] [stdout]     |
[INFO] [stdout] 138 | pub const R_LG: f32 = 14.0;
[INFO] [stdout]     |           ^^^^
[INFO] [stdout] 
[INFO] [stdout] 
[INFO] [stdout] warning: function `ease_out_quint` is never used
[INFO] [stdout]    --> gui/src/design.rs:151:8
[INFO] [stdout]     |
[INFO] [stdout] 151 | pub fn ease_out_quint(t: f32) -> f32 {
[INFO] [stdout]     |        ^^^^^^^^^^^^^^
[INFO] [stdout] 
[INFO] [stdout] 
[INFO] [stdout] warning: fields `accent_hover` and `accent_soft` are never read
[INFO] [stdout]   --> gui/src/design.rs:13:9
[INFO] [stdout]    |
[INFO] [stdout]  7 | pub struct ColorScheme {
[INFO] [stdout]    |            ----------- fields in this struct
[INFO] [stdout] ...
[INFO] [stdout] 13 |     pub accent_hover: Color32,
[INFO] [stdout]    |         ^^^^^^^^^^^^
[INFO] [stdout] 14 |     pub accent_text: Color32,
[INFO] [stdout] 15 |     pub accent_soft: Color32, // nền accent-mờ cho pill selected
[INFO] [stdout]    |         ^^^^^^^^^^^
[INFO] [stdout]    |
[INFO] [stdout]    = note: `#[warn(dead_code)]` (part of `#[warn(unused)]`) on by default
[INFO] [stdout] 
[INFO] [stdout] 
[INFO] [stdout] warning: constant `FONT_H1` is never used
[INFO] [stdout]   --> gui/src/design.rs:89:11
[INFO] [stdout]    |
[INFO] [stdout] 89 | pub const FONT_H1: f32 = 18.0;
[INFO] [stdout]    |           ^^^^^^^
[INFO] [stdout] 
[INFO] [stdout] 
[INFO] [stdout] warning: function `h1` is never used
[INFO] [stdout]    --> gui/src/design.rs:103:8
[INFO] [stdout]     |
[INFO] [stdout] 103 | pub fn h1(t: &str) -> RichText {
[INFO] [stdout]     |        ^^
[INFO] [stdout] 
[INFO] [stdout] 
[INFO] [stdout] warning: constant `SP_XL` is never used
[INFO] [stdout]    --> gui/src/design.rs:133:11
[INFO] [stdout]     |
[INFO] [stdout] 133 | pub const SP_XL: f32 = 24.0;
[INFO] [stdout]     |           ^^^^^
[INFO] [stdout] 
[INFO] [stdout] 
[INFO] [stdout] warning: constant `R_LG` is never used
[INFO] [stdout]    --> gui/src/design.rs:138:11
[INFO] [stdout]     |
[INFO] [stdout] 138 | pub const R_LG: f32 = 14.0;
[INFO] [stdout]     |           ^^^^
[INFO] [stdout] 
[INFO] [stdout] 
[INFO] [stdout] warning: function `ease_out_quint` is never used
[INFO] [stdout]    --> gui/src/design.rs:151:8
[INFO] [stdout]     |
[INFO] [stdout] 151 | pub fn ease_out_quint(t: f32) -> f32 {
[INFO] [stdout]     |        ^^^^^^^^^^^^^^
[INFO] [stdout] 
[INFO] [stdout] 
[INFO] [stderr]     Checking pango v0.18.3
[INFO] [stderr]     Checking gdk-pixbuf v0.18.5
[INFO] [stderr]     Checking soup3 v0.5.0
[INFO] [stderr]     Checking gdk v0.18.2
[INFO] [stderr]     Checking gdkx11 v0.18.2
[INFO] [stderr]     Checking webkit2gtk v2.0.2
[INFO] [stdout] error[E0433]: cannot find `Win32` in `windows`
[INFO] [stdout]  --> tiktok/src/embed.rs:8:14
[INFO] [stdout]   |
[INFO] [stdout] 8 | use windows::Win32::Foundation::{BOOL, HWND, LPARAM, RECT, TRUE};
[INFO] [stdout]   |              ^^^^^ could not find `Win32` in `windows`
[INFO] [stdout] 
[INFO] [stdout] 
[INFO] [stdout] error[E0433]: cannot find `Win32` in `windows`
[INFO] [stdout]  --> tiktok/src/embed.rs:9:14
[INFO] [stdout]   |
[INFO] [stdout] 9 | use windows::Win32::System::Threading::GetCurrentProcessId;
[INFO] [stdout]   |              ^^^^^ could not find `Win32` in `windows`
[INFO] [stdout] 
[INFO] [stdout] 
[INFO] [stdout] error[E0433]: cannot find `Win32` in `windows`
[INFO] [stdout]   --> tiktok/src/embed.rs:10:14
[INFO] [stdout]    |
[INFO] [stdout] 10 | use windows::Win32::UI::WindowsAndMessaging::{
[INFO] [stdout]    |              ^^^^^ could not find `Win32` in `windows`
[INFO] [stdout] 
[INFO] [stdout] 
[INFO] [stdout] warning: falling back to `f32` as the trait bound `f32: From<f64>` is not satisfied
[INFO] [stdout]    --> tiktok/src/main.rs:231:49
[INFO] [stdout]     |
[INFO] [stdout] 231 | ...                   .stroke(Stroke::new(1.0, edge))
[INFO] [stdout]     |                                           ^^^ help: explicitly specify the type as `f32`: `1.0_f32`
[INFO] [stdout]     |
[INFO] [stdout]     = warning: this was previously accepted by the compiler but is being phased out; it will become a hard error in a future release!
[INFO] [stdout]     = note: for more information, see issue #154024 <https://github.com/rust-lang/rust/issues/154024>
[INFO] [stdout]     = note: `#[warn(float_literal_f32_fallback)]` (part of `#[warn(future_incompatible)]`) on by default
[INFO] [stdout] 
[INFO] [stdout] 
[INFO] [stdout] warning: falling back to `f32` as the trait bound `f32: From<f64>` is not satisfied
[INFO] [stdout]    --> tiktok/src/main.rs:974:49
[INFO] [stdout]     |
[INFO] [stdout] 974 | ...                   .stroke(Stroke::new(1.0, DANGER))
[INFO] [stdout]     |                                           ^^^ help: explicitly specify the type as `f32`: `1.0_f32`
[INFO] [stdout]     |
[INFO] [stdout]     = warning: this was previously accepted by the compiler but is being phased out; it will become a hard error in a future release!
[INFO] [stdout]     = note: for more information, see issue #154024 <https://github.com/rust-lang/rust/issues/154024>
[INFO] [stdout] 
[INFO] [stdout] 
[INFO] [stdout] warning: falling back to `f32` as the trait bound `f32: From<f64>` is not satisfied
[INFO] [stdout]     --> tiktok/src/main.rs:1240:59
[INFO] [stdout]      |
[INFO] [stdout] 1240 |         p.circle_stroke(prect.center(), 23.0, Stroke::new(2.0, pc));
[INFO] [stdout]      |                                                           ^^^ help: explicitly specify the type as `f32`: `2.0_f32`
[INFO] [stdout]      |
[INFO] [stdout]      = warning: this was previously accepted by the compiler but is being phased out; it will become a hard error in a future release!
[INFO] [stdout]      = note: for more information, see issue #154024 <https://github.com/rust-lang/rust/issues/154024>
[INFO] [stdout] 
[INFO] [stdout] 
[INFO] [stdout] warning: falling back to `f32` as the trait bound `f32: From<f64>` is not satisfied
[INFO] [stdout]     --> tiktok/src/main.rs:1271:51
[INFO] [stdout]      |
[INFO] [stdout] 1271 |         p.rect_stroke(prect, r(10.0), Stroke::new(2.5, ACCENT));
[INFO] [stdout]      |                                                   ^^^ help: explicitly specify the type as `f32`: `2.5_f32`
[INFO] [stdout]      |
[INFO] [stdout]      = warning: this was previously accepted by the compiler but is being phased out; it will become a hard error in a future release!
[INFO] [stdout]      = note: for more information, see issue #154024 <https://github.com/rust-lang/rust/issues/154024>
[INFO] [stdout] 
[INFO] [stdout] 
[INFO] [stdout] warning: falling back to `f32` as the trait bound `f32: From<f64>` is not satisfied
[INFO] [stdout]     --> tiktok/src/main.rs:1282:47
[INFO] [stdout]      |
[INFO] [stdout] 1282 |         p.circle_stroke(cc, 10.0, Stroke::new(1.5, Color32::WHITE));
[INFO] [stdout]      |                                               ^^^ help: explicitly specify the type as `f32`: `1.5_f32`
[INFO] [stdout]      |
[INFO] [stdout]      = warning: this was previously accepted by the compiler but is being phased out; it will become a hard error in a future release!
[INFO] [stdout]      = note: for more information, see issue #154024 <https://github.com/rust-lang/rust/issues/154024>
[INFO] [stdout] 
[INFO] [stdout] 
[INFO] [stdout] warning: falling back to `f32` as the trait bound `f32: From<f64>` is not satisfied
[INFO] [stdout]     --> tiktok/src/main.rs:1463:49
[INFO] [stdout]      |
[INFO] [stdout] 1463 | ...                   Stroke::new(1.0, SURFACE2),
[INFO] [stdout]      |                                   ^^^ help: explicitly specify the type as `f32`: `1.0_f32`
[INFO] [stdout]      |
[INFO] [stdout]      = warning: this was previously accepted by the compiler but is being phased out; it will become a hard error in a future release!
[INFO] [stdout]      = note: for more information, see issue #154024 <https://github.com/rust-lang/rust/issues/154024>
[INFO] [stdout] 
[INFO] [stdout] 
[INFO] [stdout] error[E0433]: cannot find `Win32` in `windows`
[INFO] [stdout]  --> tiktok/src/embed.rs:8:14
[INFO] [stdout]   |
[INFO] [stdout] 8 | use windows::Win32::Foundation::{BOOL, HWND, LPARAM, RECT, TRUE};
[INFO] [stdout]   |              ^^^^^ could not find `Win32` in `windows`
[INFO] [stdout] 
[INFO] [stdout] 
[INFO] [stdout] error[E0433]: cannot find `Win32` in `windows`
[INFO] [stdout]  --> tiktok/src/embed.rs:9:14
[INFO] [stdout]   |
[INFO] [stdout] 9 | use windows::Win32::System::Threading::GetCurrentProcessId;
[INFO] [stdout]   |              ^^^^^ could not find `Win32` in `windows`
[INFO] [stdout] 
[INFO] [stdout] 
[INFO] [stdout] error[E0433]: cannot find `Win32` in `windows`
[INFO] [stdout]   --> tiktok/src/embed.rs:10:14
[INFO] [stdout]    |
[INFO] [stdout] 10 | use windows::Win32::UI::WindowsAndMessaging::{
[INFO] [stdout]    |              ^^^^^ could not find `Win32` in `windows`
[INFO] [stdout] 
[INFO] [stdout] 
[INFO] [stdout] warning: variable does not need to be mutable
[INFO] [stdout]     --> tiktok/src/main.rs:1355:29
[INFO] [stdout]      |
[INFO] [stdout] 1355 |                         let mut save = |ext: &str, content: String| -> (String, bool) {
[INFO] [stdout]      |                             ----^^^^
[INFO] [stdout]      |                             |
[INFO] [stdout]      |                             help: remove this `mut`
[INFO] [stdout]      |
[INFO] [stdout]      = note: `#[warn(unused_mut)]` (part of `#[warn(unused)]`) on by default
[INFO] [stdout] 
[INFO] [stdout] 
[INFO] [stdout] For more information about this error, try `rustc --explain E0433`.
[INFO] [stdout] 
[INFO] [stderr] error: could not compile `tiktok-grab` (bin "vidpull" test) due to 3 previous errors; 7 warnings emitted
[INFO] [stderr] warning: build failed, waiting for other jobs to finish...
[INFO] [stdout] warning: falling back to `f32` as the trait bound `f32: From<f64>` is not satisfied
[INFO] [stdout]    --> tiktok/src/main.rs:231:49
[INFO] [stdout]     |
[INFO] [stdout] 231 | ...                   .stroke(Stroke::new(1.0, edge))
[INFO] [stdout]     |                                           ^^^ help: explicitly specify the type as `f32`: `1.0_f32`
[INFO] [stdout]     |
[INFO] [stdout]     = warning: this was previously accepted by the compiler but is being phased out; it will become a hard error in a future release!
[INFO] [stdout]     = note: for more information, see issue #154024 <https://github.com/rust-lang/rust/issues/154024>
[INFO] [stdout]     = note: `#[warn(float_literal_f32_fallback)]` (part of `#[warn(future_incompatible)]`) on by default
[INFO] [stdout] 
[INFO] [stdout] 
[INFO] [stdout] warning: falling back to `f32` as the trait bound `f32: From<f64>` is not satisfied
[INFO] [stdout]    --> tiktok/src/main.rs:974:49
[INFO] [stdout]     |
[INFO] [stdout] 974 | ...                   .stroke(Stroke::new(1.0, DANGER))
[INFO] [stdout]     |                                           ^^^ help: explicitly specify the type as `f32`: `1.0_f32`
[INFO] [stdout]     |
[INFO] [stdout]     = warning: this was previously accepted by the compiler but is being phased out; it will become a hard error in a future release!
[INFO] [stdout]     = note: for more information, see issue #154024 <https://github.com/rust-lang/rust/issues/154024>
[INFO] [stdout] 
[INFO] [stdout] 
[INFO] [stdout] warning: falling back to `f32` as the trait bound `f32: From<f64>` is not satisfied
[INFO] [stdout]     --> tiktok/src/main.rs:1240:59
[INFO] [stdout]      |
[INFO] [stdout] 1240 |         p.circle_stroke(prect.center(), 23.0, Stroke::new(2.0, pc));
[INFO] [stdout]      |                                                           ^^^ help: explicitly specify the type as `f32`: `2.0_f32`
[INFO] [stdout]      |
[INFO] [stdout]      = warning: this was previously accepted by the compiler but is being phased out; it will become a hard error in a future release!
[INFO] [stdout]      = note: for more information, see issue #154024 <https://github.com/rust-lang/rust/issues/154024>
[INFO] [stdout] 
[INFO] [stdout] 
[INFO] [stdout] warning: falling back to `f32` as the trait bound `f32: From<f64>` is not satisfied
[INFO] [stdout]     --> tiktok/src/main.rs:1271:51
[INFO] [stdout]      |
[INFO] [stdout] 1271 |         p.rect_stroke(prect, r(10.0), Stroke::new(2.5, ACCENT));
[INFO] [stdout]      |                                                   ^^^ help: explicitly specify the type as `f32`: `2.5_f32`
[INFO] [stdout]      |
[INFO] [stdout]      = warning: this was previously accepted by the compiler but is being phased out; it will become a hard error in a future release!
[INFO] [stdout]      = note: for more information, see issue #154024 <https://github.com/rust-lang/rust/issues/154024>
[INFO] [stdout] 
[INFO] [stdout] 
[INFO] [stdout] warning: falling back to `f32` as the trait bound `f32: From<f64>` is not satisfied
[INFO] [stdout]     --> tiktok/src/main.rs:1282:47
[INFO] [stdout]      |
[INFO] [stdout] 1282 |         p.circle_stroke(cc, 10.0, Stroke::new(1.5, Color32::WHITE));
[INFO] [stdout]      |                                               ^^^ help: explicitly specify the type as `f32`: `1.5_f32`
[INFO] [stdout]      |
[INFO] [stdout]      = warning: this was previously accepted by the compiler but is being phased out; it will become a hard error in a future release!
[INFO] [stdout]      = note: for more information, see issue #154024 <https://github.com/rust-lang/rust/issues/154024>
[INFO] [stdout] 
[INFO] [stdout] 
[INFO] [stdout] warning: falling back to `f32` as the trait bound `f32: From<f64>` is not satisfied
[INFO] [stdout]     --> tiktok/src/main.rs:1463:49
[INFO] [stdout]      |
[INFO] [stdout] 1463 | ...                   Stroke::new(1.0, SURFACE2),
[INFO] [stdout]      |                                   ^^^ help: explicitly specify the type as `f32`: `1.0_f32`
[INFO] [stdout]      |
[INFO] [stdout]      = warning: this was previously accepted by the compiler but is being phased out; it will become a hard error in a future release!
[INFO] [stdout]      = note: for more information, see issue #154024 <https://github.com/rust-lang/rust/issues/154024>
[INFO] [stdout] 
[INFO] [stdout] 
[INFO] [stdout] warning: variable does not need to be mutable
[INFO] [stdout]     --> tiktok/src/main.rs:1355:29
[INFO] [stdout]      |
[INFO] [stdout] 1355 |                         let mut save = |ext: &str, content: String| -> (String, bool) {
[INFO] [stdout]      |                             ----^^^^
[INFO] [stdout]      |                             |
[INFO] [stdout]      |                             help: remove this `mut`
[INFO] [stdout]      |
[INFO] [stdout]      = note: `#[warn(unused_mut)]` (part of `#[warn(unused)]`) on by default
[INFO] [stdout] 
[INFO] [stdout] 
[INFO] [stdout] For more information about this error, try `rustc --explain E0433`.
[INFO] [stdout] 
[INFO] [stderr] error: could not compile `tiktok-grab` (bin "vidpull") due to 3 previous errors; 7 warnings emitted
[INFO] [stderr] warning: unused dependency `winresource`
[INFO] [stderr]   --> tiktok/Cargo.toml:20:1
[INFO] [stderr]    |
[INFO] [stderr] 20 | winresource = "0.1"
[INFO] [stderr]    | ^^^^^^^^^^^^^^^^^^^
[INFO] [stderr]    |
[INFO] [stderr]    = note: `cargo::unused_dependencies` is set to `warn` by default
[INFO] [stderr] help: consider removing the dependency on `winresource`
[INFO] [stderr] warning: `tiktok-grab` (manifest) generated 1 warning
[INFO] [stderr] warning: unused dependency `serde`
[INFO] [stderr]   --> core/Cargo.toml:11:1
[INFO] [stderr]    |
[INFO] [stderr] 11 | serde.workspace = true
[INFO] [stderr]    | ^^^^^
[INFO] [stderr]    |
[INFO] [stderr]    = note: `cargo::unused_dependencies` is set to `warn` by default
[INFO] [stderr] help: consider removing the dependency on `serde`
[INFO] [stderr] warning: `vidgrab-core` (manifest) generated 1 warning
[INFO] [stderr] warning: unused dependency `winresource`
[INFO] [stderr]   --> gui/Cargo.toml:18:1
[INFO] [stderr]    |
[INFO] [stderr] 18 | winresource = "0.1"
[INFO] [stderr]    | ^^^^^^^^^^^^^^^^^^^
[INFO] [stderr]    |
[INFO] [stderr]    = note: `cargo::unused_dependencies` is set to `warn` by default
[INFO] [stderr] help: consider removing the dependency on `winresource`
[INFO] [stderr] warning: `vidgrab-gui` (manifest) generated 1 warning
[INFO] running `Command { std: "docker" "inspect" "5de2ee4c4d307bd0f363c5070d8e850627c1ee38914217a0e3e4a0a6d2e5343e", kill_on_drop: false }`
[INFO] running `Command { std: "docker" "rm" "-f" "5de2ee4c4d307bd0f363c5070d8e850627c1ee38914217a0e3e4a0a6d2e5343e", kill_on_drop: false }`
[INFO] [stdout] 5de2ee4c4d307bd0f363c5070d8e850627c1ee38914217a0e3e4a0a6d2e5343e
