[INFO] cloning repository https://github.com/CleanBread/chess_online
[INFO] running `Command { std: "git" "-c" "credential.helper=" "-c" "credential.helper=/workspace/cargo-home/bin/git-credential-null" "clone" "--bare" "https://github.com/CleanBread/chess_online" "/workspace/cache/git-repos/https%3A%2F%2Fgithub.com%2FCleanBread%2Fchess_online", kill_on_drop: false }`
[INFO] [stderr] Cloning into bare repository '/workspace/cache/git-repos/https%3A%2F%2Fgithub.com%2FCleanBread%2Fchess_online'...
[INFO] running `Command { std: "git" "rev-parse" "HEAD", kill_on_drop: false }`
[INFO] [stdout] 002bf3a9994c8ad347007d1edb8d6eae7a42c557
[INFO] checking CleanBread/chess_online against 3154cc1a3e6424e44f438a95007d043ed5ceaaf6+rustflags=-Znext-solver=coherence for pr-133502-30
[INFO] running `Command { std: "git" "clone" "/workspace/cache/git-repos/https%3A%2F%2Fgithub.com%2FCleanBread%2Fchess_online" "/workspace/builds/worker-0-tc1/source", kill_on_drop: false }`
[INFO] [stderr] Cloning into '/workspace/builds/worker-0-tc1/source'...
[INFO] [stderr] done.
[INFO] started tweaking git repo https://github.com/CleanBread/chess_online
[INFO] finished tweaking git repo https://github.com/CleanBread/chess_online
[INFO] tweaked toml for git repo https://github.com/CleanBread/chess_online written to /workspace/builds/worker-0-tc1/source/Cargo.toml
[INFO] validating manifest of git repo https://github.com/CleanBread/chess_online on toolchain 3154cc1a3e6424e44f438a95007d043ed5ceaaf6
[INFO] running `Command { std: CARGO_HOME="/workspace/cargo-home" RUSTUP_HOME="/workspace/rustup-home" "/workspace/cargo-home/bin/cargo" "+3154cc1a3e6424e44f438a95007d043ed5ceaaf6" "metadata" "--manifest-path" "Cargo.toml" "--no-deps", kill_on_drop: false }`
[INFO] crate git repo https://github.com/CleanBread/chess_online already has a lockfile, it will not be regenerated
[INFO] running `Command { std: CARGO_HOME="/workspace/cargo-home" RUSTUP_HOME="/workspace/rustup-home" "/workspace/cargo-home/bin/cargo" "+3154cc1a3e6424e44f438a95007d043ed5ceaaf6" "fetch" "--manifest-path" "Cargo.toml", kill_on_drop: false }`
[INFO] [stderr]     Updating crates.io index
[INFO] [stderr]  Downloading crates ...
[INFO] [stderr]   Downloaded der_derive v0.7.3
[INFO] [stderr]   Downloaded resolv-conf v0.7.6
[INFO] [stderr]   Downloaded async-rs v0.8.11
[INFO] [stderr]   Downloaded amq-protocol-types v10.6.2
[INFO] [stderr]   Downloaded rustls-connector v0.23.6
[INFO] [stderr]   Downloaded amq-protocol-uri v10.6.2
[INFO] [stderr]   Downloaded ipconfig v0.3.4
[INFO] [stderr]   Downloaded async-global-executor v3.1.0
[INFO] [stderr]   Downloaded async-compat v0.2.5
[INFO] [stderr]   Downloaded amq-protocol-tcp v10.6.2
[INFO] [stderr]   Downloaded tcp-stream v0.34.14
[INFO] [stderr]   Downloaded rc2 v0.8.1
[INFO] [stderr]   Downloaded amq-protocol v10.6.2
[INFO] [stderr]   Downloaded cc v1.2.67
[INFO] [stderr]   Downloaded p12-keystore v0.2.1
[INFO] [stderr]   Downloaded pkcs5 v0.7.1
[INFO] [stderr]   Downloaded validator_derive v0.20.1
[INFO] [stderr]   Downloaded prefix-trie v0.8.4
[INFO] [stderr]   Downloaded aws-lc-rs v1.17.1
[INFO] [stderr]   Downloaded pkcs12 v0.1.0
[INFO] [stderr]   Downloaded webpki-roots v1.0.8
[INFO] [stderr]   Downloaded hickory-net v0.26.1
[INFO] [stderr]   Downloaded hickory-resolver v0.26.1
[INFO] [stderr]   Downloaded x509-cert v0.2.5
[INFO] [stderr]   Downloaded jsonwebtoken v10.4.0
[INFO] [stderr]   Downloaded axum-extra v0.12.6
[INFO] [stderr]   Downloaded lapin v4.10.0
[INFO] [stderr]   Downloaded cms v0.2.3
[INFO] [stderr]   Downloaded moka v0.12.15
[INFO] [stderr]   Downloaded hickory-proto v0.26.1
[INFO] [stderr]   Downloaded aws-lc-sys v0.42.0
[INFO] running `Command { std: "docker" "create" "-v" "/var/lib/crater-agent-workspace/builds/worker-0-tc1/source:/opt/rustwide/workdir:ro,Z" "-v" "/var/lib/crater-agent-workspace/builds/worker-0-tc1/target:/opt/rustwide/target:rw,Z" "-v" "/var/lib/crater-agent-workspace/cargo-home:/opt/rustwide/cargo-home:ro,Z" "-v" "/var/lib/crater-agent-workspace/rustup-home:/opt/rustwide/rustup-home:ro,Z" "-m" "1610612736" "--network" "none" "ghcr.io/rust-lang/crates-build-env/linux@sha256:77db811e55d90add9212f6832c23229e3de5f1c1f9905e8cb07319ea15df73ac" "sleep" "infinity", kill_on_drop: false }`
[INFO] [stdout] 578465c94f60f0bdc5770ece784d2d981648d19f8cf0a73294a0ca28aed7a8d8
[INFO] running `Command { std: "docker" "start" "578465c94f60f0bdc5770ece784d2d981648d19f8cf0a73294a0ca28aed7a8d8", kill_on_drop: false }`
[INFO] running `Command { std: "docker" "inspect" "578465c94f60f0bdc5770ece784d2d981648d19f8cf0a73294a0ca28aed7a8d8", kill_on_drop: false }`
[INFO] running `Command { std: "docker" "exec" "-e" "SOURCE_DIR=/opt/rustwide/workdir" "-e" "CARGO_HOME=/opt/rustwide/cargo-home" "-e" "RUSTUP_HOME=/opt/rustwide/rustup-home" "-e" "CARGO_TARGET_DIR=/opt/rustwide/target" "-w" "/opt/rustwide/workdir" "--user" "0:0" "578465c94f60f0bdc5770ece784d2d981648d19f8cf0a73294a0ca28aed7a8d8" "/opt/rustwide/cargo-home/bin/cargo" "+3154cc1a3e6424e44f438a95007d043ed5ceaaf6" "metadata" "--no-deps" "--format-version=1", kill_on_drop: false }`
[INFO] running `Command { std: "docker" "inspect" "578465c94f60f0bdc5770ece784d2d981648d19f8cf0a73294a0ca28aed7a8d8", kill_on_drop: false }`
[INFO] running `Command { std: "docker" "exec" "-e" "SOURCE_DIR=/opt/rustwide/workdir" "-e" "CARGO_HOME=/opt/rustwide/cargo-home" "-e" "RUSTUP_HOME=/opt/rustwide/rustup-home" "-e" "CARGO_TARGET_DIR=/opt/rustwide/target" "-e" "CARGO_INCREMENTAL=0" "-e" "RUST_BACKTRACE=full" "-e" "RUSTFLAGS=--cap-lints=forbid -Znext-solver=coherence" "-e" "RUSTDOCFLAGS=--cap-lints=forbid" "-w" "/opt/rustwide/workdir" "--user" "0:0" "578465c94f60f0bdc5770ece784d2d981648d19f8cf0a73294a0ca28aed7a8d8" "/opt/rustwide/cargo-home/bin/cargo" "+3154cc1a3e6424e44f438a95007d043ed5ceaaf6" "check" "--frozen" "--all" "--all-targets" "--message-format=json", kill_on_drop: false }`
[INFO] [stderr]    Compiling serde_core v1.0.228
[INFO] [stderr]    Compiling displaydoc v0.2.6
[INFO] [stderr]    Compiling jobserver v0.1.35
[INFO] [stderr]    Compiling zeroize_derive v1.5.0
[INFO] [stderr]     Checking futures-core v0.3.33
[INFO] [stderr]     Checking futures-sink v0.3.33
[INFO] [stderr]     Checking socket2 v0.6.5
[INFO] [stderr]     Checking mio v1.2.2
[INFO] [stderr]    Compiling tokio-macros v2.7.0
[INFO] [stderr]    Compiling zerocopy v0.8.54
[INFO] [stderr]    Compiling cc v1.2.67
[INFO] [stderr]    Compiling zerofrom v0.1.8
[INFO] [stderr]     Checking zeroize v1.9.0
[INFO] [stderr]     Checking getrandom v0.2.17
[INFO] [stderr]    Compiling yoke v0.8.3
[INFO] [stderr]    Compiling tracing-attributes v0.1.31
[INFO] [stderr]     Checking futures-io v0.3.33
[INFO] [stderr]     Checking tinystr v0.8.3
[INFO] [stderr]    Compiling aws-lc-rs v1.17.1
[INFO] [stderr]    Compiling zerovec v0.11.6
[INFO] [stderr]     Checking tokio v1.52.3
[INFO] [stderr]     Checking icu_locale_core v2.2.0
[INFO] [stderr]     Checking zerotrie v0.2.4
[INFO] [stderr]     Checking rustls-pki-types v1.15.0
[INFO] [stderr]    Compiling time-core v0.1.9
[INFO] [stderr]    Compiling num-conv v0.2.2
[INFO] [stderr]     Checking icu_collections v2.2.0
[INFO] [stderr]    Compiling time-macros v0.2.31
[INFO] [stderr]    Compiling cmake v0.1.58
[INFO] [stderr]     Checking icu_provider v2.2.0
[INFO] [stderr]     Checking block-padding v0.3.3
[INFO] [stderr]     Checking base64ct v1.8.3
[INFO] [stderr]     Checking deranged v0.5.8
[INFO] [stderr]     Checking inout v0.1.4
[INFO] [stderr]     Checking serde v1.0.228
[INFO] [stderr]     Checking icu_properties v2.2.0
[INFO] [stderr]    Compiling ring v0.17.14
[INFO] [stderr]    Compiling aws-lc-sys v0.42.0
[INFO] [stderr]     Checking smallvec v1.15.2
[INFO] [stderr]     Checking serde_json v1.0.150
[INFO] [stderr]     Checking icu_normalizer v2.2.0
[INFO] [stderr]     Checking cipher v0.4.4
[INFO] [stderr]     Checking time v0.3.53
[INFO] [stderr]    Compiling rustls v0.23.42
[INFO] [stderr]     Checking idna_adapter v1.2.2
[INFO] [stderr]     Checking pem-rfc7468 v0.7.0
[INFO] [stderr]     Checking tracing v0.1.44
[INFO] [stderr]    Compiling potential_utf v0.1.5
[INFO] [stderr]     Checking hmac v0.12.1
[INFO] [stderr]    Compiling der_derive v0.7.3
[INFO] [stderr]     Checking const-oid v0.9.6
[INFO] [stderr]     Checking flagset v0.4.7
[INFO] [stderr]     Checking tokio-util v0.7.18
[INFO] [stderr]     Checking nom v7.1.3
[INFO] [stderr]     Checking idna v1.1.0
[INFO] [stderr]     Checking sha1 v0.10.7
[INFO] [stderr]     Checking der v0.7.10
[INFO] [stderr]     Checking url v2.5.8
[INFO] [stderr]    Compiling asn1-rs-derive v0.6.0
[INFO] [stderr]    Compiling asn1-rs-impl v0.2.0
[INFO] [stderr]    Compiling futures-macro v0.3.33
[INFO] [stderr]     Checking futures-task v0.3.33
[INFO] [stderr]     Checking spki v0.7.3
[INFO] [stderr]     Checking futures-util v0.3.33
[INFO] [stderr]     Checking concurrent-queue v2.5.0
[INFO] [stderr]     Checking tokio-stream v0.1.18
[INFO] [stderr]     Checking rusticata-macros v4.1.0
[INFO] [stderr]     Checking asn1-rs v0.7.2
[INFO] [stderr]    Compiling oid-registry v0.8.1
[INFO] [stderr]     Checking event-listener v5.4.1
[INFO] [stderr]     Checking x509-cert v0.2.5
[INFO] [stderr]     Checking pbkdf2 v0.12.2
[INFO] [stderr]    Compiling parking_lot_core v0.9.12
[INFO] [stderr]     Checking salsa20 v0.10.2
[INFO] [stderr]     Checking ppv-lite86 v0.2.21
[INFO] [stderr]     Checking chacha20 v0.10.1
[INFO] [stderr]     Checking rustls-native-certs v0.8.4
[INFO] [stderr]     Checking cms v0.2.3
[INFO] [stderr]     Checking der-parser v10.0.0
[INFO] [stderr]    Compiling parking_lot v0.12.5
[INFO] [stderr]    Compiling rustls-webpki v0.103.13
[INFO] [stderr]     Checking scrypt v0.11.0
[INFO] [stderr]    Compiling webpki-roots v1.0.8
[INFO] [stderr]    Compiling rand_core v0.6.4
[INFO] [stderr]     Checking cbc v0.1.2
[INFO] [stderr]     Checking aes v0.8.4
[INFO] [stderr]     Checking futures-channel v0.3.32
[INFO] [stderr]     Checking http v1.4.2
[INFO] [stderr]    Compiling syn v3.0.3
[INFO] [stderr]    Compiling chrono v0.4.45
[INFO] [stderr]     Checking pkcs5 v0.7.1
[INFO] [stderr]    Compiling webpki-roots v0.26.11
[INFO] [stderr]     Checking x509-parser v0.18.1
[INFO] [stderr]     Checking pkcs12 v0.1.0
[INFO] [stderr]    Compiling rand_chacha v0.3.1
[INFO] [stderr]    Compiling futures-intrusive v0.5.0
[INFO] [stderr]     Checking rand v0.10.2
[INFO] [stderr]     Checking async-compat v0.2.5
[INFO] [stderr]    Compiling either v1.16.0
[INFO] [stderr]     Checking rc2 v0.8.1
[INFO] [stderr]     Checking des v0.8.1
[INFO] [stderr]    Compiling thiserror v2.0.18
[INFO] [stderr]     Checking cookie-factory v0.3.3
[INFO] [stderr]     Checking p12-keystore v0.2.1
[INFO] [stderr]     Checking amq-protocol-types v10.6.2
[INFO] [stderr]    Compiling hkdf v0.12.4
[INFO] [stderr]    Compiling rand v0.8.7
[INFO] [stderr]    Compiling md-5 v0.10.6
[INFO] [stderr]    Compiling bitflags v2.13.0
[INFO] [stderr]     Checking amq-protocol-uri v10.6.2
[INFO] [stderr]    Compiling amq-protocol v10.6.2
[INFO] [stderr]     Checking event-listener-strategy v0.5.4
[INFO] [stderr]     Checking spin v0.9.9
[INFO] [stderr]    Compiling async-trait v0.1.91
[INFO] [stderr]     Checking fastrand v2.5.0
[INFO] [stderr]    Compiling lapin v4.10.0
[INFO] [stderr]    Compiling eyre v0.6.12
[INFO] [stderr]     Checking flume v0.12.0
[INFO] [stderr]     Checking backon v1.6.0
[INFO] [stderr]     Checking async-lock v3.4.2
[INFO] [stderr]    Compiling sqlx-core v0.8.6
[INFO] [stderr]     Checking getrandom v0.3.4
[INFO] [stderr]     Checking http-body v1.1.0
[INFO] [stderr]     Checking combine v4.6.7
[INFO] [stderr]     Checking arcstr v1.2.0
[INFO] [stderr]     Checking indenter v0.3.4
[INFO] [stderr]     Checking xxhash-rust v0.8.18
[INFO] [stderr]     Checking rand_core v0.9.5
[INFO] [stderr]     Checking uuid v1.24.0
[INFO] [stderr]    Compiling darling_core v0.23.0
[INFO] [stderr]     Checking async-rs v0.8.11
[INFO] [stderr]     Checking rand_chacha v0.9.0
[INFO] [stderr]     Checking tracing-subscriber v0.3.23
[INFO] [stderr]     Checking rand v0.9.5
[INFO] [stderr]     Checking hyper v1.10.1
[INFO] [stderr]     Checking tungstenite v0.29.0
[INFO] [stderr]     Checking http-body-util v0.1.4
[INFO] [stderr]    Compiling cookie v0.18.1
[INFO] [stderr]    Compiling proc-macro-error-attr3 v3.0.2
[INFO] [stderr]     Checking regex-automata v0.4.15
[INFO] [stderr]     Checking tokio-tungstenite v0.29.0
[INFO] [stderr]    Compiling proc-macro-error3 v3.0.2
[INFO] [stderr]     Checking axum-core v0.5.6
[INFO] [stderr]     Checking hyper-util v0.1.20
[INFO] [stderr]     Checking tower v0.5.3
[INFO] [stderr]     Checking serde_urlencoded v0.7.1
[INFO] [stderr]     Checking headers-core v0.3.0
[INFO] [stderr]     Checking serde_path_to_error v0.1.20
[INFO] [stderr]    Compiling axum-macros v0.5.1
[INFO] [stderr]    Compiling sqlx-postgres v0.8.6
[INFO] [stderr]     Checking regex v1.13.0
[INFO] [stderr]     Checking headers v0.4.1
[INFO] [stderr]     Checking simple_asn1 v0.6.4
[INFO] [stderr]     Checking pem v3.0.6
[INFO] [stderr]     Checking signature v2.2.0
[INFO] [stderr]    Compiling darling_macro v0.23.0
[INFO] [stderr]     Checking tower-http v0.6.11
[INFO] [stderr]     Checking password-hash v0.5.0
[INFO] [stderr]    Compiling darling v0.23.0
[INFO] [stderr]     Checking blake2 v0.10.6
[INFO] [stderr]    Compiling validator_derive v0.20.1
[INFO] [stderr]     Checking argon2 v0.5.3
[INFO] [stderr]     Checking axum v0.8.9
[INFO] [stderr]     Checking redis v1.4.1
[INFO] [stderr]     Checking validator v0.20.0
[INFO] [stderr]    Compiling sqlx-macros-core v0.8.6
[INFO] [stderr]     Checking axum-extra v0.12.6
[INFO] [stderr]    Compiling sqlx-macros v0.8.6
[INFO] [stderr]     Checking jsonwebtoken v10.4.0
[INFO] [stderr]     Checking futures-rustls v0.26.0
[INFO] [stderr]     Checking rustls-platform-verifier v0.7.0
[INFO] [stderr]     Checking rustls-connector v0.23.6
[INFO] [stderr]     Checking tcp-stream v0.34.14
[INFO] [stderr]     Checking amq-protocol-tcp v10.6.2
[INFO] [stderr]     Checking sqlx v0.8.6
[INFO] [stderr]     Checking chess-core v0.1.0 (/opt/rustwide/workdir/crates/core)
[INFO] [stdout] error: set `DATABASE_URL` to use query macros online, or run `cargo sqlx prepare` to update the query cache
[INFO] [stdout]   --> crates/core/src/db/queries/games.rs:13:18
[INFO] [stdout]    |
[INFO] [stdout] 13 |       let result = sqlx::query!(
[INFO] [stdout]    |  __________________^
[INFO] [stdout] 14 | |         "
[INFO] [stdout] 15 | |         DELETE FROM games
[INFO] [stdout] 16 | |         WHERE
[INFO] [stdout] ...  |
[INFO] [stdout] 20 | |         stale_delta,
[INFO] [stdout] 21 | |     )
[INFO] [stdout]    | |_____^
[INFO] [stdout]    |
[INFO] [stdout]    = note: this error originates in the macro `$crate::sqlx_macros::expand_query` which comes from the expansion of the macro `sqlx::query` (in Nightly builds, run with -Z macro-backtrace for more info)
[INFO] [stdout] 
[INFO] [stdout] 
[INFO] [stdout] error: set `DATABASE_URL` to use query macros online, or run `cargo sqlx prepare` to update the query cache
[INFO] [stdout]   --> crates/core/src/db/queries/games.rs:29:18
[INFO] [stdout]    |
[INFO] [stdout] 29 |       let result = sqlx::query!(
[INFO] [stdout]    |  __________________^
[INFO] [stdout] 30 | |         "
[INFO] [stdout] 31 | |         UPDATE games
[INFO] [stdout] 32 | |         SET result = CASE active_color
[INFO] [stdout] ...  |
[INFO] [stdout] 43 | |         "
[INFO] [stdout] 44 | |     ).execute(db).await?;
[INFO] [stdout]    | |_____^
[INFO] [stdout]    |
[INFO] [stdout]    = note: this error originates in the macro `$crate::sqlx_macros::expand_query` which comes from the expansion of the macro `sqlx::query` (in Nightly builds, run with -Z macro-backtrace for more info)
[INFO] [stdout] 
[INFO] [stdout] 
[INFO] [stdout] error: set `DATABASE_URL` to use query macros online, or run `cargo sqlx prepare` to update the query cache
[INFO] [stdout]   --> crates/core/src/db/queries/games.rs:57:18
[INFO] [stdout]    |
[INFO] [stdout] 57 |       let result = sqlx::query!(
[INFO] [stdout]    |  __________________^
[INFO] [stdout] 58 | |         "
[INFO] [stdout] 59 | |         INSERT INTO games (fen, creator, side_time_limit, remaining_time_white, remaining_time_black)
[INFO] [stdout] 60 | |         VALUES ($1, $2, $3, $4, $5)
[INFO] [stdout] ...  |
[INFO] [stdout] 67 | |         remaining_time_black as i32,
[INFO] [stdout] 68 | |     )
[INFO] [stdout]    | |_____^
[INFO] [stdout]    |
[INFO] [stdout]    = note: this error originates in the macro `$crate::sqlx_macros::expand_query` which comes from the expansion of the macro `sqlx::query` (in Nightly builds, run with -Z macro-backtrace for more info)
[INFO] [stdout] 
[INFO] [stdout] 
[INFO] [stdout] error: set `DATABASE_URL` to use query macros online, or run `cargo sqlx prepare` to update the query cache
[INFO] [stdout]   --> crates/core/src/db/queries/games.rs:76:15
[INFO] [stdout]    |
[INFO] [stdout] 76 |       let row = sqlx::query_as!(
[INFO] [stdout]    |  _______________^
[INFO] [stdout] 77 | |         Game,
[INFO] [stdout] 78 | |         r#"
[INFO] [stdout] 79 | |         SELECT
[INFO] [stdout] ...  |
[INFO] [stdout] 90 | |         game_id
[INFO] [stdout] 91 | |     )
[INFO] [stdout]    | |_____^
[INFO] [stdout]    |
[INFO] [stdout]    = note: this error originates in the macro `$crate::sqlx_macros::expand_query` which comes from the expansion of the macro `sqlx::query_as` (in Nightly builds, run with -Z macro-backtrace for more info)
[INFO] [stdout] 
[INFO] [stdout] 
[INFO] [stdout] error: set `DATABASE_URL` to use query macros online, or run `cargo sqlx prepare` to update the query cache
[INFO] [stdout]    --> crates/core/src/db/queries/games.rs:107:16
[INFO] [stdout]     |
[INFO] [stdout] 107 |       let game = sqlx::query_as!(
[INFO] [stdout]     |  ________________^
[INFO] [stdout] 108 | |         Game,
[INFO] [stdout] 109 | |         r#"
[INFO] [stdout] 110 | |         WITH updated AS (
[INFO] [stdout] ...   |
[INFO] [stdout] 153 | |         active_color as _,
[INFO] [stdout] 154 | |     )
[INFO] [stdout]     | |_____^
[INFO] [stdout]     |
[INFO] [stdout]     = note: this error originates in the macro `$crate::sqlx_macros::expand_query` which comes from the expansion of the macro `sqlx::query_as` (in Nightly builds, run with -Z macro-backtrace for more info)
[INFO] [stdout] 
[INFO] [stdout] 
[INFO] [stdout] error: set `DATABASE_URL` to use query macros online, or run `cargo sqlx prepare` to update the query cache
[INFO] [stdout]   --> crates/core/src/db/queries/users.rs:9:16
[INFO] [stdout]    |
[INFO] [stdout]  9 |       let user = sqlx::query_as!(
[INFO] [stdout]    |  ________________^
[INFO] [stdout] 10 | |         User,
[INFO] [stdout] 11 | |         r#"
[INFO] [stdout] 12 | |         INSERT INTO users (email, password, role)
[INFO] [stdout] ...  |
[INFO] [stdout] 18 | |         role as _,
[INFO] [stdout] 19 | |     )
[INFO] [stdout]    | |_____^
[INFO] [stdout]    |
[INFO] [stdout]    = note: this error originates in the macro `$crate::sqlx_macros::expand_query` which comes from the expansion of the macro `sqlx::query_as` (in Nightly builds, run with -Z macro-backtrace for more info)
[INFO] [stdout] 
[INFO] [stdout] 
[INFO] [stdout] error: set `DATABASE_URL` to use query macros online, or run `cargo sqlx prepare` to update the query cache
[INFO] [stdout]   --> crates/core/src/db/queries/users.rs:27:16
[INFO] [stdout]    |
[INFO] [stdout] 27 |       let user = sqlx::query_as!(
[INFO] [stdout]    |  ________________^
[INFO] [stdout] 28 | |         User,
[INFO] [stdout] 29 | |         r#"
[INFO] [stdout] 30 | |         SELECT user_id, email, username, password, role as "role: UserRole"
[INFO] [stdout] ...  |
[INFO] [stdout] 33 | |         email,
[INFO] [stdout] 34 | |     )
[INFO] [stdout]    | |_____^
[INFO] [stdout]    |
[INFO] [stdout]    = note: this error originates in the macro `$crate::sqlx_macros::expand_query` which comes from the expansion of the macro `sqlx::query_as` (in Nightly builds, run with -Z macro-backtrace for more info)
[INFO] [stdout] 
[INFO] [stdout] 
[INFO] [stdout] error: set `DATABASE_URL` to use query macros online, or run `cargo sqlx prepare` to update the query cache
[INFO] [stdout]   --> crates/core/src/db/queries/users.rs:42:16
[INFO] [stdout]    |
[INFO] [stdout] 42 |       let user = sqlx::query_as!(
[INFO] [stdout]    |  ________________^
[INFO] [stdout] 43 | |         User,
[INFO] [stdout] 44 | |         r#"
[INFO] [stdout] 45 | |         SELECT user_id, email, username, password, role as "role: UserRole"
[INFO] [stdout] ...  |
[INFO] [stdout] 48 | |         user_id,
[INFO] [stdout] 49 | |     )
[INFO] [stdout]    | |_____^
[INFO] [stdout]    |
[INFO] [stdout]    = note: this error originates in the macro `$crate::sqlx_macros::expand_query` which comes from the expansion of the macro `sqlx::query_as` (in Nightly builds, run with -Z macro-backtrace for more info)
[INFO] [stdout] 
[INFO] [stdout] 
[INFO] [stdout] error: set `DATABASE_URL` to use query macros online, or run `cargo sqlx prepare` to update the query cache
[INFO] [stdout]   --> crates/core/src/db/queries/games.rs:13:18
[INFO] [stdout]    |
[INFO] [stdout] 13 |       let result = sqlx::query!(
[INFO] [stdout]    |  __________________^
[INFO] [stdout] 14 | |         "
[INFO] [stdout] 15 | |         DELETE FROM games
[INFO] [stdout] 16 | |         WHERE
[INFO] [stdout] ...  |
[INFO] [stdout] 20 | |         stale_delta,
[INFO] [stdout] 21 | |     )
[INFO] [stdout]    | |_____^
[INFO] [stdout]    |
[INFO] [stdout]    = note: this error originates in the macro `$crate::sqlx_macros::expand_query` which comes from the expansion of the macro `sqlx::query` (in Nightly builds, run with -Z macro-backtrace for more info)
[INFO] [stdout] 
[INFO] [stdout] 
[INFO] [stdout] error: set `DATABASE_URL` to use query macros online, or run `cargo sqlx prepare` to update the query cache
[INFO] [stdout]   --> crates/core/src/db/queries/games.rs:29:18
[INFO] [stdout]    |
[INFO] [stdout] 29 |       let result = sqlx::query!(
[INFO] [stdout]    |  __________________^
[INFO] [stdout] 30 | |         "
[INFO] [stdout] 31 | |         UPDATE games
[INFO] [stdout] 32 | |         SET result = CASE active_color
[INFO] [stdout] ...  |
[INFO] [stdout] 43 | |         "
[INFO] [stdout] 44 | |     ).execute(db).await?;
[INFO] [stdout]    | |_____^
[INFO] [stdout]    |
[INFO] [stdout]    = note: this error originates in the macro `$crate::sqlx_macros::expand_query` which comes from the expansion of the macro `sqlx::query` (in Nightly builds, run with -Z macro-backtrace for more info)
[INFO] [stdout] 
[INFO] [stdout] 
[INFO] [stdout] error: set `DATABASE_URL` to use query macros online, or run `cargo sqlx prepare` to update the query cache
[INFO] [stdout]   --> crates/core/src/db/queries/games.rs:57:18
[INFO] [stdout]    |
[INFO] [stdout] 57 |       let result = sqlx::query!(
[INFO] [stdout]    |  __________________^
[INFO] [stdout] 58 | |         "
[INFO] [stdout] 59 | |         INSERT INTO games (fen, creator, side_time_limit, remaining_time_white, remaining_time_black)
[INFO] [stdout] 60 | |         VALUES ($1, $2, $3, $4, $5)
[INFO] [stdout] ...  |
[INFO] [stdout] 67 | |         remaining_time_black as i32,
[INFO] [stdout] 68 | |     )
[INFO] [stdout]    | |_____^
[INFO] [stdout]    |
[INFO] [stdout]    = note: this error originates in the macro `$crate::sqlx_macros::expand_query` which comes from the expansion of the macro `sqlx::query` (in Nightly builds, run with -Z macro-backtrace for more info)
[INFO] [stdout] 
[INFO] [stdout] 
[INFO] [stdout] error: set `DATABASE_URL` to use query macros online, or run `cargo sqlx prepare` to update the query cache
[INFO] [stdout]   --> crates/core/src/db/queries/games.rs:76:15
[INFO] [stdout]    |
[INFO] [stdout] 76 |       let row = sqlx::query_as!(
[INFO] [stdout]    |  _______________^
[INFO] [stdout] 77 | |         Game,
[INFO] [stdout] 78 | |         r#"
[INFO] [stdout] 79 | |         SELECT
[INFO] [stdout] ...  |
[INFO] [stdout] 90 | |         game_id
[INFO] [stdout] 91 | |     )
[INFO] [stdout]    | |_____^
[INFO] [stdout]    |
[INFO] [stdout]    = note: this error originates in the macro `$crate::sqlx_macros::expand_query` which comes from the expansion of the macro `sqlx::query_as` (in Nightly builds, run with -Z macro-backtrace for more info)
[INFO] [stdout] 
[INFO] [stdout] 
[INFO] [stdout] error: set `DATABASE_URL` to use query macros online, or run `cargo sqlx prepare` to update the query cache
[INFO] [stdout]    --> crates/core/src/db/queries/games.rs:107:16
[INFO] [stdout]     |
[INFO] [stdout] 107 |       let game = sqlx::query_as!(
[INFO] [stdout]     |  ________________^
[INFO] [stdout] 108 | |         Game,
[INFO] [stdout] 109 | |         r#"
[INFO] [stdout] 110 | |         WITH updated AS (
[INFO] [stdout] ...   |
[INFO] [stdout] 153 | |         active_color as _,
[INFO] [stdout] 154 | |     )
[INFO] [stdout]     | |_____^
[INFO] [stdout]     |
[INFO] [stdout]     = note: this error originates in the macro `$crate::sqlx_macros::expand_query` which comes from the expansion of the macro `sqlx::query_as` (in Nightly builds, run with -Z macro-backtrace for more info)
[INFO] [stdout] 
[INFO] [stdout] 
[INFO] [stdout] error: set `DATABASE_URL` to use query macros online, or run `cargo sqlx prepare` to update the query cache
[INFO] [stdout]   --> crates/core/src/db/queries/users.rs:9:16
[INFO] [stdout]    |
[INFO] [stdout]  9 |       let user = sqlx::query_as!(
[INFO] [stdout]    |  ________________^
[INFO] [stdout] 10 | |         User,
[INFO] [stdout] 11 | |         r#"
[INFO] [stdout] 12 | |         INSERT INTO users (email, password, role)
[INFO] [stdout] ...  |
[INFO] [stdout] 18 | |         role as _,
[INFO] [stdout] 19 | |     )
[INFO] [stdout]    | |_____^
[INFO] [stdout]    |
[INFO] [stdout]    = note: this error originates in the macro `$crate::sqlx_macros::expand_query` which comes from the expansion of the macro `sqlx::query_as` (in Nightly builds, run with -Z macro-backtrace for more info)
[INFO] [stdout] 
[INFO] [stdout] 
[INFO] [stdout] error: set `DATABASE_URL` to use query macros online, or run `cargo sqlx prepare` to update the query cache
[INFO] [stdout]   --> crates/core/src/db/queries/users.rs:27:16
[INFO] [stdout]    |
[INFO] [stdout] 27 |       let user = sqlx::query_as!(
[INFO] [stdout]    |  ________________^
[INFO] [stdout] 28 | |         User,
[INFO] [stdout] 29 | |         r#"
[INFO] [stdout] 30 | |         SELECT user_id, email, username, password, role as "role: UserRole"
[INFO] [stdout] ...  |
[INFO] [stdout] 33 | |         email,
[INFO] [stdout] 34 | |     )
[INFO] [stdout]    | |_____^
[INFO] [stdout]    |
[INFO] [stdout]    = note: this error originates in the macro `$crate::sqlx_macros::expand_query` which comes from the expansion of the macro `sqlx::query_as` (in Nightly builds, run with -Z macro-backtrace for more info)
[INFO] [stdout] 
[INFO] [stdout] 
[INFO] [stdout] error: set `DATABASE_URL` to use query macros online, or run `cargo sqlx prepare` to update the query cache
[INFO] [stdout]   --> crates/core/src/db/queries/users.rs:42:16
[INFO] [stdout]    |
[INFO] [stdout] 42 |       let user = sqlx::query_as!(
[INFO] [stdout]    |  ________________^
[INFO] [stdout] 43 | |         User,
[INFO] [stdout] 44 | |         r#"
[INFO] [stdout] 45 | |         SELECT user_id, email, username, password, role as "role: UserRole"
[INFO] [stdout] ...  |
[INFO] [stdout] 48 | |         user_id,
[INFO] [stdout] 49 | |     )
[INFO] [stdout]    | |_____^
[INFO] [stdout]    |
[INFO] [stdout]    = note: this error originates in the macro `$crate::sqlx_macros::expand_query` which comes from the expansion of the macro `sqlx::query_as` (in Nightly builds, run with -Z macro-backtrace for more info)
[INFO] [stdout] 
[INFO] [stdout] 
[INFO] [stdout] warning: method call on a diverging inference variable
[INFO] [stdout]   --> crates/core/src/db/queries/games.rs:25:15
[INFO] [stdout]    |
[INFO] [stdout] 25 |     Ok(result.rows_affected())
[INFO] [stdout]    |               ^^^^^^^^^^^^^
[INFO] [stdout]    |
[INFO] [stdout]    = help: consider providing a type annotation
[INFO] [stdout]    = warning: this was previously accepted by the compiler but is being phased out; it will become a hard error in a future release!
[INFO] [stdout]    = note: for more information, see issue #156047 <https://github.com/rust-lang/rust/issues/156047>
[INFO] [stdout]    = note: `#[warn(method_call_on_diverging_infer_var)]` (part of `#[warn(future_incompatible)]`) on by default
[INFO] [stdout] 
[INFO] [stdout] 
[INFO] [stdout] error[E0599]: no method named `rows_affected` found for type `!` in the current scope
[INFO] [stdout]   --> crates/core/src/db/queries/games.rs:25:15
[INFO] [stdout]    |
[INFO] [stdout] 25 |     Ok(result.rows_affected())
[INFO] [stdout]    |               ^^^^^^^^^^^^^ method not found in `!`
[INFO] [stdout] 
[INFO] [stdout] 
[INFO] [stdout] warning: method call on a diverging inference variable
[INFO] [stdout]   --> crates/core/src/db/queries/games.rs:46:15
[INFO] [stdout]    |
[INFO] [stdout] 46 |     Ok(result.rows_affected())
[INFO] [stdout]    |               ^^^^^^^^^^^^^
[INFO] [stdout]    |
[INFO] [stdout]    = help: consider providing a type annotation
[INFO] [stdout]    = warning: this was previously accepted by the compiler but is being phased out; it will become a hard error in a future release!
[INFO] [stdout]    = note: for more information, see issue #156047 <https://github.com/rust-lang/rust/issues/156047>
[INFO] [stdout] 
[INFO] [stdout] 
[INFO] [stdout] error[E0599]: no method named `rows_affected` found for type `!` in the current scope
[INFO] [stdout]   --> crates/core/src/db/queries/games.rs:46:15
[INFO] [stdout]    |
[INFO] [stdout] 46 |     Ok(result.rows_affected())
[INFO] [stdout]    |               ^^^^^^^^^^^^^ method not found in `!`
[INFO] [stdout] 
[INFO] [stdout] 
[INFO] [stdout] warning: method call on a diverging inference variable
[INFO] [stdout]   --> crates/core/src/db/queries/games.rs:25:15
[INFO] [stdout]    |
[INFO] [stdout] 25 |     Ok(result.rows_affected())
[INFO] [stdout]    |               ^^^^^^^^^^^^^
[INFO] [stdout]    |
[INFO] [stdout]    = help: consider providing a type annotation
[INFO] [stdout]    = warning: this was previously accepted by the compiler but is being phased out; it will become a hard error in a future release!
[INFO] [stdout]    = note: for more information, see issue #156047 <https://github.com/rust-lang/rust/issues/156047>
[INFO] [stdout]    = note: `#[warn(method_call_on_diverging_infer_var)]` (part of `#[warn(future_incompatible)]`) on by default
[INFO] [stdout] 
[INFO] [stdout] 
[INFO] [stdout] error[E0599]: no method named `rows_affected` found for type `!` in the current scope
[INFO] [stdout]   --> crates/core/src/db/queries/games.rs:25:15
[INFO] [stdout]    |
[INFO] [stdout] 25 |     Ok(result.rows_affected())
[INFO] [stdout]    |               ^^^^^^^^^^^^^ method not found in `!`
[INFO] [stdout] 
[INFO] [stdout] 
[INFO] [stdout] warning: method call on a diverging inference variable
[INFO] [stdout]   --> crates/core/src/db/queries/games.rs:46:15
[INFO] [stdout]    |
[INFO] [stdout] 46 |     Ok(result.rows_affected())
[INFO] [stdout]    |               ^^^^^^^^^^^^^
[INFO] [stdout]    |
[INFO] [stdout]    = help: consider providing a type annotation
[INFO] [stdout]    = warning: this was previously accepted by the compiler but is being phased out; it will become a hard error in a future release!
[INFO] [stdout]    = note: for more information, see issue #156047 <https://github.com/rust-lang/rust/issues/156047>
[INFO] [stdout] 
[INFO] [stdout] 
[INFO] [stdout] error[E0599]: no method named `rows_affected` found for type `!` in the current scope
[INFO] [stdout]   --> crates/core/src/db/queries/games.rs:46:15
[INFO] [stdout]    |
[INFO] [stdout] 46 |     Ok(result.rows_affected())
[INFO] [stdout]    |               ^^^^^^^^^^^^^ method not found in `!`
[INFO] [stdout] 
[INFO] [stdout] 
[INFO] [stdout] For more information about this error, try `rustc --explain E0599`.
[INFO] [stdout] 
[INFO] [stderr] error: could not compile `chess-core` (lib) due to 10 previous errors; 4 warnings emitted
[INFO] [stderr] warning: build failed, waiting for other jobs to finish...
[INFO] [stdout] For more information about this error, try `rustc --explain E0599`.
[INFO] [stdout] 
[INFO] [stderr] error: could not compile `chess-core` (lib test) due to 10 previous errors; 4 warnings emitted
[INFO] running `Command { std: "docker" "inspect" "578465c94f60f0bdc5770ece784d2d981648d19f8cf0a73294a0ca28aed7a8d8", kill_on_drop: false }`
[INFO] running `Command { std: "docker" "rm" "-f" "578465c94f60f0bdc5770ece784d2d981648d19f8cf0a73294a0ca28aed7a8d8", kill_on_drop: false }`
[INFO] [stdout] 578465c94f60f0bdc5770ece784d2d981648d19f8cf0a73294a0ca28aed7a8d8
