[INFO] cloning repository https://github.com/CinematicGenius007/custody
[INFO] running `Command { std: "git" "-c" "credential.helper=" "-c" "credential.helper=/workspace/cargo-home/bin/git-credential-null" "clone" "--bare" "https://github.com/CinematicGenius007/custody" "/workspace/cache/git-repos/https%3A%2F%2Fgithub.com%2FCinematicGenius007%2Fcustody", kill_on_drop: false }`
[INFO] [stderr] Cloning into bare repository '/workspace/cache/git-repos/https%3A%2F%2Fgithub.com%2FCinematicGenius007%2Fcustody'...
[INFO] running `Command { std: "git" "rev-parse" "HEAD", kill_on_drop: false }`
[INFO] [stdout] d64fd6354b3da249d1cda9a9db61dcee7e079389
[INFO] checking CinematicGenius007/custody against 3154cc1a3e6424e44f438a95007d043ed5ceaaf6+rustflags=-Znext-solver=coherence for pr-133502-30
[INFO] running `Command { std: "git" "clone" "/workspace/cache/git-repos/https%3A%2F%2Fgithub.com%2FCinematicGenius007%2Fcustody" "/workspace/builds/worker-0-tc1/source", kill_on_drop: false }`
[INFO] [stderr] Cloning into '/workspace/builds/worker-0-tc1/source'...
[INFO] [stderr] done.
[INFO] started tweaking git repo https://github.com/CinematicGenius007/custody
[INFO] finished tweaking git repo https://github.com/CinematicGenius007/custody
[INFO] tweaked toml for git repo https://github.com/CinematicGenius007/custody written to /workspace/builds/worker-0-tc1/source/Cargo.toml
[INFO] validating manifest of git repo https://github.com/CinematicGenius007/custody on toolchain 3154cc1a3e6424e44f438a95007d043ed5ceaaf6
[INFO] running `Command { std: CARGO_HOME="/workspace/cargo-home" RUSTUP_HOME="/workspace/rustup-home" "/workspace/cargo-home/bin/cargo" "+3154cc1a3e6424e44f438a95007d043ed5ceaaf6" "metadata" "--manifest-path" "Cargo.toml" "--no-deps", kill_on_drop: false }`
[INFO] crate git repo https://github.com/CinematicGenius007/custody already has a lockfile, it will not be regenerated
[INFO] running `Command { std: CARGO_HOME="/workspace/cargo-home" RUSTUP_HOME="/workspace/rustup-home" "/workspace/cargo-home/bin/cargo" "+3154cc1a3e6424e44f438a95007d043ed5ceaaf6" "fetch" "--manifest-path" "Cargo.toml", kill_on_drop: false }`
[INFO] running `Command { std: "docker" "create" "-v" "/var/lib/crater-agent-workspace/builds/worker-0-tc1/source:/opt/rustwide/workdir:ro,Z" "-v" "/var/lib/crater-agent-workspace/builds/worker-0-tc1/target:/opt/rustwide/target:rw,Z" "-v" "/var/lib/crater-agent-workspace/cargo-home:/opt/rustwide/cargo-home:ro,Z" "-v" "/var/lib/crater-agent-workspace/rustup-home:/opt/rustwide/rustup-home:ro,Z" "-m" "1610612736" "--network" "none" "ghcr.io/rust-lang/crates-build-env/linux@sha256:77db811e55d90add9212f6832c23229e3de5f1c1f9905e8cb07319ea15df73ac" "sleep" "infinity", kill_on_drop: false }`
[INFO] [stdout] a619e6e330606d31281d30c54deb80d6ef27d70e62e7988bb6d892fe29cfb5c1
[INFO] running `Command { std: "docker" "start" "a619e6e330606d31281d30c54deb80d6ef27d70e62e7988bb6d892fe29cfb5c1", kill_on_drop: false }`
[INFO] running `Command { std: "docker" "inspect" "a619e6e330606d31281d30c54deb80d6ef27d70e62e7988bb6d892fe29cfb5c1", kill_on_drop: false }`
[INFO] running `Command { std: "docker" "exec" "-e" "SOURCE_DIR=/opt/rustwide/workdir" "-e" "CARGO_HOME=/opt/rustwide/cargo-home" "-e" "RUSTUP_HOME=/opt/rustwide/rustup-home" "-e" "CARGO_TARGET_DIR=/opt/rustwide/target" "-w" "/opt/rustwide/workdir" "--user" "0:0" "a619e6e330606d31281d30c54deb80d6ef27d70e62e7988bb6d892fe29cfb5c1" "/opt/rustwide/cargo-home/bin/cargo" "+3154cc1a3e6424e44f438a95007d043ed5ceaaf6" "metadata" "--no-deps" "--format-version=1", kill_on_drop: false }`
[INFO] running `Command { std: "docker" "inspect" "a619e6e330606d31281d30c54deb80d6ef27d70e62e7988bb6d892fe29cfb5c1", kill_on_drop: false }`
[INFO] running `Command { std: "docker" "exec" "-e" "SOURCE_DIR=/opt/rustwide/workdir" "-e" "CARGO_HOME=/opt/rustwide/cargo-home" "-e" "RUSTUP_HOME=/opt/rustwide/rustup-home" "-e" "CARGO_TARGET_DIR=/opt/rustwide/target" "-e" "CARGO_INCREMENTAL=0" "-e" "RUST_BACKTRACE=full" "-e" "RUSTFLAGS=--cap-lints=forbid -Znext-solver=coherence" "-e" "RUSTDOCFLAGS=--cap-lints=forbid" "-w" "/opt/rustwide/workdir" "--user" "0:0" "a619e6e330606d31281d30c54deb80d6ef27d70e62e7988bb6d892fe29cfb5c1" "/opt/rustwide/cargo-home/bin/cargo" "+3154cc1a3e6424e44f438a95007d043ed5ceaaf6" "check" "--frozen" "--all" "--all-targets" "--message-format=json", kill_on_drop: false }`
[INFO] [stderr]     Checking subtle v2.6.1
[INFO] [stderr]     Checking const-oid v0.9.6
[INFO] [stderr]    Compiling generic-array v0.14.7
[INFO] [stderr]     Checking base64ct v1.8.3
[INFO] [stderr]    Compiling serde_core v1.0.229
[INFO] [stderr]    Compiling syn v2.0.119
[INFO] [stderr]     Checking getrandom v0.2.17
[INFO] [stderr]     Checking base16ct v0.2.0
[INFO] [stderr]     Checking memchr v2.8.3
[INFO] [stderr]    Compiling getrandom v0.4.3
[INFO] [stderr]     Checking rand_core v0.6.4
[INFO] [stderr]    Compiling serde v1.0.229
[INFO] [stderr]    Compiling blake3 v1.8.6
[INFO] [stderr]     Checking ff v0.13.1
[INFO] [stderr]     Checking core-foundation-sys v0.8.7
[INFO] [stderr]     Checking pem-rfc7468 v0.7.0
[INFO] [stderr]     Checking group v0.13.0
[INFO] [stderr]     Checking opaque-debug v0.3.1
[INFO] [stderr]     Checking password-hash v0.5.0
[INFO] [stderr]     Checking winnow v1.0.4
[INFO] [stderr]     Checking cpufeatures v0.3.0
[INFO] [stderr]     Checking constant_time_eq v0.4.2
[INFO] [stderr]     Checking uuid v1.24.0
[INFO] [stderr]     Checking core-foundation v0.10.1
[INFO] [stderr]     Checking security-framework-sys v2.17.0
[INFO] [stderr]     Checking bitflags v2.13.1
[INFO] [stderr]     Checking toml_writer v1.1.2+spec-1.1.0
[INFO] [stderr]     Checking toml_parser v1.1.3+spec-1.1.0
[INFO] [stderr]     Checking anstyle-parse v1.0.0
[INFO] [stderr]     Checking colorchoice v1.0.5
[INFO] [stderr]     Checking anstyle v1.0.14
[INFO] [stderr]     Checking anstyle-query v1.1.5
[INFO] [stderr]     Checking security-framework v3.7.0
[INFO] [stderr]     Checking is_terminal_polyfill v1.70.2
[INFO] [stderr]     Checking tinyvec v1.12.0
[INFO] [stderr]     Checking aho-corasick v1.1.5
[INFO] [stderr]     Checking hex-conservative v0.2.2
[INFO] [stderr]     Checking anstream v1.0.0
[INFO] [stderr]     Checking clap_lex v1.1.0
[INFO] [stderr]     Checking regex-syntax v0.8.11
[INFO] [stderr]     Checking bitcoin_hashes v0.14.101
[INFO] [stderr]    Compiling clap_derive v4.6.4
[INFO] [stderr]     Checking clap_builder v4.6.6
[INFO] [stderr]     Checking unicode-normalization v0.1.25
[INFO] [stderr]     Checking rtoolbox v0.0.5
[INFO] [stderr]     Checking rpassword v7.5.4
[INFO] [stderr]     Checking serde_json v1.0.151
[INFO] [stderr]     Checking serde_spanned v1.1.1
[INFO] [stderr]     Checking toml_datetime v1.1.1+spec-1.1.0
[INFO] [stderr]     Checking toml v1.1.4+spec-1.1.0
[INFO] [stderr]     Checking clap v4.6.6
[INFO] [stderr]     Checking regex-automata v0.4.18
[INFO] [stderr]     Checking bip39 v2.2.2
[INFO] [stderr]    Compiling zeroize_derive v1.5.0
[INFO] [stderr]     Checking zeroize v1.9.0
[INFO] [stderr]     Checking der v0.7.10
[INFO] [stderr]     Checking sec-platform v0.1.0 (/opt/rustwide/workdir/crates/sec-platform)
[INFO] [stderr]     Checking secrecy v0.10.3
[INFO] [stderr]     Checking regex v1.13.1
[INFO] [stderr]     Checking sec-platform-macos v0.1.0 (/opt/rustwide/workdir/crates/sec-platform-macos)
[INFO] [stdout] error[E0432]: unresolved import `security_framework::access_control`
[INFO] [stdout]   --> crates/sec-platform-macos/src/lib.rs:33:25
[INFO] [stdout]    |
[INFO] [stdout] 33 | use security_framework::access_control::SecAccessControl;
[INFO] [stdout]    |                         ^^^^^^^^^^^^^^ could not find `access_control` in `security_framework`
[INFO] [stdout] 
[INFO] [stdout] 
[INFO] [stdout] error[E0432]: unresolved import `security_framework::item`
[INFO] [stdout]   --> crates/sec-platform-macos/src/lib.rs:34:25
[INFO] [stdout]    |
[INFO] [stdout] 34 | use security_framework::item::{
[INFO] [stdout]    |                         ^^^^ could not find `item` in `security_framework`
[INFO] [stdout] 
[INFO] [stdout] 
[INFO] [stdout] error[E0432]: unresolved import `security_framework::key`
[INFO] [stdout]   --> crates/sec-platform-macos/src/lib.rs:37:25
[INFO] [stdout]    |
[INFO] [stdout] 37 | use security_framework::key::{Algorithm, GenerateKeyOptions, KeyType, SecKey, Token};
[INFO] [stdout]    |                         ^^^ could not find `key` in `security_framework`
[INFO] [stdout] 
[INFO] [stdout] 
[INFO] [stdout] error[E0432]: unresolved import `security_framework::passwords_options`
[INFO] [stdout]   --> crates/sec-platform-macos/src/lib.rs:38:25
[INFO] [stdout]    |
[INFO] [stdout] 38 | use security_framework::passwords_options::AccessControlOptions;
[INFO] [stdout]    |                         ^^^^^^^^^^^^^^^^^ could not find `passwords_options` in `security_framework`
[INFO] [stdout] 
[INFO] [stdout] 
[INFO] [stdout] error[E0432]: unresolved import `security_framework::access_control`
[INFO] [stdout]   --> crates/sec-platform-macos/src/lib.rs:33:25
[INFO] [stdout]    |
[INFO] [stdout] 33 | use security_framework::access_control::SecAccessControl;
[INFO] [stdout]    |                         ^^^^^^^^^^^^^^ could not find `access_control` in `security_framework`
[INFO] [stdout] 
[INFO] [stdout] 
[INFO] [stdout] error[E0432]: unresolved import `security_framework::item`
[INFO] [stdout]   --> crates/sec-platform-macos/src/lib.rs:34:25
[INFO] [stdout]    |
[INFO] [stdout] 34 | use security_framework::item::{
[INFO] [stdout]    |                         ^^^^ could not find `item` in `security_framework`
[INFO] [stdout] 
[INFO] [stdout] 
[INFO] [stdout] error[E0432]: unresolved import `security_framework::key`
[INFO] [stdout]   --> crates/sec-platform-macos/src/lib.rs:37:25
[INFO] [stdout]    |
[INFO] [stdout] 37 | use security_framework::key::{Algorithm, GenerateKeyOptions, KeyType, SecKey, Token};
[INFO] [stdout]    |                         ^^^ could not find `key` in `security_framework`
[INFO] [stdout] 
[INFO] [stdout] 
[INFO] [stdout] error[E0432]: unresolved import `security_framework::passwords_options`
[INFO] [stdout]   --> crates/sec-platform-macos/src/lib.rs:38:25
[INFO] [stdout]    |
[INFO] [stdout] 38 | use security_framework::passwords_options::AccessControlOptions;
[INFO] [stdout]    |                         ^^^^^^^^^^^^^^^^^ could not find `passwords_options` in `security_framework`
[INFO] [stdout] 
[INFO] [stdout] 
[INFO] [stdout] For more information about this error, try `rustc --explain E0432`.
[INFO] [stdout] 
[INFO] [stderr] error: could not compile `sec-platform-macos` (lib) due to 4 previous errors
[INFO] [stderr] warning: build failed, waiting for other jobs to finish...
[INFO] [stdout] For more information about this error, try `rustc --explain E0432`.
[INFO] [stdout] 
[INFO] [stderr] error: could not compile `sec-platform-macos` (lib test) due to 4 previous errors
[INFO] running `Command { std: "docker" "inspect" "a619e6e330606d31281d30c54deb80d6ef27d70e62e7988bb6d892fe29cfb5c1", kill_on_drop: false }`
[INFO] running `Command { std: "docker" "rm" "-f" "a619e6e330606d31281d30c54deb80d6ef27d70e62e7988bb6d892fe29cfb5c1", kill_on_drop: false }`
[INFO] [stdout] a619e6e330606d31281d30c54deb80d6ef27d70e62e7988bb6d892fe29cfb5c1
