[INFO] cloning repository https://github.com/ChrisMangin/AdapterSync
[INFO] running `Command { std: "git" "-c" "credential.helper=" "-c" "credential.helper=/workspace/cargo-home/bin/git-credential-null" "clone" "--bare" "https://github.com/ChrisMangin/AdapterSync" "/workspace/cache/git-repos/https%3A%2F%2Fgithub.com%2FChrisMangin%2FAdapterSync", kill_on_drop: false }`
[INFO] [stderr] Cloning into bare repository '/workspace/cache/git-repos/https%3A%2F%2Fgithub.com%2FChrisMangin%2FAdapterSync'...
[INFO] running `Command { std: "git" "rev-parse" "HEAD", kill_on_drop: false }`
[INFO] [stdout] 7728337871e249b65f4e411aefbb5525de9f5425
[INFO] checking ChrisMangin/AdapterSync against 3154cc1a3e6424e44f438a95007d043ed5ceaaf6+rustflags=-Znext-solver=coherence for pr-133502-30
[INFO] running `Command { std: "git" "clone" "/workspace/cache/git-repos/https%3A%2F%2Fgithub.com%2FChrisMangin%2FAdapterSync" "/workspace/builds/worker-1-tc1/source", kill_on_drop: false }`
[INFO] [stderr] Cloning into '/workspace/builds/worker-1-tc1/source'...
[INFO] [stderr] done.
[INFO] started tweaking git repo https://github.com/ChrisMangin/AdapterSync
[INFO] finished tweaking git repo https://github.com/ChrisMangin/AdapterSync
[INFO] tweaked toml for git repo https://github.com/ChrisMangin/AdapterSync written to /workspace/builds/worker-1-tc1/source/Cargo.toml
[INFO] validating manifest of git repo https://github.com/ChrisMangin/AdapterSync on toolchain 3154cc1a3e6424e44f438a95007d043ed5ceaaf6
[INFO] running `Command { std: CARGO_HOME="/workspace/cargo-home" RUSTUP_HOME="/workspace/rustup-home" "/workspace/cargo-home/bin/cargo" "+3154cc1a3e6424e44f438a95007d043ed5ceaaf6" "metadata" "--manifest-path" "Cargo.toml" "--no-deps", kill_on_drop: false }`
[INFO] crate git repo https://github.com/ChrisMangin/AdapterSync already has a lockfile, it will not be regenerated
[INFO] running `Command { std: CARGO_HOME="/workspace/cargo-home" RUSTUP_HOME="/workspace/rustup-home" "/workspace/cargo-home/bin/cargo" "+3154cc1a3e6424e44f438a95007d043ed5ceaaf6" "fetch" "--manifest-path" "Cargo.toml", kill_on_drop: false }`
[INFO] [stderr]  Downloading crates ...
[INFO] [stderr]   Downloaded muda v0.14.1
[INFO] [stderr]   Downloaded tray-icon v0.17.0
[INFO] running `Command { std: "docker" "create" "-v" "/var/lib/crater-agent-workspace/builds/worker-1-tc1/source:/opt/rustwide/workdir:ro,Z" "-v" "/var/lib/crater-agent-workspace/builds/worker-1-tc1/target:/opt/rustwide/target:rw,Z" "-v" "/var/lib/crater-agent-workspace/cargo-home:/opt/rustwide/cargo-home:ro,Z" "-v" "/var/lib/crater-agent-workspace/rustup-home:/opt/rustwide/rustup-home:ro,Z" "-m" "1610612736" "--network" "none" "ghcr.io/rust-lang/crates-build-env/linux@sha256:77db811e55d90add9212f6832c23229e3de5f1c1f9905e8cb07319ea15df73ac" "sleep" "infinity", kill_on_drop: false }`
[INFO] [stdout] 80362ecb8d2cfc4c7958f3fcae4a8c36a65fd720447654ea610148d915386345
[INFO] running `Command { std: "docker" "start" "80362ecb8d2cfc4c7958f3fcae4a8c36a65fd720447654ea610148d915386345", kill_on_drop: false }`
[INFO] running `Command { std: "docker" "inspect" "80362ecb8d2cfc4c7958f3fcae4a8c36a65fd720447654ea610148d915386345", kill_on_drop: false }`
[INFO] running `Command { std: "docker" "exec" "-e" "SOURCE_DIR=/opt/rustwide/workdir" "-e" "CARGO_HOME=/opt/rustwide/cargo-home" "-e" "RUSTUP_HOME=/opt/rustwide/rustup-home" "-e" "CARGO_TARGET_DIR=/opt/rustwide/target" "-w" "/opt/rustwide/workdir" "--user" "0:0" "80362ecb8d2cfc4c7958f3fcae4a8c36a65fd720447654ea610148d915386345" "/opt/rustwide/cargo-home/bin/cargo" "+3154cc1a3e6424e44f438a95007d043ed5ceaaf6" "metadata" "--no-deps" "--format-version=1", kill_on_drop: false }`
[INFO] running `Command { std: "docker" "inspect" "80362ecb8d2cfc4c7958f3fcae4a8c36a65fd720447654ea610148d915386345", kill_on_drop: false }`
[INFO] running `Command { std: "docker" "exec" "-e" "SOURCE_DIR=/opt/rustwide/workdir" "-e" "CARGO_HOME=/opt/rustwide/cargo-home" "-e" "RUSTUP_HOME=/opt/rustwide/rustup-home" "-e" "CARGO_TARGET_DIR=/opt/rustwide/target" "-e" "CARGO_INCREMENTAL=0" "-e" "RUST_BACKTRACE=full" "-e" "RUSTFLAGS=--cap-lints=forbid -Znext-solver=coherence" "-e" "RUSTDOCFLAGS=--cap-lints=forbid" "-w" "/opt/rustwide/workdir" "--user" "0:0" "80362ecb8d2cfc4c7958f3fcae4a8c36a65fd720447654ea610148d915386345" "/opt/rustwide/cargo-home/bin/cargo" "+3154cc1a3e6424e44f438a95007d043ed5ceaaf6" "check" "--frozen" "--all" "--all-targets" "--message-format=json", kill_on_drop: false }`
[INFO] [stderr]     Checking pin-project-lite v0.2.17
[INFO] [stderr]     Checking cfg-if v1.0.4
[INFO] [stderr]     Checking futures-core v0.3.33
[INFO] [stderr]     Checking bytes v1.12.1
[INFO] [stderr]    Compiling libc v0.2.189
[INFO] [stderr]     Checking futures-sink v0.3.33
[INFO] [stderr]     Checking itoa v1.0.18
[INFO] [stderr]    Compiling syn v3.0.3
[INFO] [stderr]    Compiling syn v2.0.119
[INFO] [stderr]     Checking smallvec v1.15.2
[INFO] [stderr]    Compiling parking_lot_core v0.9.12
[INFO] [stderr]     Checking scopeguard v1.2.0
[INFO] [stderr]     Checking futures-channel v0.3.33
[INFO] [stderr]     Checking lock_api v0.4.14
[INFO] [stderr]    Compiling typenum v1.20.1
[INFO] [stderr]    Compiling serde_core v1.0.229
[INFO] [stderr]     Checking memchr v2.8.3
[INFO] [stderr]     Checking once_cell v1.21.4
[INFO] [stderr]     Checking tracing-core v0.1.36
[INFO] [stderr]     Checking http v1.5.0
[INFO] [stderr]     Checking futures-task v0.3.33
[INFO] [stderr]     Checking slab v0.4.12
[INFO] [stderr]     Checking errno v0.3.14
[INFO] [stderr]     Checking signal-hook-registry v1.4.8
[INFO] [stderr]     Checking socket2 v0.6.5
[INFO] [stderr]     Checking parking_lot v0.12.5
[INFO] [stderr]    Compiling hybrid-array v0.4.14
[INFO] [stderr]     Checking mio v1.2.2
[INFO] [stderr]     Checking futures-io v0.3.33
[INFO] [stderr]     Checking log v0.4.33
[INFO] [stderr]    Compiling serde v1.0.229
[INFO] [stderr]     Checking http-body v1.1.0
[INFO] [stderr]    Compiling const-oid v0.10.2
[INFO] [stderr]    Compiling mime_guess v2.0.5
[INFO] [stderr]    Compiling httparse v1.10.1
[INFO] [stderr]    Compiling block-buffer v0.12.1
[INFO] [stderr]    Compiling crypto-common v0.2.2
[INFO] [stderr]     Checking tower-service v0.3.3
[INFO] [stderr]    Compiling cpufeatures v0.3.0
[INFO] [stderr]    Compiling zmij v1.0.23
[INFO] [stderr]     Checking tower-layer v0.3.3
[INFO] [stderr]     Checking httpdate v1.0.3
[INFO] [stderr]     Checking atomic-waker v1.1.2
[INFO] [stderr]     Checking percent-encoding v2.3.2
[INFO] [stderr]    Compiling mime v0.3.17
[INFO] [stderr]     Checking same-file v1.0.6
[INFO] [stderr]     Checking regex-syntax v0.8.11
[INFO] [stderr]    Compiling serde_json v1.0.151
[INFO] [stderr]    Compiling toml v0.5.11
[INFO] [stderr]     Checking sync_wrapper v1.0.2
[INFO] [stderr]    Compiling digest v0.11.3
[INFO] [stderr]     Checking walkdir v2.5.0
[INFO] [stderr]    Compiling sha2 v0.11.0
[INFO] [stderr]     Checking form_urlencoded v1.2.2
[INFO] [stderr]    Compiling num-traits v0.2.19
[INFO] [stderr]     Checking http-body-util v0.1.4
[INFO] [stderr]     Checking ryu v1.0.23
[INFO] [stderr]     Checking lazy_static v1.5.0
[INFO] [stderr]    Compiling rust-embed-utils v8.12.0
[INFO] [stderr]     Checking sharded-slab v0.1.7
[INFO] [stderr]    Compiling winres v0.1.12
[INFO] [stderr]     Checking regex-automata v0.4.16
[INFO] [stderr]     Checking serde_path_to_error v0.1.20
[INFO] [stderr]    Compiling adapter-sync v1.0.5 (/opt/rustwide/workdir)
[INFO] [stderr]     Checking tracing-log v0.2.0
[INFO] [stderr]     Checking thread_local v1.1.10
[INFO] [stderr]     Checking nu-ansi-term v0.50.3
[INFO] [stderr]     Checking matchit v0.7.3
[INFO] [stderr]     Checking iana-time-zone v0.1.65
[INFO] [stderr]    Compiling tokio-macros v2.7.2
[INFO] [stderr]    Compiling serde_derive v1.0.229
[INFO] [stderr]    Compiling async-trait v0.1.91
[INFO] [stderr]     Checking tokio v1.53.1
[INFO] [stderr]    Compiling futures-macro v0.3.33
[INFO] [stderr]    Compiling tracing-attributes v0.1.31
[INFO] [stderr]    Compiling rust-embed-impl v8.12.0
[INFO] [stderr]     Checking futures-util v0.3.33
[INFO] [stderr]     Checking rust-embed v8.12.0
[INFO] [stderr]     Checking tracing v0.1.44
[INFO] [stderr]     Checking matchers v0.2.0
[INFO] [stderr]     Checking tracing-subscriber v0.3.23
[INFO] [stderr]     Checking serde_urlencoded v0.7.1
[INFO] [stderr]     Checking chrono v0.4.45
[INFO] [stderr]     Checking axum-core v0.4.5
[INFO] [stderr]     Checking futures-executor v0.3.33
[INFO] [stderr]     Checking futures v0.3.33
[INFO] [stderr]     Checking hyper v1.11.0
[INFO] [stderr]     Checking tokio-util v0.7.19
[INFO] [stderr]     Checking tower v0.5.3
[INFO] [stderr]     Checking tokio-stream v0.1.19
[INFO] [stderr]     Checking hyper-util v0.1.20
[INFO] [stderr]     Checking axum v0.7.9
[INFO] [stdout] error[E0433]: cannot find `windows` in `os`
[INFO] [stdout]  --> src/adapter.rs:6:14
[INFO] [stdout]   |
[INFO] [stdout] 6 | use std::os::windows::process::CommandExt;
[INFO] [stdout]   |              ^^^^^^^ could not find `windows` in `os`
[INFO] [stdout]   |
[INFO] [stdout] note: found an item that was configured out
[INFO] [stdout]  --> /rustc/3154cc1a3e6424e44f438a95007d043ed5ceaaf6/library/std/src/os/mod.rs:62:4
[INFO] [stdout]   |
[INFO] [stdout]   = note: the item is gated behind the `windows` feature
[INFO] [stdout] 
[INFO] [stdout] 
[INFO] [stdout] error[E0433]: cannot find `windows` in `os`
[INFO] [stdout]    --> src/api.rs:503:26
[INFO] [stdout]     |
[INFO] [stdout] 503 |             use std::os::windows::process::CommandExt;
[INFO] [stdout]     |                          ^^^^^^^ could not find `windows` in `os`
[INFO] [stdout]     |
[INFO] [stdout] note: found an item that was configured out
[INFO] [stdout]    --> /rustc/3154cc1a3e6424e44f438a95007d043ed5ceaaf6/library/std/src/os/mod.rs:62:4
[INFO] [stdout]     |
[INFO] [stdout]     = note: the item is gated behind the `windows` feature
[INFO] [stdout] 
[INFO] [stdout] 
[INFO] [stdout] error[E0433]: cannot find `windows` in `os`
[INFO] [stdout]    --> src/engine.rs:673:18
[INFO] [stdout]     |
[INFO] [stdout] 673 |     use std::os::windows::process::CommandExt;
[INFO] [stdout]     |                  ^^^^^^^ could not find `windows` in `os`
[INFO] [stdout]     |
[INFO] [stdout] note: found an item that was configured out
[INFO] [stdout]    --> /rustc/3154cc1a3e6424e44f438a95007d043ed5ceaaf6/library/std/src/os/mod.rs:62:4
[INFO] [stdout]     |
[INFO] [stdout]     = note: the item is gated behind the `windows` feature
[INFO] [stdout] 
[INFO] [stdout] 
[INFO] [stdout] error[E0433]: cannot find `windows` in `os`
[INFO] [stdout]   --> src/probe.rs:23:18
[INFO] [stdout]    |
[INFO] [stdout] 23 |     use std::os::windows::process::CommandExt;
[INFO] [stdout]    |                  ^^^^^^^ could not find `windows` in `os`
[INFO] [stdout]    |
[INFO] [stdout] note: found an item that was configured out
[INFO] [stdout]   --> /rustc/3154cc1a3e6424e44f438a95007d043ed5ceaaf6/library/std/src/os/mod.rs:62:4
[INFO] [stdout]    |
[INFO] [stdout]    = note: the item is gated behind the `windows` feature
[INFO] [stdout] 
[INFO] [stdout] 
[INFO] [stdout] error[E0433]: cannot find `windows` in `os`
[INFO] [stdout]    --> src/main.rs:134:18
[INFO] [stdout]     |
[INFO] [stdout] 134 |     use std::os::windows::process::CommandExt;
[INFO] [stdout]     |                  ^^^^^^^ could not find `windows` in `os`
[INFO] [stdout]     |
[INFO] [stdout] note: found an item that was configured out
[INFO] [stdout]    --> /rustc/3154cc1a3e6424e44f438a95007d043ed5ceaaf6/library/std/src/os/mod.rs:62:4
[INFO] [stdout]     |
[INFO] [stdout]     = note: the item is gated behind the `windows` feature
[INFO] [stdout] 
[INFO] [stdout] 
[INFO] [stdout] error[E0433]: cannot find `windows` in `os`
[INFO] [stdout]    --> src/main.rs:146:18
[INFO] [stdout]     |
[INFO] [stdout] 146 |     use std::os::windows::process::CommandExt;
[INFO] [stdout]     |                  ^^^^^^^ could not find `windows` in `os`
[INFO] [stdout]     |
[INFO] [stdout] note: found an item that was configured out
[INFO] [stdout]    --> /rustc/3154cc1a3e6424e44f438a95007d043ed5ceaaf6/library/std/src/os/mod.rs:62:4
[INFO] [stdout]     |
[INFO] [stdout]     = note: the item is gated behind the `windows` feature
[INFO] [stdout] 
[INFO] [stdout] 
[INFO] [stdout] error[E0433]: cannot find `windows` in `os`
[INFO] [stdout]    --> src/main.rs:354:18
[INFO] [stdout]     |
[INFO] [stdout] 354 |     use std::os::windows::process::CommandExt;
[INFO] [stdout]     |                  ^^^^^^^ could not find `windows` in `os`
[INFO] [stdout]     |
[INFO] [stdout] note: found an item that was configured out
[INFO] [stdout]    --> /rustc/3154cc1a3e6424e44f438a95007d043ed5ceaaf6/library/std/src/os/mod.rs:62:4
[INFO] [stdout]     |
[INFO] [stdout]     = note: the item is gated behind the `windows` feature
[INFO] [stdout] 
[INFO] [stdout] 
[INFO] [stdout] error[E0433]: cannot find `windows` in `os`
[INFO] [stdout]    --> src/main.rs:373:18
[INFO] [stdout]     |
[INFO] [stdout] 373 |     use std::os::windows::process::CommandExt;
[INFO] [stdout]     |                  ^^^^^^^ could not find `windows` in `os`
[INFO] [stdout]     |
[INFO] [stdout] note: found an item that was configured out
[INFO] [stdout]    --> /rustc/3154cc1a3e6424e44f438a95007d043ed5ceaaf6/library/std/src/os/mod.rs:62:4
[INFO] [stdout]     |
[INFO] [stdout]     = note: the item is gated behind the `windows` feature
[INFO] [stdout] 
[INFO] [stdout] 
[INFO] [stdout] error[E0433]: cannot find `windows` in `os`
[INFO] [stdout]  --> src/adapter.rs:6:14
[INFO] [stdout]   |
[INFO] [stdout] 6 | use std::os::windows::process::CommandExt;
[INFO] [stdout]   |              ^^^^^^^ could not find `windows` in `os`
[INFO] [stdout]   |
[INFO] [stdout] note: found an item that was configured out
[INFO] [stdout]  --> /rustc/3154cc1a3e6424e44f438a95007d043ed5ceaaf6/library/std/src/os/mod.rs:62:4
[INFO] [stdout]   |
[INFO] [stdout]   = note: the item is gated behind the `windows` feature
[INFO] [stdout] 
[INFO] [stdout] 
[INFO] [stdout] error[E0433]: cannot find `windows` in `os`
[INFO] [stdout]    --> src/api.rs:503:26
[INFO] [stdout]     |
[INFO] [stdout] 503 |             use std::os::windows::process::CommandExt;
[INFO] [stdout]     |                          ^^^^^^^ could not find `windows` in `os`
[INFO] [stdout]     |
[INFO] [stdout] note: found an item that was configured out
[INFO] [stdout]    --> /rustc/3154cc1a3e6424e44f438a95007d043ed5ceaaf6/library/std/src/os/mod.rs:62:4
[INFO] [stdout]     |
[INFO] [stdout]     = note: the item is gated behind the `windows` feature
[INFO] [stdout] 
[INFO] [stdout] 
[INFO] [stdout] error[E0433]: cannot find `windows` in `os`
[INFO] [stdout]    --> src/engine.rs:673:18
[INFO] [stdout]     |
[INFO] [stdout] 673 |     use std::os::windows::process::CommandExt;
[INFO] [stdout]     |                  ^^^^^^^ could not find `windows` in `os`
[INFO] [stdout]     |
[INFO] [stdout] note: found an item that was configured out
[INFO] [stdout]    --> /rustc/3154cc1a3e6424e44f438a95007d043ed5ceaaf6/library/std/src/os/mod.rs:62:4
[INFO] [stdout]     |
[INFO] [stdout]     = note: the item is gated behind the `windows` feature
[INFO] [stdout] 
[INFO] [stdout] 
[INFO] [stdout] error[E0433]: cannot find `windows` in `os`
[INFO] [stdout]   --> src/probe.rs:23:18
[INFO] [stdout]    |
[INFO] [stdout] 23 |     use std::os::windows::process::CommandExt;
[INFO] [stdout]    |                  ^^^^^^^ could not find `windows` in `os`
[INFO] [stdout]    |
[INFO] [stdout] note: found an item that was configured out
[INFO] [stdout]   --> /rustc/3154cc1a3e6424e44f438a95007d043ed5ceaaf6/library/std/src/os/mod.rs:62:4
[INFO] [stdout]    |
[INFO] [stdout]    = note: the item is gated behind the `windows` feature
[INFO] [stdout] 
[INFO] [stdout] 
[INFO] [stdout] error[E0433]: cannot find `windows` in `os`
[INFO] [stdout]    --> src/main.rs:134:18
[INFO] [stdout]     |
[INFO] [stdout] 134 |     use std::os::windows::process::CommandExt;
[INFO] [stdout]     |                  ^^^^^^^ could not find `windows` in `os`
[INFO] [stdout]     |
[INFO] [stdout] note: found an item that was configured out
[INFO] [stdout]    --> /rustc/3154cc1a3e6424e44f438a95007d043ed5ceaaf6/library/std/src/os/mod.rs:62:4
[INFO] [stdout]     |
[INFO] [stdout]     = note: the item is gated behind the `windows` feature
[INFO] [stdout] 
[INFO] [stdout] 
[INFO] [stdout] error[E0433]: cannot find `windows` in `os`
[INFO] [stdout]    --> src/main.rs:146:18
[INFO] [stdout]     |
[INFO] [stdout] 146 |     use std::os::windows::process::CommandExt;
[INFO] [stdout]     |                  ^^^^^^^ could not find `windows` in `os`
[INFO] [stdout]     |
[INFO] [stdout] note: found an item that was configured out
[INFO] [stdout]    --> /rustc/3154cc1a3e6424e44f438a95007d043ed5ceaaf6/library/std/src/os/mod.rs:62:4
[INFO] [stdout]     |
[INFO] [stdout]     = note: the item is gated behind the `windows` feature
[INFO] [stdout] 
[INFO] [stdout] 
[INFO] [stdout] error[E0433]: cannot find `windows` in `os`
[INFO] [stdout]    --> src/main.rs:354:18
[INFO] [stdout]     |
[INFO] [stdout] 354 |     use std::os::windows::process::CommandExt;
[INFO] [stdout]     |                  ^^^^^^^ could not find `windows` in `os`
[INFO] [stdout]     |
[INFO] [stdout] note: found an item that was configured out
[INFO] [stdout]    --> /rustc/3154cc1a3e6424e44f438a95007d043ed5ceaaf6/library/std/src/os/mod.rs:62:4
[INFO] [stdout]     |
[INFO] [stdout]     = note: the item is gated behind the `windows` feature
[INFO] [stdout] 
[INFO] [stdout] 
[INFO] [stdout] error[E0433]: cannot find `windows` in `os`
[INFO] [stdout]    --> src/main.rs:373:18
[INFO] [stdout]     |
[INFO] [stdout] 373 |     use std::os::windows::process::CommandExt;
[INFO] [stdout]     |                  ^^^^^^^ could not find `windows` in `os`
[INFO] [stdout]     |
[INFO] [stdout] note: found an item that was configured out
[INFO] [stdout]    --> /rustc/3154cc1a3e6424e44f438a95007d043ed5ceaaf6/library/std/src/os/mod.rs:62:4
[INFO] [stdout]     |
[INFO] [stdout]     = note: the item is gated behind the `windows` feature
[INFO] [stdout] 
[INFO] [stdout] 
[INFO] [stdout] error[E0599]: no method named `creation_flags` found for mutable reference `&mut std::process::Command` in the current scope
[INFO] [stdout]    --> src/api.rs:507:18
[INFO] [stdout]     |
[INFO] [stdout] 505 |             match std::process::Command::new("powershell")
[INFO] [stdout] 506 |                 .args(["-NoProfile", "-NonInteractive", "-Command", &cmd])
[INFO] [stdout] 507 |                 .creation_flags(CREATE_NO_WINDOW)
[INFO] [stdout]     |                  ^^^^^^^^^^^^^^ method not found in `&mut std::process::Command`
[INFO] [stdout] 
[INFO] [stdout] 
[INFO] [stdout] error[E0599]: no method named `creation_flags` found for mutable reference `&mut std::process::Command` in the current scope
[INFO] [stdout]    --> src/api.rs:507:18
[INFO] [stdout]     |
[INFO] [stdout] 505 |             match std::process::Command::new("powershell")
[INFO] [stdout] 506 |                 .args(["-NoProfile", "-NonInteractive", "-Command", &cmd])
[INFO] [stdout] 507 |                 .creation_flags(CREATE_NO_WINDOW)
[INFO] [stdout]     |                  ^^^^^^^^^^^^^^ method not found in `&mut std::process::Command`
[INFO] [stdout] 
[INFO] [stdout] 
[INFO] [stdout] error[E0599]: no method named `creation_flags` found for mutable reference `&mut std::process::Command` in the current scope
[INFO] [stdout]   --> src/probe.rs:28:14
[INFO] [stdout]    |
[INFO] [stdout] 26 |         std::process::Command::new("ping")
[INFO] [stdout] 27 |             .args(["-n", "1", "-w", "500", &ip])
[INFO] [stdout] 28 |             .creation_flags(CREATE_NO_WINDOW)
[INFO] [stdout]    |              ^^^^^^^^^^^^^^ method not found in `&mut std::process::Command`
[INFO] [stdout] 
[INFO] [stdout] 
[INFO] [stdout] error[E0599]: no method named `creation_flags` found for mutable reference `&mut std::process::Command` in the current scope
[INFO] [stdout]    --> src/adapter.rs:211:10
[INFO] [stdout]     |
[INFO] [stdout] 209 |     Command::new("route")
[INFO] [stdout] 210 |         .args(["add", &r.destination, "mask", &r.mask, &r.gateway])
[INFO] [stdout] 211 |         .creation_flags(CREATE_NO_WINDOW)
[INFO] [stdout]     |          ^^^^^^^^^^^^^^ method not found in `&mut std::process::Command`
[INFO] [stdout] 
[INFO] [stdout] 
[INFO] [stdout] error[E0599]: no method named `creation_flags` found for mutable reference `&mut std::process::Command` in the current scope
[INFO] [stdout]    --> src/adapter.rs:221:10
[INFO] [stdout]     |
[INFO] [stdout] 219 |     let _ = Command::new("route")
[INFO] [stdout] 220 |         .args(["delete", &r.destination, "mask", &r.mask])
[INFO] [stdout] 221 |         .creation_flags(CREATE_NO_WINDOW)
[INFO] [stdout]     |          ^^^^^^^^^^^^^^ method not found in `&mut std::process::Command`
[INFO] [stdout] 
[INFO] [stdout] 
[INFO] [stdout] error[E0599]: no method named `creation_flags` found for mutable reference `&mut std::process::Command` in the current scope
[INFO] [stdout]    --> src/adapter.rs:264:10
[INFO] [stdout]     |
[INFO] [stdout] 262 |     let _ = Command::new("cmd")
[INFO] [stdout] 263 |         .args(["/c", cmd])
[INFO] [stdout] 264 |         .creation_flags(CREATE_NO_WINDOW)
[INFO] [stdout]     |          ^^^^^^^^^^^^^^ method not found in `&mut std::process::Command`
[INFO] [stdout] 
[INFO] [stdout] 
[INFO] [stdout] error[E0599]: no method named `creation_flags` found for mutable reference `&mut std::process::Command` in the current scope
[INFO] [stdout]    --> src/adapter.rs:274:10
[INFO] [stdout]     |
[INFO] [stdout] 272 |     Command::new("ping")
[INFO] [stdout] 273 |         .args(["-n", "1", "-w", "300", ip])
[INFO] [stdout] 274 |         .creation_flags(CREATE_NO_WINDOW)
[INFO] [stdout]     |          ^^^^^^^^^^^^^^ method not found in `&mut std::process::Command`
[INFO] [stdout] 
[INFO] [stdout] 
[INFO] [stdout] error[E0599]: no method named `creation_flags` found for mutable reference `&mut std::process::Command` in the current scope
[INFO] [stdout]    --> src/adapter.rs:350:10
[INFO] [stdout]     |
[INFO] [stdout] 348 |     let out = Command::new("netsh")
[INFO] [stdout] 349 |         .args(args)
[INFO] [stdout] 350 |         .creation_flags(CREATE_NO_WINDOW)
[INFO] [stdout]     |          ^^^^^^^^^^^^^^ method not found in `&mut std::process::Command`
[INFO] [stdout] 
[INFO] [stdout] 
[INFO] [stdout] error[E0599]: no method named `creation_flags` found for mutable reference `&mut std::process::Command` in the current scope
[INFO] [stdout]   --> src/probe.rs:28:14
[INFO] [stdout]    |
[INFO] [stdout] 26 |         std::process::Command::new("ping")
[INFO] [stdout] 27 |             .args(["-n", "1", "-w", "500", &ip])
[INFO] [stdout] 28 |             .creation_flags(CREATE_NO_WINDOW)
[INFO] [stdout]    |              ^^^^^^^^^^^^^^ method not found in `&mut std::process::Command`
[INFO] [stdout] 
[INFO] [stdout] 
[INFO] [stdout] error[E0599]: no method named `creation_flags` found for mutable reference `&mut std::process::Command` in the current scope
[INFO] [stdout]    --> src/engine.rs:677:10
[INFO] [stdout]     |
[INFO] [stdout] 675 |     let _ = std::process::Command::new("cmd")
[INFO] [stdout] 676 |         .args(["/c", "start", "", "http://localhost:7474"])
[INFO] [stdout] 677 |         .creation_flags(CREATE_NO_WINDOW)
[INFO] [stdout]     |          ^^^^^^^^^^^^^^ method not found in `&mut std::process::Command`
[INFO] [stdout] 
[INFO] [stdout] 
[INFO] [stdout] error[E0599]: no method named `creation_flags` found for mutable reference `&mut std::process::Command` in the current scope
[INFO] [stdout]    --> src/adapter.rs:211:10
[INFO] [stdout]     |
[INFO] [stdout] 209 |     Command::new("route")
[INFO] [stdout] 210 |         .args(["add", &r.destination, "mask", &r.mask, &r.gateway])
[INFO] [stdout] 211 |         .creation_flags(CREATE_NO_WINDOW)
[INFO] [stdout]     |          ^^^^^^^^^^^^^^ method not found in `&mut std::process::Command`
[INFO] [stdout] 
[INFO] [stdout] 
[INFO] [stdout] error[E0599]: no method named `creation_flags` found for mutable reference `&mut std::process::Command` in the current scope
[INFO] [stdout]    --> src/adapter.rs:221:10
[INFO] [stdout]     |
[INFO] [stdout] 219 |     let _ = Command::new("route")
[INFO] [stdout] 220 |         .args(["delete", &r.destination, "mask", &r.mask])
[INFO] [stdout] 221 |         .creation_flags(CREATE_NO_WINDOW)
[INFO] [stdout]     |          ^^^^^^^^^^^^^^ method not found in `&mut std::process::Command`
[INFO] [stdout] 
[INFO] [stdout] 
[INFO] [stdout] error[E0599]: no method named `creation_flags` found for mutable reference `&mut std::process::Command` in the current scope
[INFO] [stdout]    --> src/adapter.rs:264:10
[INFO] [stdout]     |
[INFO] [stdout] 262 |     let _ = Command::new("cmd")
[INFO] [stdout] 263 |         .args(["/c", cmd])
[INFO] [stdout] 264 |         .creation_flags(CREATE_NO_WINDOW)
[INFO] [stdout]     |          ^^^^^^^^^^^^^^ method not found in `&mut std::process::Command`
[INFO] [stdout] 
[INFO] [stdout] 
[INFO] [stdout] error[E0599]: no method named `creation_flags` found for mutable reference `&mut std::process::Command` in the current scope
[INFO] [stdout]    --> src/adapter.rs:274:10
[INFO] [stdout]     |
[INFO] [stdout] 272 |     Command::new("ping")
[INFO] [stdout] 273 |         .args(["-n", "1", "-w", "300", ip])
[INFO] [stdout] 274 |         .creation_flags(CREATE_NO_WINDOW)
[INFO] [stdout]     |          ^^^^^^^^^^^^^^ method not found in `&mut std::process::Command`
[INFO] [stdout] 
[INFO] [stdout] 
[INFO] [stdout] error[E0599]: no method named `creation_flags` found for mutable reference `&mut std::process::Command` in the current scope
[INFO] [stdout]    --> src/adapter.rs:350:10
[INFO] [stdout]     |
[INFO] [stdout] 348 |     let out = Command::new("netsh")
[INFO] [stdout] 349 |         .args(args)
[INFO] [stdout] 350 |         .creation_flags(CREATE_NO_WINDOW)
[INFO] [stdout]     |          ^^^^^^^^^^^^^^ method not found in `&mut std::process::Command`
[INFO] [stdout] 
[INFO] [stdout] 
[INFO] [stdout] error[E0599]: no method named `creation_flags` found for mutable reference `&mut std::process::Command` in the current scope
[INFO] [stdout]    --> src/main.rs:138:10
[INFO] [stdout]     |
[INFO] [stdout] 135 |     std::process::Command::new("powershell")
[INFO] [stdout] 136 |         .args(["-NoProfile", "-Command",
[INFO] [stdout] 137 |                &format!("(Invoke-WebRequest -Uri '{}' -UseBasicParsing).Content", url)])
[INFO] [stdout] 138 |         .creation_flags(0x0800_0000)
[INFO] [stdout]     |          ^^^^^^^^^^^^^^ method not found in `&mut std::process::Command`
[INFO] [stdout] 
[INFO] [stdout] 
[INFO] [stdout] error[E0599]: no method named `creation_flags` found for mutable reference `&mut std::process::Command` in the current scope
[INFO] [stdout]    --> src/main.rs:153:10
[INFO] [stdout]     |
[INFO] [stdout] 151 |     std::process::Command::new("powershell")
[INFO] [stdout] 152 |         .args(["-NoProfile", "-Command", &script])
[INFO] [stdout] 153 |         .creation_flags(0x0800_0000)
[INFO] [stdout]     |          ^^^^^^^^^^^^^^ method not found in `&mut std::process::Command`
[INFO] [stdout] 
[INFO] [stdout] 
[INFO] [stdout] error[E0599]: no method named `creation_flags` found for mutable reference `&mut std::process::Command` in the current scope
[INFO] [stdout]    --> src/main.rs:362:14
[INFO] [stdout]     |
[INFO] [stdout] 360 |         let _ = std::process::Command::new("reg")
[INFO] [stdout] 361 |             .args(["add", key, "/v", "AdapterSync", "/t", "REG_SZ", "/d", &exe_str, "/f"])
[INFO] [stdout] 362 |             .creation_flags(CREATE_NO_WINDOW).output();
[INFO] [stdout]     |              ^^^^^^^^^^^^^^ method not found in `&mut std::process::Command`
[INFO] [stdout] 
[INFO] [stdout] 
[INFO] [stdout] error[E0599]: no method named `creation_flags` found for mutable reference `&mut std::process::Command` in the current scope
[INFO] [stdout]    --> src/main.rs:366:14
[INFO] [stdout]     |
[INFO] [stdout] 364 |         let _ = std::process::Command::new("reg")
[INFO] [stdout] 365 |             .args(["delete", key, "/v", "AdapterSync", "/f"])
[INFO] [stdout] 366 |             .creation_flags(CREATE_NO_WINDOW).output();
[INFO] [stdout]     |              ^^^^^^^^^^^^^^ method not found in `&mut std::process::Command`
[INFO] [stdout] 
[INFO] [stdout] 
[INFO] [stdout] error[E0599]: no method named `creation_flags` found for mutable reference `&mut std::process::Command` in the current scope
[INFO] [stdout]    --> src/main.rs:376:10
[INFO] [stdout]     |
[INFO] [stdout] 374 |     let _ = std::process::Command::new("cmd")
[INFO] [stdout] 375 |         .args(["/c", "start", "", url])
[INFO] [stdout] 376 |         .creation_flags(0x0800_0000).spawn();
[INFO] [stdout]     |          ^^^^^^^^^^^^^^ method not found in `&mut std::process::Command`
[INFO] [stdout] 
[INFO] [stdout] 
[INFO] [stdout] error[E0599]: no method named `creation_flags` found for mutable reference `&mut std::process::Command` in the current scope
[INFO] [stdout]    --> src/engine.rs:677:10
[INFO] [stdout]     |
[INFO] [stdout] 675 |     let _ = std::process::Command::new("cmd")
[INFO] [stdout] 676 |         .args(["/c", "start", "", "http://localhost:7474"])
[INFO] [stdout] 677 |         .creation_flags(CREATE_NO_WINDOW)
[INFO] [stdout]     |          ^^^^^^^^^^^^^^ method not found in `&mut std::process::Command`
[INFO] [stdout] 
[INFO] [stdout] 
[INFO] [stdout] warning: unused variable: `title`
[INFO] [stdout]   --> src/notifications.rs:24:19
[INFO] [stdout]    |
[INFO] [stdout] 24 | pub fn show_toast(title: &str, body: &str) {
[INFO] [stdout]    |                   ^^^^^ help: if this is intentional, prefix it with an underscore: `_title`
[INFO] [stdout]    |
[INFO] [stdout]    = note: `#[warn(unused_variables)]` (part of `#[warn(unused)]`) on by default
[INFO] [stdout] 
[INFO] [stdout] 
[INFO] [stdout] warning: unused variable: `body`
[INFO] [stdout]   --> src/notifications.rs:24:32
[INFO] [stdout]    |
[INFO] [stdout] 24 | pub fn show_toast(title: &str, body: &str) {
[INFO] [stdout]    |                                ^^^^ help: if this is intentional, prefix it with an underscore: `_body`
[INFO] [stdout] 
[INFO] [stdout] 
[INFO] [stdout] error[E0599]: no method named `creation_flags` found for mutable reference `&mut std::process::Command` in the current scope
[INFO] [stdout]    --> src/main.rs:138:10
[INFO] [stdout]     |
[INFO] [stdout] 135 |     std::process::Command::new("powershell")
[INFO] [stdout] 136 |         .args(["-NoProfile", "-Command",
[INFO] [stdout] 137 |                &format!("(Invoke-WebRequest -Uri '{}' -UseBasicParsing).Content", url)])
[INFO] [stdout] 138 |         .creation_flags(0x0800_0000)
[INFO] [stdout]     |          ^^^^^^^^^^^^^^ method not found in `&mut std::process::Command`
[INFO] [stdout] 
[INFO] [stdout] 
[INFO] [stdout] error[E0599]: no method named `creation_flags` found for mutable reference `&mut std::process::Command` in the current scope
[INFO] [stdout]    --> src/main.rs:153:10
[INFO] [stdout]     |
[INFO] [stdout] 151 |     std::process::Command::new("powershell")
[INFO] [stdout] 152 |         .args(["-NoProfile", "-Command", &script])
[INFO] [stdout] 153 |         .creation_flags(0x0800_0000)
[INFO] [stdout]     |          ^^^^^^^^^^^^^^ method not found in `&mut std::process::Command`
[INFO] [stdout] 
[INFO] [stdout] 
[INFO] [stdout] error[E0599]: no method named `creation_flags` found for mutable reference `&mut std::process::Command` in the current scope
[INFO] [stdout]    --> src/main.rs:362:14
[INFO] [stdout]     |
[INFO] [stdout] 360 |         let _ = std::process::Command::new("reg")
[INFO] [stdout] 361 |             .args(["add", key, "/v", "AdapterSync", "/t", "REG_SZ", "/d", &exe_str, "/f"])
[INFO] [stdout] 362 |             .creation_flags(CREATE_NO_WINDOW).output();
[INFO] [stdout]     |              ^^^^^^^^^^^^^^ method not found in `&mut std::process::Command`
[INFO] [stdout] 
[INFO] [stdout] 
[INFO] [stdout] error[E0599]: no method named `creation_flags` found for mutable reference `&mut std::process::Command` in the current scope
[INFO] [stdout]    --> src/main.rs:366:14
[INFO] [stdout]     |
[INFO] [stdout] 364 |         let _ = std::process::Command::new("reg")
[INFO] [stdout] 365 |             .args(["delete", key, "/v", "AdapterSync", "/f"])
[INFO] [stdout] 366 |             .creation_flags(CREATE_NO_WINDOW).output();
[INFO] [stdout]     |              ^^^^^^^^^^^^^^ method not found in `&mut std::process::Command`
[INFO] [stdout] 
[INFO] [stdout] 
[INFO] [stdout] error[E0599]: no method named `creation_flags` found for mutable reference `&mut std::process::Command` in the current scope
[INFO] [stdout]    --> src/main.rs:376:10
[INFO] [stdout]     |
[INFO] [stdout] 374 |     let _ = std::process::Command::new("cmd")
[INFO] [stdout] 375 |         .args(["/c", "start", "", url])
[INFO] [stdout] 376 |         .creation_flags(0x0800_0000).spawn();
[INFO] [stdout]     |          ^^^^^^^^^^^^^^ method not found in `&mut std::process::Command`
[INFO] [stdout] 
[INFO] [stdout] 
[INFO] [stdout] warning: unused variable: `quick_rules`
[INFO] [stdout]   --> src/main.rs:63:9
[INFO] [stdout]    |
[INFO] [stdout] 63 |     let quick_rules: Vec<(usize, String)> = config.rules.iter().enumerate()
[INFO] [stdout]    |         ^^^^^^^^^^^ help: if this is intentional, prefix it with an underscore: `_quick_rules`
[INFO] [stdout] 
[INFO] [stdout] 
[INFO] [stdout] warning: unused variable: `state_tray`
[INFO] [stdout]   --> src/main.rs:73:9
[INFO] [stdout]    |
[INFO] [stdout] 73 |     let state_tray = state.clone();
[INFO] [stdout]    |         ^^^^^^^^^^ help: if this is intentional, prefix it with an underscore: `_state_tray`
[INFO] [stdout] 
[INFO] [stdout] 
[INFO] [stdout] Some errors have detailed explanations: E0433, E0599.
[INFO] [stdout] 
[INFO] [stdout] For more information about an error, try `rustc --explain E0433`.
[INFO] [stdout] 
[INFO] [stderr] error: could not compile `adapter-sync` (bin "AdapterSync") due to 21 previous errors; 4 warnings emitted
[INFO] [stderr] warning: build failed, waiting for other jobs to finish...
[INFO] [stdout] warning: unused variable: `title`
[INFO] [stdout]   --> src/notifications.rs:24:19
[INFO] [stdout]    |
[INFO] [stdout] 24 | pub fn show_toast(title: &str, body: &str) {
[INFO] [stdout]    |                   ^^^^^ help: if this is intentional, prefix it with an underscore: `_title`
[INFO] [stdout]    |
[INFO] [stdout]    = note: `#[warn(unused_variables)]` (part of `#[warn(unused)]`) on by default
[INFO] [stdout] 
[INFO] [stdout] 
[INFO] [stdout] warning: unused variable: `body`
[INFO] [stdout]   --> src/notifications.rs:24:32
[INFO] [stdout]    |
[INFO] [stdout] 24 | pub fn show_toast(title: &str, body: &str) {
[INFO] [stdout]    |                                ^^^^ help: if this is intentional, prefix it with an underscore: `_body`
[INFO] [stdout] 
[INFO] [stdout] 
[INFO] [stdout] warning: unused variable: `quick_rules`
[INFO] [stdout]   --> src/main.rs:63:9
[INFO] [stdout]    |
[INFO] [stdout] 63 |     let quick_rules: Vec<(usize, String)> = config.rules.iter().enumerate()
[INFO] [stdout]    |         ^^^^^^^^^^^ help: if this is intentional, prefix it with an underscore: `_quick_rules`
[INFO] [stdout] 
[INFO] [stdout] 
[INFO] [stdout] warning: unused variable: `state_tray`
[INFO] [stdout]   --> src/main.rs:73:9
[INFO] [stdout]    |
[INFO] [stdout] 73 |     let state_tray = state.clone();
[INFO] [stdout]    |         ^^^^^^^^^^ help: if this is intentional, prefix it with an underscore: `_state_tray`
[INFO] [stdout] 
[INFO] [stdout] 
[INFO] [stdout] Some errors have detailed explanations: E0433, E0599.
[INFO] [stdout] 
[INFO] [stdout] For more information about an error, try `rustc --explain E0433`.
[INFO] [stdout] 
[INFO] [stderr] error: could not compile `adapter-sync` (bin "AdapterSync" test) due to 21 previous errors; 4 warnings emitted
[INFO] [stderr] warning: unused dependency `tracing-subscriber`
[INFO] [stderr]   --> Cargo.toml:38:15
[INFO] [stderr]    |
[INFO] [stderr] 38 | [dependencies.tracing-subscriber]
[INFO] [stderr]    |               ^^^^^^^^^^^^^^^^^^^
[INFO] [stderr]    |
[INFO] [stderr]    = note: `cargo::unused_dependencies` is set to `warn` by default
[INFO] [stderr] help: consider removing the dependency on `tracing-subscriber`
[INFO] [stderr] warning: `adapter-sync` (manifest) generated 1 warning
[INFO] running `Command { std: "docker" "inspect" "80362ecb8d2cfc4c7958f3fcae4a8c36a65fd720447654ea610148d915386345", kill_on_drop: false }`
[INFO] running `Command { std: "docker" "rm" "-f" "80362ecb8d2cfc4c7958f3fcae4a8c36a65fd720447654ea610148d915386345", kill_on_drop: false }`
[INFO] [stdout] 80362ecb8d2cfc4c7958f3fcae4a8c36a65fd720447654ea610148d915386345
