[INFO] cloning repository https://github.com/Chen-YiY/dsh-app
[INFO] running `Command { std: "git" "-c" "credential.helper=" "-c" "credential.helper=/workspace/cargo-home/bin/git-credential-null" "clone" "--bare" "https://github.com/Chen-YiY/dsh-app" "/workspace/cache/git-repos/https%3A%2F%2Fgithub.com%2FChen-YiY%2Fdsh-app", kill_on_drop: false }`
[INFO] [stderr] Cloning into bare repository '/workspace/cache/git-repos/https%3A%2F%2Fgithub.com%2FChen-YiY%2Fdsh-app'...
[INFO] running `Command { std: "git" "rev-parse" "HEAD", kill_on_drop: false }`
[INFO] [stdout] 692acc202339a69095b53e57afcb223a1d8921ec
[INFO] checking Chen-YiY/dsh-app against 3154cc1a3e6424e44f438a95007d043ed5ceaaf6+rustflags=-Znext-solver=coherence for pr-133502-30
[INFO] running `Command { std: "git" "clone" "/workspace/cache/git-repos/https%3A%2F%2Fgithub.com%2FChen-YiY%2Fdsh-app" "/workspace/builds/worker-3-tc1/source", kill_on_drop: false }`
[INFO] [stderr] Cloning into '/workspace/builds/worker-3-tc1/source'...
[INFO] [stderr] done.
[INFO] started tweaking git repo https://github.com/Chen-YiY/dsh-app
[INFO] finished tweaking git repo https://github.com/Chen-YiY/dsh-app
[INFO] tweaked toml for git repo https://github.com/Chen-YiY/dsh-app written to /workspace/builds/worker-3-tc1/source/Cargo.toml
[INFO] validating manifest of git repo https://github.com/Chen-YiY/dsh-app on toolchain 3154cc1a3e6424e44f438a95007d043ed5ceaaf6
[INFO] running `Command { std: CARGO_HOME="/workspace/cargo-home" RUSTUP_HOME="/workspace/rustup-home" "/workspace/cargo-home/bin/cargo" "+3154cc1a3e6424e44f438a95007d043ed5ceaaf6" "metadata" "--manifest-path" "Cargo.toml" "--no-deps", kill_on_drop: false }`
[INFO] crate git repo https://github.com/Chen-YiY/dsh-app already has a lockfile, it will not be regenerated
[INFO] running `Command { std: CARGO_HOME="/workspace/cargo-home" RUSTUP_HOME="/workspace/rustup-home" "/workspace/cargo-home/bin/cargo" "+3154cc1a3e6424e44f438a95007d043ed5ceaaf6" "fetch" "--manifest-path" "Cargo.toml", kill_on_drop: false }`
[INFO] [stderr]  Downloading crates ...
[INFO] [stderr]   Downloaded zerovec-derive v0.11.4
[INFO] [stderr]   Downloaded wry v0.56.1
[INFO] [stderr]   Downloaded icu_provider v2.3.0
[INFO] [stderr]   Downloaded zerovec v0.11.7
[INFO] [stderr]   Downloaded dom_query v0.28.0
[INFO] [stderr]   Downloaded selectors v0.38.0
[INFO] [stderr]   Downloaded cssparser v0.37.0
[INFO] [stderr]   Downloaded cssparser-macros v0.7.0
[INFO] [stderr]   Downloaded tray-icon v0.20.1
[INFO] [stderr]   Downloaded muda v0.16.1
[INFO] [stderr]   Downloaded tao v0.34.8
[INFO] running `Command { std: "docker" "create" "-v" "/var/lib/crater-agent-workspace/builds/worker-3-tc1/source:/opt/rustwide/workdir:ro,Z" "-v" "/var/lib/crater-agent-workspace/builds/worker-3-tc1/target:/opt/rustwide/target:rw,Z" "-v" "/var/lib/crater-agent-workspace/cargo-home:/opt/rustwide/cargo-home:ro,Z" "-v" "/var/lib/crater-agent-workspace/rustup-home:/opt/rustwide/rustup-home:ro,Z" "-m" "1610612736" "--network" "none" "ghcr.io/rust-lang/crates-build-env/linux@sha256:77db811e55d90add9212f6832c23229e3de5f1c1f9905e8cb07319ea15df73ac" "sleep" "infinity", kill_on_drop: false }`
[INFO] [stdout] 0a13ce44da166cb110cda4ef7651ef7702741062e24199ac115fb590ad33ab37
[INFO] running `Command { std: "docker" "start" "0a13ce44da166cb110cda4ef7651ef7702741062e24199ac115fb590ad33ab37", kill_on_drop: false }`
[INFO] running `Command { std: "docker" "inspect" "0a13ce44da166cb110cda4ef7651ef7702741062e24199ac115fb590ad33ab37", kill_on_drop: false }`
[INFO] running `Command { std: "docker" "exec" "-e" "SOURCE_DIR=/opt/rustwide/workdir" "-e" "CARGO_HOME=/opt/rustwide/cargo-home" "-e" "RUSTUP_HOME=/opt/rustwide/rustup-home" "-e" "CARGO_TARGET_DIR=/opt/rustwide/target" "-w" "/opt/rustwide/workdir" "--user" "0:0" "0a13ce44da166cb110cda4ef7651ef7702741062e24199ac115fb590ad33ab37" "/opt/rustwide/cargo-home/bin/cargo" "+3154cc1a3e6424e44f438a95007d043ed5ceaaf6" "metadata" "--no-deps" "--format-version=1", kill_on_drop: false }`
[INFO] running `Command { std: "docker" "inspect" "0a13ce44da166cb110cda4ef7651ef7702741062e24199ac115fb590ad33ab37", kill_on_drop: false }`
[INFO] running `Command { std: "docker" "exec" "-e" "SOURCE_DIR=/opt/rustwide/workdir" "-e" "CARGO_HOME=/opt/rustwide/cargo-home" "-e" "RUSTUP_HOME=/opt/rustwide/rustup-home" "-e" "CARGO_TARGET_DIR=/opt/rustwide/target" "-e" "CARGO_INCREMENTAL=0" "-e" "RUST_BACKTRACE=full" "-e" "RUSTFLAGS=--cap-lints=forbid -Znext-solver=coherence" "-e" "RUSTDOCFLAGS=--cap-lints=forbid" "-w" "/opt/rustwide/workdir" "--user" "0:0" "0a13ce44da166cb110cda4ef7651ef7702741062e24199ac115fb590ad33ab37" "/opt/rustwide/cargo-home/bin/cargo" "+3154cc1a3e6424e44f438a95007d043ed5ceaaf6" "check" "--frozen" "--all" "--all-targets" "--message-format=json", kill_on_drop: false }`
[INFO] [stderr]    Compiling serde v1.0.229
[INFO] [stderr]    Compiling winnow v0.5.40
[INFO] [stderr]    Compiling target-lexicon v0.12.16
[INFO] [stderr]    Compiling smallvec v1.15.2
[INFO] [stderr]    Compiling version-compare v0.2.1
[INFO] [stderr]    Compiling proc-macro-error-attr v1.0.4
[INFO] [stderr]    Compiling syn v1.0.109
[INFO] [stderr]    Compiling proc-macro-error v1.0.4
[INFO] [stderr]     Checking bitflags v2.13.1
[INFO] [stderr]     Checking futures-core v0.3.34
[INFO] [stderr]    Compiling gio v0.18.4
[INFO] [stderr]    Compiling syn v2.0.119
[INFO] [stderr]    Compiling syn v3.0.3
[INFO] [stderr]    Compiling x11 v2.21.0
[INFO] [stderr]    Compiling memoffset v0.9.1
[INFO] [stderr]    Compiling field-offset v0.3.6
[INFO] [stderr]     Checking futures-channel v0.3.34
[INFO] [stderr]    Compiling gtk v0.18.2
[INFO] [stderr]    Compiling crossbeam-utils v0.8.22
[INFO] [stderr]    Compiling libxdo-sys v0.11.0
[INFO] [stderr]    Compiling x11-dl v2.21.0
[INFO] [stderr]    Compiling time-macros v0.2.32
[INFO] [stderr]     Checking libloading v0.7.4
[INFO] [stderr]    Compiling cookie v0.18.2
[INFO] [stderr]     Checking dirs v6.0.0
[INFO] [stderr]     Checking form_urlencoded v1.2.2
[INFO] [stderr]    Compiling wry v0.56.1
[INFO] [stderr]     Checking moxcms v0.8.1
[INFO] [stderr]     Checking png v0.18.1
[INFO] [stderr]     Checking png v0.17.16
[INFO] [stderr]     Checking bytemuck v1.25.2
[INFO] [stderr]    Compiling cfg-expr v0.15.8
[INFO] [stderr]    Compiling toml_datetime v0.6.3
[INFO] [stderr]    Compiling serde_spanned v0.6.9
[INFO] [stderr]    Compiling toml v0.5.11
[INFO] [stderr]     Checking crossbeam-channel v0.5.16
[INFO] [stderr]     Checking time v0.3.55
[INFO] [stderr]    Compiling toml_edit v0.20.2
[INFO] [stderr]    Compiling toml_edit v0.19.15
[INFO] [stderr]     Checking libxdo v0.6.0
[INFO] [stderr]    Compiling winres v0.1.12
[INFO] [stderr]    Compiling dsh-app v0.1.2 (/opt/rustwide/workdir)
[INFO] [stderr]    Compiling proc-macro-crate v1.3.1
[INFO] [stderr]     Checking image v0.25.10
[INFO] [stderr]    Compiling toml v0.8.2
[INFO] [stderr]    Compiling proc-macro-crate v2.0.2
[INFO] [stderr]    Compiling synstructure v0.13.2
[INFO] [stderr]    Compiling system-deps v6.2.2
[INFO] [stderr]    Compiling thiserror-impl v1.0.69
[INFO] [stderr]    Compiling glib-macros v0.18.5
[INFO] [stderr]    Compiling zerofrom-derive v0.1.7
[INFO] [stderr]    Compiling yoke-derive v0.8.2
[INFO] [stderr]    Compiling gtk3-macros v0.18.2
[INFO] [stderr]    Compiling dlopen2_derive v0.4.3
[INFO] [stderr]    Compiling futures-macro v0.3.34
[INFO] [stderr]    Compiling zerovec-derive v0.11.4
[INFO] [stderr]    Compiling displaydoc v0.2.7
[INFO] [stderr]    Compiling serde_derive v1.0.229
[INFO] [stderr]    Compiling thiserror-impl v2.0.20
[INFO] [stderr]    Compiling glib-sys v0.18.1
[INFO] [stderr]    Compiling gobject-sys v0.18.0
[INFO] [stderr]    Compiling gio-sys v0.18.1
[INFO] [stderr]    Compiling gdk-sys v0.18.2
[INFO] [stderr]    Compiling pango-sys v0.18.0
[INFO] [stderr]    Compiling cairo-sys-rs v0.18.2
[INFO] [stderr]    Compiling gdk-pixbuf-sys v0.18.0
[INFO] [stderr]    Compiling atk-sys v0.18.2
[INFO] [stderr]    Compiling gtk-sys v0.18.2
[INFO] [stderr]    Compiling soup3-sys v0.5.0
[INFO] [stderr]    Compiling javascriptcore-rs-sys v1.1.1
[INFO] [stderr]    Compiling webkit2gtk-sys v2.0.2
[INFO] [stderr]    Compiling gdkx11-sys v0.18.2
[INFO] [stderr]     Checking dlopen2 v0.8.2
[INFO] [stderr]     Checking futures-util v0.3.34
[INFO] [stderr]     Checking zerofrom v0.1.8
[INFO] [stderr]     Checking yoke v0.8.3
[INFO] [stderr]     Checking thiserror v2.0.20
[INFO] [stderr]     Checking zerotrie v0.2.5
[INFO] [stderr]     Checking zerovec v0.11.7
[INFO] [stderr]     Checking thiserror v1.0.69
[INFO] [stderr]     Checking tinystr v0.8.4
[INFO] [stderr]     Checking potential_utf v0.1.6
[INFO] [stderr]     Checking icu_collections v2.3.0
[INFO] [stderr]     Checking icu_locale_core v2.3.0
[INFO] [stderr]     Checking gdkwayland-sys v0.18.2
[INFO] [stderr]     Checking futures-executor v0.3.34
[INFO] [stderr]     Checking glib v0.18.5
[INFO] [stderr]     Checking icu_provider v2.3.0
[INFO] [stderr]     Checking icu_normalizer v2.3.0
[INFO] [stderr]     Checking icu_properties v2.3.0
[INFO] [stderr]     Checking keyboard-types v0.7.0
[INFO] [stderr]     Checking libappindicator-sys v0.9.0
[INFO] [stderr]     Checking idna_adapter v1.2.2
[INFO] [stderr]     Checking idna v1.1.0
[INFO] [stderr]     Checking url v2.5.8
[INFO] [stderr]     Checking cairo-rs v0.18.5
[INFO] [stderr]     Checking atk v0.18.2
[INFO] [stderr]     Checking javascriptcore-rs v1.1.2
[INFO] [stderr]     Checking gdk-pixbuf v0.18.5
[INFO] [stderr]     Checking pango v0.18.3
[INFO] [stderr]     Checking soup3 v0.5.0
[INFO] [stderr]     Checking gdk v0.18.2
[INFO] [stderr]     Checking gdkx11 v0.18.2
[INFO] [stderr]     Checking muda v0.16.1
[INFO] [stderr]     Checking webkit2gtk v2.0.2
[INFO] [stderr]     Checking libappindicator v0.9.0
[INFO] [stderr]     Checking tao v0.34.8
[INFO] [stderr]     Checking tray-icon v0.20.1
[INFO] [stdout] error[E0433]: cannot find `windows` in `os`
[INFO] [stdout]    --> src/main.rs:316:26
[INFO] [stdout]     |
[INFO] [stdout] 316 |             use std::os::windows::process::CommandExt;
[INFO] [stdout]     |                          ^^^^^^^ could not find `windows` in `os`
[INFO] [stdout]     |
[INFO] [stdout] note: found an item that was configured out
[INFO] [stdout]    --> /rustc/3154cc1a3e6424e44f438a95007d043ed5ceaaf6/library/std/src/os/mod.rs:62:4
[INFO] [stdout]     |
[INFO] [stdout]     = note: the item is gated behind the `windows` feature
[INFO] [stdout] 
[INFO] [stdout] 
[INFO] [stdout] error[E0433]: cannot find `windows` in `os`
[INFO] [stdout]    --> src/main.rs:316:26
[INFO] [stdout]     |
[INFO] [stdout] 316 |             use std::os::windows::process::CommandExt;
[INFO] [stdout]     |                          ^^^^^^^ could not find `windows` in `os`
[INFO] [stdout]     |
[INFO] [stdout] note: found an item that was configured out
[INFO] [stdout]    --> /rustc/3154cc1a3e6424e44f438a95007d043ed5ceaaf6/library/std/src/os/mod.rs:62:4
[INFO] [stdout]     |
[INFO] [stdout]     = note: the item is gated behind the `windows` feature
[INFO] [stdout] 
[INFO] [stdout] 
[INFO] [stdout] error[E0425]: cannot find function `acquire_single_instance` in this scope
[INFO] [stdout]    --> src/main.rs:50:9
[INFO] [stdout]     |
[INFO] [stdout]  50 |     if !acquire_single_instance() {
[INFO] [stdout]     |         ^^^^^^^^^^^^^^^^^^^^^^^ not found in this scope
[INFO] [stdout]     |
[INFO] [stdout] note: found an item that was configured out
[INFO] [stdout]    --> src/main.rs:380:4
[INFO] [stdout]     |
[INFO] [stdout] 379 | #[cfg(windows)]
[INFO] [stdout]     |       ------- the item is gated here
[INFO] [stdout] 380 | fn acquire_single_instance() -> bool {
[INFO] [stdout]     |    ^^^^^^^^^^^^^^^^^^^^^^^
[INFO] [stdout] 
[INFO] [stdout] 
[INFO] [stdout] error[E0425]: cannot find function `restore_existing_window` in this scope
[INFO] [stdout]    --> src/main.rs:51:9
[INFO] [stdout]     |
[INFO] [stdout]  51 |         restore_existing_window();
[INFO] [stdout]     |         ^^^^^^^^^^^^^^^^^^^^^^^ not found in this scope
[INFO] [stdout]     |
[INFO] [stdout] note: found an item that was configured out
[INFO] [stdout]    --> src/main.rs:402:4
[INFO] [stdout]     |
[INFO] [stdout] 401 | #[cfg(windows)]
[INFO] [stdout]     |       ------- the item is gated here
[INFO] [stdout] 402 | fn restore_existing_window() {
[INFO] [stdout]     |    ^^^^^^^^^^^^^^^^^^^^^^^
[INFO] [stdout] 
[INFO] [stdout] 
[INFO] [stdout] error[E0425]: cannot find function `acquire_single_instance` in this scope
[INFO] [stdout]    --> src/main.rs:50:9
[INFO] [stdout]     |
[INFO] [stdout]  50 |     if !acquire_single_instance() {
[INFO] [stdout]     |         ^^^^^^^^^^^^^^^^^^^^^^^ not found in this scope
[INFO] [stdout]     |
[INFO] [stdout] note: found an item that was configured out
[INFO] [stdout]    --> src/main.rs:380:4
[INFO] [stdout]     |
[INFO] [stdout] 379 | #[cfg(windows)]
[INFO] [stdout]     |       ------- the item is gated here
[INFO] [stdout] 380 | fn acquire_single_instance() -> bool {
[INFO] [stdout]     |    ^^^^^^^^^^^^^^^^^^^^^^^
[INFO] [stdout] 
[INFO] [stdout] 
[INFO] [stdout] error[E0425]: cannot find function `restore_existing_window` in this scope
[INFO] [stdout]    --> src/main.rs:51:9
[INFO] [stdout]     |
[INFO] [stdout]  51 |         restore_existing_window();
[INFO] [stdout]     |         ^^^^^^^^^^^^^^^^^^^^^^^ not found in this scope
[INFO] [stdout]     |
[INFO] [stdout] note: found an item that was configured out
[INFO] [stdout]    --> src/main.rs:402:4
[INFO] [stdout]     |
[INFO] [stdout] 401 | #[cfg(windows)]
[INFO] [stdout]     |       ------- the item is gated here
[INFO] [stdout] 402 | fn restore_existing_window() {
[INFO] [stdout]     |    ^^^^^^^^^^^^^^^^^^^^^^^
[INFO] [stdout] 
[INFO] [stdout] 
[INFO] [stdout] error[E0599]: no method named `creation_flags` found for mutable reference `&mut Command` in the current scope
[INFO] [stdout]    --> src/main.rs:323:18
[INFO] [stdout]     |
[INFO] [stdout] 317 |             let _ = std::process::Command::new(&node)
[INFO] [stdout] 318 |                 .arg(wt_script)
[INFO] [stdout] 319 |                 .arg("--port")
[INFO] [stdout] 320 |                 .arg(port.to_string())
[INFO] [stdout] 321 |                 .arg("--parent")
[INFO] [stdout] 322 |                 .arg(std::process::id().to_string())
[INFO] [stdout] 323 |                 .creation_flags(0x08000000)
[INFO] [stdout]     |                  ^^^^^^^^^^^^^^ method not found in `&mut Command`
[INFO] [stdout] 
[INFO] [stdout] 
[INFO] [stdout] Some errors have detailed explanations: E0425, E0433, E0599.
[INFO] [stdout] 
[INFO] [stdout] For more information about an error, try `rustc --explain E0425`.
[INFO] [stdout] 
[INFO] [stdout] error[E0599]: no method named `creation_flags` found for mutable reference `&mut Command` in the current scope
[INFO] [stdout]    --> src/main.rs:323:18
[INFO] [stdout]     |
[INFO] [stdout] 317 |             let _ = std::process::Command::new(&node)
[INFO] [stdout] 318 |                 .arg(wt_script)
[INFO] [stdout] 319 |                 .arg("--port")
[INFO] [stdout] 320 |                 .arg(port.to_string())
[INFO] [stdout] 321 |                 .arg("--parent")
[INFO] [stdout] 322 |                 .arg(std::process::id().to_string())
[INFO] [stdout] 323 |                 .creation_flags(0x08000000)
[INFO] [stdout]     |                  ^^^^^^^^^^^^^^ method not found in `&mut Command`
[INFO] [stdout] 
[INFO] [stdout] 
[INFO] [stderr] error: could not compile `dsh-app` (bin "dsh-app") due to 4 previous errors
[INFO] [stderr] warning: build failed, waiting for other jobs to finish...
[INFO] [stdout] Some errors have detailed explanations: E0425, E0433, E0599.
[INFO] [stdout] 
[INFO] [stdout] For more information about an error, try `rustc --explain E0425`.
[INFO] [stdout] 
[INFO] [stderr] error: could not compile `dsh-app` (bin "dsh-app" test) due to 4 previous errors
[INFO] running `Command { std: "docker" "inspect" "0a13ce44da166cb110cda4ef7651ef7702741062e24199ac115fb590ad33ab37", kill_on_drop: false }`
[INFO] running `Command { std: "docker" "rm" "-f" "0a13ce44da166cb110cda4ef7651ef7702741062e24199ac115fb590ad33ab37", kill_on_drop: false }`
[INFO] [stdout] 0a13ce44da166cb110cda4ef7651ef7702741062e24199ac115fb590ad33ab37
