[INFO] cloning repository https://github.com/ChaoswareHQ/chaos
[INFO] running `Command { std: "git" "-c" "credential.helper=" "-c" "credential.helper=/workspace/cargo-home/bin/git-credential-null" "clone" "--bare" "https://github.com/ChaoswareHQ/chaos" "/workspace/cache/git-repos/https%3A%2F%2Fgithub.com%2FChaoswareHQ%2Fchaos", kill_on_drop: false }`
[INFO] [stderr] Cloning into bare repository '/workspace/cache/git-repos/https%3A%2F%2Fgithub.com%2FChaoswareHQ%2Fchaos'...
[INFO] running `Command { std: "git" "rev-parse" "HEAD", kill_on_drop: false }`
[INFO] [stdout] 51b29ebf575acca7591b041edc8d04bcd3d32384
[INFO] checking ChaoswareHQ/chaos against 3154cc1a3e6424e44f438a95007d043ed5ceaaf6 for pr-133502-30
[INFO] running `Command { std: "git" "clone" "/workspace/cache/git-repos/https%3A%2F%2Fgithub.com%2FChaoswareHQ%2Fchaos" "/workspace/builds/worker-2-tc2/source", kill_on_drop: false }`
[INFO] [stderr] Cloning into '/workspace/builds/worker-2-tc2/source'...
[INFO] [stderr] done.
[INFO] started tweaking git repo https://github.com/ChaoswareHQ/chaos
[INFO] finished tweaking git repo https://github.com/ChaoswareHQ/chaos
[INFO] tweaked toml for git repo https://github.com/ChaoswareHQ/chaos written to /workspace/builds/worker-2-tc2/source/Cargo.toml
[INFO] validating manifest of git repo https://github.com/ChaoswareHQ/chaos on toolchain 3154cc1a3e6424e44f438a95007d043ed5ceaaf6
[INFO] running `Command { std: CARGO_HOME="/workspace/cargo-home" RUSTUP_HOME="/workspace/rustup-home" "/workspace/cargo-home/bin/cargo" "+3154cc1a3e6424e44f438a95007d043ed5ceaaf6" "metadata" "--manifest-path" "Cargo.toml" "--no-deps", kill_on_drop: false }`
[INFO] crate git repo https://github.com/ChaoswareHQ/chaos already has a lockfile, it will not be regenerated
[INFO] running `Command { std: CARGO_HOME="/workspace/cargo-home" RUSTUP_HOME="/workspace/rustup-home" "/workspace/cargo-home/bin/cargo" "+3154cc1a3e6424e44f438a95007d043ed5ceaaf6" "fetch" "--manifest-path" "Cargo.toml", kill_on_drop: false }`
[INFO] [stderr] warning: unused workspace dependency `config`
[INFO] [stderr]   --> Cargo.toml:34:25
[INFO] [stderr]    |
[INFO] [stderr] 34 | [workspace.dependencies.config]
[INFO] [stderr]    |                         ^^^^^^
[INFO] [stderr]    |
[INFO] [stderr]    = note: `cargo::unused_workspace_dependencies` is set to `warn` by default
[INFO] [stderr] help: consider removing the workspace dependency `config`
[INFO] [stderr] warning: unused workspace dependency `ebpf`
[INFO] [stderr]   --> Cargo.toml:37:25
[INFO] [stderr]    |
[INFO] [stderr] 37 | [workspace.dependencies.ebpf]
[INFO] [stderr]    |                         ^^^^
[INFO] [stderr]    |
[INFO] [stderr] help: consider removing the workspace dependency `ebpf`
[INFO] [stderr] warning: unused workspace dependency `es`
[INFO] [stderr]   --> Cargo.toml:40:25
[INFO] [stderr]    |
[INFO] [stderr] 40 | [workspace.dependencies.es]
[INFO] [stderr]    |                         ^^
[INFO] [stderr]    |
[INFO] [stderr] help: consider removing the workspace dependency `es`
[INFO] [stderr] warning: unused workspace dependency `goblin`
[INFO] [stderr]   --> Cargo.toml:46:25
[INFO] [stderr]    |
[INFO] [stderr] 46 | [workspace.dependencies.goblin]
[INFO] [stderr]    |                         ^^^^^^
[INFO] [stderr]    |
[INFO] [stderr] help: consider removing the workspace dependency `goblin`
[INFO] [stderr] warning: workspace (manifest) generated 4 warnings
[INFO] running `Command { std: "docker" "create" "-v" "/var/lib/crater-agent-workspace/builds/worker-2-tc2/source:/opt/rustwide/workdir:ro,Z" "-v" "/var/lib/crater-agent-workspace/builds/worker-2-tc2/target:/opt/rustwide/target:rw,Z" "-v" "/var/lib/crater-agent-workspace/cargo-home:/opt/rustwide/cargo-home:ro,Z" "-v" "/var/lib/crater-agent-workspace/rustup-home:/opt/rustwide/rustup-home:ro,Z" "-m" "1610612736" "--network" "none" "ghcr.io/rust-lang/crates-build-env/linux@sha256:77db811e55d90add9212f6832c23229e3de5f1c1f9905e8cb07319ea15df73ac" "sleep" "infinity", kill_on_drop: false }`
[INFO] [stdout] d968592e7a215a5897575d056886f78b512bc05486957ad4acb44b18c4bca9bf
[INFO] running `Command { std: "docker" "start" "d968592e7a215a5897575d056886f78b512bc05486957ad4acb44b18c4bca9bf", kill_on_drop: false }`
[INFO] running `Command { std: "docker" "inspect" "d968592e7a215a5897575d056886f78b512bc05486957ad4acb44b18c4bca9bf", kill_on_drop: false }`
[INFO] running `Command { std: "docker" "exec" "-e" "SOURCE_DIR=/opt/rustwide/workdir" "-e" "CARGO_HOME=/opt/rustwide/cargo-home" "-e" "RUSTUP_HOME=/opt/rustwide/rustup-home" "-e" "CARGO_TARGET_DIR=/opt/rustwide/target" "-w" "/opt/rustwide/workdir" "--user" "0:0" "d968592e7a215a5897575d056886f78b512bc05486957ad4acb44b18c4bca9bf" "/opt/rustwide/cargo-home/bin/cargo" "+3154cc1a3e6424e44f438a95007d043ed5ceaaf6" "metadata" "--no-deps" "--format-version=1", kill_on_drop: false }`
[INFO] running `Command { std: "docker" "inspect" "d968592e7a215a5897575d056886f78b512bc05486957ad4acb44b18c4bca9bf", kill_on_drop: false }`
[INFO] running `Command { std: "docker" "exec" "-e" "SOURCE_DIR=/opt/rustwide/workdir" "-e" "CARGO_HOME=/opt/rustwide/cargo-home" "-e" "RUSTUP_HOME=/opt/rustwide/rustup-home" "-e" "CARGO_TARGET_DIR=/opt/rustwide/target" "-e" "CARGO_INCREMENTAL=0" "-e" "RUST_BACKTRACE=full" "-e" "RUSTFLAGS=--cap-lints=forbid" "-e" "RUSTDOCFLAGS=--cap-lints=forbid" "-w" "/opt/rustwide/workdir" "--user" "0:0" "d968592e7a215a5897575d056886f78b512bc05486957ad4acb44b18c4bca9bf" "/opt/rustwide/cargo-home/bin/cargo" "+3154cc1a3e6424e44f438a95007d043ed5ceaaf6" "check" "--frozen" "--all" "--all-targets" "--message-format=json", kill_on_drop: false }`
[INFO] [stderr] warning: unused workspace dependency `config`
[INFO] [stderr]   --> Cargo.toml:34:25
[INFO] [stderr]    |
[INFO] [stderr] 34 | [workspace.dependencies.config]
[INFO] [stderr]    |                         ^^^^^^
[INFO] [stderr]    |
[INFO] [stderr]    = note: `cargo::unused_workspace_dependencies` is set to `warn` by default
[INFO] [stderr] help: consider removing the workspace dependency `config`
[INFO] [stderr] warning: unused workspace dependency `ebpf`
[INFO] [stderr]   --> Cargo.toml:37:25
[INFO] [stderr]    |
[INFO] [stderr] 37 | [workspace.dependencies.ebpf]
[INFO] [stderr]    |                         ^^^^
[INFO] [stderr]    |
[INFO] [stderr] help: consider removing the workspace dependency `ebpf`
[INFO] [stderr] warning: unused workspace dependency `es`
[INFO] [stderr]   --> Cargo.toml:40:25
[INFO] [stderr]    |
[INFO] [stderr] 40 | [workspace.dependencies.es]
[INFO] [stderr]    |                         ^^
[INFO] [stderr]    |
[INFO] [stderr] help: consider removing the workspace dependency `es`
[INFO] [stderr] warning: unused workspace dependency `goblin`
[INFO] [stderr]   --> Cargo.toml:46:25
[INFO] [stderr]    |
[INFO] [stderr] 46 | [workspace.dependencies.goblin]
[INFO] [stderr]    |                         ^^^^^^
[INFO] [stderr]    |
[INFO] [stderr] help: consider removing the workspace dependency `goblin`
[INFO] [stderr] warning: workspace (manifest) generated 4 warnings
[INFO] [stderr]    Compiling proc-macro2 v1.0.107
[INFO] [stderr]    Compiling serde_core v1.0.229
[INFO] [stderr]    Compiling thiserror v2.0.20
[INFO] [stderr]    Compiling serde v1.0.229
[INFO] [stderr]     Checking foldhash v0.2.0
[INFO] [stderr]    Compiling zmij v1.0.23
[INFO] [stderr]     Checking equivalent v1.0.2
[INFO] [stderr]     Checking itoa v1.0.18
[INFO] [stderr]    Compiling serde_json v1.0.151
[INFO] [stderr]    Compiling autocfg v1.5.1
[INFO] [stderr]    Compiling semver v1.0.28
[INFO] [stderr]    Compiling quote v1.0.47
[INFO] [stderr]     Checking unicode-ident v1.0.24
[INFO] [stderr]     Checking iana-time-zone v0.1.65
[INFO] [stderr]    Compiling wasm-bindgen-shared v0.2.129
[INFO] [stderr]     Checking futures-core v0.3.34
[INFO] [stderr]    Compiling rustversion v1.0.23
[INFO] [stderr]     Checking hashbrown v0.17.1
[INFO] [stderr]     Checking futures-sink v0.3.34
[INFO] [stderr]    Compiling bumpalo v3.20.3
[INFO] [stderr]     Checking once_cell v1.21.4
[INFO] [stderr]    Compiling unicode-segmentation v1.13.3
[INFO] [stderr]    Compiling proc-macro2-diagnostics v0.10.1
[INFO] [stderr]     Checking futures-channel v0.3.34
[INFO] [stderr]     Checking or_poisoned v0.1.0
[INFO] [stderr]    Compiling smallvec v1.16.1
[INFO] [stderr]    Compiling paste v1.0.15
[INFO] [stderr]     Checking event-listener v5.4.2
[INFO] [stderr]    Compiling generic-array v0.14.7
[INFO] [stderr]     Checking throw_error v0.3.1
[INFO] [stderr]    Compiling slotmap v1.1.1
[INFO] [stderr]    Compiling rustc_version v0.4.1
[INFO] [stderr]    Compiling konst_macro_rules v0.2.19
[INFO] [stderr]    Compiling typenum v1.20.1
[INFO] [stderr]     Checking send_wrapper v0.6.0
[INFO] [stderr]     Checking windows-link v0.2.1
[INFO] [stderr]    Compiling cfg-if v1.0.4
[INFO] [stderr]     Checking winnow v1.0.4
[INFO] [stderr]    Compiling konst v0.2.20
[INFO] [stderr]    Compiling camino v1.2.6
[INFO] [stderr]    Compiling num-traits v0.2.19
[INFO] [stderr]     Checking event-listener-strategy v0.5.4
[INFO] [stderr]    Compiling server_fn_macro v0.8.11
[INFO] [stderr]    Compiling reactive_graph v0.2.15
[INFO] [stderr]    Compiling convert_case v0.11.0
[INFO] [stderr]     Checking async-lock v3.4.2
[INFO] [stderr]    Compiling libc v0.2.189
[INFO] [stderr]     Checking either v1.18.0
[INFO] [stderr]     Checking guardian v1.3.0
[INFO] [stderr]    Compiling xxhash-rust v0.8.19
[INFO] [stderr]     Checking rustc-hash v2.1.3
[INFO] [stderr]     Checking toml_writer v1.1.2+spec-1.1.0
[INFO] [stderr]    Compiling wasm-bindgen v0.2.129
[INFO] [stderr]    Compiling syn v3.0.5
[INFO] [stderr]    Compiling syn v2.0.119
[INFO] [stderr]    Compiling proc-macro-utils v0.10.0
[INFO] [stderr]     Checking itertools v0.14.0
[INFO] [stderr]    Compiling const_format_proc_macros v0.2.34
[INFO] [stderr]    Compiling proc-macro-error-attr2 v2.0.0
[INFO] [stderr]    Compiling tachys v0.2.19
[INFO] [stderr]    Compiling libmimalloc-sys v0.1.49
[INFO] [stderr]    Compiling prettyplease v0.2.37
[INFO] [stderr]     Checking bytes v1.12.1
[INFO] [stderr]    Compiling yansi v1.0.1
[INFO] [stderr]    Compiling proc-macro-error2 v2.0.1
[INFO] [stderr]    Compiling getrandom v0.4.3
[INFO] [stderr]     Checking either_of v0.1.9
[INFO] [stderr]    Compiling server_fn v0.8.13
[INFO] [stderr]     Checking windows-result v0.4.1
[INFO] [stderr]     Checking windows-strings v0.5.1
[INFO] [stderr]     Checking aho-corasick v1.1.5
[INFO] [stderr]     Checking http v1.5.0
[INFO] [stderr]    Compiling collection_literals v1.0.3
[INFO] [stderr]    Compiling crossbeam-utils v0.8.23
[INFO] [stderr]    Compiling manyhow-macros v0.11.4
[INFO] [stderr]     Checking regex-syntax v0.8.11
[INFO] [stderr]    Compiling const_format v0.2.36
[INFO] [stderr]     Checking toml_parser v1.1.3+spec-1.1.0
[INFO] [stderr]    Compiling crypto-common v0.1.7
[INFO] [stderr]    Compiling block-buffer v0.10.4
[INFO] [stderr]    Compiling digest v0.10.7
[INFO] [stderr]    Compiling same-file v1.0.6
[INFO] [stderr]     Checking next_tuple v0.1.0
[INFO] [stderr]     Checking html-escape v0.2.15
[INFO] [stderr]     Checking erased v0.1.2
[INFO] [stderr]    Compiling interpolator v0.5.0
[INFO] [stderr]     Checking const_str_slice_concat v0.1.0
[INFO] [stderr]     Checking drain_filter_polyfill v0.1.3
[INFO] [stderr]    Compiling cpufeatures v0.2.17
[INFO] [stderr]     Checking convert_case v0.6.0
[INFO] [stderr]    Compiling sha2 v0.10.9
[INFO] [stderr]    Compiling walkdir v2.5.0
[INFO] [stderr]    Compiling leptos_macro v0.8.18
[INFO] [stderr]    Compiling anyhow v1.0.104
[INFO] [stderr]     Checking regex-automata v0.4.18
[INFO] [stderr]     Checking indexmap v2.14.2
[INFO] [stderr]     Checking serde_spanned v1.1.1
[INFO] [stderr]     Checking toml_datetime v1.1.1+spec-1.1.0
[INFO] [stderr]    Compiling crc32fast v1.5.2
[INFO] [stderr]     Checking toml v1.1.6+spec-1.1.0
[INFO] [stderr]     Checking pathdiff v0.2.3
[INFO] [stderr]     Checking const-str v1.1.0
[INFO] [stderr]    Compiling base16 v0.2.1
[INFO] [stderr]     Checking arraydeque v0.5.1
[INFO] [stderr]    Compiling uuid v1.26.1
[INFO] [stderr]     Checking mimalloc v0.1.52
[INFO] [stderr]     Checking ordered-float v5.5.0
[INFO] [stderr]     Checking hashlink v0.12.2
[INFO] [stderr]    Compiling convert_case_extras v0.2.0
[INFO] [stderr]    Compiling leptos v0.8.21
[INFO] [stderr]     Checking encoding_rs v0.8.35
[INFO] [stderr]     Checking async-once-cell v0.5.4
[INFO] [stderr]     Checking simd-adler32 v0.3.10
[INFO] [stderr]     Checking hybrid-array v0.4.15
[INFO] [stderr]     Checking config v0.15.27
[INFO] [stderr]     Checking crossbeam-channel v0.5.17
[INFO] [stderr]     Checking miniz_oxide v0.9.1
[INFO] [stderr]     Checking windows-threading v0.2.1
[INFO] [stderr]     Checking const-oid v0.10.2
[INFO] [stderr]     Checking asmr v0.1.0 (/opt/rustwide/workdir/crates/asmr)
[INFO] [stderr]     Checking flate2 v1.1.10
[INFO] [stderr]    Compiling leptos_router v0.8.16
[INFO] [stderr]     Checking bitflags v2.13.2
[INFO] [stderr]     Checking cpufeatures v0.3.1
[INFO] [stderr]     Checking supervision v0.1.0 (/opt/rustwide/workdir/crates/supervision)
[INFO] [stderr]     Checking ebpf v0.1.0 (/opt/rustwide/workdir/crates/adapters/linux/ebpf)
[INFO] [stderr]     Checking es v0.1.0 (/opt/rustwide/workdir/crates/adapters/mac/es)
[INFO] [stderr]     Checking watchdog v0.1.0 (/opt/rustwide/workdir/apps/watchdog)
[INFO] [stderr]    Compiling synstructure v0.14.0
[INFO] [stderr]    Compiling wasm-bindgen-macro-support v0.2.129
[INFO] [stderr]     Checking crypto-common v0.2.2
[INFO] [stderr]     Checking block-buffer v0.12.1
[INFO] [stderr]     Checking digest v0.11.3
[INFO] [stderr]     Checking sha2 v0.11.0
[INFO] [stderr]    Compiling thiserror-impl v2.0.20
[INFO] [stderr]    Compiling serde_derive v1.0.229
[INFO] [stderr]    Compiling futures-macro v0.3.34
[INFO] [stderr]    Compiling zerofrom-derive v0.1.8
[INFO] [stderr]    Compiling yoke-derive v0.8.4
[INFO] [stderr]    Compiling zerovec-derive v0.11.6
[INFO] [stderr]    Compiling displaydoc v0.2.7
[INFO] [stderr]    Compiling derive-where v1.7.0
[INFO] [stderr]    Compiling async-trait v0.1.92
[INFO] [stderr]     Checking futures-util v0.3.34
[INFO] [stderr]     Checking regex v1.13.1
[INFO] [stderr]     Checking openssl-sys v0.9.117
[INFO] [stderr]     Checking zerofrom v0.1.8
[INFO] [stderr]     Checking yoke v0.8.3
[INFO] [stderr]    Compiling manyhow v0.11.4
[INFO] [stderr]     Checking zerovec v0.11.8
[INFO] [stderr]     Checking zerotrie v0.2.5
[INFO] [stderr]     Checking saphyr-parser v0.1.0
[INFO] [stderr]    Compiling syn_derive v0.2.0
[INFO] [stderr]    Compiling reactive_stores_macro v0.4.4
[INFO] [stderr]    Compiling thiserror-impl v1.0.69
[INFO] [stderr]    Compiling quote-use-macros v0.8.4
[INFO] [stderr]    Compiling pin-project-internal v1.1.13
[INFO] [stderr]    Compiling windows-interface v0.59.3
[INFO] [stderr]    Compiling windows-implement v0.60.2
[INFO] [stderr]    Compiling typed-builder-macro v0.23.2
[INFO] [stderr]    Compiling wasm_split_macros v0.2.2
[INFO] [stderr]    Compiling server_fn_macro_default v0.8.5
[INFO] [stderr]     Checking tinystr v0.8.4
[INFO] [stderr]     Checking icu_locale_core v2.3.0
[INFO] [stderr]     Checking potential_utf v0.1.6
[INFO] [stderr]     Checking saphyr v0.1.0
[INFO] [stderr]    Compiling rstml v0.12.1
[INFO] [stderr]     Checking icu_collections v2.3.0
[INFO] [stderr]    Compiling quote-use v0.8.4
[INFO] [stderr]    Compiling attribute-derive-macro v0.10.5
[INFO] [stderr]     Checking wasm_split_helpers v0.2.3
[INFO] [stderr]    Compiling openssl-macros v0.1.1
[INFO] [stderr]    Compiling leptos_router_macro v0.8.7
[INFO] [stderr]     Checking futures-executor v0.3.34
[INFO] [stderr]     Checking windows-core v0.62.2
[INFO] [stderr]     Checking openssl v0.10.81
[INFO] [stderr]     Checking pin-project v1.1.13
[INFO] [stderr]     Checking typed-builder v0.23.2
[INFO] [stderr]     Checking icu_provider v2.3.1
[INFO] [stderr]     Checking futures v0.3.34
[INFO] [stderr]     Checking thiserror v1.0.69
[INFO] [stderr]     Checking icu_properties v2.3.0
[INFO] [stderr]     Checking icu_normalizer v2.3.0
[INFO] [stderr]     Checking windows-collections v0.3.2
[INFO] [stderr]     Checking windows-numerics v0.3.1
[INFO] [stderr]    Compiling attribute-derive v0.10.5
[INFO] [stderr]     Checking windows-future v0.3.2
[INFO] [stdout] error[E0425]: cannot find type `IMarshal` in module `windows_core::imp`
[INFO] [stdout]   --> /opt/rustwide/cargo-home/registry/src/index.crates.io-1949cf8c6b5b557f/windows-future-0.3.2/src/bindings.rs:87:51
[INFO] [stdout]    |
[INFO] [stdout] 87 |             } else if *iid == <windows_core::imp::IMarshal as windows_core::Interface>::IID {
[INFO] [stdout]    |                                                   ^^^^^^^^ not found in `windows_core::imp`
[INFO] [stdout] 
[INFO] [stdout] 
[INFO] [stdout] error[E0425]: cannot find function `marshaler` in module `windows_core::imp`
[INFO] [stdout]   --> /opt/rustwide/cargo-home/registry/src/index.crates.io-1949cf8c6b5b557f/windows-future-0.3.2/src/bindings.rs:89:43
[INFO] [stdout]    |
[INFO] [stdout] 89 |                 return windows_core::imp::marshaler(
[INFO] [stdout]    |                                           ^^^^^^^^^ not found in `windows_core::imp`
[INFO] [stdout] 
[INFO] [stdout] 
[INFO] [stdout] error[E0425]: cannot find type `IMarshal` in module `windows_core::imp`
[INFO] [stdout]    --> /opt/rustwide/cargo-home/registry/src/index.crates.io-1949cf8c6b5b557f/windows-future-0.3.2/src/bindings.rs:255:51
[INFO] [stdout]     |
[INFO] [stdout] 255 |             } else if *iid == <windows_core::imp::IMarshal as windows_core::Interface>::IID {
[INFO] [stdout]     |                                                   ^^^^^^^^ not found in `windows_core::imp`
[INFO] [stdout] 
[INFO] [stdout] 
[INFO] [stdout] error[E0425]: cannot find function `marshaler` in module `windows_core::imp`
[INFO] [stdout]    --> /opt/rustwide/cargo-home/registry/src/index.crates.io-1949cf8c6b5b557f/windows-future-0.3.2/src/bindings.rs:257:43
[INFO] [stdout]     |
[INFO] [stdout] 257 |                 return windows_core::imp::marshaler(
[INFO] [stdout]     |                                           ^^^^^^^^^ not found in `windows_core::imp`
[INFO] [stdout] 
[INFO] [stdout] 
[INFO] [stdout] error[E0425]: cannot find type `IMarshal` in module `windows_core::imp`
[INFO] [stdout]    --> /opt/rustwide/cargo-home/registry/src/index.crates.io-1949cf8c6b5b557f/windows-future-0.3.2/src/bindings.rs:422:364
[INFO] [stdout]     |
[INFO] [stdout] 422 | ... _ } else if * iid == < windows_core::imp::IMarshal as windows_core::Interface >::IID { ( * this ) . count . add_ref ( ) ; retur...
[INFO] [stdout]     |                                               ^^^^^^^^ not found in `windows_core::imp`
[INFO] [stdout] 
[INFO] [stdout] 
[INFO] [stdout] error[E0425]: cannot find function `marshaler` in module `windows_core::imp`
[INFO] [stdout]    --> /opt/rustwide/cargo-home/registry/src/index.crates.io-1949cf8c6b5b557f/windows-future-0.3.2/src/bindings.rs:422:470
[INFO] [stdout]     |
[INFO] [stdout] 422 | ... . add_ref ( ) ; return windows_core::imp::marshaler ( core::mem::transmute ( & mut ( * this ) . vtable as * mut _ as * mut core...
[INFO] [stdout]     |                                               ^^^^^^^^^ not found in `windows_core::imp`
[INFO] [stdout] 
[INFO] [stdout] 
[INFO] [stdout] error[E0425]: cannot find type `IMarshal` in module `windows_core::imp`
[INFO] [stdout]    --> /opt/rustwide/cargo-home/registry/src/index.crates.io-1949cf8c6b5b557f/windows-future-0.3.2/src/bindings.rs:572:51
[INFO] [stdout]     |
[INFO] [stdout] 572 |             } else if *iid == <windows_core::imp::IMarshal as windows_core::Interface>::IID {
[INFO] [stdout]     |                                                   ^^^^^^^^ not found in `windows_core::imp`
[INFO] [stdout] 
[INFO] [stdout] 
[INFO] [stdout] error[E0425]: cannot find function `marshaler` in module `windows_core::imp`
[INFO] [stdout]    --> /opt/rustwide/cargo-home/registry/src/index.crates.io-1949cf8c6b5b557f/windows-future-0.3.2/src/bindings.rs:574:43
[INFO] [stdout]     |
[INFO] [stdout] 574 |                 return windows_core::imp::marshaler(
[INFO] [stdout]     |                                           ^^^^^^^^^ not found in `windows_core::imp`
[INFO] [stdout] 
[INFO] [stdout] 
[INFO] [stdout] error[E0425]: cannot find type `IMarshal` in module `windows_core::imp`
[INFO] [stdout]    --> /opt/rustwide/cargo-home/registry/src/index.crates.io-1949cf8c6b5b557f/windows-future-0.3.2/src/bindings.rs:752:364
[INFO] [stdout]     |
[INFO] [stdout] 752 | ... _ } else if * iid == < windows_core::imp::IMarshal as windows_core::Interface >::IID { ( * this ) . count . add_ref ( ) ; retur...
[INFO] [stdout]     |                                               ^^^^^^^^ not found in `windows_core::imp`
[INFO] [stdout] 
[INFO] [stdout] 
[INFO] [stdout] error[E0425]: cannot find function `marshaler` in module `windows_core::imp`
[INFO] [stdout]    --> /opt/rustwide/cargo-home/registry/src/index.crates.io-1949cf8c6b5b557f/windows-future-0.3.2/src/bindings.rs:752:470
[INFO] [stdout]     |
[INFO] [stdout] 752 | ... . add_ref ( ) ; return windows_core::imp::marshaler ( core::mem::transmute ( & mut ( * this ) . vtable as * mut _ as * mut core...
[INFO] [stdout]     |                                               ^^^^^^^^^ not found in `windows_core::imp`
[INFO] [stdout] 
[INFO] [stdout] 
[INFO] [stdout] error[E0425]: cannot find type `IMarshal` in module `windows_core::imp`
[INFO] [stdout]    --> /opt/rustwide/cargo-home/registry/src/index.crates.io-1949cf8c6b5b557f/windows-future-0.3.2/src/bindings.rs:927:377
[INFO] [stdout]     |
[INFO] [stdout] 927 | ... _ } else if * iid == < windows_core::imp::IMarshal as windows_core::Interface >::IID { ( * this ) . count . add_ref ( ) ; retur...
[INFO] [stdout]     |                                               ^^^^^^^^ not found in `windows_core::imp`
[INFO] [stdout] 
[INFO] [stdout] 
[INFO] [stdout] error[E0425]: cannot find function `marshaler` in module `windows_core::imp`
[INFO] [stdout]    --> /opt/rustwide/cargo-home/registry/src/index.crates.io-1949cf8c6b5b557f/windows-future-0.3.2/src/bindings.rs:927:483
[INFO] [stdout]     |
[INFO] [stdout] 927 | ... . add_ref ( ) ; return windows_core::imp::marshaler ( core::mem::transmute ( & mut ( * this ) . vtable as * mut _ as * mut core...
[INFO] [stdout]     |                                               ^^^^^^^^^ not found in `windows_core::imp`
[INFO] [stdout] 
[INFO] [stdout] 
[INFO] [stdout] error[E0425]: cannot find function `submit` in crate `windows_threading`
[INFO] [stdout]    --> /opt/rustwide/cargo-home/registry/src/index.crates.io-1949cf8c6b5b557f/windows-future-0.3.2/src/async_spawn.rs:264:28
[INFO] [stdout]     |
[INFO] [stdout] 264 |         windows_threading::submit(move || {
[INFO] [stdout]     |                            ^^^^^^ not found in `windows_threading`
[INFO] [stdout] 
[INFO] [stdout] 
[INFO] [stdout] error[E0425]: cannot find function `submit` in crate `windows_threading`
[INFO] [stdout]    --> /opt/rustwide/cargo-home/registry/src/index.crates.io-1949cf8c6b5b557f/windows-future-0.3.2/src/async_spawn.rs:281:28
[INFO] [stdout]     |
[INFO] [stdout] 281 |         windows_threading::submit(move || {
[INFO] [stdout]     |                            ^^^^^^ not found in `windows_threading`
[INFO] [stdout] 
[INFO] [stdout] 
[INFO] [stdout] error[E0425]: cannot find function `submit` in crate `windows_threading`
[INFO] [stdout]    --> /opt/rustwide/cargo-home/registry/src/index.crates.io-1949cf8c6b5b557f/windows-future-0.3.2/src/async_spawn.rs:298:28
[INFO] [stdout]     |
[INFO] [stdout] 298 |         windows_threading::submit(move || {
[INFO] [stdout]     |                            ^^^^^^ not found in `windows_threading`
[INFO] [stdout] 
[INFO] [stdout] 
[INFO] [stdout] error[E0425]: cannot find function `submit` in crate `windows_threading`
[INFO] [stdout]    --> /opt/rustwide/cargo-home/registry/src/index.crates.io-1949cf8c6b5b557f/windows-future-0.3.2/src/async_spawn.rs:315:28
[INFO] [stdout]     |
[INFO] [stdout] 315 |         windows_threading::submit(move || {
[INFO] [stdout]     |                            ^^^^^^ not found in `windows_threading`
[INFO] [stdout] 
[INFO] [stdout] 
[INFO] [stderr]     Checking chrono v0.4.45
[INFO] [stderr]     Checking hydration_context v0.3.1
[INFO] [stderr]     Checking oco_ref v0.2.1
[INFO] [stderr]     Checking serde_qs v0.15.0
[INFO] [stderr]     Checking codee v0.3.5
[INFO] [stderr]     Checking leptos_hot_reload v0.8.6
[INFO] [stderr]     Checking leptos_config v0.8.10
[INFO] [stderr]    Compiling wasm-bindgen-macro v0.2.129
[INFO] [stdout] For more information about this error, try `rustc --explain E0425`.
[INFO] [stdout] 
[INFO] [stderr] error: could not compile `windows-future` (lib) due to 16 previous errors
[INFO] [stderr] warning: build failed, waiting for other jobs to finish...
[INFO] [stderr] warning: unused dependency `mimalloc`
[INFO] [stderr]   --> apps/watchdog/Cargo.toml:15:1
[INFO] [stderr]    |
[INFO] [stderr] 15 | mimalloc.workspace = true
[INFO] [stderr]    | ^^^^^^^^
[INFO] [stderr]    |
[INFO] [stderr]    = note: `cargo::unused_dependencies` is set to `warn` by default
[INFO] [stderr] help: consider removing the dependency on `mimalloc`
[INFO] [stderr] warning: `watchdog` (manifest) generated 1 warning
[INFO] running `Command { std: "docker" "inspect" "d968592e7a215a5897575d056886f78b512bc05486957ad4acb44b18c4bca9bf", kill_on_drop: false }`
[INFO] running `Command { std: "docker" "rm" "-f" "d968592e7a215a5897575d056886f78b512bc05486957ad4acb44b18c4bca9bf", kill_on_drop: false }`
[INFO] [stdout] d968592e7a215a5897575d056886f78b512bc05486957ad4acb44b18c4bca9bf
