[INFO] cloning repository https://github.com/Captainfl4me/galapagos
[INFO] running `Command { std: "git" "-c" "credential.helper=" "-c" "credential.helper=/workspace/cargo-home/bin/git-credential-null" "clone" "--bare" "https://github.com/Captainfl4me/galapagos" "/workspace/cache/git-repos/https%3A%2F%2Fgithub.com%2FCaptainfl4me%2Fgalapagos", kill_on_drop: false }`
[INFO] [stderr] Cloning into bare repository '/workspace/cache/git-repos/https%3A%2F%2Fgithub.com%2FCaptainfl4me%2Fgalapagos'...
[INFO] running `Command { std: "git" "rev-parse" "HEAD", kill_on_drop: false }`
[INFO] [stdout] a95eb1c42937693e21fa3529c0d38a49a6b48caf
[INFO] checking Captainfl4me/galapagos against 3154cc1a3e6424e44f438a95007d043ed5ceaaf6 for pr-133502-30
[INFO] running `Command { std: "git" "clone" "/workspace/cache/git-repos/https%3A%2F%2Fgithub.com%2FCaptainfl4me%2Fgalapagos" "/workspace/builds/worker-2-tc2/source", kill_on_drop: false }`
[INFO] [stderr] Cloning into '/workspace/builds/worker-2-tc2/source'...
[INFO] [stderr] done.
[INFO] started tweaking git repo https://github.com/Captainfl4me/galapagos
[INFO] finished tweaking git repo https://github.com/Captainfl4me/galapagos
[INFO] tweaked toml for git repo https://github.com/Captainfl4me/galapagos written to /workspace/builds/worker-2-tc2/source/Cargo.toml
[INFO] validating manifest of git repo https://github.com/Captainfl4me/galapagos on toolchain 3154cc1a3e6424e44f438a95007d043ed5ceaaf6
[INFO] running `Command { std: CARGO_HOME="/workspace/cargo-home" RUSTUP_HOME="/workspace/rustup-home" "/workspace/cargo-home/bin/cargo" "+3154cc1a3e6424e44f438a95007d043ed5ceaaf6" "metadata" "--manifest-path" "Cargo.toml" "--no-deps", kill_on_drop: false }`
[INFO] crate git repo https://github.com/Captainfl4me/galapagos already has a lockfile, it will not be regenerated
[INFO] running `Command { std: CARGO_HOME="/workspace/cargo-home" RUSTUP_HOME="/workspace/rustup-home" "/workspace/cargo-home/bin/cargo" "+3154cc1a3e6424e44f438a95007d043ed5ceaaf6" "fetch" "--manifest-path" "Cargo.toml", kill_on_drop: false }`
[INFO] [stderr] warning: profiles for the non root package will be ignored, specify profiles at the workspace root:
[INFO] [stderr] package:   /workspace/builds/worker-2-tc2/source/galapagos_kernel/Cargo.toml
[INFO] [stderr] workspace: /workspace/builds/worker-2-tc2/source/Cargo.toml
[INFO] running `Command { std: "docker" "create" "-v" "/var/lib/crater-agent-workspace/builds/worker-2-tc2/source:/opt/rustwide/workdir:ro,Z" "-v" "/var/lib/crater-agent-workspace/builds/worker-2-tc2/target:/opt/rustwide/target:rw,Z" "-v" "/var/lib/crater-agent-workspace/cargo-home:/opt/rustwide/cargo-home:ro,Z" "-v" "/var/lib/crater-agent-workspace/rustup-home:/opt/rustwide/rustup-home:ro,Z" "-m" "1610612736" "--network" "none" "ghcr.io/rust-lang/crates-build-env/linux@sha256:77db811e55d90add9212f6832c23229e3de5f1c1f9905e8cb07319ea15df73ac" "sleep" "infinity", kill_on_drop: false }`
[INFO] [stdout] 19d8adf8b49874d51fc7359213472e6c86a13ae82422f6c5984c0cbbf2805a55
[INFO] running `Command { std: "docker" "start" "19d8adf8b49874d51fc7359213472e6c86a13ae82422f6c5984c0cbbf2805a55", kill_on_drop: false }`
[INFO] running `Command { std: "docker" "inspect" "19d8adf8b49874d51fc7359213472e6c86a13ae82422f6c5984c0cbbf2805a55", kill_on_drop: false }`
[INFO] running `Command { std: "docker" "exec" "-e" "SOURCE_DIR=/opt/rustwide/workdir" "-e" "CARGO_HOME=/opt/rustwide/cargo-home" "-e" "RUSTUP_HOME=/opt/rustwide/rustup-home" "-e" "CARGO_TARGET_DIR=/opt/rustwide/target" "-w" "/opt/rustwide/workdir" "--user" "0:0" "19d8adf8b49874d51fc7359213472e6c86a13ae82422f6c5984c0cbbf2805a55" "/opt/rustwide/cargo-home/bin/cargo" "+3154cc1a3e6424e44f438a95007d043ed5ceaaf6" "metadata" "--no-deps" "--format-version=1", kill_on_drop: false }`
[INFO] running `Command { std: "docker" "inspect" "19d8adf8b49874d51fc7359213472e6c86a13ae82422f6c5984c0cbbf2805a55", kill_on_drop: false }`
[INFO] running `Command { std: "docker" "exec" "-e" "SOURCE_DIR=/opt/rustwide/workdir" "-e" "CARGO_HOME=/opt/rustwide/cargo-home" "-e" "RUSTUP_HOME=/opt/rustwide/rustup-home" "-e" "CARGO_TARGET_DIR=/opt/rustwide/target" "-e" "CARGO_INCREMENTAL=0" "-e" "RUST_BACKTRACE=full" "-e" "RUSTFLAGS=--cap-lints=forbid" "-e" "RUSTDOCFLAGS=--cap-lints=forbid" "-w" "/opt/rustwide/workdir" "--user" "0:0" "19d8adf8b49874d51fc7359213472e6c86a13ae82422f6c5984c0cbbf2805a55" "/opt/rustwide/cargo-home/bin/cargo" "+3154cc1a3e6424e44f438a95007d043ed5ceaaf6" "check" "--frozen" "--all" "--all-targets" "--message-format=json", kill_on_drop: false }`
[INFO] [stderr] warning: profiles for the non root package will be ignored, specify profiles at the workspace root:
[INFO] [stderr] package:   /opt/rustwide/workdir/galapagos_kernel/Cargo.toml
[INFO] [stderr] workspace: /opt/rustwide/workdir/Cargo.toml
[INFO] [stderr]     Checking bitflags v2.9.0
[INFO] [stderr]     Checking bit_field v0.10.2
[INFO] [stderr]    Compiling x86 v0.52.0
[INFO] [stderr]     Checking raw-cpuid v10.7.0
[INFO] [stderr]    Compiling syn v2.0.100
[INFO] [stderr]     Checking volatile v0.4.6
[INFO] [stderr]    Compiling bootloader_api v0.11.10
[INFO] [stderr]     Checking spin v0.9.8
[INFO] [stderr]     Checking conquer-util v0.3.0
[INFO] [stderr]     Checking futures-task v0.3.31
[INFO] [stderr]     Checking futures-core v0.3.31
[INFO] [stderr]    Compiling libc v0.2.171
[INFO] [stderr]     Checking x86_64 v0.15.2
[INFO] [stderr]     Checking conquer-once v0.4.0
[INFO] [stderr]     Checking futures-util v0.3.31
[INFO] [stderr]     Checking lazy_static v1.5.0
[INFO] [stderr]     Checking crossbeam-queue v0.3.12
[INFO] [stderr]     Checking volatile v0.2.7
[INFO] [stderr]     Checking noto-sans-mono-bitmap v0.3.1
[INFO] [stderr]     Checking pc-keyboard v0.8.0
[INFO] [stderr]    Compiling llvm-tools v0.1.1
[INFO] [stderr]    Compiling bootloader v0.11.10
[INFO] [stderr]     Checking rustix v1.0.3
[INFO] [stdout] error[E0046]: not all trait items implemented, missing: `forward_overflowing`, `backward_overflowing`
[INFO] [stdout]    --> /opt/rustwide/cargo-home/registry/src/index.crates.io-1949cf8c6b5b557f/x86_64-0.15.2/src/addr.rs:404:1
[INFO] [stdout]     |
[INFO] [stdout] 404 | impl Step for VirtAddr {
[INFO] [stdout]     | ^^^^^^^^^^^^^^^^^^^^^^ missing `forward_overflowing`, `backward_overflowing` in implementation
[INFO] [stdout]     |
[INFO] [stdout]     = help: implement the missing item: `fn forward_overflowing(_: Self, _: usize) -> (Self, bool) { todo!() }`
[INFO] [stdout]     = help: implement the missing item: `fn backward_overflowing(_: Self, _: usize) -> (Self, bool) { todo!() }`
[INFO] [stdout] 
[INFO] [stdout] 
[INFO] [stderr]     Checking bitvec v1.0.1
[INFO] [stdout] error[E0046]: not all trait items implemented, missing: `forward_overflowing`, `backward_overflowing`
[INFO] [stdout]    --> /opt/rustwide/cargo-home/registry/src/index.crates.io-1949cf8c6b5b557f/x86_64-0.15.2/src/structures/paging/page.rs:306:1
[INFO] [stdout]     |
[INFO] [stdout] 306 | impl<S: PageSize> Step for Page<S> {
[INFO] [stdout]     | ^^^^^^^^^^^^^^^^^^^^^^^^^^^^^^^^^^ missing `forward_overflowing`, `backward_overflowing` in implementation
[INFO] [stdout]     |
[INFO] [stdout]     = help: implement the missing item: `fn forward_overflowing(_: Self, _: usize) -> (Self, bool) { todo!() }`
[INFO] [stdout]     = help: implement the missing item: `fn backward_overflowing(_: Self, _: usize) -> (Self, bool) { todo!() }`
[INFO] [stdout] 
[INFO] [stdout] 
[INFO] [stdout] error[E0046]: not all trait items implemented, missing: `forward_overflowing`, `backward_overflowing`
[INFO] [stdout]    --> /opt/rustwide/cargo-home/registry/src/index.crates.io-1949cf8c6b5b557f/x86_64-0.15.2/src/structures/paging/page_table.rs:354:1
[INFO] [stdout]     |
[INFO] [stdout] 354 | impl Step for PageTableIndex {
[INFO] [stdout]     | ^^^^^^^^^^^^^^^^^^^^^^^^^^^^ missing `forward_overflowing`, `backward_overflowing` in implementation
[INFO] [stdout]     |
[INFO] [stdout]     = help: implement the missing item: `fn forward_overflowing(_: Self, _: usize) -> (Self, bool) { todo!() }`
[INFO] [stdout]     = help: implement the missing item: `fn backward_overflowing(_: Self, _: usize) -> (Self, bool) { todo!() }`
[INFO] [stdout] 
[INFO] [stdout] 
[INFO] [stderr]     Checking crc v3.2.1
[INFO] [stderr]     Checking once_cell v1.21.3
[INFO] [stderr]     Checking getrandom v0.3.2
[INFO] [stderr]     Checking memchr v2.7.4
[INFO] [stderr]     Checking uuid v1.16.0
[INFO] [stderr]     Checking gpt v3.1.0
[INFO] [stdout] For more information about this error, try `rustc --explain E0046`.
[INFO] [stdout] 
[INFO] [stderr] error: could not compile `x86_64` (lib) due to 3 previous errors
[INFO] [stderr] warning: build failed, waiting for other jobs to finish...
[INFO] running `Command { std: "docker" "inspect" "19d8adf8b49874d51fc7359213472e6c86a13ae82422f6c5984c0cbbf2805a55", kill_on_drop: false }`
[INFO] running `Command { std: "docker" "rm" "-f" "19d8adf8b49874d51fc7359213472e6c86a13ae82422f6c5984c0cbbf2805a55", kill_on_drop: false }`
[INFO] [stdout] 19d8adf8b49874d51fc7359213472e6c86a13ae82422f6c5984c0cbbf2805a55
