[INFO] cloning repository https://github.com/CHENJIAMIAN/yuexu-lunar-almanac
[INFO] running `Command { std: "git" "-c" "credential.helper=" "-c" "credential.helper=/workspace/cargo-home/bin/git-credential-null" "clone" "--bare" "https://github.com/CHENJIAMIAN/yuexu-lunar-almanac" "/workspace/cache/git-repos/https%3A%2F%2Fgithub.com%2FCHENJIAMIAN%2Fyuexu-lunar-almanac", kill_on_drop: false }`
[INFO] [stderr] Cloning into bare repository '/workspace/cache/git-repos/https%3A%2F%2Fgithub.com%2FCHENJIAMIAN%2Fyuexu-lunar-almanac'...
[INFO] running `Command { std: "git" "rev-parse" "HEAD", kill_on_drop: false }`
[INFO] [stdout] 5d180faa485a99f282ff8eafa34f2f05e3cee43f
[INFO] checking CHENJIAMIAN/yuexu-lunar-almanac against 3154cc1a3e6424e44f438a95007d043ed5ceaaf6+rustflags=-Znext-solver=coherence for pr-133502-30
[INFO] running `Command { std: "git" "clone" "/workspace/cache/git-repos/https%3A%2F%2Fgithub.com%2FCHENJIAMIAN%2Fyuexu-lunar-almanac" "/workspace/builds/worker-2-tc1/source", kill_on_drop: false }`
[INFO] [stderr] Cloning into '/workspace/builds/worker-2-tc1/source'...
[INFO] [stderr] done.
[INFO] started tweaking git repo https://github.com/CHENJIAMIAN/yuexu-lunar-almanac
[INFO] finished tweaking git repo https://github.com/CHENJIAMIAN/yuexu-lunar-almanac
[INFO] tweaked toml for git repo https://github.com/CHENJIAMIAN/yuexu-lunar-almanac written to /workspace/builds/worker-2-tc1/source/Cargo.toml
[INFO] validating manifest of git repo https://github.com/CHENJIAMIAN/yuexu-lunar-almanac on toolchain 3154cc1a3e6424e44f438a95007d043ed5ceaaf6
[INFO] running `Command { std: CARGO_HOME="/workspace/cargo-home" RUSTUP_HOME="/workspace/rustup-home" "/workspace/cargo-home/bin/cargo" "+3154cc1a3e6424e44f438a95007d043ed5ceaaf6" "metadata" "--manifest-path" "Cargo.toml" "--no-deps", kill_on_drop: false }`
[INFO] crate git repo https://github.com/CHENJIAMIAN/yuexu-lunar-almanac already has a lockfile, it will not be regenerated
[INFO] running `Command { std: CARGO_HOME="/workspace/cargo-home" RUSTUP_HOME="/workspace/rustup-home" "/workspace/cargo-home/bin/cargo" "+3154cc1a3e6424e44f438a95007d043ed5ceaaf6" "fetch" "--manifest-path" "Cargo.toml", kill_on_drop: false }`
[INFO] [stderr]     Updating crates.io index
[INFO] [stderr]  Downloading crates ...
[INFO] [stderr]   Downloaded lunar_rust v1.0.1
[INFO] running `Command { std: "docker" "create" "-v" "/var/lib/crater-agent-workspace/builds/worker-2-tc1/source:/opt/rustwide/workdir:ro,Z" "-v" "/var/lib/crater-agent-workspace/builds/worker-2-tc1/target:/opt/rustwide/target:rw,Z" "-v" "/var/lib/crater-agent-workspace/cargo-home:/opt/rustwide/cargo-home:ro,Z" "-v" "/var/lib/crater-agent-workspace/rustup-home:/opt/rustwide/rustup-home:ro,Z" "-m" "1610612736" "--network" "none" "ghcr.io/rust-lang/crates-build-env/linux@sha256:77db811e55d90add9212f6832c23229e3de5f1c1f9905e8cb07319ea15df73ac" "sleep" "infinity", kill_on_drop: false }`
[INFO] [stdout] 8a2702edb6eb7af99b7d7fb205477e7b9d45482973df91b2806d9f5daf3b322f
[INFO] running `Command { std: "docker" "start" "8a2702edb6eb7af99b7d7fb205477e7b9d45482973df91b2806d9f5daf3b322f", kill_on_drop: false }`
[INFO] running `Command { std: "docker" "inspect" "8a2702edb6eb7af99b7d7fb205477e7b9d45482973df91b2806d9f5daf3b322f", kill_on_drop: false }`
[INFO] running `Command { std: "docker" "exec" "-e" "SOURCE_DIR=/opt/rustwide/workdir" "-e" "CARGO_HOME=/opt/rustwide/cargo-home" "-e" "RUSTUP_HOME=/opt/rustwide/rustup-home" "-e" "CARGO_TARGET_DIR=/opt/rustwide/target" "-w" "/opt/rustwide/workdir" "--user" "0:0" "8a2702edb6eb7af99b7d7fb205477e7b9d45482973df91b2806d9f5daf3b322f" "/opt/rustwide/cargo-home/bin/cargo" "+3154cc1a3e6424e44f438a95007d043ed5ceaaf6" "metadata" "--no-deps" "--format-version=1", kill_on_drop: false }`
[INFO] running `Command { std: "docker" "inspect" "8a2702edb6eb7af99b7d7fb205477e7b9d45482973df91b2806d9f5daf3b322f", kill_on_drop: false }`
[INFO] running `Command { std: "docker" "exec" "-e" "SOURCE_DIR=/opt/rustwide/workdir" "-e" "CARGO_HOME=/opt/rustwide/cargo-home" "-e" "RUSTUP_HOME=/opt/rustwide/rustup-home" "-e" "CARGO_TARGET_DIR=/opt/rustwide/target" "-e" "CARGO_INCREMENTAL=0" "-e" "RUST_BACKTRACE=full" "-e" "RUSTFLAGS=--cap-lints=forbid -Znext-solver=coherence" "-e" "RUSTDOCFLAGS=--cap-lints=forbid" "-w" "/opt/rustwide/workdir" "--user" "0:0" "8a2702edb6eb7af99b7d7fb205477e7b9d45482973df91b2806d9f5daf3b322f" "/opt/rustwide/cargo-home/bin/cargo" "+3154cc1a3e6424e44f438a95007d043ed5ceaaf6" "check" "--frozen" "--all" "--all-targets" "--message-format=json", kill_on_drop: false }`
[INFO] [stderr]    Compiling phf_shared v0.11.3
[INFO] [stderr]    Compiling rand v0.8.7
[INFO] [stderr]    Compiling slotmap v1.1.1
[INFO] [stderr]     Checking float-cmp v0.9.0
[INFO] [stderr]     Checking kurbo v0.13.1
[INFO] [stderr]    Compiling syn v2.0.119
[INFO] [stderr]    Compiling parse-zoneinfo v0.3.1
[INFO] [stderr]     Checking png v0.18.1
[INFO] [stderr]     Checking roxmltree v0.21.1
[INFO] [stderr]     Checking simplecss v0.2.2
[INFO] [stderr]     Checking chrono v0.4.45
[INFO] [stderr]     Checking imagesize v0.15.0
[INFO] [stderr]     Checking unicode-script v0.5.8
[INFO] [stderr]     Checking xmlwriter v0.1.0
[INFO] [stderr]     Checking pico-args v0.5.0
[INFO] [stderr]     Checking strict-num v0.1.1
[INFO] [stderr]     Checking data-url v0.3.2
[INFO] [stderr]     Checking phf v0.11.3
[INFO] [stderr]     Checking unicode-vo v0.1.0
[INFO] [stderr]     Checking unicode-bidi v0.3.18
[INFO] [stderr]     Checking serde_json v1.0.151
[INFO] [stderr]    Compiling serde_derive v1.0.229
[INFO] [stderr]    Compiling phf_generator v0.11.3
[INFO] [stderr]     Checking fontdb v0.24.0
[INFO] [stderr]    Compiling phf_codegen v0.11.3
[INFO] [stderr]    Compiling chrono-tz-build v0.2.1
[INFO] [stderr]     Checking svgtypes v0.16.1
[INFO] [stderr]    Compiling chrono-tz v0.8.6
[INFO] [stderr]    Compiling bytemuck_derive v1.11.0
[INFO] [stderr]     Checking serde v1.0.229
[INFO] [stderr]     Checking bytemuck v1.25.2
[INFO] [stderr]     Checking font-types v0.12.2
[INFO] [stderr]     Checking tiny-skia-path v0.12.0
[INFO] [stderr]     Checking rgb v0.8.53
[INFO] [stderr]     Checking read-fonts v0.41.0
[INFO] [stderr]     Checking tiny-skia v0.12.0
[INFO] [stderr]     Checking lunar_rust v1.0.1
[INFO] [stderr]     Checking harfrust v0.12.0
[INFO] [stderr]     Checking skrifa v0.44.0
[INFO] [stderr]     Checking usvg v0.48.1
[INFO] [stderr]     Checking resvg v0.48.1
[INFO] [stderr]     Checking yuexu-lunar-almanac v0.4.4 (/opt/rustwide/workdir)
[INFO] [stdout] error[E0433]: cannot find `windows` in `os`
[INFO] [stdout]  --> native/ui.rs:5:9
[INFO] [stdout]   |
[INFO] [stdout] 5 |     os::windows::ffi::{OsStrExt, OsStringExt},
[INFO] [stdout]   |         ^^^^^^^ could not find `windows` in `os`
[INFO] [stdout]   |
[INFO] [stdout] note: found an item that was configured out
[INFO] [stdout]  --> /rustc/3154cc1a3e6424e44f438a95007d043ed5ceaaf6/library/std/src/os/mod.rs:62:4
[INFO] [stdout]   |
[INFO] [stdout]   = note: the item is gated behind the `windows` feature
[INFO] [stdout] 
[INFO] [stdout] 
[INFO] [stdout] warning: unused imports: `OsStr` and `c_void`
[INFO] [stdout]  --> native/main.rs:8:11
[INFO] [stdout]   |
[INFO] [stdout] 8 |     ffi::{OsStr, c_void},
[INFO] [stdout]   |           ^^^^^  ^^^^^^
[INFO] [stdout]   |
[INFO] [stdout]   = note: `#[warn(unused_imports)]` (part of `#[warn(unused)]`) on by default
[INFO] [stdout] 
[INFO] [stdout] 
[INFO] [stdout] error[E0433]: cannot find `windows` in `os`
[INFO] [stdout]  --> native/ui.rs:5:9
[INFO] [stdout]   |
[INFO] [stdout] 5 |     os::windows::ffi::{OsStrExt, OsStringExt},
[INFO] [stdout]   |         ^^^^^^^ could not find `windows` in `os`
[INFO] [stdout]   |
[INFO] [stdout] note: found an item that was configured out
[INFO] [stdout]  --> /rustc/3154cc1a3e6424e44f438a95007d043ed5ceaaf6/library/std/src/os/mod.rs:62:4
[INFO] [stdout]   |
[INFO] [stdout]   = note: the item is gated behind the `windows` feature
[INFO] [stdout] 
[INFO] [stdout] 
[INFO] [stdout] warning: unused imports: `OsStr` and `c_void`
[INFO] [stdout]  --> native/main.rs:8:11
[INFO] [stdout]   |
[INFO] [stdout] 8 |     ffi::{OsStr, c_void},
[INFO] [stdout]   |           ^^^^^  ^^^^^^
[INFO] [stdout]   |
[INFO] [stdout]   = note: `#[warn(unused_imports)]` (part of `#[warn(unused)]`) on by default
[INFO] [stdout] 
[INFO] [stdout] 
[INFO] [stdout] error[E0599]: no associated function or constant named `from_wide` found for struct `OsString` in the current scope
[INFO] [stdout]     --> native/ui.rs:1529:34
[INFO] [stdout]      |
[INFO] [stdout] 1529 |     Some(PathBuf::from(OsString::from_wide(&file[..length])))
[INFO] [stdout]      |                                  ^^^^^^^^^ associated function or constant not found in `OsString`
[INFO] [stdout]      |
[INFO] [stdout] note: if you're trying to build a new `OsString` consider using one of the following associated functions:
[INFO] [stdout]       OsString::new
[INFO] [stdout]       OsString::from_encoded_bytes_unchecked
[INFO] [stdout]       OsString::with_capacity
[INFO] [stdout]     --> /rustc/3154cc1a3e6424e44f438a95007d043ed5ceaaf6/library/std/src/ffi/os_str.rs:134:4
[INFO] [stdout] help: there is an associated function `from_iter` with a similar name
[INFO] [stdout]      |
[INFO] [stdout] 1529 -     Some(PathBuf::from(OsString::from_wide(&file[..length])))
[INFO] [stdout] 1529 +     Some(PathBuf::from(OsString::from_iter(&file[..length])))
[INFO] [stdout]      |
[INFO] [stdout] 
[INFO] [stdout] 
[INFO] [stdout] error[E0599]: no method named `encode_wide` found for reference `&OsStr` in the current scope
[INFO] [stdout]     --> native/ui.rs:1693:23
[INFO] [stdout]      |
[INFO] [stdout] 1693 |     OsStr::new(value).encode_wide().chain(Some(0)).collect()
[INFO] [stdout]      |                       ^^^^^^^^^^^ method not found in `&OsStr`
[INFO] [stdout] 
[INFO] [stdout] 
[INFO] [stdout] error[E0599]: no associated function or constant named `from_wide` found for struct `OsString` in the current scope
[INFO] [stdout]     --> native/ui.rs:1529:34
[INFO] [stdout]      |
[INFO] [stdout] 1529 |     Some(PathBuf::from(OsString::from_wide(&file[..length])))
[INFO] [stdout]      |                                  ^^^^^^^^^ associated function or constant not found in `OsString`
[INFO] [stdout]      |
[INFO] [stdout] note: if you're trying to build a new `OsString` consider using one of the following associated functions:
[INFO] [stdout]       OsString::new
[INFO] [stdout]       OsString::from_encoded_bytes_unchecked
[INFO] [stdout]       OsString::with_capacity
[INFO] [stdout]     --> /rustc/3154cc1a3e6424e44f438a95007d043ed5ceaaf6/library/std/src/ffi/os_str.rs:134:4
[INFO] [stdout] help: there is an associated function `from_iter` with a similar name
[INFO] [stdout]      |
[INFO] [stdout] 1529 -     Some(PathBuf::from(OsString::from_wide(&file[..length])))
[INFO] [stdout] 1529 +     Some(PathBuf::from(OsString::from_iter(&file[..length])))
[INFO] [stdout]      |
[INFO] [stdout] 
[INFO] [stdout] 
[INFO] [stdout] error[E0599]: no method named `encode_wide` found for reference `&OsStr` in the current scope
[INFO] [stdout]     --> native/ui.rs:1693:23
[INFO] [stdout]      |
[INFO] [stdout] 1693 |     OsStr::new(value).encode_wide().chain(Some(0)).collect()
[INFO] [stdout]      |                       ^^^^^^^^^^^ method not found in `&OsStr`
[INFO] [stdout] 
[INFO] [stdout] 
[INFO] [stdout] Some errors have detailed explanations: E0433, E0599.
[INFO] [stdout] 
[INFO] [stdout] For more information about an error, try `rustc --explain E0433`.
[INFO] [stdout] 
[INFO] [stderr] error: could not compile `yuexu-lunar-almanac` (bin "LunarCalendar") due to 3 previous errors; 1 warning emitted
[INFO] [stderr] warning: build failed, waiting for other jobs to finish...
[INFO] [stdout] Some errors have detailed explanations: E0433, E0599.
[INFO] [stdout] 
[INFO] [stdout] For more information about an error, try `rustc --explain E0433`.
[INFO] [stdout] 
[INFO] [stderr] error: could not compile `yuexu-lunar-almanac` (bin "LunarCalendar" test) due to 3 previous errors; 1 warning emitted
[INFO] running `Command { std: "docker" "inspect" "8a2702edb6eb7af99b7d7fb205477e7b9d45482973df91b2806d9f5daf3b322f", kill_on_drop: false }`
[INFO] running `Command { std: "docker" "rm" "-f" "8a2702edb6eb7af99b7d7fb205477e7b9d45482973df91b2806d9f5daf3b322f", kill_on_drop: false }`
[INFO] [stdout] 8a2702edb6eb7af99b7d7fb205477e7b9d45482973df91b2806d9f5daf3b322f
