[INFO] cloning repository https://github.com/CH4ACKO3/Frontal-Lobe
[INFO] running `Command { std: "git" "-c" "credential.helper=" "-c" "credential.helper=/workspace/cargo-home/bin/git-credential-null" "clone" "--bare" "https://github.com/CH4ACKO3/Frontal-Lobe" "/workspace/cache/git-repos/https%3A%2F%2Fgithub.com%2FCH4ACKO3%2FFrontal-Lobe", kill_on_drop: false }`
[INFO] [stderr] Cloning into bare repository '/workspace/cache/git-repos/https%3A%2F%2Fgithub.com%2FCH4ACKO3%2FFrontal-Lobe'...
[INFO] running `Command { std: "git" "rev-parse" "HEAD", kill_on_drop: false }`
[INFO] [stdout] b993fc1dc00120fc074610a5a31939b6177c3328
[INFO] checking CH4ACKO3/Frontal-Lobe against 3154cc1a3e6424e44f438a95007d043ed5ceaaf6+rustflags=-Znext-solver=coherence for pr-133502-30
[INFO] running `Command { std: "git" "clone" "/workspace/cache/git-repos/https%3A%2F%2Fgithub.com%2FCH4ACKO3%2FFrontal-Lobe" "/workspace/builds/worker-3-tc1/source", kill_on_drop: false }`
[INFO] [stderr] Cloning into '/workspace/builds/worker-3-tc1/source'...
[INFO] [stderr] done.
[INFO] started tweaking git repo https://github.com/CH4ACKO3/Frontal-Lobe
[INFO] finished tweaking git repo https://github.com/CH4ACKO3/Frontal-Lobe
[INFO] tweaked toml for git repo https://github.com/CH4ACKO3/Frontal-Lobe written to /workspace/builds/worker-3-tc1/source/Cargo.toml
[INFO] validating manifest of git repo https://github.com/CH4ACKO3/Frontal-Lobe on toolchain 3154cc1a3e6424e44f438a95007d043ed5ceaaf6
[INFO] running `Command { std: CARGO_HOME="/workspace/cargo-home" RUSTUP_HOME="/workspace/rustup-home" "/workspace/cargo-home/bin/cargo" "+3154cc1a3e6424e44f438a95007d043ed5ceaaf6" "metadata" "--manifest-path" "Cargo.toml" "--no-deps", kill_on_drop: false }`
[INFO] crate git repo https://github.com/CH4ACKO3/Frontal-Lobe already has a lockfile, it will not be regenerated
[INFO] running `Command { std: CARGO_HOME="/workspace/cargo-home" RUSTUP_HOME="/workspace/rustup-home" "/workspace/cargo-home/bin/cargo" "+3154cc1a3e6424e44f438a95007d043ed5ceaaf6" "fetch" "--manifest-path" "Cargo.toml", kill_on_drop: false }`
[INFO] [stderr]     Updating crates.io index
[INFO] [stderr]     Updating git repository `https://github.com/modelcontextprotocol/rust-sdk`
[INFO] [stderr]     Blocking waiting for file lock on package cache
[INFO] [stderr]  Downloading crates ...
[INFO] [stderr]   Downloaded linkme-impl v0.3.36
[INFO] [stderr]   Downloaded zmij v1.0.22
[INFO] [stderr]   Downloaded linkme v0.3.36
[INFO] [stderr]   Downloaded libloading v0.9.0
[INFO] [stderr]   Downloaded sse-stream v0.2.5
[INFO] [stderr]   Downloaded cc v1.2.67
[INFO] [stderr]   Downloaded json-patch v4.2.0
[INFO] [stderr]   Downloaded jsonptr v0.7.1
[INFO] [stderr]   Downloaded hecs v0.11.0
[INFO] [stderr]   Downloaded aws-lc-rs v1.17.1
[INFO] [stderr]   Downloaded hashlink v0.12.1
[INFO] [stderr]   Downloaded lru v0.18.1
[INFO] [stderr]   Downloaded aws-lc-sys v0.42.0
[INFO] [stderr]   Downloaded pest_derive v2.8.7
[INFO] [stderr]   Downloaded pest_generator v2.8.7
[INFO] [stderr]   Downloaded pest_meta v2.8.7
[INFO] [stderr]   Downloaded pest v2.8.7
[INFO] running `Command { std: "docker" "create" "-v" "/var/lib/crater-agent-workspace/builds/worker-3-tc1/source:/opt/rustwide/workdir:ro,Z" "-v" "/var/lib/crater-agent-workspace/builds/worker-3-tc1/target:/opt/rustwide/target:rw,Z" "-v" "/var/lib/crater-agent-workspace/cargo-home:/opt/rustwide/cargo-home:ro,Z" "-v" "/var/lib/crater-agent-workspace/rustup-home:/opt/rustwide/rustup-home:ro,Z" "-m" "1610612736" "--network" "none" "ghcr.io/rust-lang/crates-build-env/linux@sha256:77db811e55d90add9212f6832c23229e3de5f1c1f9905e8cb07319ea15df73ac" "sleep" "infinity", kill_on_drop: false }`
[INFO] [stdout] a522d95a9f3452bccefb658ddf119b770e3dde5b33b5fcce81e4ae7ab76c1b35
[INFO] running `Command { std: "docker" "start" "a522d95a9f3452bccefb658ddf119b770e3dde5b33b5fcce81e4ae7ab76c1b35", kill_on_drop: false }`
[INFO] running `Command { std: "docker" "inspect" "a522d95a9f3452bccefb658ddf119b770e3dde5b33b5fcce81e4ae7ab76c1b35", kill_on_drop: false }`
[INFO] running `Command { std: "docker" "exec" "-e" "SOURCE_DIR=/opt/rustwide/workdir" "-e" "CARGO_HOME=/opt/rustwide/cargo-home" "-e" "RUSTUP_HOME=/opt/rustwide/rustup-home" "-e" "CARGO_TARGET_DIR=/opt/rustwide/target" "-w" "/opt/rustwide/workdir" "--user" "0:0" "a522d95a9f3452bccefb658ddf119b770e3dde5b33b5fcce81e4ae7ab76c1b35" "/opt/rustwide/cargo-home/bin/cargo" "+3154cc1a3e6424e44f438a95007d043ed5ceaaf6" "metadata" "--no-deps" "--format-version=1", kill_on_drop: false }`
[INFO] running `Command { std: "docker" "inspect" "a522d95a9f3452bccefb658ddf119b770e3dde5b33b5fcce81e4ae7ab76c1b35", kill_on_drop: false }`
[INFO] running `Command { std: "docker" "exec" "-e" "SOURCE_DIR=/opt/rustwide/workdir" "-e" "CARGO_HOME=/opt/rustwide/cargo-home" "-e" "RUSTUP_HOME=/opt/rustwide/rustup-home" "-e" "CARGO_TARGET_DIR=/opt/rustwide/target" "-e" "CARGO_INCREMENTAL=0" "-e" "RUST_BACKTRACE=full" "-e" "RUSTFLAGS=--cap-lints=forbid -Znext-solver=coherence" "-e" "RUSTDOCFLAGS=--cap-lints=forbid" "-w" "/opt/rustwide/workdir" "--user" "0:0" "a522d95a9f3452bccefb658ddf119b770e3dde5b33b5fcce81e4ae7ab76c1b35" "/opt/rustwide/cargo-home/bin/cargo" "+3154cc1a3e6424e44f438a95007d043ed5ceaaf6" "check" "--frozen" "--all" "--all-targets" "--message-format=json", kill_on_drop: false }`
[INFO] [stderr]    Compiling proc-macro2 v1.0.106
[INFO] [stderr]    Compiling quote v1.0.46
[INFO] [stderr]    Compiling unicode-ident v1.0.24
[INFO] [stderr]    Compiling libc v0.2.186
[INFO] [stderr]     Checking cfg-if v1.0.4
[INFO] [stderr]     Checking itoa v1.0.18
[INFO] [stderr]     Checking log v0.4.33
[INFO] [stderr]     Checking pin-project-lite v0.2.17
[INFO] [stderr]     Checking memchr v2.8.3
[INFO] [stderr]     Checking bytes v1.12.1
[INFO] [stderr]     Checking futures-core v0.3.32
[INFO] [stderr]    Compiling serde_core v1.0.228
[INFO] [stderr]     Checking typenum v1.20.1
[INFO] [stderr]     Checking futures-sink v0.3.32
[INFO] [stderr]    Compiling zmij v1.0.22
[INFO] [stderr]     Checking slab v0.4.12
[INFO] [stderr]    Compiling shlex v2.0.1
[INFO] [stderr]     Checking futures-task v0.3.32
[INFO] [stderr]    Compiling version_check v0.9.5
[INFO] [stderr]    Compiling find-msvc-tools v0.1.9
[INFO] [stderr]     Checking futures-channel v0.3.32
[INFO] [stderr]     Checking futures-io v0.3.32
[INFO] [stderr]    Compiling serde v1.0.228
[INFO] [stderr]     Checking smallvec v1.15.2
[INFO] [stderr]    Compiling pkg-config v0.3.33
[INFO] [stderr]     Checking stable_deref_trait v1.2.1
[INFO] [stderr]    Compiling serde_json v1.0.150
[INFO] [stderr]    Compiling rustversion v1.0.23
[INFO] [stderr]     Checking once_cell v1.21.4
[INFO] [stderr]    Compiling thiserror v2.0.18
[INFO] [stderr]    Compiling generic-array v0.14.7
[INFO] [stderr]    Compiling fs_extra v1.3.0
[INFO] [stderr]     Checking cpufeatures v0.2.17
[INFO] [stderr]    Compiling strsim v0.11.1
[INFO] [stderr]     Checking bitflags v2.13.0
[INFO] [stderr]    Compiling ident_case v1.0.1
[INFO] [stderr]    Compiling dunce v1.0.5
[INFO] [stderr]    Compiling httparse v1.10.1
[INFO] [stderr]     Checking tracing-core v0.1.36
[INFO] [stderr]     Checking ryu v1.0.23
[INFO] [stderr]    Compiling aws-lc-rs v1.17.1
[INFO] [stderr]     Checking litemap v0.8.2
[INFO] [stderr]     Checking writeable v0.6.3
[INFO] [stderr]     Checking http v1.4.2
[INFO] [stderr]     Checking zeroize v1.9.0
[INFO] [stderr]     Checking utf8_iter v1.0.4
[INFO] [stderr]     Checking percent-encoding v2.3.2
[INFO] [stderr]    Compiling icu_normalizer_data v2.2.0
[INFO] [stderr]    Compiling icu_properties_data v2.2.0
[INFO] [stderr]     Checking rustls-pki-types v1.15.0
[INFO] [stderr]     Checking rand_core v0.10.1
[INFO] [stderr]    Compiling linkme-impl v0.3.36
[INFO] [stderr]    Compiling getrandom v0.4.3
[INFO] [stderr]     Checking tower-service v0.3.3
[INFO] [stderr]    Compiling rustls v0.23.41
[INFO] [stderr]     Checking untrusted v0.9.0
[INFO] [stderr]     Checking try-lock v0.2.5
[INFO] [stderr]    Compiling autocfg v1.5.1
[INFO] [stderr]    Compiling linkme v0.3.36
[INFO] [stderr]     Checking want v0.3.1
[INFO] [stderr]    Compiling syn v2.0.118
[INFO] [stderr]    Compiling syn v3.0.3
[INFO] [stderr]     Checking form_urlencoded v1.2.2
[INFO] [stderr]     Checking sync_wrapper v1.0.2
[INFO] [stderr]     Checking cpufeatures v0.3.0
[INFO] [stderr]     Checking httpdate v1.0.3
[INFO] [stderr]     Checking atomic-waker v1.1.2
[INFO] [stderr]     Checking tower-layer v0.3.3
[INFO] [stderr]     Checking subtle v2.6.1
[INFO] [stderr]     Checking arc-swap v1.9.2
[INFO] [stderr]     Checking libloading v0.9.0
[INFO] [stderr]     Checking ipnet v2.12.0
[INFO] [stderr]     Checking base64 v0.22.1
[INFO] [stderr]    Compiling ref-cast v1.0.26
[INFO] [stderr]     Checking chacha20 v0.10.1
[INFO] [stderr]     Checking openssl-probe v0.2.1
[INFO] [stderr]    Compiling jobserver v0.1.35
[INFO] [stderr]     Checking rustls-native-certs v0.8.4
[INFO] [stderr]     Checking dyn-clone v1.0.20
[INFO] [stderr]     Checking http-body v1.0.1
[INFO] [stderr]    Compiling num-traits v0.2.19
[INFO] [stderr]    Compiling rmcp v3.1.1 (https://github.com/modelcontextprotocol/rust-sdk?tag=rmcp-v3.1.1#baac607e)
[INFO] [stderr]     Checking crypto-common v0.1.7
[INFO] [stderr]     Checking block-buffer v0.10.4
[INFO] [stderr]     Checking lazy_static v1.5.0
[INFO] [stderr]    Compiling cc v1.2.67
[INFO] [stderr]     Checking thread_local v1.1.10
[INFO] [stderr]     Checking http-body-util v0.1.3
[INFO] [stderr]     Checking sharded-slab v0.1.7
[INFO] [stderr]     Checking digest v0.10.7
[INFO] [stderr]     Checking base64 v0.23.0
[INFO] [stderr]    Compiling pastey v0.2.3
[INFO] [stderr]     Checking allocator-api2 v0.2.21
[INFO] [stderr]     Checking foldhash v0.2.0
[INFO] [stderr]     Checking errno v0.3.14
[INFO] [stderr]     Checking mio v1.2.1
[INFO] [stderr]     Checking socket2 v0.6.4
[INFO] [stderr]     Checking sha2 v0.10.9
[INFO] [stderr]     Checking signal-hook-registry v1.4.8
[INFO] [stderr]     Checking equivalent v1.0.2
[INFO] [stderr]    Compiling rustix v1.1.4
[INFO] [stderr]     Checking linux-raw-sys v0.12.1
[INFO] [stderr]     Checking spin v0.10.0
[INFO] [stderr]     Checking hashbrown v0.16.1
[INFO] [stderr]     Checking rand v0.10.2
[INFO] [stderr]     Checking uuid v1.24.0
[INFO] [stderr]    Compiling zerocopy v0.8.54
[INFO] [stderr]     Checking tracing-subscriber v0.3.23
[INFO] [stderr]    Compiling getrandom v0.3.4
[INFO] [stderr]     Checking fastrand v2.4.1
[INFO] [stderr]     Checking data-encoding v2.11.0
[INFO] [stderr]     Checking sha1 v0.10.7
[INFO] [stderr]     Checking hashbrown v0.17.1
[INFO] [stderr]     Checking mime v0.3.17
[INFO] [stderr]     Checking rand_core v0.9.5
[INFO] [stderr]     Checking matchit v0.8.4
[INFO] [stderr]    Compiling vcpkg v0.2.15
[INFO] [stderr]     Checking fallible-iterator v0.3.0
[INFO] [stderr]     Checking fallible-streaming-iterator v0.1.9
[INFO] [stderr]     Checking option-ext v0.2.0
[INFO] [stderr]     Checking winnow v1.0.3
[INFO] [stderr]     Checking dirs-sys v0.5.0
[INFO] [stderr]     Checking toml_writer v1.1.1+spec-1.1.0
[INFO] [stderr]    Compiling heck v0.5.0
[INFO] [stderr]     Checking dirs v6.0.0
[INFO] [stderr]    Compiling cmake v0.1.58
[INFO] [stderr]     Checking utf8parse v0.2.2
[INFO] [stderr]     Checking is_terminal_polyfill v1.70.2
[INFO] [stderr]     Checking anstyle-parse v1.0.0
[INFO] [stderr]     Checking serde_path_to_error v0.1.20
[INFO] [stderr]     Checking serde_spanned v1.1.1
[INFO] [stderr]     Checking toml_datetime v1.1.1+spec-1.1.0
[INFO] [stderr]     Checking anstyle v1.0.14
[INFO] [stderr]     Checking hashlink v0.12.1
[INFO] [stderr]     Checking anstyle-query v1.1.5
[INFO] [stderr]     Checking colorchoice v1.0.5
[INFO] [stderr]     Checking clap_lex v1.1.0
[INFO] [stderr]     Checking toml_parser v1.1.2+spec-1.1.0
[INFO] [stderr]     Checking anstream v1.0.0
[INFO] [stderr]     Checking hybrid-array v0.4.13
[INFO] [stderr]     Checking num_threads v0.1.7
[INFO] [stderr]     Checking powerfmt v0.2.0
[INFO] [stderr]     Checking time-core v0.1.9
[INFO] [stderr]     Checking const-oid v0.10.2
[INFO] [stderr]     Checking clap_builder v4.6.0
[INFO] [stderr]     Checking deranged v0.5.8
[INFO] [stderr]     Checking num-conv v0.2.2
[INFO] [stderr]     Checking either v1.16.0
[INFO] [stderr]     Checking castaway v0.2.4
[INFO] [stderr]    Compiling instability v0.3.12
[INFO] [stderr]     Checking unicode-width v0.2.2
[INFO] [stderr]     Checking itertools v0.14.0
[INFO] [stderr]    Compiling aws-lc-sys v0.42.0
[INFO] [stderr]    Compiling libsqlite3-sys v0.38.1
[INFO] [stderr]     Checking toml v1.1.2+spec-1.1.0
[INFO] [stderr]    Compiling signal-hook v0.3.18
[INFO] [stderr]     Checking unicode-segmentation v1.13.3
[INFO] [stderr]     Checking static_assertions v1.1.0
[INFO] [stderr]    Compiling parking_lot_core v0.9.12
[INFO] [stderr]     Checking compact_str v0.9.1
[INFO] [stderr]     Checking crypto-common v0.2.2
[INFO] [stderr]     Checking block-buffer v0.12.1
[INFO] [stderr]     Checking lru v0.18.1
[INFO] [stderr]     Checking critical-section v1.2.0
[INFO] [stderr]     Checking scopeguard v1.2.0
[INFO] [stderr]    Compiling indoc v2.0.7
[INFO] [stderr]     Checking lock_api v0.4.14
[INFO] [stderr]    Compiling convert_case v0.10.0
[INFO] [stderr]    Compiling litrs v1.0.0
[INFO] [stderr]     Checking signal-hook-mio v0.2.5
[INFO] [stderr]     Checking line-clipping v0.3.7
[INFO] [stderr]     Checking parking_lot v0.12.5
[INFO] [stderr]     Checking digest v0.11.3
[INFO] [stderr]     Checking sha1 v0.11.0
[INFO] [stderr]     Checking time v0.3.53
[INFO] [stderr]    Compiling document-features v0.2.12
[INFO] [stderr]     Checking unicode-truncate v2.0.1
[INFO] [stderr]     Checking tempfile v3.27.0
[INFO] [stderr]    Compiling darling_core v0.24.0
[INFO] [stderr]    Compiling serde_derive_internals v0.30.0
[INFO] [stderr]    Compiling synstructure v0.13.2
[INFO] [stderr]    Compiling darling_core v0.23.0
[INFO] [stderr]    Compiling ref-cast-impl v1.0.26
[INFO] [stderr]    Compiling schemars_derive v1.2.2
[INFO] [stderr]    Compiling async-trait v0.1.91
[INFO] [stderr]     Checking ppv-lite86 v0.2.21
[INFO] [stderr]    Compiling tokio-macros v2.7.0
[INFO] [stderr]    Compiling futures-macro v0.3.32
[INFO] [stderr]    Compiling serde_derive v1.0.228
[INFO] [stderr]    Compiling zerofrom-derive v0.1.7
[INFO] [stderr]    Compiling yoke-derive v0.8.2
[INFO] [stderr]    Compiling thiserror-impl v2.0.18
[INFO] [stderr]    Compiling zerovec-derive v0.11.3
[INFO] [stderr]    Compiling displaydoc v0.2.6
[INFO] [stderr]    Compiling tracing-attributes v0.1.31
[INFO] [stderr]    Compiling harmony-macros v0.1.0 (/opt/rustwide/workdir/crates/frontal-harmony-macros)
[INFO] [stderr]     Checking tokio v1.52.3
[INFO] [stderr]     Checking futures-util v0.3.32
[INFO] [stderr]    Compiling frontal-core-macros v0.1.0 (/opt/rustwide/workdir/crates/frontal-core-macros)
[INFO] [stderr]     Checking rand_chacha v0.9.0
[INFO] [stderr]    Compiling clap_derive v4.6.1
[INFO] [stderr]     Checking rand v0.9.5
[INFO] [stderr]    Compiling strum_macros v0.28.0
[INFO] [stderr]    Compiling derive_more-impl v2.1.1
[INFO] [stderr]     Checking zerofrom v0.1.8
[INFO] [stderr]     Checking tracing v0.1.44
[INFO] [stderr]     Checking yoke v0.8.3
[INFO] [stderr]     Checking zerovec v0.11.6
[INFO] [stderr]     Checking zerotrie v0.2.4
[INFO] [stderr]     Checking axum-core v0.5.6
[INFO] [stderr]     Checking tungstenite v0.29.0
[INFO] [stderr]     Checking tungstenite v0.30.0
[INFO] [stderr]     Checking kasuari v0.4.12
[INFO] [stderr]     Checking derive_more v2.1.1
[INFO] [stderr]    Compiling darling_macro v0.23.0
[INFO] [stderr]     Checking crossterm v0.29.0
[INFO] [stderr]     Checking tinystr v0.8.3
[INFO] [stderr]     Checking potential_utf v0.1.5
[INFO] [stderr]    Compiling darling v0.23.0
[INFO] [stderr]     Checking icu_locale_core v2.2.0
[INFO] [stderr]     Checking icu_collections v2.2.0
[INFO] [stderr]     Checking clap v4.6.1
[INFO] [stderr]    Compiling darling_macro v0.24.0
[INFO] [stderr]    Compiling darling v0.24.0
[INFO] [stderr]    Compiling rmcp-macros v3.1.1 (https://github.com/modelcontextprotocol/rust-sdk?tag=rmcp-v3.1.1#baac607e)
[INFO] [stderr]     Checking strum v0.28.0
[INFO] [stderr]     Checking icu_provider v2.2.0
[INFO] [stderr]     Checking ratatui-core v0.1.2
[INFO] [stderr]     Checking icu_properties v2.2.0
[INFO] [stderr]     Checking icu_normalizer v2.2.0
[INFO] [stderr]     Checking futures-executor v0.3.32
[INFO] [stderr]     Checking sse-stream v0.2.5
[INFO] [stderr]     Checking futures v0.3.32
[INFO] [stderr]     Checking ratatui-widgets v0.3.2
[INFO] [stderr]     Checking ratatui-crossterm v0.1.2
[INFO] [stderr]     Checking frontal-harmony-sdk v0.1.0 (/opt/rustwide/workdir/crates/frontal-harmony-sdk)
[INFO] [stderr]     Checking serde_urlencoded v0.7.1
[INFO] [stderr]     Checking chrono v0.4.45
[INFO] [stderr]     Checking hecs v0.11.0
[INFO] [stderr]     Checking jsonptr v0.7.1
[INFO] [stderr]     Checking idna_adapter v1.2.2
[INFO] [stderr]     Checking idna v1.1.0
[INFO] [stderr]     Checking hyper v1.10.1
[INFO] [stderr]     Checking tower v0.5.3
[INFO] [stderr]     Checking harmony v0.1.0 (/opt/rustwide/workdir/crates/frontal-harmony)
[INFO] [stderr]     Checking tokio-util v0.7.18
[INFO] [stderr]     Checking tokio-stream v0.1.19
[INFO] [stderr]     Checking tokio-tungstenite v0.29.0
[INFO] [stderr]     Checking url v2.5.8
[INFO] [stderr]     Checking tokio-tungstenite v0.30.0
[INFO] [stderr]     Checking ratatui-macros v0.7.2
[INFO] [stderr]     Checking ratatui v0.30.2
[INFO] [stderr]     Checking hyper-util v0.1.20
[INFO] [stderr]     Checking tower-http v0.6.11
[INFO] [stderr]     Checking schemars v1.2.2
[INFO] [stderr]     Checking json-patch v4.2.0
[INFO] [stderr]     Checking axum v0.8.9
[INFO] [stderr]     Checking rusqlite v0.40.1
[INFO] [stderr]     Checking rustls-webpki v0.103.13
[INFO] [stderr]     Checking tokio-rustls v0.26.4
[INFO] [stderr]     Checking rustls-platform-verifier v0.7.0
[INFO] [stderr]     Checking hyper-rustls v0.27.9
[INFO] [stderr]     Checking reqwest v0.13.4
[INFO] [stderr]     Checking frontal-mcp v0.1.0 (/opt/rustwide/workdir/crates/frontal-mcp)
[INFO] [stderr]     Checking frontal-core v0.1.0 (/opt/rustwide/workdir/crates/frontal-core)
[INFO] [stderr]     Checking frontal-database v0.1.0 (/opt/rustwide/workdir/crates/frontal-database)
[INFO] [stderr]     Checking frontal-plugin-sdk v0.1.0 (/opt/rustwide/workdir/crates/frontal-plugin-sdk)
[INFO] [stderr]     Checking frontal-daemon v0.1.0 (/opt/rustwide/workdir/crates/frontal-daemon)
[INFO] [stderr]     Checking frontal-agent v0.1.0 (/opt/rustwide/workdir/crates/frontal-agent)
[INFO] [stderr]     Checking frontal-local v0.1.0 (/opt/rustwide/workdir/crates/frontal-local)
[INFO] [stderr]     Checking frontal-adapter v0.1.0 (/opt/rustwide/workdir/crates/frontal-adapter)
[INFO] [stderr]     Checking frontal-bootstrap v0.1.0 (/opt/rustwide/workdir/crates/frontal-bootstrap)
[INFO] [stderr]     Checking frontal-agent-extension v0.1.0 (/opt/rustwide/workdir/crates/frontal-agent-extension)
[INFO] [stderr]     Checking frontal-model-protocol v0.1.0 (/opt/rustwide/workdir/crates/frontal-model-protocol)
[INFO] [stderr]     Checking frontal-cli v0.1.0 (/opt/rustwide/workdir/crates/frontal-cli)
[INFO] [stderr]     Checking frontal-provider-extension v0.1.0 (/opt/rustwide/workdir/crates/frontal-provider-extension)
[INFO] [stderr]     Checking frontal-client-extension v0.1.0 (/opt/rustwide/workdir/crates/frontal-client-extension)
[INFO] [stderr]     Checking frontal-team-plugin v0.1.0 (/opt/rustwide/workdir/plugins/frontal-team)
[INFO] [stderr]     Checking frontal-aimock v0.1.0 (/opt/rustwide/workdir/crates/frontal-aimock)
[INFO] [stderr]     Checking frontal-item-formatter-plugin v0.1.0 (/opt/rustwide/workdir/plugins/utils/item-formatter)
[INFO] [stderr]     Checking frontal-inline-command-plugin v0.1.0 (/opt/rustwide/workdir/plugins/utils/inline-command)
[INFO] [stderr]     Checking frontal-upstream-viz-plugin v0.1.0 (/opt/rustwide/workdir/plugins/infos/upstream-viz)
[INFO] [stderr]     Checking frontal-scaffold v0.1.0 (/opt/rustwide/workdir/crates/frontal-scaffold)
[INFO] [stderr]     Checking frontal-codex v0.1.0 (/opt/rustwide/workdir/integrations/frontal-codex)
[INFO] [stdout] error[E0061]: this function takes 3 arguments but 4 arguments were supplied
[INFO] [stdout]    --> integrations/frontal-codex/tests/thread_lifecycle.rs:34:5
[INFO] [stdout]     |
[INFO] [stdout]  34 |     ClientExtensionRuntime::install(
[INFO] [stdout]     |     ^^^^^^^^^^^^^^^^^^^^^^^^^^^^^^^
[INFO] [stdout] ...
[INFO] [stdout]  38 |         CheckpointDatabase::open(":memory:").unwrap(),
[INFO] [stdout]     |         --------------------------------------------- unexpected argument #4 of type `CheckpointDatabase`
[INFO] [stdout]     |
[INFO] [stdout] note: associated function defined here
[INFO] [stdout]    --> crates/frontal-client-extension/src/runtime.rs:752:18
[INFO] [stdout]     |
[INFO] [stdout] 752 |     pub async fn install(
[INFO] [stdout]     |                  ^^^^^^^
[INFO] [stdout] help: remove the extra argument
[INFO] [stdout]     |
[INFO] [stdout]  37 -         generation,
[INFO] [stdout]  38 -         CheckpointDatabase::open(":memory:").unwrap(),
[INFO] [stdout]  37 +         generation,
[INFO] [stdout]     |
[INFO] [stdout] 
[INFO] [stdout] 
[INFO] [stdout] error[E0061]: this function takes 3 arguments but 4 arguments were supplied
[INFO] [stdout]    --> integrations/frontal-codex/tests/thread_history.rs:370:5
[INFO] [stdout]     |
[INFO] [stdout] 370 |     ClientExtensionRuntime::install(
[INFO] [stdout]     |     ^^^^^^^^^^^^^^^^^^^^^^^^^^^^^^^
[INFO] [stdout] ...
[INFO] [stdout] 374 |         checkpoints.clone(),
[INFO] [stdout]     |         ------------------- unexpected argument #4 of type `CheckpointDatabase`
[INFO] [stdout]     |
[INFO] [stdout] note: associated function defined here
[INFO] [stdout]    --> crates/frontal-client-extension/src/runtime.rs:752:18
[INFO] [stdout]     |
[INFO] [stdout] 752 |     pub async fn install(
[INFO] [stdout]     |                  ^^^^^^^
[INFO] [stdout] help: remove the extra argument
[INFO] [stdout]     |
[INFO] [stdout] 373 -         session_generation,
[INFO] [stdout] 374 -         checkpoints.clone(),
[INFO] [stdout] 373 +         session_generation,
[INFO] [stdout]     |
[INFO] [stdout] 
[INFO] [stdout] 
[INFO] [stdout] error[E0308]: arguments to this function are incorrect
[INFO] [stdout]    --> integrations/frontal-codex/tests/thread_lifecycle.rs:130:9
[INFO] [stdout]     |
[INFO] [stdout] 130 |         CodexBackendRuntime::new(session_client.clone(), task_updates, session_target.clone());
[INFO] [stdout]     |         ^^^^^^^^^^^^^^^^^^^^^^^^ ----------------------                ---------------------- unexpected argument #3 of type `EndpointAlias`
[INFO] [stdout]     |                                  |
[INFO] [stdout]     |                                  argument #1 of type `frontal_daemon::StableCheckpointService` is missing
[INFO] [stdout]     |
[INFO] [stdout] note: associated function defined here
[INFO] [stdout]    --> integrations/frontal-codex/src/backend.rs:110:12
[INFO] [stdout]     |
[INFO] [stdout] 110 |     pub fn new(
[INFO] [stdout]     |            ^^^
[INFO] [stdout] help: did you mean
[INFO] [stdout]     |
[INFO] [stdout] 130 -         CodexBackendRuntime::new(session_client.clone(), task_updates, session_target.clone());
[INFO] [stdout] 130 +         CodexBackendRuntime::new(/* StableCheckpointService */, session_client.clone(), task_updates);
[INFO] [stdout]     |
[INFO] [stdout] 
[INFO] [stdout] 
[INFO] [stdout] error[E0308]: arguments to this function are incorrect
[INFO] [stdout]    --> integrations/frontal-codex/tests/thread_history.rs:455:19
[INFO] [stdout]     |
[INFO] [stdout] 455 |     let backend = CodexBackendRuntime::new(
[INFO] [stdout]     |                   ^^^^^^^^^^^^^^^^^^^^^^^^
[INFO] [stdout] 456 |         session_client.clone(),
[INFO] [stdout]     |         ---------------------- argument #1 of type `frontal_daemon::StableCheckpointService` is missing
[INFO] [stdout] 457 |         task_updates,
[INFO] [stdout] 458 |         session_endpoint.clone(),
[INFO] [stdout]     |         ------------------------ unexpected argument #3 of type `EndpointAlias`
[INFO] [stdout]     |
[INFO] [stdout] note: associated function defined here
[INFO] [stdout]    --> integrations/frontal-codex/src/backend.rs:110:12
[INFO] [stdout]     |
[INFO] [stdout] 110 |     pub fn new(
[INFO] [stdout]     |            ^^^
[INFO] [stdout] help: did you mean
[INFO] [stdout]     |
[INFO] [stdout] 455 ~     let backend = CodexBackendRuntime::new(
[INFO] [stdout] 456 +         /* StableCheckpointService */,
[INFO] [stdout] 457 +         session_client.clone(),
[INFO] [stdout] 458 +         task_updates,
[INFO] [stdout] 459 ~     );
[INFO] [stdout]     |
[INFO] [stdout] 
[INFO] [stdout] 
[INFO] [stdout] error[E0308]: arguments to this function are incorrect
[INFO] [stdout]    --> integrations/frontal-codex/tests/integration_runtime.rs:42:9
[INFO] [stdout]     |
[INFO] [stdout]  42 |         CodexBackendRuntime::new(session_client, task_updates, session_target),
[INFO] [stdout]     |         ^^^^^^^^^^^^^^^^^^^^^^^^ --------------                -------------- unexpected argument #3 of type `EndpointAlias`
[INFO] [stdout]     |                                  |
[INFO] [stdout]     |                                  argument #1 of type `frontal_daemon::StableCheckpointService` is missing
[INFO] [stdout]     |
[INFO] [stdout] note: associated function defined here
[INFO] [stdout]    --> integrations/frontal-codex/src/backend.rs:110:12
[INFO] [stdout]     |
[INFO] [stdout] 110 |     pub fn new(
[INFO] [stdout]     |            ^^^
[INFO] [stdout] help: did you mean
[INFO] [stdout]     |
[INFO] [stdout]  42 -         CodexBackendRuntime::new(session_client, task_updates, session_target),
[INFO] [stdout]  42 +         CodexBackendRuntime::new(/* StableCheckpointService */, session_client, task_updates),
[INFO] [stdout]     |
[INFO] [stdout] 
[INFO] [stdout] 
[INFO] [stdout] Some errors have detailed explanations: E0061, E0308.
[INFO] [stdout] 
[INFO] [stdout] For more information about an error, try `rustc --explain E0061`.
[INFO] [stdout] 
[INFO] [stderr] error: could not compile `frontal-codex` (test "thread_lifecycle") due to 2 previous errors
[INFO] [stderr] warning: build failed, waiting for other jobs to finish...
[INFO] [stdout] For more information about this error, try `rustc --explain E0308`.
[INFO] [stdout] 
[INFO] [stdout] error[E0061]: this function takes 3 arguments but 4 arguments were supplied
[INFO] [stdout]    --> integrations/frontal-codex/tests/thread_execution.rs:76:5
[INFO] [stdout]     |
[INFO] [stdout]  76 |     ClientExtensionRuntime::install(
[INFO] [stdout]     |     ^^^^^^^^^^^^^^^^^^^^^^^^^^^^^^^
[INFO] [stdout] ...
[INFO] [stdout]  80 |         checkpoints.clone(),
[INFO] [stdout]     |         ------------------- unexpected argument #4 of type `CheckpointDatabase`
[INFO] [stdout]     |
[INFO] [stdout] note: associated function defined here
[INFO] [stdout]    --> crates/frontal-client-extension/src/runtime.rs:752:18
[INFO] [stdout]     |
[INFO] [stdout] 752 |     pub async fn install(
[INFO] [stdout]     |                  ^^^^^^^
[INFO] [stdout] help: remove the extra argument
[INFO] [stdout]     |
[INFO] [stdout]  79 -         session_generation,
[INFO] [stdout]  80 -         checkpoints.clone(),
[INFO] [stdout]  79 +         session_generation,
[INFO] [stdout]     |
[INFO] [stdout] 
[INFO] [stdout] 
[INFO] [stderr] error: could not compile `frontal-codex` (test "integration_runtime") due to 1 previous error
[INFO] [stdout] error[E0308]: arguments to this function are incorrect
[INFO] [stdout]    --> integrations/frontal-codex/tests/thread_execution.rs:263:19
[INFO] [stdout]     |
[INFO] [stdout] 263 |     let backend = CodexBackendRuntime::new(
[INFO] [stdout]     |                   ^^^^^^^^^^^^^^^^^^^^^^^^
[INFO] [stdout] 264 |         session_client.clone(),
[INFO] [stdout]     |         ---------------------- argument #1 of type `frontal_daemon::StableCheckpointService` is missing
[INFO] [stdout] 265 |         task_updates,
[INFO] [stdout] 266 |         session_endpoint.clone(),
[INFO] [stdout]     |         ------------------------ unexpected argument #3 of type `EndpointAlias`
[INFO] [stdout]     |
[INFO] [stdout] note: associated function defined here
[INFO] [stdout]    --> integrations/frontal-codex/src/backend.rs:110:12
[INFO] [stdout]     |
[INFO] [stdout] 110 |     pub fn new(
[INFO] [stdout]     |            ^^^
[INFO] [stdout] help: did you mean
[INFO] [stdout]     |
[INFO] [stdout] 263 ~     let backend = CodexBackendRuntime::new(
[INFO] [stdout] 264 +         /* StableCheckpointService */,
[INFO] [stdout] 265 +         session_client.clone(),
[INFO] [stdout] 266 +         task_updates,
[INFO] [stdout] 267 ~     );
[INFO] [stdout]     |
[INFO] [stdout] 
[INFO] [stdout] 
[INFO] [stdout] Some errors have detailed explanations: E0061, E0308.
[INFO] [stdout] 
[INFO] [stdout] For more information about an error, try `rustc --explain E0061`.
[INFO] [stdout] 
[INFO] [stderr] error: could not compile `frontal-codex` (test "thread_history") due to 2 previous errors
[INFO] [stdout] Some errors have detailed explanations: E0061, E0308.
[INFO] [stdout] 
[INFO] [stdout] For more information about an error, try `rustc --explain E0061`.
[INFO] [stdout] 
[INFO] [stderr] error: could not compile `frontal-codex` (test "thread_execution") due to 2 previous errors
[INFO] [stdout] error[E0061]: this function takes 3 arguments but 4 arguments were supplied
[INFO] [stdout]    --> integrations/frontal-codex/tests/thread_auxiliary.rs:45:5
[INFO] [stdout]     |
[INFO] [stdout]  45 |     ClientExtensionRuntime::install(
[INFO] [stdout]     |     ^^^^^^^^^^^^^^^^^^^^^^^^^^^^^^^
[INFO] [stdout] ...
[INFO] [stdout]  49 |         CheckpointDatabase::open(":memory:").unwrap(),
[INFO] [stdout]     |         --------------------------------------------- unexpected argument #4 of type `CheckpointDatabase`
[INFO] [stdout]     |
[INFO] [stdout] note: associated function defined here
[INFO] [stdout]    --> crates/frontal-client-extension/src/runtime.rs:752:18
[INFO] [stdout]     |
[INFO] [stdout] 752 |     pub async fn install(
[INFO] [stdout]     |                  ^^^^^^^
[INFO] [stdout] help: remove the extra argument
[INFO] [stdout]     |
[INFO] [stdout]  48 -         generation,
[INFO] [stdout]  49 -         CheckpointDatabase::open(":memory:").unwrap(),
[INFO] [stdout]  48 +         generation,
[INFO] [stdout]     |
[INFO] [stdout] 
[INFO] [stdout] 
[INFO] [stdout] error[E0061]: this function takes 3 arguments but 4 arguments were supplied
[INFO] [stdout]    --> integrations/frontal-codex/tests/aimock_tui_turn.rs:82:5
[INFO] [stdout]     |
[INFO] [stdout]  82 |     ClientExtensionRuntime::install(
[INFO] [stdout]     |     ^^^^^^^^^^^^^^^^^^^^^^^^^^^^^^^
[INFO] [stdout] ...
[INFO] [stdout]  86 |         checkpoints.clone(),
[INFO] [stdout]     |         ------------------- unexpected argument #4 of type `CheckpointDatabase`
[INFO] [stdout]     |
[INFO] [stdout] note: associated function defined here
[INFO] [stdout]    --> crates/frontal-client-extension/src/runtime.rs:752:18
[INFO] [stdout]     |
[INFO] [stdout] 752 |     pub async fn install(
[INFO] [stdout]     |                  ^^^^^^^
[INFO] [stdout] help: remove the extra argument
[INFO] [stdout]     |
[INFO] [stdout]  85 -         session_generation,
[INFO] [stdout]  86 -         checkpoints.clone(),
[INFO] [stdout]  85 +         session_generation,
[INFO] [stdout]     |
[INFO] [stdout] 
[INFO] [stdout] 
[INFO] [stdout] error[E0308]: arguments to this function are incorrect
[INFO] [stdout]    --> integrations/frontal-codex/tests/thread_auxiliary.rs:216:9
[INFO] [stdout]     |
[INFO] [stdout] 216 |         CodexBackendRuntime::new(session_client.clone(), task_updates, session_target.clone());
[INFO] [stdout]     |         ^^^^^^^^^^^^^^^^^^^^^^^^ ----------------------                ---------------------- unexpected argument #3 of type `EndpointAlias`
[INFO] [stdout]     |                                  |
[INFO] [stdout]     |                                  argument #1 of type `frontal_daemon::StableCheckpointService` is missing
[INFO] [stdout]     |
[INFO] [stdout] note: associated function defined here
[INFO] [stdout]    --> integrations/frontal-codex/src/backend.rs:110:12
[INFO] [stdout]     |
[INFO] [stdout] 110 |     pub fn new(
[INFO] [stdout]     |            ^^^
[INFO] [stdout] help: did you mean
[INFO] [stdout]     |
[INFO] [stdout] 216 -         CodexBackendRuntime::new(session_client.clone(), task_updates, session_target.clone());
[INFO] [stdout] 216 +         CodexBackendRuntime::new(/* StableCheckpointService */, session_client.clone(), task_updates);
[INFO] [stdout]     |
[INFO] [stdout] 
[INFO] [stdout] 
[INFO] [stdout] error[E0308]: arguments to this function are incorrect
[INFO] [stdout]    --> integrations/frontal-codex/tests/aimock_tui_turn.rs:386:19
[INFO] [stdout]     |
[INFO] [stdout] 386 |     let backend = CodexBackendRuntime::new(
[INFO] [stdout]     |                   ^^^^^^^^^^^^^^^^^^^^^^^^
[INFO] [stdout] 387 |         session_client.clone(),
[INFO] [stdout]     |         ---------------------- argument #1 of type `frontal_daemon::StableCheckpointService` is missing
[INFO] [stdout] 388 |         task_updates,
[INFO] [stdout] 389 |         session_endpoint.clone(),
[INFO] [stdout]     |         ------------------------ unexpected argument #3 of type `EndpointAlias`
[INFO] [stdout]     |
[INFO] [stdout] note: associated function defined here
[INFO] [stdout]    --> integrations/frontal-codex/src/backend.rs:110:12
[INFO] [stdout]     |
[INFO] [stdout] 110 |     pub fn new(
[INFO] [stdout]     |            ^^^
[INFO] [stdout] help: did you mean
[INFO] [stdout]     |
[INFO] [stdout] 386 ~     let backend = CodexBackendRuntime::new(
[INFO] [stdout] 387 +         /* StableCheckpointService */,
[INFO] [stdout] 388 +         session_client.clone(),
[INFO] [stdout] 389 +         task_updates,
[INFO] [stdout] 390 ~     );
[INFO] [stdout]     |
[INFO] [stdout] 
[INFO] [stdout] 
[INFO] [stdout] error[E0061]: this function takes 3 arguments but 4 arguments were supplied
[INFO] [stdout]    --> integrations/frontal-codex/tests/managed_frontend.rs:141:5
[INFO] [stdout]     |
[INFO] [stdout] 141 |     ClientExtensionRuntime::install(
[INFO] [stdout]     |     ^^^^^^^^^^^^^^^^^^^^^^^^^^^^^^^
[INFO] [stdout] ...
[INFO] [stdout] 145 |         checkpoints.clone(),
[INFO] [stdout]     |         ------------------- unexpected argument #4 of type `CheckpointDatabase`
[INFO] [stdout]     |
[INFO] [stdout] note: associated function defined here
[INFO] [stdout]    --> crates/frontal-client-extension/src/runtime.rs:752:18
[INFO] [stdout]     |
[INFO] [stdout] 752 |     pub async fn install(
[INFO] [stdout]     |                  ^^^^^^^
[INFO] [stdout] help: remove the extra argument
[INFO] [stdout]     |
[INFO] [stdout] 144 -         session_generation,
[INFO] [stdout] 145 -         checkpoints.clone(),
[INFO] [stdout] 144 +         session_generation,
[INFO] [stdout]     |
[INFO] [stdout] 
[INFO] [stdout] 
[INFO] [stdout] error[E0308]: arguments to this function are incorrect
[INFO] [stdout]    --> integrations/frontal-codex/tests/managed_frontend.rs:177:9
[INFO] [stdout]     |
[INFO] [stdout] 177 |         CodexBackendRuntime::new(session_client.clone(), task_updates, session_target.clone());
[INFO] [stdout]     |         ^^^^^^^^^^^^^^^^^^^^^^^^ ----------------------                ---------------------- unexpected argument #3 of type `EndpointAlias`
[INFO] [stdout]     |                                  |
[INFO] [stdout]     |                                  argument #1 of type `frontal_daemon::StableCheckpointService` is missing
[INFO] [stdout]     |
[INFO] [stdout] note: associated function defined here
[INFO] [stdout]    --> integrations/frontal-codex/src/backend.rs:110:12
[INFO] [stdout]     |
[INFO] [stdout] 110 |     pub fn new(
[INFO] [stdout]     |            ^^^
[INFO] [stdout] help: did you mean
[INFO] [stdout]     |
[INFO] [stdout] 177 -         CodexBackendRuntime::new(session_client.clone(), task_updates, session_target.clone());
[INFO] [stdout] 177 +         CodexBackendRuntime::new(/* StableCheckpointService */, session_client.clone(), task_updates);
[INFO] [stdout]     |
[INFO] [stdout] 
[INFO] [stdout] 
[INFO] [stdout] Some errors have detailed explanations: E0061, E0308.
[INFO] [stdout] 
[INFO] [stdout] For more information about an error, try `rustc --explain E0061`.
[INFO] [stdout] 
[INFO] [stderr] error: could not compile `frontal-codex` (test "thread_auxiliary") due to 2 previous errors
[INFO] [stdout] Some errors have detailed explanations: E0061, E0308.
[INFO] [stdout] 
[INFO] [stdout] For more information about an error, try `rustc --explain E0061`.
[INFO] [stdout] 
[INFO] [stderr] error: could not compile `frontal-codex` (test "aimock_tui_turn") due to 2 previous errors
[INFO] [stdout] Some errors have detailed explanations: E0061, E0308.
[INFO] [stdout] 
[INFO] [stdout] For more information about an error, try `rustc --explain E0061`.
[INFO] [stdout] 
[INFO] [stderr] error: could not compile `frontal-codex` (test "managed_frontend") due to 2 previous errors
[INFO] [stderr] warning: unused dependency `axum`
[INFO] [stderr]  --> crates/frontal-adapter/Cargo.toml:8:1
[INFO] [stderr]   |
[INFO] [stderr] 8 | axum = { version = "0.8.9", features = ["ws"] }
[INFO] [stderr]   | ^^^^^^^^^^^^^^^^^^^^^^^^^^^^^^^^^^^^^^^^^^^^^^^
[INFO] [stderr]   |
[INFO] [stderr]   = note: `cargo::unused_dependencies` is set to `warn` by default
[INFO] [stderr] help: consider removing the dependency on `axum`
[INFO] [stderr] warning: `frontal-adapter` (manifest) generated 1 warning
[INFO] [stderr] warning: unused dependency `frontal-database`
[INFO] [stderr]   --> crates/frontal-agent-extension/Cargo.toml:12:1
[INFO] [stderr]    |
[INFO] [stderr] 12 | frontal-database = { path = "../frontal-database" }
[INFO] [stderr]    | ^^^^^^^^^^^^^^^^^^^^^^^^^^^^^^^^^^^^^^^^^^^^^^^^^^^
[INFO] [stderr]    |
[INFO] [stderr]    = note: `cargo::unused_dependencies` is set to `warn` by default
[INFO] [stderr] help: consider removing the dependency on `frontal-database`
[INFO] [stderr] warning: `frontal-agent-extension` (manifest) generated 1 warning
[INFO] [stderr] warning: unused dependency `clap`
[INFO] [stderr]   --> crates/frontal-cli/Cargo.toml:13:1
[INFO] [stderr]    |
[INFO] [stderr] 13 | clap = { version = "4", features = ["derive"] }
[INFO] [stderr]    | ^^^^^^^^^^^^^^^^^^^^^^^^^^^^^^^^^^^^^^^^^^^^^^^
[INFO] [stderr]    |
[INFO] [stderr]    = note: `cargo::unused_dependencies` is set to `warn` by default
[INFO] [stderr] help: consider removing the dependency on `clap`
[INFO] [stderr] warning: unused dependency `frontal-adapter`
[INFO] [stderr]   --> crates/frontal-cli/Cargo.toml:15:1
[INFO] [stderr]    |
[INFO] [stderr] 15 | frontal-adapter = { path = "../frontal-adapter" }
[INFO] [stderr]    | ^^^^^^^^^^^^^^^^^^^^^^^^^^^^^^^^^^^^^^^^^^^^^^^^^
[INFO] [stderr]    |
[INFO] [stderr] help: consider removing the dependency on `frontal-adapter`
[INFO] [stderr] warning: unused dependency `frontal-agent`
[INFO] [stderr]   --> crates/frontal-cli/Cargo.toml:16:1
[INFO] [stderr]    |
[INFO] [stderr] 16 | frontal-agent = { path = "../frontal-agent" }
[INFO] [stderr]    | ^^^^^^^^^^^^^^^^^^^^^^^^^^^^^^^^^^^^^^^^^^^^^
[INFO] [stderr]    |
[INFO] [stderr] help: consider removing the dependency on `frontal-agent`
[INFO] [stderr] warning: unused dependency `frontal-daemon`
[INFO] [stderr]   --> crates/frontal-cli/Cargo.toml:18:1
[INFO] [stderr]    |
[INFO] [stderr] 18 | frontal-daemon = { path = "../frontal-daemon" }
[INFO] [stderr]    | ^^^^^^^^^^^^^^^^^^^^^^^^^^^^^^^^^^^^^^^^^^^^^^^
[INFO] [stderr]    |
[INFO] [stderr] help: consider removing the dependency on `frontal-daemon`
[INFO] [stderr] warning: unused dependency `frontal-database`
[INFO] [stderr]   --> crates/frontal-cli/Cargo.toml:19:1
[INFO] [stderr]    |
[INFO] [stderr] 19 | frontal-database = { path = "../frontal-database" }
[INFO] [stderr]    | ^^^^^^^^^^^^^^^^^^^^^^^^^^^^^^^^^^^^^^^^^^^^^^^^^^^
[INFO] [stderr]    |
[INFO] [stderr] help: consider removing the dependency on `frontal-database`
[INFO] [stderr] warning: unused dependency `frontal-local`
[INFO] [stderr]   --> crates/frontal-cli/Cargo.toml:20:1
[INFO] [stderr]    |
[INFO] [stderr] 20 | frontal-local = { path = "../frontal-local" }
[INFO] [stderr]    | ^^^^^^^^^^^^^^^^^^^^^^^^^^^^^^^^^^^^^^^^^^^^^
[INFO] [stderr]    |
[INFO] [stderr] help: consider removing the dependency on `frontal-local`
[INFO] [stderr] warning: unused dependency `ratatui`
[INFO] [stderr]   --> crates/frontal-cli/Cargo.toml:25:1
[INFO] [stderr]    |
[INFO] [stderr] 25 | ratatui = "0.30"
[INFO] [stderr]    | ^^^^^^^^^^^^^^^^
[INFO] [stderr]    |
[INFO] [stderr] help: consider removing the dependency on `ratatui`
[INFO] [stderr] warning: unused dependency `tokio-tungstenite`
[INFO] [stderr]   --> crates/frontal-cli/Cargo.toml:29:1
[INFO] [stderr]    |
[INFO] [stderr] 29 | tokio-tungstenite = "0.30"
[INFO] [stderr]    | ^^^^^^^^^^^^^^^^^^^^^^^^^^
[INFO] [stderr]    |
[INFO] [stderr] help: consider removing the dependency on `tokio-tungstenite`
[INFO] [stderr] warning: `frontal-cli` (manifest) generated 8 warnings
[INFO] [stderr] warning: unused dependency `frontal-core`
[INFO] [stderr]  --> crates/frontal-local/Cargo.toml:9:1
[INFO] [stderr]   |
[INFO] [stderr] 9 | frontal-core = { path = "../frontal-core" }
[INFO] [stderr]   | ^^^^^^^^^^^^^^^^^^^^^^^^^^^^^^^^^^^^^^^^^^^
[INFO] [stderr]   |
[INFO] [stderr]   = note: `cargo::unused_dependencies` is set to `warn` by default
[INFO] [stderr] help: consider removing the dependency on `frontal-core`
[INFO] [stderr] warning: unused dependency `json-patch`
[INFO] [stderr]   --> crates/frontal-local/Cargo.toml:10:1
[INFO] [stderr]    |
[INFO] [stderr] 10 | json-patch = "4.2"
[INFO] [stderr]    | ^^^^^^^^^^^^^^^^^^
[INFO] [stderr]    |
[INFO] [stderr] help: consider removing the dependency on `json-patch`
[INFO] [stderr] warning: `frontal-local` (manifest) generated 2 warnings
[INFO] running `Command { std: "docker" "inspect" "a522d95a9f3452bccefb658ddf119b770e3dde5b33b5fcce81e4ae7ab76c1b35", kill_on_drop: false }`
[INFO] running `Command { std: "docker" "rm" "-f" "a522d95a9f3452bccefb658ddf119b770e3dde5b33b5fcce81e4ae7ab76c1b35", kill_on_drop: false }`
[INFO] [stdout] a522d95a9f3452bccefb658ddf119b770e3dde5b33b5fcce81e4ae7ab76c1b35
