[INFO] cloning repository https://github.com/Bw0717/STM32-Ethernet-Temperature-and-Humidity-Upload-Meter
[INFO] running `Command { std: "git" "-c" "credential.helper=" "-c" "credential.helper=/workspace/cargo-home/bin/git-credential-null" "clone" "--bare" "https://github.com/Bw0717/STM32-Ethernet-Temperature-and-Humidity-Upload-Meter" "/workspace/cache/git-repos/https%3A%2F%2Fgithub.com%2FBw0717%2FSTM32-Ethernet-Temperature-and-Humidity-Upload-Meter", kill_on_drop: false }`
[INFO] [stderr] Cloning into bare repository '/workspace/cache/git-repos/https%3A%2F%2Fgithub.com%2FBw0717%2FSTM32-Ethernet-Temperature-and-Humidity-Upload-Meter'...
[INFO] running `Command { std: "git" "rev-parse" "HEAD", kill_on_drop: false }`
[INFO] [stdout] 8c7956b5e6bf83015edf2a95c5dcf0f867b34daf
[INFO] checking Bw0717/STM32-Ethernet-Temperature-and-Humidity-Upload-Meter against 3154cc1a3e6424e44f438a95007d043ed5ceaaf6 for pr-133502-30
[INFO] running `Command { std: "git" "clone" "/workspace/cache/git-repos/https%3A%2F%2Fgithub.com%2FBw0717%2FSTM32-Ethernet-Temperature-and-Humidity-Upload-Meter" "/workspace/builds/worker-0-tc2/source", kill_on_drop: false }`
[INFO] [stderr] Cloning into '/workspace/builds/worker-0-tc2/source'...
[INFO] [stderr] done.
[INFO] started tweaking git repo https://github.com/Bw0717/STM32-Ethernet-Temperature-and-Humidity-Upload-Meter
[INFO] finished tweaking git repo https://github.com/Bw0717/STM32-Ethernet-Temperature-and-Humidity-Upload-Meter
[INFO] tweaked toml for git repo https://github.com/Bw0717/STM32-Ethernet-Temperature-and-Humidity-Upload-Meter written to /workspace/builds/worker-0-tc2/source/Cargo.toml
[INFO] validating manifest of git repo https://github.com/Bw0717/STM32-Ethernet-Temperature-and-Humidity-Upload-Meter on toolchain 3154cc1a3e6424e44f438a95007d043ed5ceaaf6
[INFO] running `Command { std: CARGO_HOME="/workspace/cargo-home" RUSTUP_HOME="/workspace/rustup-home" "/workspace/cargo-home/bin/cargo" "+3154cc1a3e6424e44f438a95007d043ed5ceaaf6" "metadata" "--manifest-path" "Cargo.toml" "--no-deps", kill_on_drop: false }`
[INFO] crate git repo https://github.com/Bw0717/STM32-Ethernet-Temperature-and-Humidity-Upload-Meter already has a lockfile, it will not be regenerated
[INFO] running `Command { std: CARGO_HOME="/workspace/cargo-home" RUSTUP_HOME="/workspace/rustup-home" "/workspace/cargo-home/bin/cargo" "+3154cc1a3e6424e44f438a95007d043ed5ceaaf6" "fetch" "--manifest-path" "Cargo.toml", kill_on_drop: false }`
[INFO] running `Command { std: "docker" "create" "-v" "/var/lib/crater-agent-workspace/builds/worker-0-tc2/source:/opt/rustwide/workdir:ro,Z" "-v" "/var/lib/crater-agent-workspace/builds/worker-0-tc2/target:/opt/rustwide/target:rw,Z" "-v" "/var/lib/crater-agent-workspace/cargo-home:/opt/rustwide/cargo-home:ro,Z" "-v" "/var/lib/crater-agent-workspace/rustup-home:/opt/rustwide/rustup-home:ro,Z" "-m" "1610612736" "--network" "none" "ghcr.io/rust-lang/crates-build-env/linux@sha256:77db811e55d90add9212f6832c23229e3de5f1c1f9905e8cb07319ea15df73ac" "sleep" "infinity", kill_on_drop: false }`
[INFO] [stdout] 725909a6bdc8f8dc6e020f8bc4efccacc27325f536cb6252a775ef865462bec0
[INFO] running `Command { std: "docker" "start" "725909a6bdc8f8dc6e020f8bc4efccacc27325f536cb6252a775ef865462bec0", kill_on_drop: false }`
[INFO] running `Command { std: "docker" "inspect" "725909a6bdc8f8dc6e020f8bc4efccacc27325f536cb6252a775ef865462bec0", kill_on_drop: false }`
[INFO] running `Command { std: "docker" "exec" "-e" "SOURCE_DIR=/opt/rustwide/workdir" "-e" "CARGO_HOME=/opt/rustwide/cargo-home" "-e" "RUSTUP_HOME=/opt/rustwide/rustup-home" "-e" "CARGO_TARGET_DIR=/opt/rustwide/target" "-w" "/opt/rustwide/workdir" "--user" "0:0" "725909a6bdc8f8dc6e020f8bc4efccacc27325f536cb6252a775ef865462bec0" "/opt/rustwide/cargo-home/bin/cargo" "+3154cc1a3e6424e44f438a95007d043ed5ceaaf6" "metadata" "--no-deps" "--format-version=1", kill_on_drop: false }`
[INFO] running `Command { std: "docker" "inspect" "725909a6bdc8f8dc6e020f8bc4efccacc27325f536cb6252a775ef865462bec0", kill_on_drop: false }`
[INFO] running `Command { std: "docker" "exec" "-e" "SOURCE_DIR=/opt/rustwide/workdir" "-e" "CARGO_HOME=/opt/rustwide/cargo-home" "-e" "RUSTUP_HOME=/opt/rustwide/rustup-home" "-e" "CARGO_TARGET_DIR=/opt/rustwide/target" "-e" "CARGO_INCREMENTAL=0" "-e" "RUST_BACKTRACE=full" "-e" "RUSTFLAGS=--cap-lints=forbid" "-e" "RUSTDOCFLAGS=--cap-lints=forbid" "-w" "/opt/rustwide/workdir" "--user" "0:0" "725909a6bdc8f8dc6e020f8bc4efccacc27325f536cb6252a775ef865462bec0" "/opt/rustwide/cargo-home/bin/cargo" "+3154cc1a3e6424e44f438a95007d043ed5ceaaf6" "check" "--frozen" "--all" "--all-targets" "--message-format=json", kill_on_drop: false }`
[INFO] [stderr]    Compiling semver-parser v0.7.0
[INFO] [stderr]     Checking nb v1.1.0
[INFO] [stderr]    Compiling cortex-m v0.7.7
[INFO] [stderr]     Checking void v1.0.2
[INFO] [stderr]    Compiling az v1.2.1
[INFO] [stderr]    Compiling cortex-m-rt v0.7.5
[INFO] [stderr]     Checking vcell v0.1.3
[INFO] [stderr]    Compiling stm32f1 v0.15.1
[INFO] [stderr]    Compiling stm32-usbd v0.6.0
[INFO] [stderr]     Checking bitfield v0.13.2
[INFO] [stderr]    Compiling syn v2.0.119
[INFO] [stderr]     Checking num-traits v0.2.19
[INFO] [stderr]     Checking gcd v2.3.0
[INFO] [stderr]     Checking nb v0.1.3
[INFO] [stderr]     Checking volatile-register v0.2.2
[INFO] [stderr]     Checking usb-device v0.2.9
[INFO] [stderr]     Checking byteorder v1.5.0
[INFO] [stderr]     Checking embedded-hal v0.2.7
[INFO] [stderr]     Checking display-interface v0.4.1
[INFO] [stderr]    Compiling semver v0.9.0
[INFO] [stderr]     Checking fugit v0.3.9
[INFO] [stderr]     Checking stable_deref_trait v1.2.1
[INFO] [stderr]     Checking byte-slice-cast v0.3.5
[INFO] [stderr]     Checking bare-metal v1.0.0
[INFO] [stderr]     Checking bitflags v1.3.2
[INFO] [stderr]     Checking embedded-dma v0.2.0
[INFO] [stderr]     Checking bxcan v0.7.0
[INFO] [stderr]     Checking display-interface-i2c v0.4.0
[INFO] [stderr]     Checking display-interface-spi v0.4.1
[INFO] [stderr]     Checking float-cmp v0.8.0
[INFO] [stderr]     Checking micromath v1.1.1
[INFO] [stderr]     Checking w5500-ll v0.12.0
[INFO] [stderr]     Checking rmp v0.8.15
[INFO] [stderr]     Checking panic-halt v0.2.0
[INFO] [stderr]     Checking usbd-serial v0.1.1
[INFO] [stderr]    Compiling rustc_version v0.2.3
[INFO] [stderr]     Checking fugit-timer v0.1.3
[INFO] [stderr]    Compiling bare-metal v0.2.5
[INFO] [stderr]     Checking embedded-graphics-core v0.3.3
[INFO] [stderr]     Checking embedded-graphics v0.7.1
[INFO] [stderr]     Checking ssd1306 v0.7.1
[INFO] [stderr]    Compiling cortex-m-rt-macros v0.7.5
[INFO] [stderr]     Checking stm32f1xx-hal v0.10.0
[INFO] [stderr]     Checking STM32 v0.1.0 (/opt/rustwide/workdir)
[INFO] [stdout] error[E0425]: cannot find value `xxx` in this scope
[INFO] [stdout]    --> src/main.rs:248:55
[INFO] [stdout]     |
[INFO] [stdout] 248 |     let server_addr = SocketAddrV4::new(Ipv4Addr::new(xxx, xxx, xxx, xxx), 0000);
[INFO] [stdout]     |                                                       ^^^ not found in this scope
[INFO] [stdout] 
[INFO] [stdout] 
[INFO] [stdout] error[E0425]: cannot find value `xxx` in this scope
[INFO] [stdout]    --> src/main.rs:248:60
[INFO] [stdout]     |
[INFO] [stdout] 248 |     let server_addr = SocketAddrV4::new(Ipv4Addr::new(xxx, xxx, xxx, xxx), 0000);
[INFO] [stdout]     |                                                            ^^^ not found in this scope
[INFO] [stdout] 
[INFO] [stdout] 
[INFO] [stdout] error[E0425]: cannot find value `xxx` in this scope
[INFO] [stdout]    --> src/main.rs:248:65
[INFO] [stdout]     |
[INFO] [stdout] 248 |     let server_addr = SocketAddrV4::new(Ipv4Addr::new(xxx, xxx, xxx, xxx), 0000);
[INFO] [stdout]     |                                                                 ^^^ not found in this scope
[INFO] [stdout] 
[INFO] [stdout] 
[INFO] [stdout] error[E0425]: cannot find value `xxx` in this scope
[INFO] [stdout]    --> src/main.rs:248:70
[INFO] [stdout]     |
[INFO] [stdout] 248 |     let server_addr = SocketAddrV4::new(Ipv4Addr::new(xxx, xxx, xxx, xxx), 0000);
[INFO] [stdout]     |                                                                      ^^^ not found in this scope
[INFO] [stdout] 
[INFO] [stdout] 
[INFO] [stdout] error[E0425]: cannot find value `xxx` in this scope
[INFO] [stdout]    --> src/main.rs:248:55
[INFO] [stdout]     |
[INFO] [stdout] 248 |     let server_addr = SocketAddrV4::new(Ipv4Addr::new(xxx, xxx, xxx, xxx), 0000);
[INFO] [stdout]     |                                                       ^^^ not found in this scope
[INFO] [stdout] 
[INFO] [stdout] 
[INFO] [stdout] error[E0425]: cannot find value `xxx` in this scope
[INFO] [stdout]    --> src/main.rs:248:60
[INFO] [stdout]     |
[INFO] [stdout] 248 |     let server_addr = SocketAddrV4::new(Ipv4Addr::new(xxx, xxx, xxx, xxx), 0000);
[INFO] [stdout]     |                                                            ^^^ not found in this scope
[INFO] [stdout] 
[INFO] [stdout] 
[INFO] [stdout] error[E0425]: cannot find value `xxx` in this scope
[INFO] [stdout]    --> src/main.rs:248:65
[INFO] [stdout]     |
[INFO] [stdout] 248 |     let server_addr = SocketAddrV4::new(Ipv4Addr::new(xxx, xxx, xxx, xxx), 0000);
[INFO] [stdout]     |                                                                 ^^^ not found in this scope
[INFO] [stdout] 
[INFO] [stdout] 
[INFO] [stdout] error[E0425]: cannot find value `xxx` in this scope
[INFO] [stdout]    --> src/main.rs:248:70
[INFO] [stdout]     |
[INFO] [stdout] 248 |     let server_addr = SocketAddrV4::new(Ipv4Addr::new(xxx, xxx, xxx, xxx), 0000);
[INFO] [stdout]     |                                                                      ^^^ not found in this scope
[INFO] [stdout] 
[INFO] [stdout] 
[INFO] [stdout] error[E0152]: duplicate lang item in crate `std` (which `test` depends on): `panic_impl`
[INFO] [stdout]   |
[INFO] [stdout]   = note: the lang item is first defined in crate `panic_halt` (which `STM32` depends on)
[INFO] [stdout]   = note: first definition in `panic_halt` loaded from /opt/rustwide/target/debug/build/panic-halt/b09f8ab056e64272/out/libpanic_halt-b09f8ab056e64272.rmeta
[INFO] [stdout]   = note: second definition in `std` loaded from /opt/rustwide/rustup-home/toolchains/3154cc1a3e6424e44f438a95007d043ed5ceaaf6/lib/rustlib/x86_64-unknown-linux-gnu/lib/libstd-6ee2a0f0126c8a50.rmeta
[INFO] [stdout] 
[INFO] [stdout] 
[INFO] [stdout] Some errors have detailed explanations: E0152, E0425.
[INFO] [stdout] 
[INFO] [stdout] For more information about an error, try `rustc --explain E0152`.
[INFO] [stdout] 
[INFO] [stderr] error: could not compile `STM32` (bin "STM32" test) due to 5 previous errors
[INFO] [stderr] warning: build failed, waiting for other jobs to finish...
[INFO] [stdout] For more information about this error, try `rustc --explain E0425`.
[INFO] [stdout] 
[INFO] [stderr] error: could not compile `STM32` (bin "STM32") due to 4 previous errors
[INFO] running `Command { std: "docker" "inspect" "725909a6bdc8f8dc6e020f8bc4efccacc27325f536cb6252a775ef865462bec0", kill_on_drop: false }`
[INFO] running `Command { std: "docker" "rm" "-f" "725909a6bdc8f8dc6e020f8bc4efccacc27325f536cb6252a775ef865462bec0", kill_on_drop: false }`
[INFO] [stdout] 725909a6bdc8f8dc6e020f8bc4efccacc27325f536cb6252a775ef865462bec0
