[INFO] cloning repository https://github.com/Burgess-xiao/yys-script-rust
[INFO] running `Command { std: "git" "-c" "credential.helper=" "-c" "credential.helper=/workspace/cargo-home/bin/git-credential-null" "clone" "--bare" "https://github.com/Burgess-xiao/yys-script-rust" "/workspace/cache/git-repos/https%3A%2F%2Fgithub.com%2FBurgess-xiao%2Fyys-script-rust", kill_on_drop: false }`
[INFO] [stderr] Cloning into bare repository '/workspace/cache/git-repos/https%3A%2F%2Fgithub.com%2FBurgess-xiao%2Fyys-script-rust'...
[INFO] running `Command { std: "git" "rev-parse" "HEAD", kill_on_drop: false }`
[INFO] [stdout] efb8aaf345feb090887c188655f7e0746426be69
[INFO] checking Burgess-xiao/yys-script-rust against 3154cc1a3e6424e44f438a95007d043ed5ceaaf6+rustflags=-Znext-solver=coherence for pr-133502-30
[INFO] running `Command { std: "git" "clone" "/workspace/cache/git-repos/https%3A%2F%2Fgithub.com%2FBurgess-xiao%2Fyys-script-rust" "/workspace/builds/worker-4-tc1/source", kill_on_drop: false }`
[INFO] [stderr] Cloning into '/workspace/builds/worker-4-tc1/source'...
[INFO] [stderr] done.
[INFO] started tweaking git repo https://github.com/Burgess-xiao/yys-script-rust
[INFO] finished tweaking git repo https://github.com/Burgess-xiao/yys-script-rust
[INFO] tweaked toml for git repo https://github.com/Burgess-xiao/yys-script-rust written to /workspace/builds/worker-4-tc1/source/Cargo.toml
[INFO] validating manifest of git repo https://github.com/Burgess-xiao/yys-script-rust on toolchain 3154cc1a3e6424e44f438a95007d043ed5ceaaf6
[INFO] running `Command { std: CARGO_HOME="/workspace/cargo-home" RUSTUP_HOME="/workspace/rustup-home" "/workspace/cargo-home/bin/cargo" "+3154cc1a3e6424e44f438a95007d043ed5ceaaf6" "metadata" "--manifest-path" "Cargo.toml" "--no-deps", kill_on_drop: false }`
[INFO] crate git repo https://github.com/Burgess-xiao/yys-script-rust already has a lockfile, it will not be regenerated
[INFO] running `Command { std: CARGO_HOME="/workspace/cargo-home" RUSTUP_HOME="/workspace/rustup-home" "/workspace/cargo-home/bin/cargo" "+3154cc1a3e6424e44f438a95007d043ed5ceaaf6" "fetch" "--manifest-path" "Cargo.toml", kill_on_drop: false }`
[INFO] running `Command { std: "docker" "create" "-v" "/var/lib/crater-agent-workspace/builds/worker-4-tc1/source:/opt/rustwide/workdir:ro,Z" "-v" "/var/lib/crater-agent-workspace/builds/worker-4-tc1/target:/opt/rustwide/target:rw,Z" "-v" "/var/lib/crater-agent-workspace/cargo-home:/opt/rustwide/cargo-home:ro,Z" "-v" "/var/lib/crater-agent-workspace/rustup-home:/opt/rustwide/rustup-home:ro,Z" "-m" "1610612736" "--network" "none" "ghcr.io/rust-lang/crates-build-env/linux@sha256:77db811e55d90add9212f6832c23229e3de5f1c1f9905e8cb07319ea15df73ac" "sleep" "infinity", kill_on_drop: false }`
[INFO] [stdout] 2d510f55c68e7e85b657d63cb4142223c5536e51091b5a10cee7f5ce44828c00
[INFO] running `Command { std: "docker" "start" "2d510f55c68e7e85b657d63cb4142223c5536e51091b5a10cee7f5ce44828c00", kill_on_drop: false }`
[INFO] running `Command { std: "docker" "inspect" "2d510f55c68e7e85b657d63cb4142223c5536e51091b5a10cee7f5ce44828c00", kill_on_drop: false }`
[INFO] running `Command { std: "docker" "exec" "-e" "SOURCE_DIR=/opt/rustwide/workdir" "-e" "CARGO_HOME=/opt/rustwide/cargo-home" "-e" "RUSTUP_HOME=/opt/rustwide/rustup-home" "-e" "CARGO_TARGET_DIR=/opt/rustwide/target" "-w" "/opt/rustwide/workdir" "--user" "0:0" "2d510f55c68e7e85b657d63cb4142223c5536e51091b5a10cee7f5ce44828c00" "/opt/rustwide/cargo-home/bin/cargo" "+3154cc1a3e6424e44f438a95007d043ed5ceaaf6" "metadata" "--no-deps" "--format-version=1", kill_on_drop: false }`
[INFO] running `Command { std: "docker" "inspect" "2d510f55c68e7e85b657d63cb4142223c5536e51091b5a10cee7f5ce44828c00", kill_on_drop: false }`
[INFO] running `Command { std: "docker" "exec" "-e" "SOURCE_DIR=/opt/rustwide/workdir" "-e" "CARGO_HOME=/opt/rustwide/cargo-home" "-e" "RUSTUP_HOME=/opt/rustwide/rustup-home" "-e" "CARGO_TARGET_DIR=/opt/rustwide/target" "-e" "CARGO_INCREMENTAL=0" "-e" "RUST_BACKTRACE=full" "-e" "RUSTFLAGS=--cap-lints=forbid -Znext-solver=coherence" "-e" "RUSTDOCFLAGS=--cap-lints=forbid" "-w" "/opt/rustwide/workdir" "--user" "0:0" "2d510f55c68e7e85b657d63cb4142223c5536e51091b5a10cee7f5ce44828c00" "/opt/rustwide/cargo-home/bin/cargo" "+3154cc1a3e6424e44f438a95007d043ed5ceaaf6" "check" "--frozen" "--all" "--all-targets" "--message-format=json", kill_on_drop: false }`
[INFO] [stderr]    Compiling windows_x86_64_gnu v0.52.6
[INFO] [stderr]     Checking memchr v2.8.3
[INFO] [stderr]    Compiling nix v0.31.3
[INFO] [stderr]     Checking getrandom v0.2.17
[INFO] [stderr]    Compiling syn v2.0.119
[INFO] [stderr]     Checking num-integer v0.1.47
[INFO] [stderr]     Checking strength_reduce v0.2.4
[INFO] [stderr]     Checking anstream v1.0.0
[INFO] [stderr]     Checking png v0.18.1
[INFO] [stderr]     Checking rand_core v0.6.4
[INFO] [stderr]     Checking windows-targets v0.52.6
[INFO] [stderr]     Checking num-complex v0.4.6
[INFO] [stderr]     Checking windows-result v0.2.0
[INFO] [stderr]     Checking transpose v0.2.3
[INFO] [stderr]     Checking windows-strings v0.1.0
[INFO] [stderr]     Checking rand_chacha v0.3.1
[INFO] [stderr]     Checking primal-check v0.3.4
[INFO] [stderr]     Checking rand v0.8.8
[INFO] [stderr]     Checking aho-corasick v1.1.5
[INFO] [stderr]     Checking rustfft v6.4.1
[INFO] [stderr]     Checking image v0.25.10
[INFO] [stderr]     Checking ctrlc v3.5.2
[INFO] [stderr]     Checking regex-automata v0.4.18
[INFO] [stderr]    Compiling windows-implement v0.58.0
[INFO] [stderr]    Compiling windows-interface v0.58.0
[INFO] [stderr]     Checking regex v1.13.1
[INFO] [stderr]     Checking env_filter v2.0.0
[INFO] [stderr]     Checking env_logger v0.11.11
[INFO] [stderr]     Checking windows-core v0.58.0
[INFO] [stderr]     Checking windows v0.58.0
[INFO] [stderr]     Checking yys-script-rs v0.1.0 (/opt/rustwide/workdir)
[INFO] [stdout] error[E0433]: cannot find `Win32` in `windows`
[INFO] [stdout]   --> src/click.rs:10:14
[INFO] [stdout]    |
[INFO] [stdout] 10 | use windows::Win32::Foundation::{HWND, POINT};
[INFO] [stdout]    |              ^^^^^ could not find `Win32` in `windows`
[INFO] [stdout] 
[INFO] [stdout] 
[INFO] [stdout] error[E0433]: cannot find `Win32` in `windows`
[INFO] [stdout]   --> src/click.rs:11:14
[INFO] [stdout]    |
[INFO] [stdout] 11 | use windows::Win32::Graphics::Gdi::ClientToScreen;
[INFO] [stdout]    |              ^^^^^ could not find `Win32` in `windows`
[INFO] [stdout] 
[INFO] [stdout] 
[INFO] [stdout] error[E0433]: cannot find `Win32` in `windows`
[INFO] [stdout]   --> src/click.rs:12:14
[INFO] [stdout]    |
[INFO] [stdout] 12 | use windows::Win32::UI::Input::KeyboardAndMouse::{
[INFO] [stdout]    |              ^^^^^ could not find `Win32` in `windows`
[INFO] [stdout] 
[INFO] [stdout] 
[INFO] [stdout] error[E0433]: cannot find `Win32` in `windows`
[INFO] [stdout]  --> src/platform.rs:6:14
[INFO] [stdout]   |
[INFO] [stdout] 6 | use windows::Win32::Foundation::{BOOL, HWND, LPARAM, POINT, RECT};
[INFO] [stdout]   |              ^^^^^ could not find `Win32` in `windows`
[INFO] [stdout] 
[INFO] [stdout] 
[INFO] [stdout] error[E0433]: cannot find `Win32` in `windows`
[INFO] [stdout]  --> src/platform.rs:7:14
[INFO] [stdout]   |
[INFO] [stdout] 7 | use windows::Win32::Graphics::Gdi::{
[INFO] [stdout]   |              ^^^^^ could not find `Win32` in `windows`
[INFO] [stdout] 
[INFO] [stdout] 
[INFO] [stdout] error[E0433]: cannot find `Win32` in `windows`
[INFO] [stdout]   --> src/platform.rs:12:14
[INFO] [stdout]    |
[INFO] [stdout] 12 | use windows::Win32::UI::WindowsAndMessaging::{
[INFO] [stdout]    |              ^^^^^ could not find `Win32` in `windows`
[INFO] [stdout] 
[INFO] [stdout] 
[INFO] [stdout] error[E0433]: cannot find `Win32` in `windows`
[INFO] [stdout]    --> src/platform.rs:123:43
[INFO] [stdout]     |
[INFO] [stdout] 123 | unsafe fn blit_to_frame(src_hdc: windows::Win32::Graphics::Gdi::HDC,
[INFO] [stdout]     |                                           ^^^^^ could not find `Win32` in `windows`
[INFO] [stdout] 
[INFO] [stdout] 
[INFO] [stdout] error[E0433]: cannot find `Win32` in `windows`
[INFO] [stdout]   --> src/click.rs:10:14
[INFO] [stdout]    |
[INFO] [stdout] 10 | use windows::Win32::Foundation::{HWND, POINT};
[INFO] [stdout]    |              ^^^^^ could not find `Win32` in `windows`
[INFO] [stdout] 
[INFO] [stdout] 
[INFO] [stdout] error[E0433]: cannot find `Win32` in `windows`
[INFO] [stdout]   --> src/click.rs:11:14
[INFO] [stdout]    |
[INFO] [stdout] 11 | use windows::Win32::Graphics::Gdi::ClientToScreen;
[INFO] [stdout]    |              ^^^^^ could not find `Win32` in `windows`
[INFO] [stdout] 
[INFO] [stdout] 
[INFO] [stdout] error[E0433]: cannot find `Win32` in `windows`
[INFO] [stdout]   --> src/click.rs:12:14
[INFO] [stdout]    |
[INFO] [stdout] 12 | use windows::Win32::UI::Input::KeyboardAndMouse::{
[INFO] [stdout]    |              ^^^^^ could not find `Win32` in `windows`
[INFO] [stdout] 
[INFO] [stdout] 
[INFO] [stdout] error[E0433]: cannot find `Win32` in `windows`
[INFO] [stdout]  --> src/platform.rs:6:14
[INFO] [stdout]   |
[INFO] [stdout] 6 | use windows::Win32::Foundation::{BOOL, HWND, LPARAM, POINT, RECT};
[INFO] [stdout]   |              ^^^^^ could not find `Win32` in `windows`
[INFO] [stdout] 
[INFO] [stdout] 
[INFO] [stdout] error[E0433]: cannot find `Win32` in `windows`
[INFO] [stdout]  --> src/platform.rs:7:14
[INFO] [stdout]   |
[INFO] [stdout] 7 | use windows::Win32::Graphics::Gdi::{
[INFO] [stdout]   |              ^^^^^ could not find `Win32` in `windows`
[INFO] [stdout] 
[INFO] [stdout] 
[INFO] [stdout] error[E0433]: cannot find `Win32` in `windows`
[INFO] [stdout]   --> src/platform.rs:12:14
[INFO] [stdout]    |
[INFO] [stdout] 12 | use windows::Win32::UI::WindowsAndMessaging::{
[INFO] [stdout]    |              ^^^^^ could not find `Win32` in `windows`
[INFO] [stdout] 
[INFO] [stdout] 
[INFO] [stdout] error[E0433]: cannot find `Win32` in `windows`
[INFO] [stdout]    --> src/platform.rs:123:43
[INFO] [stdout]     |
[INFO] [stdout] 123 | unsafe fn blit_to_frame(src_hdc: windows::Win32::Graphics::Gdi::HDC,
[INFO] [stdout]     |                                           ^^^^^ could not find `Win32` in `windows`
[INFO] [stdout] 
[INFO] [stdout] 
[INFO] [stdout] For more information about this error, try `rustc --explain E0433`.
[INFO] [stdout] 
[INFO] [stderr] error: could not compile `yys-script-rs` (bin "yys-script-rs" test) due to 7 previous errors
[INFO] [stderr] warning: build failed, waiting for other jobs to finish...
[INFO] [stdout] For more information about this error, try `rustc --explain E0433`.
[INFO] [stdout] 
[INFO] [stderr] error: could not compile `yys-script-rs` (bin "yys-script-rs") due to 7 previous errors
[INFO] running `Command { std: "docker" "inspect" "2d510f55c68e7e85b657d63cb4142223c5536e51091b5a10cee7f5ce44828c00", kill_on_drop: false }`
[INFO] running `Command { std: "docker" "rm" "-f" "2d510f55c68e7e85b657d63cb4142223c5536e51091b5a10cee7f5ce44828c00", kill_on_drop: false }`
[INFO] [stdout] 2d510f55c68e7e85b657d63cb4142223c5536e51091b5a10cee7f5ce44828c00
