[INFO] cloning repository https://github.com/BrennanBrown36/Rust-Exercises
[INFO] running `Command { std: "git" "-c" "credential.helper=" "-c" "credential.helper=/workspace/cargo-home/bin/git-credential-null" "clone" "--bare" "https://github.com/BrennanBrown36/Rust-Exercises" "/workspace/cache/git-repos/https%3A%2F%2Fgithub.com%2FBrennanBrown36%2FRust-Exercises", kill_on_drop: false }`
[INFO] [stderr] Cloning into bare repository '/workspace/cache/git-repos/https%3A%2F%2Fgithub.com%2FBrennanBrown36%2FRust-Exercises'...
[INFO] running `Command { std: "git" "rev-parse" "HEAD", kill_on_drop: false }`
[INFO] [stdout] 8d50129eb4c0fa029ba136f0a4aa249f54f1e062
[INFO] checking BrennanBrown36/Rust-Exercises against 3154cc1a3e6424e44f438a95007d043ed5ceaaf6+rustflags=-Znext-solver=coherence for pr-133502-30
[INFO] running `Command { std: "git" "clone" "/workspace/cache/git-repos/https%3A%2F%2Fgithub.com%2FBrennanBrown36%2FRust-Exercises" "/workspace/builds/worker-4-tc1/source", kill_on_drop: false }`
[INFO] [stderr] Cloning into '/workspace/builds/worker-4-tc1/source'...
[INFO] [stderr] done.
[INFO] started tweaking git repo https://github.com/BrennanBrown36/Rust-Exercises
[INFO] finished tweaking git repo https://github.com/BrennanBrown36/Rust-Exercises
[INFO] tweaked toml for git repo https://github.com/BrennanBrown36/Rust-Exercises written to /workspace/builds/worker-4-tc1/source/Cargo.toml
[INFO] validating manifest of git repo https://github.com/BrennanBrown36/Rust-Exercises on toolchain 3154cc1a3e6424e44f438a95007d043ed5ceaaf6
[INFO] running `Command { std: CARGO_HOME="/workspace/cargo-home" RUSTUP_HOME="/workspace/rustup-home" "/workspace/cargo-home/bin/cargo" "+3154cc1a3e6424e44f438a95007d043ed5ceaaf6" "metadata" "--manifest-path" "Cargo.toml" "--no-deps", kill_on_drop: false }`
[INFO] crate git repo https://github.com/BrennanBrown36/Rust-Exercises already has a lockfile, it will not be regenerated
[INFO] running `Command { std: CARGO_HOME="/workspace/cargo-home" RUSTUP_HOME="/workspace/rustup-home" "/workspace/cargo-home/bin/cargo" "+3154cc1a3e6424e44f438a95007d043ed5ceaaf6" "fetch" "--manifest-path" "Cargo.toml", kill_on_drop: false }`
[INFO] [stderr]  Downloading crates ...
[INFO] [stderr]   Downloaded unicode-ident v1.0.20
[INFO] running `Command { std: "docker" "create" "-v" "/var/lib/crater-agent-workspace/builds/worker-4-tc1/source:/opt/rustwide/workdir:ro,Z" "-v" "/var/lib/crater-agent-workspace/builds/worker-4-tc1/target:/opt/rustwide/target:rw,Z" "-v" "/var/lib/crater-agent-workspace/cargo-home:/opt/rustwide/cargo-home:ro,Z" "-v" "/var/lib/crater-agent-workspace/rustup-home:/opt/rustwide/rustup-home:ro,Z" "-m" "1610612736" "--network" "none" "ghcr.io/rust-lang/crates-build-env/linux@sha256:77db811e55d90add9212f6832c23229e3de5f1c1f9905e8cb07319ea15df73ac" "sleep" "infinity", kill_on_drop: false }`
[INFO] [stdout] 64bc424d84819a2e0a52736a7b1a460d5eab44fcf4a68d5cc3a6fe982fec3516
[INFO] running `Command { std: "docker" "start" "64bc424d84819a2e0a52736a7b1a460d5eab44fcf4a68d5cc3a6fe982fec3516", kill_on_drop: false }`
[INFO] running `Command { std: "docker" "inspect" "64bc424d84819a2e0a52736a7b1a460d5eab44fcf4a68d5cc3a6fe982fec3516", kill_on_drop: false }`
[INFO] running `Command { std: "docker" "exec" "-e" "SOURCE_DIR=/opt/rustwide/workdir" "-e" "CARGO_HOME=/opt/rustwide/cargo-home" "-e" "RUSTUP_HOME=/opt/rustwide/rustup-home" "-e" "CARGO_TARGET_DIR=/opt/rustwide/target" "-w" "/opt/rustwide/workdir" "--user" "0:0" "64bc424d84819a2e0a52736a7b1a460d5eab44fcf4a68d5cc3a6fe982fec3516" "/opt/rustwide/cargo-home/bin/cargo" "+3154cc1a3e6424e44f438a95007d043ed5ceaaf6" "metadata" "--no-deps" "--format-version=1", kill_on_drop: false }`
[INFO] running `Command { std: "docker" "inspect" "64bc424d84819a2e0a52736a7b1a460d5eab44fcf4a68d5cc3a6fe982fec3516", kill_on_drop: false }`
[INFO] running `Command { std: "docker" "exec" "-e" "SOURCE_DIR=/opt/rustwide/workdir" "-e" "CARGO_HOME=/opt/rustwide/cargo-home" "-e" "RUSTUP_HOME=/opt/rustwide/rustup-home" "-e" "CARGO_TARGET_DIR=/opt/rustwide/target" "-e" "CARGO_INCREMENTAL=0" "-e" "RUST_BACKTRACE=full" "-e" "RUSTFLAGS=--cap-lints=forbid -Znext-solver=coherence" "-e" "RUSTDOCFLAGS=--cap-lints=forbid" "-w" "/opt/rustwide/workdir" "--user" "0:0" "64bc424d84819a2e0a52736a7b1a460d5eab44fcf4a68d5cc3a6fe982fec3516" "/opt/rustwide/cargo-home/bin/cargo" "+3154cc1a3e6424e44f438a95007d043ed5ceaaf6" "check" "--frozen" "--all" "--all-targets" "--message-format=json", kill_on_drop: false }`
[INFO] [stderr]    Compiling proc-macro2 v1.0.106
[INFO] [stderr]    Compiling quote v1.0.45
[INFO] [stderr]    Compiling unicode-ident v1.0.20
[INFO] [stderr]     Checking common v0.1.0 (/opt/rustwide/workdir/helpers/common)
[INFO] [stderr]    Compiling libc v0.2.186
[INFO] [stderr]    Compiling parking_lot_core v0.9.12
[INFO] [stderr]     Checking scopeguard v1.2.0
[INFO] [stderr]     Checking smallvec v1.15.1
[INFO] [stderr]     Checking bytes v1.10.1
[INFO] [stderr]     Checking lock_api v0.4.14
[INFO] [stderr]     Checking pin-project-lite v0.2.16
[INFO] [stderr]    Compiling anyhow v1.0.102
[INFO] [stderr]     Checking outro_02 v0.1.0 (/opt/rustwide/workdir/exercises/03_ticket_v1/12_outro)
[INFO] [stderr]     Checking outro_03 v0.1.0 (/opt/rustwide/workdir/exercises/04_traits/14_outro)
[INFO] [stderr]     Checking error_trait v0.1.0 (/opt/rustwide/workdir/exercises/05_ticket_v2/09_error_trait)
[INFO] [stdout] error[E0432]: unresolved import `outro_03::SaturatingU16`
[INFO] [stdout]  --> exercises/04_traits/14_outro/tests/integration.rs:1:5
[INFO] [stdout]   |
[INFO] [stdout] 1 | use outro_03::SaturatingU16;
[INFO] [stdout]   |     ^^^^^^^^^^-------------
[INFO] [stdout]   |               |
[INFO] [stdout]   |               no `SaturatingU16` in the root
[INFO] [stdout] 
[INFO] [stdout] 
[INFO] [stderr]     Checking variants_with_data v0.1.0 (/opt/rustwide/workdir/exercises/05_ticket_v2/03_variants_with_data)
[INFO] [stdout] For more information about this error, try `rustc --explain E0432`.
[INFO] [stdout] 
[INFO] [stderr] error: could not compile `outro_03` (test "integration") due to 1 previous error
[INFO] [stderr] warning: build failed, waiting for other jobs to finish...
[INFO] [stdout] error[E0432]: unresolved import `outro_02::Order`
[INFO] [stdout]  --> exercises/03_ticket_v1/12_outro/tests/integration.rs:1:5
[INFO] [stdout]   |
[INFO] [stdout] 1 | use outro_02::Order;
[INFO] [stdout]   |     ^^^^^^^^^^-----
[INFO] [stdout]   |               |
[INFO] [stdout]   |               no `Order` in the root
[INFO] [stdout] 
[INFO] [stdout] 
[INFO] [stdout] error[E0277]: `TicketNewError` doesn't implement `std::fmt::Display`
[INFO] [stdout]    --> exercises/05_ticket_v2/09_error_trait/src/lib.rs:101:34
[INFO] [stdout]     |
[INFO] [stdout] 101 |         assert_eq!(format!("{}", ticket.unwrap_err()), "Title cannot be empty");
[INFO] [stdout]     |                             --   ^^^^^^^^^^^^^^^^^^^ `TicketNewError` cannot be formatted with the default formatter
[INFO] [stdout]     |                             |
[INFO] [stdout]     |                             required by this formatting parameter
[INFO] [stdout]     |
[INFO] [stdout] help: the trait `std::fmt::Display` is not implemented for `TicketNewError`
[INFO] [stdout]    --> exercises/05_ticket_v2/09_error_trait/src/lib.rs:6:1
[INFO] [stdout]     |
[INFO] [stdout]   6 | enum TicketNewError {
[INFO] [stdout]     | ^^^^^^^^^^^^^^^^^^^
[INFO] [stdout]     = note: in format strings you may be able to use `{:?}` (or `{:#?}` for pretty-print) instead
[INFO] [stdout] 
[INFO] [stdout] 
[INFO] [stdout] error[E0277]: the trait bound `TicketNewError: AmbiguousIfMoreThanOne<Token>` is not satisfied
[INFO] [stdout]    --> exercises/05_ticket_v2/09_error_trait/src/lib.rs:104:22
[INFO] [stdout]     |
[INFO] [stdout] 104 |     assert_impl_one!(TicketNewError: std::error::Error);
[INFO] [stdout]     |                      ^^^^^^^^^^^^^^ unsatisfied trait bound
[INFO] [stdout]     |
[INFO] [stdout] help: the trait `std::error::Error` is not implemented for `TicketNewError`
[INFO] [stdout]    --> exercises/05_ticket_v2/09_error_trait/src/lib.rs:6:1
[INFO] [stdout]     |
[INFO] [stdout]   6 | enum TicketNewError {
[INFO] [stdout]     | ^^^^^^^^^^^^^^^^^^^
[INFO] [stdout] note: required for `TicketNewError` to implement `AmbiguousIfMoreThanOne<Token>`
[INFO] [stdout]    --> exercises/05_ticket_v2/09_error_trait/src/lib.rs:104:5
[INFO] [stdout]     |
[INFO] [stdout] 104 |     assert_impl_one!(TicketNewError: std::error::Error);
[INFO] [stdout]     |     ^^^^^^^^^^^^^^^^^^^^^^^^^^^^^^^^^^^^^^^^^^^^^^^^^^^ unsatisfied trait bound introduced here
[INFO] [stdout]     = note: this error originates in the macro `assert_impl_one` (in Nightly builds, run with -Z macro-backtrace for more info)
[INFO] [stdout] 
[INFO] [stdout] 
[INFO] [stdout] warning: unused variable: `title`
[INFO] [stdout]   --> exercises/05_ticket_v2/09_error_trait/src/lib.rs:15:16
[INFO] [stdout]    |
[INFO] [stdout] 15 | fn easy_ticket(title: String, description: String, status: Status) -> Ticket {
[INFO] [stdout]    |                ^^^^^ help: if this is intentional, prefix it with an underscore: `_title`
[INFO] [stdout]    |
[INFO] [stdout]    = note: `#[warn(unused_variables)]` (part of `#[warn(unused)]`) on by default
[INFO] [stdout] 
[INFO] [stdout] 
[INFO] [stdout] warning: unused variable: `description`
[INFO] [stdout]   --> exercises/05_ticket_v2/09_error_trait/src/lib.rs:15:31
[INFO] [stdout]    |
[INFO] [stdout] 15 | fn easy_ticket(title: String, description: String, status: Status) -> Ticket {
[INFO] [stdout]    |                               ^^^^^^^^^^^ help: if this is intentional, prefix it with an underscore: `_description`
[INFO] [stdout] 
[INFO] [stdout] 
[INFO] [stdout] warning: unused variable: `status`
[INFO] [stdout]   --> exercises/05_ticket_v2/09_error_trait/src/lib.rs:15:52
[INFO] [stdout]    |
[INFO] [stdout] 15 | fn easy_ticket(title: String, description: String, status: Status) -> Ticket {
[INFO] [stdout]    |                                                    ^^^^^^ help: if this is intentional, prefix it with an underscore: `_status`
[INFO] [stdout] 
[INFO] [stdout] 
[INFO] [stdout] For more information about this error, try `rustc --explain E0277`.
[INFO] [stdout] 
[INFO] [stdout] For more information about this error, try `rustc --explain E0432`.
[INFO] [stdout] 
[INFO] [stderr] error: could not compile `outro_02` (test "integration") due to 1 previous error
[INFO] [stderr] error: could not compile `error_trait` (lib test) due to 2 previous errors; 3 warnings emitted
[INFO] running `Command { std: "docker" "inspect" "64bc424d84819a2e0a52736a7b1a460d5eab44fcf4a68d5cc3a6fe982fec3516", kill_on_drop: false }`
[INFO] running `Command { std: "docker" "rm" "-f" "64bc424d84819a2e0a52736a7b1a460d5eab44fcf4a68d5cc3a6fe982fec3516", kill_on_drop: false }`
[INFO] [stdout] 64bc424d84819a2e0a52736a7b1a460d5eab44fcf4a68d5cc3a6fe982fec3516
