[INFO] cloning repository https://github.com/BouhairieMcKnight/sparky
[INFO] running `Command { std: "git" "-c" "credential.helper=" "-c" "credential.helper=/workspace/cargo-home/bin/git-credential-null" "clone" "--bare" "https://github.com/BouhairieMcKnight/sparky" "/workspace/cache/git-repos/https%3A%2F%2Fgithub.com%2FBouhairieMcKnight%2Fsparky", kill_on_drop: false }`
[INFO] [stderr] Cloning into bare repository '/workspace/cache/git-repos/https%3A%2F%2Fgithub.com%2FBouhairieMcKnight%2Fsparky'...
[INFO] running `Command { std: "git" "rev-parse" "HEAD", kill_on_drop: false }`
[INFO] [stdout] 7b49b1dcfc66b188b96d28e6c2b646700fc5bb5c
[INFO] checking BouhairieMcKnight/sparky against 3154cc1a3e6424e44f438a95007d043ed5ceaaf6 for pr-133502-30
[INFO] running `Command { std: "git" "clone" "/workspace/cache/git-repos/https%3A%2F%2Fgithub.com%2FBouhairieMcKnight%2Fsparky" "/workspace/builds/worker-3-tc2/source", kill_on_drop: false }`
[INFO] [stderr] Cloning into '/workspace/builds/worker-3-tc2/source'...
[INFO] [stderr] done.
[INFO] started tweaking git repo https://github.com/BouhairieMcKnight/sparky
[INFO] finished tweaking git repo https://github.com/BouhairieMcKnight/sparky
[INFO] tweaked toml for git repo https://github.com/BouhairieMcKnight/sparky written to /workspace/builds/worker-3-tc2/source/Cargo.toml
[INFO] validating manifest of git repo https://github.com/BouhairieMcKnight/sparky on toolchain 3154cc1a3e6424e44f438a95007d043ed5ceaaf6
[INFO] running `Command { std: CARGO_HOME="/workspace/cargo-home" RUSTUP_HOME="/workspace/rustup-home" "/workspace/cargo-home/bin/cargo" "+3154cc1a3e6424e44f438a95007d043ed5ceaaf6" "metadata" "--manifest-path" "Cargo.toml" "--no-deps", kill_on_drop: false }`
[INFO] crate git repo https://github.com/BouhairieMcKnight/sparky already has a lockfile, it will not be regenerated
[INFO] running `Command { std: CARGO_HOME="/workspace/cargo-home" RUSTUP_HOME="/workspace/rustup-home" "/workspace/cargo-home/bin/cargo" "+3154cc1a3e6424e44f438a95007d043ed5ceaaf6" "fetch" "--manifest-path" "Cargo.toml", kill_on_drop: false }`
[INFO] running `Command { std: "docker" "create" "-v" "/var/lib/crater-agent-workspace/builds/worker-3-tc2/source:/opt/rustwide/workdir:ro,Z" "-v" "/var/lib/crater-agent-workspace/builds/worker-3-tc2/target:/opt/rustwide/target:rw,Z" "-v" "/var/lib/crater-agent-workspace/cargo-home:/opt/rustwide/cargo-home:ro,Z" "-v" "/var/lib/crater-agent-workspace/rustup-home:/opt/rustwide/rustup-home:ro,Z" "-m" "1610612736" "--network" "none" "ghcr.io/rust-lang/crates-build-env/linux@sha256:77db811e55d90add9212f6832c23229e3de5f1c1f9905e8cb07319ea15df73ac" "sleep" "infinity", kill_on_drop: false }`
[INFO] [stdout] f6041e34606e8e4414870100340f4f2e4d569cc6d392f2b711ea11fbefdfe8ba
[INFO] running `Command { std: "docker" "start" "f6041e34606e8e4414870100340f4f2e4d569cc6d392f2b711ea11fbefdfe8ba", kill_on_drop: false }`
[INFO] running `Command { std: "docker" "inspect" "f6041e34606e8e4414870100340f4f2e4d569cc6d392f2b711ea11fbefdfe8ba", kill_on_drop: false }`
[INFO] running `Command { std: "docker" "exec" "-e" "SOURCE_DIR=/opt/rustwide/workdir" "-e" "CARGO_HOME=/opt/rustwide/cargo-home" "-e" "RUSTUP_HOME=/opt/rustwide/rustup-home" "-e" "CARGO_TARGET_DIR=/opt/rustwide/target" "-w" "/opt/rustwide/workdir" "--user" "0:0" "f6041e34606e8e4414870100340f4f2e4d569cc6d392f2b711ea11fbefdfe8ba" "/opt/rustwide/cargo-home/bin/cargo" "+3154cc1a3e6424e44f438a95007d043ed5ceaaf6" "metadata" "--no-deps" "--format-version=1", kill_on_drop: false }`
[INFO] running `Command { std: "docker" "inspect" "f6041e34606e8e4414870100340f4f2e4d569cc6d392f2b711ea11fbefdfe8ba", kill_on_drop: false }`
[INFO] running `Command { std: "docker" "exec" "-e" "SOURCE_DIR=/opt/rustwide/workdir" "-e" "CARGO_HOME=/opt/rustwide/cargo-home" "-e" "RUSTUP_HOME=/opt/rustwide/rustup-home" "-e" "CARGO_TARGET_DIR=/opt/rustwide/target" "-e" "CARGO_INCREMENTAL=0" "-e" "RUST_BACKTRACE=full" "-e" "RUSTFLAGS=--cap-lints=forbid" "-e" "RUSTDOCFLAGS=--cap-lints=forbid" "-w" "/opt/rustwide/workdir" "--user" "0:0" "f6041e34606e8e4414870100340f4f2e4d569cc6d392f2b711ea11fbefdfe8ba" "/opt/rustwide/cargo-home/bin/cargo" "+3154cc1a3e6424e44f438a95007d043ed5ceaaf6" "check" "--frozen" "--all" "--all-targets" "--message-format=json", kill_on_drop: false }`
[INFO] [stderr]    Compiling proc-macro2 v1.0.106
[INFO] [stderr]    Compiling quote v1.0.46
[INFO] [stderr]     Checking futures-core v0.3.32
[INFO] [stderr]     Checking futures-sink v0.3.32
[INFO] [stderr]     Checking futures-task v0.3.32
[INFO] [stderr]     Checking slab v0.4.12
[INFO] [stderr]     Checking futures-io v0.3.32
[INFO] [stderr]     Checking memchr v2.8.2
[INFO] [stderr]    Compiling cc v1.2.66
[INFO] [stderr]     Checking cpufeatures v0.3.0
[INFO] [stderr]     Checking arrayvec v0.7.8
[INFO] [stderr]     Checking futures-channel v0.3.32
[INFO] [stderr]     Checking constant_time_eq v0.4.2
[INFO] [stderr]     Checking syn v2.0.118
[INFO] [stderr]    Compiling blake3 v1.8.5
[INFO] [stderr]     Checking sparky-util v0.1.0 (/opt/rustwide/workdir/crates/sparky-util)
[INFO] [stdout] error[E0583]: file not found for module `buffer`
[INFO] [stdout]  --> crates/sparky-util/src/storage.rs:6:1
[INFO] [stdout]   |
[INFO] [stdout] 6 | mod buffer;
[INFO] [stdout]   | ^^^^^^^^^^^
[INFO] [stdout]   |
[INFO] [stdout]   = help: to create the module `buffer`, create file "crates/sparky-util/src/storage/buffer.rs" or "crates/sparky-util/src/storage/buffer/mod.rs"
[INFO] [stdout]   = note: if there is a `mod buffer` elsewhere in the crate already, import it with `use crate::...` instead
[INFO] [stdout] 
[INFO] [stdout] 
[INFO] [stdout] error[E0583]: file not found for module `buffer`
[INFO] [stdout]  --> crates/sparky-util/src/storage.rs:6:1
[INFO] [stdout]   |
[INFO] [stdout] 6 | mod buffer;
[INFO] [stdout]   | ^^^^^^^^^^^
[INFO] [stdout]   |
[INFO] [stdout]   = help: to create the module `buffer`, create file "crates/sparky-util/src/storage/buffer.rs" or "crates/sparky-util/src/storage/buffer/mod.rs"
[INFO] [stdout]   = note: if there is a `mod buffer` elsewhere in the crate already, import it with `use crate::...` instead
[INFO] [stdout] 
[INFO] [stdout] 
[INFO] [stdout] error[E0425]: cannot find function `abort` in module `intrinsics`
[INFO] [stdout]   --> crates/sparky-util/src/bptree/node.rs:27:25
[INFO] [stdout]    |
[INFO] [stdout] 27 |             intrinsics::abort()
[INFO] [stdout]    |                         ^^^^^ not found in `intrinsics`
[INFO] [stdout]    |
[INFO] [stdout] help: consider importing this function
[INFO] [stdout]    |
[INFO] [stdout]  1 + use std::process::abort;
[INFO] [stdout]    |
[INFO] [stdout] help: if you import `abort`, refer to it directly
[INFO] [stdout]    |
[INFO] [stdout] 27 -             intrinsics::abort()
[INFO] [stdout] 27 +             abort()
[INFO] [stdout]    |
[INFO] [stdout] 
[INFO] [stdout] 
[INFO] [stdout] error[E0425]: cannot find function `abort` in module `intrinsics`
[INFO] [stdout]   --> crates/sparky-util/src/bptree/node.rs:27:25
[INFO] [stdout]    |
[INFO] [stdout] 27 |             intrinsics::abort()
[INFO] [stdout]    |                         ^^^^^ not found in `intrinsics`
[INFO] [stdout]    |
[INFO] [stdout] help: consider importing this function
[INFO] [stdout]    |
[INFO] [stdout]  1 + use std::process::abort;
[INFO] [stdout]    |
[INFO] [stdout] help: if you import `abort`, refer to it directly
[INFO] [stdout]    |
[INFO] [stdout] 27 -             intrinsics::abort()
[INFO] [stdout] 27 +             abort()
[INFO] [stdout]    |
[INFO] [stdout] 
[INFO] [stdout] 
[INFO] [stdout] warning: the feature `core_intrinsics` is internal to the compiler or standard library
[INFO] [stdout]  --> crates/sparky-util/src/lib.rs:4:12
[INFO] [stdout]   |
[INFO] [stdout] 4 | #![feature(core_intrinsics)]
[INFO] [stdout]   |            ^^^^^^^^^^^^^^^
[INFO] [stdout]   |
[INFO] [stdout]   = note: using it is strongly discouraged
[INFO] [stdout]   = note: `#[warn(internal_features)]` on by default
[INFO] [stdout] 
[INFO] [stdout] 
[INFO] [stdout] warning: the feature `core_intrinsics` is internal to the compiler or standard library
[INFO] [stdout]  --> crates/sparky-util/src/lib.rs:4:12
[INFO] [stdout]   |
[INFO] [stdout] 4 | #![feature(core_intrinsics)]
[INFO] [stdout]   |            ^^^^^^^^^^^^^^^
[INFO] [stdout]   |
[INFO] [stdout]   = note: using it is strongly discouraged
[INFO] [stdout]   = note: `#[warn(internal_features)]` on by default
[INFO] [stdout] 
[INFO] [stdout] 
[INFO] [stdout] warning: unused import: `std::alloc::Global`
[INFO] [stdout]  --> crates/sparky-util/src/bptree/tests.rs:1:5
[INFO] [stdout]   |
[INFO] [stdout] 1 | use std::alloc::Global;
[INFO] [stdout]   |     ^^^^^^^^^^^^^^^^^^
[INFO] [stdout]   |
[INFO] [stdout]   = note: `#[warn(unused_imports)]` (part of `#[warn(unused)]`) on by default
[INFO] [stdout] 
[INFO] [stdout] 
[INFO] [stdout] warning: unused import: `node`
[INFO] [stdout]  --> crates/sparky-util/src/bptree/tests.rs:3:31
[INFO] [stdout]   |
[INFO] [stdout] 3 | use crate::bptree::{navigate, node};
[INFO] [stdout]   |                               ^^^^
[INFO] [stdout] 
[INFO] [stdout] 
[INFO] [stdout] warning: unused import: `std::alloc::Global`
[INFO] [stdout]  --> crates/sparky-util/src/bptree/tests.rs:1:5
[INFO] [stdout]   |
[INFO] [stdout] 1 | use std::alloc::Global;
[INFO] [stdout]   |     ^^^^^^^^^^^^^^^^^^
[INFO] [stdout]   |
[INFO] [stdout]   = note: `#[warn(unused_imports)]` (part of `#[warn(unused)]`) on by default
[INFO] [stdout] 
[INFO] [stdout] 
[INFO] [stdout] warning: unused import: `crate::bptree::map::BPTree`
[INFO] [stdout]  --> crates/sparky-util/src/bptree/tests.rs:4:5
[INFO] [stdout]   |
[INFO] [stdout] 4 | use crate::bptree::map::BPTree;
[INFO] [stdout]   |     ^^^^^^^^^^^^^^^^^^^^^^^^^^
[INFO] [stdout] 
[INFO] [stdout] 
[INFO] [stdout] warning: unused import: `node`
[INFO] [stdout]  --> crates/sparky-util/src/bptree/tests.rs:3:31
[INFO] [stdout]   |
[INFO] [stdout] 3 | use crate::bptree::{navigate, node};
[INFO] [stdout]   |                               ^^^^
[INFO] [stdout] 
[INFO] [stdout] 
[INFO] [stdout] warning: the feature `never_type` has been stable since 1.100.0 and no longer requires an attribute to enable
[INFO] [stdout]   --> crates/sparky-util/src/lib.rs:11:12
[INFO] [stdout]    |
[INFO] [stdout] 11 | #![feature(never_type)]
[INFO] [stdout]    |            ^^^^^^^^^^
[INFO] [stdout]    |
[INFO] [stdout]    = note: `#[warn(stable_features)]` on by default
[INFO] [stdout] 
[INFO] [stdout] 
[INFO] [stdout] warning: the feature `allocator_api` has been partially stabilized since 1.100.0 and is succeeded by the feature `allocator_ext`
[INFO] [stdout]  --> crates/sparky-util/src/lib.rs:3:12
[INFO] [stdout]   |
[INFO] [stdout] 3 | #![feature(allocator_api)]
[INFO] [stdout]   |            ^^^^^^^^^^^^^
[INFO] [stdout]   |
[INFO] [stdout] help: if you are using features which are still unstable, change to using `allocator_ext`
[INFO] [stdout]   |
[INFO] [stdout] 3 - #![feature(allocator_api)]
[INFO] [stdout] 3 + #![feature(allocator_ext)]
[INFO] [stdout]   |
[INFO] [stdout] help: if you are using features which are now stable, remove this line
[INFO] [stdout]   |
[INFO] [stdout] 3 - #![feature(allocator_api)]
[INFO] [stdout]   |
[INFO] [stdout] 
[INFO] [stdout] 
[INFO] [stdout] warning: the feature `unwrap_infallible` has been stable since 1.101.0-nightly and no longer requires an attribute to enable
[INFO] [stdout]  --> crates/sparky-util/src/lib.rs:8:12
[INFO] [stdout]   |
[INFO] [stdout] 8 | #![feature(unwrap_infallible)]
[INFO] [stdout]   |            ^^^^^^^^^^^^^^^^^
[INFO] [stdout] 
[INFO] [stdout] 
[INFO] [stdout] warning: the feature `never_type` has been stable since 1.100.0 and no longer requires an attribute to enable
[INFO] [stdout]   --> crates/sparky-util/src/lib.rs:11:12
[INFO] [stdout]    |
[INFO] [stdout] 11 | #![feature(never_type)]
[INFO] [stdout]    |            ^^^^^^^^^^
[INFO] [stdout]    |
[INFO] [stdout]    = note: `#[warn(stable_features)]` on by default
[INFO] [stdout] 
[INFO] [stdout] 
[INFO] [stdout] warning: the feature `allocator_api` has been partially stabilized since 1.100.0 and is succeeded by the feature `allocator_ext`
[INFO] [stdout]  --> crates/sparky-util/src/lib.rs:3:12
[INFO] [stdout]   |
[INFO] [stdout] 3 | #![feature(allocator_api)]
[INFO] [stdout]   |            ^^^^^^^^^^^^^
[INFO] [stdout]   |
[INFO] [stdout] help: if you are using features which are still unstable, change to using `allocator_ext`
[INFO] [stdout]   |
[INFO] [stdout] 3 - #![feature(allocator_api)]
[INFO] [stdout] 3 + #![feature(allocator_ext)]
[INFO] [stdout]   |
[INFO] [stdout] help: if you are using features which are now stable, remove this line
[INFO] [stdout]   |
[INFO] [stdout] 3 - #![feature(allocator_api)]
[INFO] [stdout]   |
[INFO] [stdout] 
[INFO] [stdout] 
[INFO] [stdout] warning: the feature `unwrap_infallible` has been stable since 1.101.0-nightly and no longer requires an attribute to enable
[INFO] [stdout]  --> crates/sparky-util/src/lib.rs:8:12
[INFO] [stdout]   |
[INFO] [stdout] 8 | #![feature(unwrap_infallible)]
[INFO] [stdout]   |            ^^^^^^^^^^^^^^^^^
[INFO] [stdout] 
[INFO] [stdout] 
[INFO] [stdout] warning: variable does not need to be mutable
[INFO] [stdout]    --> crates/sparky-util/src/bptree/node.rs:431:13
[INFO] [stdout]     |
[INFO] [stdout] 431 |         let mut vals: *mut [_] = vals;
[INFO] [stdout]     |             ----^^^^
[INFO] [stdout]     |             |
[INFO] [stdout]     |             help: remove this `mut`
[INFO] [stdout]     |
[INFO] [stdout]     = note: `#[warn(unused_mut)]` (part of `#[warn(unused)]`) on by default
[INFO] [stdout] 
[INFO] [stdout] 
[INFO] [stdout] warning: variable does not need to be mutable
[INFO] [stdout]    --> crates/sparky-util/src/bptree/node.rs:431:13
[INFO] [stdout]     |
[INFO] [stdout] 431 |         let mut vals: *mut [_] = vals;
[INFO] [stdout]     |             ----^^^^
[INFO] [stdout]     |             |
[INFO] [stdout]     |             help: remove this `mut`
[INFO] [stdout]     |
[INFO] [stdout]     = note: `#[warn(unused_mut)]` (part of `#[warn(unused)]`) on by default
[INFO] [stdout] 
[INFO] [stdout] 
[INFO] [stdout] warning: unreachable pattern
[INFO] [stdout]   --> crates/sparky-util/src/bptree/search.rs:22:13
[INFO] [stdout]    |
[INFO] [stdout] 22 |             _ => unreachable!(),
[INFO] [stdout]    |             ^ no value can reach this
[INFO] [stdout]    |
[INFO] [stdout] note: multiple earlier patterns match some of the same values
[INFO] [stdout]   --> crates/sparky-util/src/bptree/search.rs:22:13
[INFO] [stdout]    |
[INFO] [stdout] 19 |             Bound::Included(t) => Included(t),
[INFO] [stdout]    |             ------------------ matches some of the same values
[INFO] [stdout] 20 |             Bound::Excluded(t) => Excluded(t),
[INFO] [stdout]    |             ------------------ matches some of the same values
[INFO] [stdout] 21 |             Bound::Unbounded => AllIncluded,
[INFO] [stdout]    |             ---------------- matches some of the same values
[INFO] [stdout] 22 |             _ => unreachable!(),
[INFO] [stdout]    |             ^ collectively making this unreachable
[INFO] [stdout]    = note: `#[warn(unreachable_patterns)]` (part of `#[warn(unused)]`) on by default
[INFO] [stdout] 
[INFO] [stdout] 
[INFO] [stdout] Some errors have detailed explanations: E0425, E0583.
[INFO] [stdout] 
[INFO] [stdout] For more information about an error, try `rustc --explain E0425`.
[INFO] [stdout] 
[INFO] [stdout] warning: unreachable pattern
[INFO] [stdout]   --> crates/sparky-util/src/bptree/search.rs:22:13
[INFO] [stdout]    |
[INFO] [stdout] 22 |             _ => unreachable!(),
[INFO] [stdout]    |             ^ no value can reach this
[INFO] [stdout]    |
[INFO] [stdout] note: multiple earlier patterns match some of the same values
[INFO] [stdout]   --> crates/sparky-util/src/bptree/search.rs:22:13
[INFO] [stdout]    |
[INFO] [stdout] 19 |             Bound::Included(t) => Included(t),
[INFO] [stdout]    |             ------------------ matches some of the same values
[INFO] [stdout] 20 |             Bound::Excluded(t) => Excluded(t),
[INFO] [stdout]    |             ------------------ matches some of the same values
[INFO] [stdout] 21 |             Bound::Unbounded => AllIncluded,
[INFO] [stdout]    |             ---------------- matches some of the same values
[INFO] [stdout] 22 |             _ => unreachable!(),
[INFO] [stdout]    |             ^ collectively making this unreachable
[INFO] [stdout]    = note: `#[warn(unreachable_patterns)]` (part of `#[warn(unused)]`) on by default
[INFO] [stdout] 
[INFO] [stdout] 
[INFO] [stderr] error: could not compile `sparky-util` (lib) due to 2 previous errors; 9 warnings emitted
[INFO] [stderr] warning: build failed, waiting for other jobs to finish...
[INFO] [stdout] Some errors have detailed explanations: E0425, E0583.
[INFO] [stdout] 
[INFO] [stdout] For more information about an error, try `rustc --explain E0425`.
[INFO] [stdout] 
[INFO] [stderr] error: could not compile `sparky-util` (lib test) due to 2 previous errors; 8 warnings emitted
[INFO] running `Command { std: "docker" "inspect" "f6041e34606e8e4414870100340f4f2e4d569cc6d392f2b711ea11fbefdfe8ba", kill_on_drop: false }`
[INFO] running `Command { std: "docker" "rm" "-f" "f6041e34606e8e4414870100340f4f2e4d569cc6d392f2b711ea11fbefdfe8ba", kill_on_drop: false }`
[INFO] [stdout] f6041e34606e8e4414870100340f4f2e4d569cc6d392f2b711ea11fbefdfe8ba
