[INFO] cloning repository https://github.com/BolverBlitz/RGBMusikHub
[INFO] running `Command { std: "git" "-c" "credential.helper=" "-c" "credential.helper=/workspace/cargo-home/bin/git-credential-null" "clone" "--bare" "https://github.com/BolverBlitz/RGBMusikHub" "/workspace/cache/git-repos/https%3A%2F%2Fgithub.com%2FBolverBlitz%2FRGBMusikHub", kill_on_drop: false }`
[INFO] [stderr] Cloning into bare repository '/workspace/cache/git-repos/https%3A%2F%2Fgithub.com%2FBolverBlitz%2FRGBMusikHub'...
[INFO] running `Command { std: "git" "rev-parse" "HEAD", kill_on_drop: false }`
[INFO] [stdout] 820aa642cd6320819309e3eea9c356e28395dbe8
[INFO] checking BolverBlitz/RGBMusikHub against 3154cc1a3e6424e44f438a95007d043ed5ceaaf6 for pr-133502-30
[INFO] running `Command { std: "git" "clone" "/workspace/cache/git-repos/https%3A%2F%2Fgithub.com%2FBolverBlitz%2FRGBMusikHub" "/workspace/builds/worker-0-tc2/source", kill_on_drop: false }`
[INFO] [stderr] Cloning into '/workspace/builds/worker-0-tc2/source'...
[INFO] [stderr] done.
[INFO] started tweaking git repo https://github.com/BolverBlitz/RGBMusikHub
[INFO] finished tweaking git repo https://github.com/BolverBlitz/RGBMusikHub
[INFO] tweaked toml for git repo https://github.com/BolverBlitz/RGBMusikHub written to /workspace/builds/worker-0-tc2/source/Cargo.toml
[INFO] validating manifest of git repo https://github.com/BolverBlitz/RGBMusikHub on toolchain 3154cc1a3e6424e44f438a95007d043ed5ceaaf6
[INFO] running `Command { std: CARGO_HOME="/workspace/cargo-home" RUSTUP_HOME="/workspace/rustup-home" "/workspace/cargo-home/bin/cargo" "+3154cc1a3e6424e44f438a95007d043ed5ceaaf6" "metadata" "--manifest-path" "Cargo.toml" "--no-deps", kill_on_drop: false }`
[INFO] crate git repo https://github.com/BolverBlitz/RGBMusikHub already has a lockfile, it will not be regenerated
[INFO] running `Command { std: CARGO_HOME="/workspace/cargo-home" RUSTUP_HOME="/workspace/rustup-home" "/workspace/cargo-home/bin/cargo" "+3154cc1a3e6424e44f438a95007d043ed5ceaaf6" "fetch" "--manifest-path" "Cargo.toml", kill_on_drop: false }`
[INFO] running `Command { std: "docker" "create" "-v" "/var/lib/crater-agent-workspace/builds/worker-0-tc2/source:/opt/rustwide/workdir:ro,Z" "-v" "/var/lib/crater-agent-workspace/builds/worker-0-tc2/target:/opt/rustwide/target:rw,Z" "-v" "/var/lib/crater-agent-workspace/cargo-home:/opt/rustwide/cargo-home:ro,Z" "-v" "/var/lib/crater-agent-workspace/rustup-home:/opt/rustwide/rustup-home:ro,Z" "-m" "1610612736" "--network" "none" "ghcr.io/rust-lang/crates-build-env/linux@sha256:77db811e55d90add9212f6832c23229e3de5f1c1f9905e8cb07319ea15df73ac" "sleep" "infinity", kill_on_drop: false }`
[INFO] [stdout] 172a6865472f6b4f5b2a6be476c681e90cfc334126f221e9be31235c408d0f76
[INFO] running `Command { std: "docker" "start" "172a6865472f6b4f5b2a6be476c681e90cfc334126f221e9be31235c408d0f76", kill_on_drop: false }`
[INFO] running `Command { std: "docker" "inspect" "172a6865472f6b4f5b2a6be476c681e90cfc334126f221e9be31235c408d0f76", kill_on_drop: false }`
[INFO] running `Command { std: "docker" "exec" "-e" "SOURCE_DIR=/opt/rustwide/workdir" "-e" "CARGO_HOME=/opt/rustwide/cargo-home" "-e" "RUSTUP_HOME=/opt/rustwide/rustup-home" "-e" "CARGO_TARGET_DIR=/opt/rustwide/target" "-w" "/opt/rustwide/workdir" "--user" "0:0" "172a6865472f6b4f5b2a6be476c681e90cfc334126f221e9be31235c408d0f76" "/opt/rustwide/cargo-home/bin/cargo" "+3154cc1a3e6424e44f438a95007d043ed5ceaaf6" "metadata" "--no-deps" "--format-version=1", kill_on_drop: false }`
[INFO] running `Command { std: "docker" "inspect" "172a6865472f6b4f5b2a6be476c681e90cfc334126f221e9be31235c408d0f76", kill_on_drop: false }`
[INFO] running `Command { std: "docker" "exec" "-e" "SOURCE_DIR=/opt/rustwide/workdir" "-e" "CARGO_HOME=/opt/rustwide/cargo-home" "-e" "RUSTUP_HOME=/opt/rustwide/rustup-home" "-e" "CARGO_TARGET_DIR=/opt/rustwide/target" "-e" "CARGO_INCREMENTAL=0" "-e" "RUST_BACKTRACE=full" "-e" "RUSTFLAGS=--cap-lints=forbid" "-e" "RUSTDOCFLAGS=--cap-lints=forbid" "-w" "/opt/rustwide/workdir" "--user" "0:0" "172a6865472f6b4f5b2a6be476c681e90cfc334126f221e9be31235c408d0f76" "/opt/rustwide/cargo-home/bin/cargo" "+3154cc1a3e6424e44f438a95007d043ed5ceaaf6" "check" "--frozen" "--all" "--all-targets" "--message-format=json", kill_on_drop: false }`
[INFO] [stderr]     Checking log v0.4.33
[INFO] [stderr]     Checking smallvec v1.15.2
[INFO] [stderr]     Checking futures-core v0.3.33
[INFO] [stderr]    Compiling syn v2.0.119
[INFO] [stderr]    Compiling syn v3.0.3
[INFO] [stderr]     Checking typenum v1.20.1
[INFO] [stderr]     Checking socket2 v0.6.5
[INFO] [stderr]     Checking tracing-core v0.1.36
[INFO] [stderr]     Checking futures-sink v0.3.33
[INFO] [stderr]     Checking signal-hook-registry v1.4.8
[INFO] [stderr]     Checking mio v1.2.2
[INFO] [stderr]     Checking parking_lot_core v0.9.12
[INFO] [stderr]    Compiling httparse v1.10.1
[INFO] [stderr]     Checking parking_lot v0.12.5
[INFO] [stderr]    Compiling find-msvc-tools v0.1.10
[INFO] [stderr]     Checking slab v0.4.12
[INFO] [stderr]    Compiling cc v1.4.2
[INFO] [stderr]     Checking writeable v0.6.3
[INFO] [stderr]     Checking litemap v0.8.2
[INFO] [stderr]     Checking futures-task v0.3.33
[INFO] [stderr]    Compiling serde_core v1.0.229
[INFO] [stderr]    Compiling num-traits v0.2.19
[INFO] [stderr]     Checking http-body v1.1.0
[INFO] [stderr]    Compiling zerocopy v0.8.56
[INFO] [stderr]    Compiling icu_normalizer_data v2.2.0
[INFO] [stderr]    Compiling getrandom v0.3.4
[INFO] [stderr]    Compiling icu_properties_data v2.2.0
[INFO] [stderr]     Checking tower-service v0.3.3
[INFO] [stderr]     Checking zeroize v1.9.0
[INFO] [stderr]     Checking rustls-pki-types v1.15.1
[INFO] [stderr]     Checking generic-array v0.14.7
[INFO] [stderr]    Compiling ring v0.17.14
[INFO] [stderr]     Checking hybrid-array v0.4.14
[INFO] [stderr]     Checking getrandom v0.2.17
[INFO] [stderr]     Checking try-lock v0.2.5
[INFO] [stderr]     Checking want v0.3.1
[INFO] [stderr]     Checking crypto-common v0.1.7
[INFO] [stderr]     Checking block-buffer v0.10.4
[INFO] [stderr]     Checking rand_core v0.9.5
[INFO] [stderr]     Checking form_urlencoded v1.2.2
[INFO] [stderr]     Checking futures-channel v0.3.33
[INFO] [stderr]     Checking sync_wrapper v1.0.2
[INFO] [stderr]     Checking httpdate v1.0.3
[INFO] [stderr]    Compiling unicase v2.9.0
[INFO] [stderr]    Compiling rustls v0.23.43
[INFO] [stderr]     Checking atomic-waker v1.1.2
[INFO] [stderr]    Compiling const-oid v0.10.2
[INFO] [stderr]     Checking tower-layer v0.3.3
[INFO] [stderr]    Compiling block-buffer v0.12.1
[INFO] [stderr]    Compiling crypto-common v0.2.2
[INFO] [stderr]    Compiling mime_guess v2.0.5
[INFO] [stderr]     Checking digest v0.10.7
[INFO] [stderr]     Checking spin v0.9.9
[INFO] [stderr]     Checking ipnet v2.12.1
[INFO] [stderr]    Compiling serde_json v1.0.151
[INFO] [stderr]     Checking regex-syntax v0.8.11
[INFO] [stderr]    Compiling crossbeam-utils v0.8.22
[INFO] [stderr]    Compiling cpufeatures v0.3.0
[INFO] [stderr]     Checking bitflags v2.13.1
[INFO] [stderr]    Compiling digest v0.11.3
[INFO] [stderr]    Compiling sha2 v0.11.0
[INFO] [stderr]    Compiling getrandom v0.4.3
[INFO] [stderr]     Checking sha1 v0.10.7
[INFO] [stderr]    Compiling synstructure v0.13.2
[INFO] [stderr]     Checking num-integer v0.1.46
[INFO] [stderr]     Checking http-body-util v0.1.4
[INFO] [stderr]    Compiling displaydoc v0.2.7
[INFO] [stderr]    Compiling tokio-macros v2.7.2
[INFO] [stderr]    Compiling thiserror-impl v2.0.20
[INFO] [stderr]    Compiling serde_derive v1.0.229
[INFO] [stderr]     Checking regex-automata v0.4.18
[INFO] [stderr]    Compiling multer v3.1.0
[INFO] [stderr]     Checking tokio v1.53.1
[INFO] [stderr]     Checking mime v0.3.17
[INFO] [stderr]    Compiling rustix v1.1.4
[INFO] [stderr]     Checking ryu v1.0.23
[INFO] [stderr]     Checking ppv-lite86 v0.2.21
[INFO] [stderr]     Checking data-encoding v2.11.1
[INFO] [stderr]    Compiling zerofrom-derive v0.1.7
[INFO] [stderr]    Compiling yoke-derive v0.8.2
[INFO] [stderr]    Compiling zerovec-derive v0.11.3
[INFO] [stderr]    Compiling tracing-attributes v0.1.31
[INFO] [stderr]    Compiling futures-macro v0.3.33
[INFO] [stderr]     Checking thiserror v2.0.20
[INFO] [stderr]     Checking rustls-webpki v0.103.13
[INFO] [stderr]     Checking rand_chacha v0.9.0
[INFO] [stderr]     Checking futures-util v0.3.33
[INFO] [stderr]     Checking matchers v0.2.0
[INFO] [stderr]     Checking rand v0.9.5
[INFO] [stderr]     Checking zerofrom v0.1.8
[INFO] [stderr]     Checking tracing v0.1.44
[INFO] [stderr]     Checking yoke v0.8.3
[INFO] [stderr]     Checking zerovec v0.11.6
[INFO] [stderr]     Checking zerotrie v0.2.4
[INFO] [stderr]    Compiling rust-embed-utils v8.12.0
[INFO] [stderr]     Checking tungstenite v0.29.0
[INFO] [stderr]     Checking tinystr v0.8.3
[INFO] [stderr]     Checking icu_locale_core v2.2.0
[INFO] [stderr]     Checking potential_utf v0.1.5
[INFO] [stderr]     Checking webpki-roots v1.0.9
[INFO] [stderr]     Checking serde v1.0.229
[INFO] [stderr]     Checking icu_collections v2.2.0
[INFO] [stderr]     Checking tracing-log v0.2.0
[INFO] [stderr]     Checking is-docker v0.2.0
[INFO] [stderr]     Checking thread_local v1.1.10
[INFO] [stderr]     Checking encoding_rs v0.8.35
[INFO] [stderr]     Checking linux-raw-sys v0.12.1
[INFO] [stderr]     Checking nu-ansi-term v0.50.3
[INFO] [stderr]     Checking icu_provider v2.2.0
[INFO] [stderr]     Checking serde_urlencoded v0.7.1
[INFO] [stderr]     Checking strength_reduce v0.2.4
[INFO] [stderr]     Checking icu_properties v2.2.0
[INFO] [stderr]     Checking icu_normalizer v2.2.0
[INFO] [stderr]     Checking transpose v0.2.3
[INFO] [stderr]     Checking time v0.3.55
[INFO] [stderr]     Checking tracing-subscriber v0.3.23
[INFO] [stderr]     Checking dirs-sys v0.5.0
[INFO] [stderr]     Checking is-wsl v0.4.0
[INFO] [stderr]     Checking crossbeam-channel v0.5.16
[INFO] [stderr]    Compiling rust-embed-impl v8.12.0
[INFO] [stderr]     Checking axum-core v0.5.6
[INFO] [stderr]     Checking hyper v1.11.0
[INFO] [stderr]     Checking tower v0.5.3
[INFO] [stderr]     Checking idna_adapter v1.2.2
[INFO] [stderr]     Checking idna v1.1.0
[INFO] [stderr]     Checking tokio-rustls v0.26.4
[INFO] [stderr]     Checking tokio-tungstenite v0.29.0
[INFO] [stderr]     Checking url v2.5.8
[INFO] [stderr]     Checking primal-check v0.3.4
[INFO] [stderr]     Checking flume v0.11.1
[INFO] [stderr]     Checking serde_path_to_error v0.1.20
[INFO] [stderr]     Checking num-complex v0.4.6
[INFO] [stderr]     Checking socket-pktinfo v0.3.2
[INFO] [stderr]     Checking if-addrs v0.14.0
[INFO] [stderr]     Checking symlink v0.1.0
[INFO] [stderr]     Checking matchit v0.8.4
[INFO] [stderr]     Checking mdns-sd v0.15.2
[INFO] [stderr]     Checking tempfile v3.27.0
[INFO] [stderr]     Checking tower-http v0.6.11
[INFO] [stderr]     Checking rust-embed v8.12.0
[INFO] [stderr]     Checking open v5.4.1
[INFO] [stderr]     Checking rustfft v6.4.1
[INFO] [stderr]     Checking hyper-util v0.1.20
[INFO] [stderr]     Checking directories v6.0.0
[INFO] [stderr]     Checking uuid v1.24.0
[INFO] [stderr]    Compiling async-trait v0.1.92
[INFO] [stderr]     Checking tracing-appender v0.2.5
[INFO] [stderr]     Checking approx v0.5.1
[INFO] [stderr]     Checking hyper-rustls v0.27.9
[INFO] [stderr]     Checking axum v0.8.9
[INFO] [stderr]     Checking reqwest v0.12.28
[INFO] [stderr]     Checking rgb-musik-hub v0.1.0 (/opt/rustwide/workdir)
[INFO] [stdout] error: #[derive(RustEmbed)] folder '/opt/rustwide/workdir/frontend/dist/' does not exist. cwd: '/opt/rustwide/workdir'
[INFO] [stdout]   --> src/api.rs:25:1
[INFO] [stdout]    |
[INFO] [stdout] 25 | / #[folder = "frontend/dist/"]
[INFO] [stdout] 26 | | struct Assets;
[INFO] [stdout]    | |______________^
[INFO] [stdout] 
[INFO] [stdout] 
[INFO] [stdout] error: #[derive(RustEmbed)] folder '/opt/rustwide/workdir/frontend/dist/' does not exist. cwd: '/opt/rustwide/workdir'
[INFO] [stdout]   --> src/api.rs:25:1
[INFO] [stdout]    |
[INFO] [stdout] 25 | / #[folder = "frontend/dist/"]
[INFO] [stdout] 26 | | struct Assets;
[INFO] [stdout]    | |______________^
[INFO] [stdout] 
[INFO] [stdout] 
[INFO] [stdout] warning: unused imports: `Context` and `bail`
[INFO] [stdout]  --> src/autostart.rs:1:14
[INFO] [stdout]   |
[INFO] [stdout] 1 | use anyhow::{Context, Result, bail};
[INFO] [stdout]   |              ^^^^^^^          ^^^^
[INFO] [stdout]   |
[INFO] [stdout]   = note: `#[warn(unused_imports)]` (part of `#[warn(unused)]`) on by default
[INFO] [stdout] 
[INFO] [stdout] 
[INFO] [stdout] warning: unused imports: `Context` and `bail`
[INFO] [stdout]  --> src/autostart.rs:1:14
[INFO] [stdout]   |
[INFO] [stdout] 1 | use anyhow::{Context, Result, bail};
[INFO] [stdout]   |              ^^^^^^^          ^^^^
[INFO] [stdout]   |
[INFO] [stdout]   = note: `#[warn(unused_imports)]` (part of `#[warn(unused)]`) on by default
[INFO] [stdout] 
[INFO] [stdout] 
[INFO] [stdout] error[E0599]: no associated function or constant named `get` found for struct `Assets` in the current scope
[INFO] [stdout]    --> src/api.rs:244:25
[INFO] [stdout]     |
[INFO] [stdout]  26 | struct Assets;
[INFO] [stdout]     | ------------- associated function or constant `get` not found for this struct
[INFO] [stdout] ...
[INFO] [stdout] 244 |     let asset = Assets::get(path)
[INFO] [stdout]     |                         ^^^ associated function or constant not found in `Assets`
[INFO] [stdout]     |
[INFO] [stdout]     = help: items from traits can only be used if the trait is implemented and in scope
[INFO] [stdout]     = note: the following traits define an item `get`, perhaps you need to implement one of them:
[INFO] [stdout]             candidate #1: `Embed`
[INFO] [stdout]             candidate #2: `SliceIndex`
[INFO] [stdout]             candidate #3: `icu_collections::codepointtrie::cptrie::TypedCodePointTrie`
[INFO] [stdout]             candidate #4: `icu_properties::names::PropertyEnumToValueNameLookup`
[INFO] [stdout]             candidate #5: `icu_provider::baked::DataStore`
[INFO] [stdout]             candidate #6: `rustls::server::server_conn::StoresServerSessions`
[INFO] [stdout] 
[INFO] [stdout] 
[INFO] [stdout] error[E0599]: no associated function or constant named `get` found for struct `Assets` in the current scope
[INFO] [stdout]    --> src/api.rs:245:29
[INFO] [stdout]     |
[INFO] [stdout]  26 | struct Assets;
[INFO] [stdout]     | ------------- associated function or constant `get` not found for this struct
[INFO] [stdout] ...
[INFO] [stdout] 245 |         .or_else(|| Assets::get("index.html"))
[INFO] [stdout]     |                             ^^^ associated function or constant not found in `Assets`
[INFO] [stdout]     |
[INFO] [stdout]     = help: items from traits can only be used if the trait is implemented and in scope
[INFO] [stdout]     = note: the following traits define an item `get`, perhaps you need to implement one of them:
[INFO] [stdout]             candidate #1: `Embed`
[INFO] [stdout]             candidate #2: `SliceIndex`
[INFO] [stdout]             candidate #3: `icu_collections::codepointtrie::cptrie::TypedCodePointTrie`
[INFO] [stdout]             candidate #4: `icu_properties::names::PropertyEnumToValueNameLookup`
[INFO] [stdout]             candidate #5: `icu_provider::baked::DataStore`
[INFO] [stdout]             candidate #6: `rustls::server::server_conn::StoresServerSessions`
[INFO] [stdout] 
[INFO] [stdout] 
[INFO] [stdout] error[E0599]: no associated function or constant named `get` found for struct `Assets` in the current scope
[INFO] [stdout]    --> src/api.rs:244:25
[INFO] [stdout]     |
[INFO] [stdout]  26 | struct Assets;
[INFO] [stdout]     | ------------- associated function or constant `get` not found for this struct
[INFO] [stdout] ...
[INFO] [stdout] 244 |     let asset = Assets::get(path)
[INFO] [stdout]     |                         ^^^ associated function or constant not found in `Assets`
[INFO] [stdout]     |
[INFO] [stdout]     = help: items from traits can only be used if the trait is implemented and in scope
[INFO] [stdout]     = note: the following traits define an item `get`, perhaps you need to implement one of them:
[INFO] [stdout]             candidate #1: `Embed`
[INFO] [stdout]             candidate #2: `SliceIndex`
[INFO] [stdout]             candidate #3: `icu_collections::codepointtrie::cptrie::TypedCodePointTrie`
[INFO] [stdout]             candidate #4: `icu_properties::names::PropertyEnumToValueNameLookup`
[INFO] [stdout]             candidate #5: `icu_provider::baked::DataStore`
[INFO] [stdout]             candidate #6: `rustls::server::server_conn::StoresServerSessions`
[INFO] [stdout] 
[INFO] [stdout] 
[INFO] [stdout] error[E0599]: no associated function or constant named `get` found for struct `Assets` in the current scope
[INFO] [stdout]    --> src/api.rs:245:29
[INFO] [stdout]     |
[INFO] [stdout]  26 | struct Assets;
[INFO] [stdout]     | ------------- associated function or constant `get` not found for this struct
[INFO] [stdout] ...
[INFO] [stdout] 245 |         .or_else(|| Assets::get("index.html"))
[INFO] [stdout]     |                             ^^^ associated function or constant not found in `Assets`
[INFO] [stdout]     |
[INFO] [stdout]     = help: items from traits can only be used if the trait is implemented and in scope
[INFO] [stdout]     = note: the following traits define an item `get`, perhaps you need to implement one of them:
[INFO] [stdout]             candidate #1: `Embed`
[INFO] [stdout]             candidate #2: `SliceIndex`
[INFO] [stdout]             candidate #3: `icu_collections::codepointtrie::cptrie::TypedCodePointTrie`
[INFO] [stdout]             candidate #4: `icu_properties::names::PropertyEnumToValueNameLookup`
[INFO] [stdout]             candidate #5: `icu_provider::baked::DataStore`
[INFO] [stdout]             candidate #6: `rustls::server::server_conn::StoresServerSessions`
[INFO] [stdout] 
[INFO] [stdout] 
[INFO] [stdout] For more information about this error, try `rustc --explain E0599`.
[INFO] [stdout] 
[INFO] [stderr] error: could not compile `rgb-musik-hub` (lib) due to 3 previous errors; 1 warning emitted
[INFO] [stderr] warning: build failed, waiting for other jobs to finish...
[INFO] [stdout] For more information about this error, try `rustc --explain E0599`.
[INFO] [stdout] 
[INFO] [stderr] error: could not compile `rgb-musik-hub` (lib test) due to 3 previous errors; 1 warning emitted
[INFO] running `Command { std: "docker" "inspect" "172a6865472f6b4f5b2a6be476c681e90cfc334126f221e9be31235c408d0f76", kill_on_drop: false }`
[INFO] running `Command { std: "docker" "rm" "-f" "172a6865472f6b4f5b2a6be476c681e90cfc334126f221e9be31235c408d0f76", kill_on_drop: false }`
[INFO] [stdout] 172a6865472f6b4f5b2a6be476c681e90cfc334126f221e9be31235c408d0f76
