[INFO] cloning repository https://github.com/BlankMauser/pijul
[INFO] running `Command { std: "git" "-c" "credential.helper=" "-c" "credential.helper=/workspace/cargo-home/bin/git-credential-null" "clone" "--bare" "https://github.com/BlankMauser/pijul" "/workspace/cache/git-repos/https%3A%2F%2Fgithub.com%2FBlankMauser%2Fpijul", kill_on_drop: false }`
[INFO] [stderr] Cloning into bare repository '/workspace/cache/git-repos/https%3A%2F%2Fgithub.com%2FBlankMauser%2Fpijul'...
[INFO] running `Command { std: "git" "rev-parse" "HEAD", kill_on_drop: false }`
[INFO] [stdout] 6de2bda5e4ca200c44b1e0dbcf644f3b4aff608d
[INFO] checking BlankMauser/pijul against 3154cc1a3e6424e44f438a95007d043ed5ceaaf6 for pr-133502-30
[INFO] running `Command { std: "git" "clone" "/workspace/cache/git-repos/https%3A%2F%2Fgithub.com%2FBlankMauser%2Fpijul" "/workspace/builds/worker-4-tc2/source", kill_on_drop: false }`
[INFO] [stderr] Cloning into '/workspace/builds/worker-4-tc2/source'...
[INFO] [stderr] done.
[INFO] started tweaking git repo https://github.com/BlankMauser/pijul
[INFO] finished tweaking git repo https://github.com/BlankMauser/pijul
[INFO] tweaked toml for git repo https://github.com/BlankMauser/pijul written to /workspace/builds/worker-4-tc2/source/Cargo.toml
[INFO] validating manifest of git repo https://github.com/BlankMauser/pijul on toolchain 3154cc1a3e6424e44f438a95007d043ed5ceaaf6
[INFO] running `Command { std: CARGO_HOME="/workspace/cargo-home" RUSTUP_HOME="/workspace/rustup-home" "/workspace/cargo-home/bin/cargo" "+3154cc1a3e6424e44f438a95007d043ed5ceaaf6" "metadata" "--manifest-path" "Cargo.toml" "--no-deps", kill_on_drop: false }`
[INFO] crate git repo https://github.com/BlankMauser/pijul already has a lockfile, it will not be regenerated
[INFO] running `Command { std: CARGO_HOME="/workspace/cargo-home" RUSTUP_HOME="/workspace/rustup-home" "/workspace/cargo-home/bin/cargo" "+3154cc1a3e6424e44f438a95007d043ed5ceaaf6" "fetch" "--manifest-path" "Cargo.toml", kill_on_drop: false }`
[INFO] [stderr] warning: unused workspace dependency `duplicate`
[INFO] [stderr]   --> Cargo.toml:24:1
[INFO] [stderr]    |
[INFO] [stderr] 24 | duplicate = "2.0"
[INFO] [stderr]    | ^^^^^^^^^
[INFO] [stderr]    |
[INFO] [stderr]    = note: `cargo::unused_workspace_dependencies` is set to `warn` by default
[INFO] [stderr] help: consider removing the workspace dependency `duplicate`
[INFO] [stderr] warning: unused workspace dependency `twox-hash`
[INFO] [stderr]   --> Cargo.toml:63:1
[INFO] [stderr]    |
[INFO] [stderr] 63 | twox-hash = "1.6"
[INFO] [stderr]    | ^^^^^^^^^
[INFO] [stderr]    |
[INFO] [stderr] help: consider removing the workspace dependency `twox-hash`
[INFO] [stderr] warning: workspace (manifest) generated 2 warnings
[INFO] [stderr]     Updating crates.io index
[INFO] [stderr]      Locking 61 packages to highest Rust 1.101.0-nightly compatible versions
[INFO] [stderr]       Adding aws-lc-rs v1.18.1
[INFO] [stderr]       Adding aws-lc-sys v0.45.0
[INFO] [stderr]       Adding base64 v0.23.1
[INFO] [stderr]       Adding block-buffer v0.12.1
[INFO] [stderr]       Adding cmake v0.1.58
[INFO] [stderr]       Adding cmov v0.5.4
[INFO] [stderr]       Adding combine v4.6.8
[INFO] [stderr]       Adding const-oid v0.10.2
[INFO] [stderr]       Adding crypto-common v0.2.2
[INFO] [stderr]       Adding ctutils v0.4.3
[INFO] [stderr]       Adding der v0.8.2
[INFO] [stderr]       Adding digest v0.11.3
[INFO] [stderr]       Adding dunce v1.0.5
[INFO] [stderr]       Adding fs_extra v1.3.0
[INFO] [stderr]       Adding hybrid-array v0.4.15
[INFO] [stderr]       Adding hyper-rustls v0.27.10
[INFO] [stderr]       Adding jni v0.22.4
[INFO] [stderr]       Adding jni-macros v0.22.4
[INFO] [stderr]       Adding jni-sys v0.4.1
[INFO] [stderr]       Adding jni-sys-macros v0.4.1
[INFO] [stderr]       Adding keccak v0.2.2
[INFO] [stderr]       Adding kem v0.3.0
[INFO] [stderr]       Adding lru-slab v0.1.3
[INFO] [stderr]       Adding ml-kem v0.3.2
[INFO] [stderr]       Adding module-lattice v0.2.3
[INFO] [stderr]       Adding pkcs8 v0.11.0
[INFO] [stderr]       Adding quinn v0.11.12
[INFO] [stderr]       Adding quinn-proto v0.11.19
[INFO] [stderr]       Adding quinn-udp v0.5.16
[INFO] [stderr]       Adding rand_pcg v0.10.2
[INFO] [stderr]     Updating reqwest v0.12.4 -> v0.13.5
[INFO] [stderr]       Adding ring v0.17.14
[INFO] [stderr]     Updating rlimit v0.10.2 -> v0.11.0
[INFO] [stderr]       Adding rustc-hash v2.1.3
[INFO] [stderr]       Adding rustls v0.23.45
[INFO] [stderr]       Adding rustls-native-certs v0.8.4
[INFO] [stderr]       Adding rustls-platform-verifier v0.7.1
[INFO] [stderr]       Adding rustls-platform-verifier-android v0.2.0
[INFO] [stderr]       Adding rustls-webpki v0.103.15
[INFO] [stderr]       Adding sha2 v0.11.0
[INFO] [stderr]       Adding sha3 v0.11.0
[INFO] [stderr]       Adding simd_cesu8 v1.2.0
[INFO] [stderr]       Adding simdutf8 v0.1.5
[INFO] [stderr]       Adding spki v0.8.1
[INFO] [stderr]     Updating sync_wrapper v0.1.2 -> v1.0.2
[INFO] [stderr]     Updating system-configuration v0.5.1 -> v0.7.0
[INFO] [stderr]     Updating system-configuration-sys v0.5.0 -> v0.6.0
[INFO] [stderr]     Updating thrussh v0.42.0 -> v0.45.0 (available: v0.49.0)
[INFO] [stderr]     Updating thrussh-keys v0.42.0 -> v0.43.0 (available: v0.45.0)
[INFO] [stderr]       Adding tinyvec v1.13.3
[INFO] [stderr]       Adding tokio-rustls v0.26.6
[INFO] [stderr]       Adding tower v0.5.3
[INFO] [stderr]       Adding tower-http v0.6.11
[INFO] [stderr]       Adding tower-layer v0.3.3
[INFO] [stderr]       Adding untrusted v0.9.0
[INFO] [stderr]     Updating validator v0.20.0 -> v0.21.0
[INFO] [stderr]     Updating wasm-streams v0.4.2 -> v0.5.0
[INFO] [stderr]       Adding webpki-root-certs v1.0.9
[INFO] [stderr]       Adding whoami v2.1.3
[INFO] [stderr]       Adding windows-registry v0.6.1
[INFO] [stderr]     Updating windows-sys v0.48.0 -> v0.52.0
[INFO] running `Command { std: "docker" "create" "-v" "/var/lib/crater-agent-workspace/builds/worker-4-tc2/source:/opt/rustwide/workdir:ro,Z" "-v" "/var/lib/crater-agent-workspace/builds/worker-4-tc2/target:/opt/rustwide/target:rw,Z" "-v" "/var/lib/crater-agent-workspace/cargo-home:/opt/rustwide/cargo-home:ro,Z" "-v" "/var/lib/crater-agent-workspace/rustup-home:/opt/rustwide/rustup-home:ro,Z" "-m" "1610612736" "--network" "none" "ghcr.io/rust-lang/crates-build-env/linux@sha256:77db811e55d90add9212f6832c23229e3de5f1c1f9905e8cb07319ea15df73ac" "sleep" "infinity", kill_on_drop: false }`
[INFO] [stdout] e087263e0cca69214cc8111341e9a54cde77d27dfd2a85cb88b9183cd0b40275
[INFO] running `Command { std: "docker" "start" "e087263e0cca69214cc8111341e9a54cde77d27dfd2a85cb88b9183cd0b40275", kill_on_drop: false }`
[INFO] running `Command { std: "docker" "inspect" "e087263e0cca69214cc8111341e9a54cde77d27dfd2a85cb88b9183cd0b40275", kill_on_drop: false }`
[INFO] running `Command { std: "docker" "exec" "-e" "SOURCE_DIR=/opt/rustwide/workdir" "-e" "CARGO_HOME=/opt/rustwide/cargo-home" "-e" "RUSTUP_HOME=/opt/rustwide/rustup-home" "-e" "CARGO_TARGET_DIR=/opt/rustwide/target" "-w" "/opt/rustwide/workdir" "--user" "0:0" "e087263e0cca69214cc8111341e9a54cde77d27dfd2a85cb88b9183cd0b40275" "/opt/rustwide/cargo-home/bin/cargo" "+3154cc1a3e6424e44f438a95007d043ed5ceaaf6" "metadata" "--no-deps" "--format-version=1", kill_on_drop: false }`
[INFO] running `Command { std: "docker" "inspect" "e087263e0cca69214cc8111341e9a54cde77d27dfd2a85cb88b9183cd0b40275", kill_on_drop: false }`
[INFO] running `Command { std: "docker" "exec" "-e" "SOURCE_DIR=/opt/rustwide/workdir" "-e" "CARGO_HOME=/opt/rustwide/cargo-home" "-e" "RUSTUP_HOME=/opt/rustwide/rustup-home" "-e" "CARGO_TARGET_DIR=/opt/rustwide/target" "-e" "CARGO_INCREMENTAL=0" "-e" "RUST_BACKTRACE=full" "-e" "RUSTFLAGS=--cap-lints=forbid" "-e" "RUSTDOCFLAGS=--cap-lints=forbid" "-w" "/opt/rustwide/workdir" "--user" "0:0" "e087263e0cca69214cc8111341e9a54cde77d27dfd2a85cb88b9183cd0b40275" "/opt/rustwide/cargo-home/bin/cargo" "+3154cc1a3e6424e44f438a95007d043ed5ceaaf6" "check" "--frozen" "--all" "--all-targets" "--message-format=json", kill_on_drop: false }`
[INFO] [stderr] warning: unused workspace dependency `duplicate`
[INFO] [stderr]   --> Cargo.toml:24:1
[INFO] [stderr]    |
[INFO] [stderr] 24 | duplicate = "2.0"
[INFO] [stderr]    | ^^^^^^^^^
[INFO] [stderr]    |
[INFO] [stderr]    = note: `cargo::unused_workspace_dependencies` is set to `warn` by default
[INFO] [stderr] help: consider removing the workspace dependency `duplicate`
[INFO] [stderr] warning: unused workspace dependency `twox-hash`
[INFO] [stderr]   --> Cargo.toml:63:1
[INFO] [stderr]    |
[INFO] [stderr] 63 | twox-hash = "1.6"
[INFO] [stderr]    | ^^^^^^^^^
[INFO] [stderr]    |
[INFO] [stderr] help: consider removing the workspace dependency `twox-hash`
[INFO] [stderr] warning: workspace (manifest) generated 2 warnings
[INFO] [stderr]    Compiling tree-sitter-language v0.1.7
[INFO] [stderr]    Compiling cc v1.4.0
[INFO] [stderr]     Checking subtle v2.6.1
[INFO] [stderr]     Checking smallvec v1.15.2
[INFO] [stderr]    Compiling syn v3.0.3
[INFO] [stderr]     Checking bitflags v2.13.1
[INFO] [stderr]     Checking aho-corasick v1.1.4
[INFO] [stderr]     Checking hybrid-array v0.4.15
[INFO] [stderr]    Compiling thiserror-impl v1.0.69
[INFO] [stderr]    Compiling thiserror v2.0.19
[INFO] [stderr]     Checking rustix v1.1.4
[INFO] [stderr]     Checking miniz_oxide v0.8.9
[INFO] [stderr]    Compiling bincode v1.3.3
[INFO] [stderr]     Checking jiff-core v0.1.0
[INFO] [stderr]     Checking toml_write v0.1.2
[INFO] [stderr]     Checking regex-automata v0.4.16
[INFO] [stderr]     Checking serde_json v1.0.151
[INFO] [stderr]     Checking thiserror v1.0.69
[INFO] [stderr]     Checking rand v0.10.2
[INFO] [stderr]     Checking crypto-common v0.2.2
[INFO] [stderr]     Checking block-buffer v0.12.1
[INFO] [stderr]     Checking jiff v0.2.35
[INFO] [stderr]    Compiling libz-sys v1.1.29
[INFO] [stderr]    Compiling libgit2-sys v0.18.7+1.9.6
[INFO] [stderr]    Compiling blake3 v1.8.5
[INFO] [stderr]     Checking crossbeam-epoch v0.9.20
[INFO] [stderr]     Checking tempfile v3.27.0
[INFO] [stderr]     Checking digest v0.11.3
[INFO] [stderr]     Checking parking_lot_core v0.9.12
[INFO] [stderr]    Compiling curve25519-dalek v5.0.0
[INFO] [stderr]     Checking num_cpus v1.17.0
[INFO] [stderr]     Checking bstr v1.13.0
[INFO] [stderr]     Checking hashbrown v0.15.5
[INFO] [stderr]     Checking threadpool v1.8.1
[INFO] [stderr]     Checking parking_lot v0.12.5
[INFO] [stderr]     Checking crossbeam-deque v0.8.7
[INFO] [stderr]     Checking xattr v1.6.1
[INFO] [stderr]     Checking fs4 v1.1.0
[INFO] [stderr]     Checking flate2 v1.1.9
[INFO] [stderr]     Checking sanakirja-core v2.0.0-beta.1
[INFO] [stderr]    Compiling tokio-macros v2.7.1
[INFO] [stderr]    Compiling curve25519-dalek-derive v0.1.1
[INFO] [stderr]     Checking regex v1.13.1
[INFO] [stderr]     Checking globset v0.4.19
[INFO] [stderr]     Checking filetime v0.2.29
[INFO] [stderr]     Checking lru-cache v0.1.2
[INFO] [stderr]     Checking tar v0.4.46
[INFO] [stderr]     Checking ignore v0.4.31
[INFO] [stderr]     Checking tokio v1.53.1
[INFO] [stderr]     Checking imara-diff v0.1.8
[INFO] [stderr]     Checking chardetng v1.0.0
[INFO] [stderr]     Checking sha2 v0.11.0
[INFO] [stderr]     Checking path-slash v0.2.1
[INFO] [stderr]     Checking diffs v0.5.1
[INFO] [stderr]     Checking canonical-path v2.0.2
[INFO] [stderr]    Compiling zerovec-derive v0.11.3
[INFO] [stderr]    Compiling futures-macro v0.3.33
[INFO] [stderr]     Checking futures-io v0.3.33
[INFO] [stderr]    Compiling cmake v0.1.58
[INFO] [stderr]    Compiling serde_derive v1.0.229
[INFO] [stderr]    Compiling thiserror-impl v2.0.19
[INFO] [stderr]    Compiling pijul-macros v1.0.0-beta.20 (/opt/rustwide/workdir/pijul-macros)
[INFO] [stderr]    Compiling displaydoc v0.2.7
[INFO] [stderr]     Checking futures-util v0.3.33
[INFO] [stderr]     Checking zerovec v0.11.6
[INFO] [stderr]    Compiling num-traits v0.2.19
[INFO] [stderr]    Compiling figment v0.10.19
[INFO] [stderr]     Checking dirs-sys-next v0.1.2
[INFO] [stderr]    Compiling aws-lc-sys v0.45.0
[INFO] [stderr]     Checking dirs-next v2.0.0
[INFO] [stderr]     Checking console v0.16.4
[INFO] [stderr]    Compiling zerocopy v0.8.55
[INFO] [stderr]     Checking dialoguer v0.12.0
[INFO] [stderr]     Checking tinystr v0.8.3
[INFO] [stderr]     Checking crypto-common v0.1.7
[INFO] [stderr]     Checking icu_locale_core v2.2.0
[INFO] [stderr]     Checking potential_utf v0.1.5
[INFO] [stderr]     Checking zerotrie v0.2.4
[INFO] [stderr]    Compiling aws-lc-rs v1.18.1
[INFO] [stderr]     Checking icu_collections v2.2.0
[INFO] [stderr]     Checking icu_provider v2.2.0
[INFO] [stderr]     Checking tracing v0.1.44
[INFO] [stderr]    Compiling openssl-sys v0.9.117
[INFO] [stderr]     Checking http v1.4.2
[INFO] [stderr]     Checking digest v0.10.7
[INFO] [stderr]    Compiling libsodium-sys v0.2.7
[INFO] [stderr]     Checking serde v1.0.229
[INFO] [stderr]    Compiling zstd-seekable v0.1.23
[INFO] [stderr]     Checking getrandom v0.3.4
[INFO] [stderr]     Checking inout v0.1.4
[INFO] [stderr]     Checking digest v0.9.0
[INFO] [stderr]     Checking cipher v0.3.0
[INFO] [stderr]    Compiling winapi v0.3.9
[INFO] [stderr]     Checking toml_datetime v0.6.11
[INFO] [stderr]     Checking serde_spanned v0.6.9
[INFO] [stderr]     Checking sanakirja v2.0.0-beta.3
[INFO] [stderr]     Checking toml_edit v0.22.27
[INFO] [stderr]     Checking cipher v0.4.4
[INFO] [stderr]     Checking rand_core v0.9.5
[INFO] [stderr]     Checking icu_properties v2.2.0
[INFO] [stderr]     Checking icu_normalizer v2.2.0
[INFO] [stderr]     Checking http-body v1.1.0
[INFO] [stderr]     Checking futures-executor v0.3.33
[INFO] [stderr]     Checking num-integer v0.1.46
[INFO] [stderr]     Checking crypto-mac v0.11.0
[INFO] [stderr]     Checking block-buffer v0.9.0
[INFO] [stderr]     Checking base64ct v1.8.3
[INFO] [stderr]    Compiling rustls v0.23.45
[INFO] [stderr]     Checking password-hash v0.2.1
[INFO] [stderr]     Checking num-bigint v0.4.8
[INFO] [stderr]    Compiling openssl v0.10.81
[INFO] [stderr]     Checking sha2 v0.9.9
[INFO] [stderr]     Checking hmac v0.11.0
[INFO] [stderr]     Checking futures v0.3.33
[INFO] [stderr]     Checking tokio-util v0.7.19
[INFO] [stderr]     Checking blowfish v0.9.1
[INFO] [stderr]     Checking idna_adapter v1.2.2
[INFO] [stderr]     Checking toml v0.8.23
[INFO] [stderr]     Checking ctr v0.8.0
[INFO] [stderr]     Checking pbkdf2 v0.12.2
[INFO] [stderr]     Checking sha2 v0.10.9
[INFO] [stderr]    Compiling openssl-macros v0.1.1
[INFO] [stderr]     Checking dirs-sys v0.3.7
[INFO] [stderr]     Checking bit-vec v0.6.3
[INFO] [stderr]    Compiling portable-atomic v1.14.0
[INFO] [stderr]     Checking h2 v0.4.15
[INFO] [stderr]     Checking yasna v0.4.0
[INFO] [stderr]     Checking block-modes v0.8.1
[INFO] [stderr]     Checking dirs v3.0.2
[INFO] [stderr]     Checking bcrypt-pbkdf v0.10.0
[INFO] [stderr]     Checking ppv-lite86 v0.2.21
[INFO] [stderr]     Checking aes v0.7.5
[INFO] [stderr]     Checking cryptovec v0.7.1
[INFO] [stderr]     Checking idna v1.1.0
[INFO] [stderr]     Checking rand_chacha v0.9.0
[INFO] [stderr]     Checking ssh-libsodium v0.4.0
[INFO] [stderr]     Checking pbkdf2 v0.8.0
[INFO] [stderr]     Checking tokio-stream v0.1.19
[INFO] [stderr]     Checking rand v0.9.5
[INFO] [stderr]     Checking md5 v0.7.0
[INFO] [stderr]    Compiling rlimit v0.11.0
[INFO] [stderr]     Checking url v2.5.8
[INFO] [stderr]    Compiling tree-sitter v0.25.10
[INFO] [stderr]     Checking env_filter v2.0.0
[INFO] [stderr]     Checking console v0.15.11
[INFO] [stderr]    Compiling tree-sitter-nix v0.3.0
[INFO] [stderr]    Compiling tree-sitter-ocaml v0.25.0
[INFO] [stderr]    Compiling tree-sitter-python v0.25.0
[INFO] [stderr]    Compiling tree-sitter-ruby v0.23.1
[INFO] [stderr]    Compiling tree-sitter-rust v0.24.2
[INFO] [stderr]    Compiling tree-sitter-svelte-ng v1.0.2
[INFO] [stderr]    Compiling tree-sitter-typescript v0.23.2
[INFO] [stderr]    Compiling tree-sitter-bash v0.25.1
[INFO] [stderr]    Compiling tree-sitter-c v0.24.2
[INFO] [stderr]    Compiling tree-sitter-cpp v0.23.4
[INFO] [stderr]    Compiling tree-sitter-css v0.25.0
[INFO] [stderr]    Compiling tree-sitter-go v0.25.0
[INFO] [stderr]    Compiling tree-sitter-haskell v0.23.1
[INFO] [stderr]    Compiling tree-sitter-html v0.23.2
[INFO] [stderr]    Compiling tree-sitter-java v0.23.5
[INFO] [stderr]    Compiling tree-sitter-javascript v0.25.0
[INFO] [stderr]    Compiling tree-sitter-json v0.24.8
[INFO] [stderr]     Checking keccak v0.2.2
[INFO] [stderr]     Checking indicatif v0.17.11
[INFO] [stderr]     Checking sha3 v0.11.0
[INFO] [stderr]     Checking tower v0.5.3
[INFO] [stderr]     Checking rustls-native-certs v0.8.4
[INFO] [stderr]     Checking hyper v1.11.0
[INFO] [stderr]     Checking thrussh-keys v0.43.0
[INFO] [stderr]     Checking hyper-util v0.1.20
[INFO] [stderr]     Checking env_logger v0.11.11
[INFO] [stderr]     Checking module-lattice v0.2.3
[INFO] [stderr]     Checking kem v0.3.0
[INFO] [stderr]     Checking streaming-iterator v0.1.9
[INFO] [stderr]    Compiling rustix v0.38.44
[INFO] [stderr]     Checking clap_builder v4.6.6
[INFO] [stderr]     Checking serde_urlencoded v0.7.1
[INFO] [stderr]     Checking ml-kem v0.3.2
[INFO] [stderr]    Compiling clap_derive v4.6.4
[INFO] [stderr]     Checking tower-http v0.6.11
[INFO] [stderr]     Checking http-body-util v0.1.4
[INFO] [stderr]     Checking whoami v1.6.1
[INFO] [stderr]     Checking linux-raw-sys v0.4.15
[INFO] [stderr]     Checking addr2line v0.25.1
[INFO] [stderr]     Checking thrussh-config v0.6.0
[INFO] [stderr]     Checking thrussh v0.45.0
[INFO] [stderr]     Checking object v0.37.3
[INFO] [stderr]     Checking pijul-interaction v1.0.0-beta.20 (/opt/rustwide/workdir/pijul-interaction)
[INFO] [stderr]     Checking toml_datetime v1.1.1+spec-1.1.0
[INFO] [stderr]     Checking clap v4.6.6
[INFO] [stderr]     Checking serde_spanned v1.1.1
[INFO] [stderr]     Checking toml_writer v1.1.2+spec-1.1.0
[INFO] [stderr]     Checking lazy_static v0.2.11
[INFO] [stderr]     Checking unicode-ident v1.0.24
[INFO] [stderr]     Checking either v1.17.0
[INFO] [stderr]     Checking toml v1.1.4+spec-1.1.0
[INFO] [stderr]     Checking proc-macro2 v1.0.107
[INFO] [stderr]     Checking nix v0.26.4
[INFO] [stderr]     Checking tint v1.0.1
[INFO] [stderr]     Checking nix v0.31.3
[INFO] [stderr]     Checking which v4.4.2
[INFO] [stderr]     Checking uuid v1.24.0
[INFO] [stderr]     Checking errno v0.2.8
[INFO] [stderr]     Checking sysinfo v0.38.4
[INFO] [stderr]     Checking roff v1.1.1
[INFO] [stderr]     Checking clap_mangen v0.3.3
[INFO] [stderr]     Checking pager v0.16.1
[INFO] [stderr]     Checking ctrlc v3.5.2
[INFO] [stderr]     Checking edit v0.1.5
[INFO] [stderr]     Checking open v5.4.0
[INFO] [stderr]     Checking ptree v0.5.2
[INFO] [stderr]     Checking quote v1.0.47
[INFO] [stderr]     Checking clap_complete v4.6.8
[INFO] [stderr]     Checking validator v0.21.0
[INFO] [stderr]     Checking rand_distr v0.6.0
[INFO] [stderr]     Checking quickcheck v1.1.0
[INFO] [stderr]     Checking rand_chacha v0.10.0
[INFO] [stderr]     Checking backtrace v0.3.76
[INFO] [stderr]     Checking human-panic v2.0.8
[INFO] [stderr]     Checking ptyprocess v0.4.1
[INFO] [stderr]     Checking expectrl v0.7.1
[INFO] [stderr]     Checking git2 v0.21.0
[INFO] [stderr]     Checking pijul-core v1.0.0-beta.20 (/opt/rustwide/workdir/pijul-core)
[INFO] [stdout] warning: unused import: `crate::change::*`
[INFO] [stdout]  --> pijul-core/src/tests/change.rs:1:5
[INFO] [stdout]   |
[INFO] [stdout] 1 | use crate::change::*;
[INFO] [stdout]   |     ^^^^^^^^^^^^^^^^
[INFO] [stdout]   |
[INFO] [stdout]   = note: `#[warn(unused_imports)]` (part of `#[warn(unused)]`) on by default
[INFO] [stdout] 
[INFO] [stdout] 
[INFO] [stdout] warning: unused import: `crate::changestore::*`
[INFO] [stdout]  --> pijul-core/src/tests/change.rs:2:5
[INFO] [stdout]   |
[INFO] [stdout] 2 | use crate::changestore::*;
[INFO] [stdout]   |     ^^^^^^^^^^^^^^^^^^^^^
[INFO] [stdout] 
[INFO] [stdout] 
[INFO] [stdout] warning: unused import: `crate::pristine::*`
[INFO] [stdout]  --> pijul-core/src/tests/change.rs:3:5
[INFO] [stdout]   |
[INFO] [stdout] 3 | use crate::pristine::*;
[INFO] [stdout]   |     ^^^^^^^^^^^^^^^^^^
[INFO] [stdout] 
[INFO] [stdout] 
[INFO] [stdout] warning: unused import: `crate::working_copy::*`
[INFO] [stdout]  --> pijul-core/src/tests/change.rs:5:5
[INFO] [stdout]   |
[INFO] [stdout] 5 | use crate::working_copy::*;
[INFO] [stdout]   |     ^^^^^^^^^^^^^^^^^^^^^^
[INFO] [stdout] 
[INFO] [stdout] 
[INFO] [stdout] warning: unused import: `crate::*`
[INFO] [stdout]  --> pijul-core/src/tests/change.rs:6:5
[INFO] [stdout]   |
[INFO] [stdout] 6 | use crate::*;
[INFO] [stdout]   |     ^^^^^^^^
[INFO] [stdout] 
[INFO] [stdout] 
[INFO] [stdout] warning: unused import: `crate::changestore::*`
[INFO] [stdout]  --> pijul-core/src/tests/text_changes.rs:2:5
[INFO] [stdout]   |
[INFO] [stdout] 2 | use crate::changestore::*;
[INFO] [stdout]   |     ^^^^^^^^^^^^^^^^^^^^^
[INFO] [stdout] 
[INFO] [stdout] 
[INFO] [stdout] warning: unused import: `crate::pristine::*`
[INFO] [stdout]  --> pijul-core/src/tests/text_changes.rs:3:5
[INFO] [stdout]   |
[INFO] [stdout] 3 | use crate::pristine::*;
[INFO] [stdout]   |     ^^^^^^^^^^^^^^^^^^
[INFO] [stdout] 
[INFO] [stdout] 
[INFO] [stdout] warning: unused import: `crate::working_copy::*`
[INFO] [stdout]  --> pijul-core/src/tests/text_changes.rs:4:5
[INFO] [stdout]   |
[INFO] [stdout] 4 | use crate::working_copy::*;
[INFO] [stdout]   |     ^^^^^^^^^^^^^^^^^^^^^^
[INFO] [stdout] 
[INFO] [stdout] 
[INFO] [stdout] warning: unused import: `crate::*`
[INFO] [stdout]  --> pijul-core/src/tests/text_changes.rs:5:5
[INFO] [stdout]   |
[INFO] [stdout] 5 | use crate::*;
[INFO] [stdout]   |     ^^^^^^^^
[INFO] [stdout] 
[INFO] [stdout] 
[INFO] [stderr]     Checking rustls-webpki v0.103.15
[INFO] [stdout] warning: use of deprecated method `quickcheck::QuickCheck::r#gen`: use `set_rng` instead
[INFO] [stdout]    --> pijul-core/src/tests/text_changes.rs:165:18
[INFO] [stdout]     |
[INFO] [stdout] 165 |                 .r#gen(quickcheck::Gen::new(3))
[INFO] [stdout]     |                  ^^^^^
[INFO] [stdout]     |
[INFO] [stdout]     = note: `#[warn(deprecated)]` on by default
[INFO] [stdout] 
[INFO] [stdout] 
[INFO] [stderr]     Checking tokio-rustls v0.26.6
[INFO] [stderr]     Checking rustls-platform-verifier v0.7.1
[INFO] [stderr]     Checking hyper-rustls v0.27.10
[INFO] [stderr]     Checking reqwest v0.13.5
[INFO] [stderr]     Checking pijul-config v1.0.0-beta.20 (/opt/rustwide/workdir/pijul-config)
[INFO] [stderr]     Checking palimpsest v0.3.0 (/opt/rustwide/workdir/palimpsest)
[INFO] [stderr]     Checking pijul-identity v1.0.0-beta.20 (/opt/rustwide/workdir/pijul-identity)
[INFO] [stderr]     Checking pijul-repository v1.0.0-beta.20 (/opt/rustwide/workdir/pijul-repository)
[INFO] [stderr]     Checking pijul-remote v1.0.0-beta.20 (/opt/rustwide/workdir/pijul-remote)
[INFO] [stderr]     Checking pijul v1.0.0-beta.20 (/opt/rustwide/workdir/pijul)
[INFO] [stdout] error[E0583]: file not found for module `http_token`
[INFO] [stdout]   --> pijul/src/commands/mod.rs:26:1
[INFO] [stdout]    |
[INFO] [stdout] 26 | mod http_token;
[INFO] [stdout]    | ^^^^^^^^^^^^^^^
[INFO] [stdout]    |
[INFO] [stdout]    = help: to create the module `http_token`, create file "pijul/src/commands/http_token.rs" or "pijul/src/commands/http_token/mod.rs"
[INFO] [stdout]    = note: if there is a `mod http_token` elsewhere in the crate already, import it with `use crate::...` instead
[INFO] [stdout] 
[INFO] [stdout] 
[INFO] [stdout] error[E0583]: file not found for module `http_token`
[INFO] [stdout]   --> pijul/src/commands/mod.rs:26:1
[INFO] [stdout]    |
[INFO] [stdout] 26 | mod http_token;
[INFO] [stdout]    | ^^^^^^^^^^^^^^^
[INFO] [stdout]    |
[INFO] [stdout]    = help: to create the module `http_token`, create file "pijul/src/commands/http_token.rs" or "pijul/src/commands/http_token/mod.rs"
[INFO] [stdout]    = note: if there is a `mod http_token` elsewhere in the crate already, import it with `use crate::...` instead
[INFO] [stdout] 
[INFO] [stdout] 
[INFO] [stdout] error[E0425]: cannot find type `SecretKey` in module `pijul_core::key`
[INFO] [stdout]    --> pijul/tests/common/identity.rs:233:42
[INFO] [stdout]     |
[INFO] [stdout] 233 |         let secret_key: pijul_core::key::SecretKey = serde_json::from_str(&secret_key_text)?;
[INFO] [stdout]     |                                          ^^^^^^^^^ not found in `pijul_core::key`
[INFO] [stdout] 
[INFO] [stdout] 
[INFO] [stdout] error[E0277]: can't compare `&str` with `Result<std::string::String, whoami::Error>`
[INFO] [stdout]    --> pijul/tests/common/identity.rs:146:21
[INFO] [stdout]     |
[INFO] [stdout] 146 |                     assert_eq!(full_name.as_str().unwrap(), whoami::realname());
[INFO] [stdout]     |                     ^^^^^^^^^^^^^^^^^^^^^^^^^^^^^^^^^^^^^^^^^^^^^^^^^^^^^^^^^^^ no implementation for `&str == Result<std::string::String, whoami::Error>`
[INFO] [stdout]     |
[INFO] [stdout]     = help: the trait `PartialEq<Result<std::string::String, whoami::Error>>` is not implemented for `&str`
[INFO] [stdout]     = help: the following other types implement trait `PartialEq<Rhs>`:
[INFO] [stdout]               `&str` implements `PartialEq<ByteStr>`
[INFO] [stdout]               `&str` implements `PartialEq<ByteString>`
[INFO] [stdout]               `&str` implements `PartialEq<Cow<'_, str>>`
[INFO] [stdout]               `&str` implements `PartialEq<Language>`
[INFO] [stdout]               `&str` implements `PartialEq<OsString>`
[INFO] [stdout]               `&str` implements `PartialEq<bstr::bstr::BStr>`
[INFO] [stdout]               `&str` implements `PartialEq<bstr::bstring::BString>`
[INFO] [stdout]               `&str` implements `PartialEq<bytes::Bytes>`
[INFO] [stdout]             and 54 others
[INFO] [stdout] 
[INFO] [stdout] 
[INFO] [stdout] error[E0277]: can't compare `&str` with `Result<std::string::String, whoami::Error>`
[INFO] [stdout]    --> pijul/tests/common/identity.rs:173:49
[INFO] [stdout]     |
[INFO] [stdout] 173 |                 assert!(data.is_empty() || data == whoami::username());
[INFO] [stdout]     |                                                 ^^ no implementation for `&str == Result<std::string::String, whoami::Error>`
[INFO] [stdout]     |
[INFO] [stdout]     = help: the trait `PartialEq<Result<std::string::String, whoami::Error>>` is not implemented for `&str`
[INFO] [stdout]     = help: the following other types implement trait `PartialEq<Rhs>`:
[INFO] [stdout]               `&str` implements `PartialEq<ByteStr>`
[INFO] [stdout]               `&str` implements `PartialEq<ByteString>`
[INFO] [stdout]               `&str` implements `PartialEq<Cow<'_, str>>`
[INFO] [stdout]               `&str` implements `PartialEq<Language>`
[INFO] [stdout]               `&str` implements `PartialEq<OsString>`
[INFO] [stdout]               `&str` implements `PartialEq<bstr::bstr::BStr>`
[INFO] [stdout]               `&str` implements `PartialEq<bstr::bstring::BString>`
[INFO] [stdout]               `&str` implements `PartialEq<bytes::Bytes>`
[INFO] [stdout]             and 54 others
[INFO] [stdout] 
[INFO] [stdout] 
[INFO] [stdout] Some errors have detailed explanations: E0277, E0425.
[INFO] [stdout] 
[INFO] [stdout] For more information about an error, try `rustc --explain E0277`.
[INFO] [stdout] 
[INFO] [stderr] error: could not compile `pijul` (test "identity") due to 3 previous errors
[INFO] [stderr] warning: build failed, waiting for other jobs to finish...
[INFO] [stdout] For more information about this error, try `rustc --explain E0583`.
[INFO] [stdout] 
[INFO] [stderr] error: could not compile `pijul` (bin "pijul") due to 1 previous error
[INFO] [stdout] For more information about this error, try `rustc --explain E0583`.
[INFO] [stdout] 
[INFO] [stderr] error: could not compile `pijul` (bin "pijul" test) due to 1 previous error
[INFO] running `Command { std: "docker" "inspect" "e087263e0cca69214cc8111341e9a54cde77d27dfd2a85cb88b9183cd0b40275", kill_on_drop: false }`
[INFO] running `Command { std: "docker" "rm" "-f" "e087263e0cca69214cc8111341e9a54cde77d27dfd2a85cb88b9183cd0b40275", kill_on_drop: false }`
[INFO] [stdout] e087263e0cca69214cc8111341e9a54cde77d27dfd2a85cb88b9183cd0b40275
