[INFO] cloning repository https://github.com/BlackSnufkin/AxHunter
[INFO] running `Command { std: "git" "-c" "credential.helper=" "-c" "credential.helper=/workspace/cargo-home/bin/git-credential-null" "clone" "--bare" "https://github.com/BlackSnufkin/AxHunter" "/workspace/cache/git-repos/https%3A%2F%2Fgithub.com%2FBlackSnufkin%2FAxHunter", kill_on_drop: false }`
[INFO] [stderr] Cloning into bare repository '/workspace/cache/git-repos/https%3A%2F%2Fgithub.com%2FBlackSnufkin%2FAxHunter'...
[INFO] running `Command { std: "git" "rev-parse" "HEAD", kill_on_drop: false }`
[INFO] [stdout] 26e9d04e586b7155cb83c9d92fdebf2a79c144f7
[INFO] checking BlackSnufkin/AxHunter against 3154cc1a3e6424e44f438a95007d043ed5ceaaf6+rustflags=-Znext-solver=coherence for pr-133502-30
[INFO] running `Command { std: "git" "clone" "/workspace/cache/git-repos/https%3A%2F%2Fgithub.com%2FBlackSnufkin%2FAxHunter" "/workspace/builds/worker-1-tc1/source", kill_on_drop: false }`
[INFO] [stderr] Cloning into '/workspace/builds/worker-1-tc1/source'...
[INFO] [stderr] done.
[INFO] started tweaking git repo https://github.com/BlackSnufkin/AxHunter
[INFO] finished tweaking git repo https://github.com/BlackSnufkin/AxHunter
[INFO] tweaked toml for git repo https://github.com/BlackSnufkin/AxHunter written to /workspace/builds/worker-1-tc1/source/Cargo.toml
[INFO] validating manifest of git repo https://github.com/BlackSnufkin/AxHunter on toolchain 3154cc1a3e6424e44f438a95007d043ed5ceaaf6
[INFO] running `Command { std: CARGO_HOME="/workspace/cargo-home" RUSTUP_HOME="/workspace/rustup-home" "/workspace/cargo-home/bin/cargo" "+3154cc1a3e6424e44f438a95007d043ed5ceaaf6" "metadata" "--manifest-path" "Cargo.toml" "--no-deps", kill_on_drop: false }`
[INFO] crate git repo https://github.com/BlackSnufkin/AxHunter already has a lockfile, it will not be regenerated
[INFO] running `Command { std: CARGO_HOME="/workspace/cargo-home" RUSTUP_HOME="/workspace/rustup-home" "/workspace/cargo-home/bin/cargo" "+3154cc1a3e6424e44f438a95007d043ed5ceaaf6" "fetch" "--manifest-path" "Cargo.toml", kill_on_drop: false }`
[INFO] running `Command { std: "docker" "create" "-v" "/var/lib/crater-agent-workspace/builds/worker-1-tc1/source:/opt/rustwide/workdir:ro,Z" "-v" "/var/lib/crater-agent-workspace/builds/worker-1-tc1/target:/opt/rustwide/target:rw,Z" "-v" "/var/lib/crater-agent-workspace/cargo-home:/opt/rustwide/cargo-home:ro,Z" "-v" "/var/lib/crater-agent-workspace/rustup-home:/opt/rustwide/rustup-home:ro,Z" "-m" "1610612736" "--network" "none" "ghcr.io/rust-lang/crates-build-env/linux@sha256:77db811e55d90add9212f6832c23229e3de5f1c1f9905e8cb07319ea15df73ac" "sleep" "infinity", kill_on_drop: false }`
[INFO] [stdout] d039a458266f915c47e13f5b5c1df0adcea6a2a2c7291cec85be9e9fed9f3cd2
[INFO] running `Command { std: "docker" "start" "d039a458266f915c47e13f5b5c1df0adcea6a2a2c7291cec85be9e9fed9f3cd2", kill_on_drop: false }`
[INFO] running `Command { std: "docker" "inspect" "d039a458266f915c47e13f5b5c1df0adcea6a2a2c7291cec85be9e9fed9f3cd2", kill_on_drop: false }`
[INFO] running `Command { std: "docker" "exec" "-e" "SOURCE_DIR=/opt/rustwide/workdir" "-e" "CARGO_HOME=/opt/rustwide/cargo-home" "-e" "RUSTUP_HOME=/opt/rustwide/rustup-home" "-e" "CARGO_TARGET_DIR=/opt/rustwide/target" "-w" "/opt/rustwide/workdir" "--user" "0:0" "d039a458266f915c47e13f5b5c1df0adcea6a2a2c7291cec85be9e9fed9f3cd2" "/opt/rustwide/cargo-home/bin/cargo" "+3154cc1a3e6424e44f438a95007d043ed5ceaaf6" "metadata" "--no-deps" "--format-version=1", kill_on_drop: false }`
[INFO] running `Command { std: "docker" "inspect" "d039a458266f915c47e13f5b5c1df0adcea6a2a2c7291cec85be9e9fed9f3cd2", kill_on_drop: false }`
[INFO] running `Command { std: "docker" "exec" "-e" "SOURCE_DIR=/opt/rustwide/workdir" "-e" "CARGO_HOME=/opt/rustwide/cargo-home" "-e" "RUSTUP_HOME=/opt/rustwide/rustup-home" "-e" "CARGO_TARGET_DIR=/opt/rustwide/target" "-e" "CARGO_INCREMENTAL=0" "-e" "RUST_BACKTRACE=full" "-e" "RUSTFLAGS=--cap-lints=forbid -Znext-solver=coherence" "-e" "RUSTDOCFLAGS=--cap-lints=forbid" "-w" "/opt/rustwide/workdir" "--user" "0:0" "d039a458266f915c47e13f5b5c1df0adcea6a2a2c7291cec85be9e9fed9f3cd2" "/opt/rustwide/cargo-home/bin/cargo" "+3154cc1a3e6424e44f438a95007d043ed5ceaaf6" "check" "--frozen" "--all" "--all-targets" "--message-format=json", kill_on_drop: false }`
[INFO] [stderr]    Compiling windows_x86_64_gnu v0.52.6
[INFO] [stderr]    Compiling syn v2.0.119
[INFO] [stderr]    Compiling syn v3.0.3
[INFO] [stderr]     Checking clap_builder v4.6.5
[INFO] [stderr]     Checking windows-targets v0.52.6
[INFO] [stderr]     Checking windows-result v0.2.0
[INFO] [stderr]     Checking windows-strings v0.1.0
[INFO] [stderr]    Compiling clap_derive v4.6.4
[INFO] [stderr]    Compiling windows-implement v0.58.0
[INFO] [stderr]    Compiling windows-interface v0.58.0
[INFO] [stderr]     Checking windows-core v0.58.0
[INFO] [stderr]     Checking windows v0.58.0
[INFO] [stderr]     Checking axhunter-lsa v0.1.0 (/opt/rustwide/workdir/axhunter-lsa)
[INFO] [stdout] error[E0433]: cannot find `Win32` in `windows`
[INFO] [stdout]   --> axhunter-lsa/src/lsa.rs:14:14
[INFO] [stdout]    |
[INFO] [stdout] 14 | use windows::Win32::Security::Cryptography::{
[INFO] [stdout]    |              ^^^^^ could not find `Win32` in `windows`
[INFO] [stdout] 
[INFO] [stdout] 
[INFO] [stdout] error[E0433]: cannot find `Win32` in `windows`
[INFO] [stdout]  --> axhunter-lsa/src/pe.rs:7:5
[INFO] [stdout]   |
[INFO] [stdout] 7 |     Win32::System::LibraryLoader::{GetModuleHandleA, LoadLibraryA},
[INFO] [stdout]   |     ^^^^^ could not find `Win32` in `windows`
[INFO] [stdout] 
[INFO] [stdout] 
[INFO] [stdout] error[E0432]: unresolved import `windows::core`
[INFO] [stdout]  --> axhunter-lsa/src/pe.rs:6:5
[INFO] [stdout]   |
[INFO] [stdout] 6 |     core::PCSTR,
[INFO] [stdout]   |     ^^^^ could not find `core` in `windows`
[INFO] [stdout] 
[INFO] [stdout] 
[INFO] [stdout] error[E0433]: cannot find `Win32` in `windows`
[INFO] [stdout]  --> axhunter-lsa/src/sys.rs:5:5
[INFO] [stdout]   |
[INFO] [stdout] 5 |     Win32::System::LibraryLoader::{GetModuleHandleA, GetProcAddress},
[INFO] [stdout]   |     ^^^^^ could not find `Win32` in `windows`
[INFO] [stdout] 
[INFO] [stdout] 
[INFO] [stdout] error[E0432]: unresolved import `windows::core`
[INFO] [stdout]  --> axhunter-lsa/src/sys.rs:4:5
[INFO] [stdout]   |
[INFO] [stdout] 4 |     core::s,
[INFO] [stdout]   |     ^^^^ could not find `core` in `windows`
[INFO] [stdout] 
[INFO] [stdout] 
[INFO] [stdout] error[E0433]: cannot find `Win32` in `windows`
[INFO] [stdout]   --> axhunter-lsa/src/lsa.rs:14:14
[INFO] [stdout]    |
[INFO] [stdout] 14 | use windows::Win32::Security::Cryptography::{
[INFO] [stdout]    |              ^^^^^ could not find `Win32` in `windows`
[INFO] [stdout] 
[INFO] [stdout] 
[INFO] [stdout] error[E0433]: cannot find `Win32` in `windows`
[INFO] [stdout]  --> axhunter-lsa/src/pe.rs:7:5
[INFO] [stdout]   |
[INFO] [stdout] 7 |     Win32::System::LibraryLoader::{GetModuleHandleA, LoadLibraryA},
[INFO] [stdout]   |     ^^^^^ could not find `Win32` in `windows`
[INFO] [stdout] 
[INFO] [stdout] 
[INFO] [stdout] error[E0432]: unresolved import `windows::core`
[INFO] [stdout]  --> axhunter-lsa/src/pe.rs:6:5
[INFO] [stdout]   |
[INFO] [stdout] 6 |     core::PCSTR,
[INFO] [stdout]   |     ^^^^ could not find `core` in `windows`
[INFO] [stdout] 
[INFO] [stdout] 
[INFO] [stdout] error[E0433]: cannot find `Win32` in `windows`
[INFO] [stdout]  --> axhunter-lsa/src/sys.rs:5:5
[INFO] [stdout]   |
[INFO] [stdout] 5 |     Win32::System::LibraryLoader::{GetModuleHandleA, GetProcAddress},
[INFO] [stdout]   |     ^^^^^ could not find `Win32` in `windows`
[INFO] [stdout] 
[INFO] [stdout] 
[INFO] [stdout] error[E0432]: unresolved import `windows::core`
[INFO] [stdout]  --> axhunter-lsa/src/sys.rs:4:5
[INFO] [stdout]   |
[INFO] [stdout] 4 |     core::s,
[INFO] [stdout]   |     ^^^^ could not find `core` in `windows`
[INFO] [stdout] 
[INFO] [stdout] 
[INFO] [stdout] Some errors have detailed explanations: E0432, E0433.
[INFO] [stdout] 
[INFO] [stdout] For more information about an error, try `rustc --explain E0432`.
[INFO] [stdout] 
[INFO] [stdout] Some errors have detailed explanations: E0432, E0433.
[INFO] [stdout] 
[INFO] [stdout] For more information about an error, try `rustc --explain E0432`.
[INFO] [stdout] 
[INFO] [stderr] error: could not compile `axhunter-lsa` (lib) due to 5 previous errors
[INFO] [stderr] warning: build failed, waiting for other jobs to finish...
[INFO] [stderr] error: could not compile `axhunter-lsa` (lib test) due to 5 previous errors
[INFO] running `Command { std: "docker" "inspect" "d039a458266f915c47e13f5b5c1df0adcea6a2a2c7291cec85be9e9fed9f3cd2", kill_on_drop: false }`
[INFO] running `Command { std: "docker" "rm" "-f" "d039a458266f915c47e13f5b5c1df0adcea6a2a2c7291cec85be9e9fed9f3cd2", kill_on_drop: false }`
[INFO] [stdout] d039a458266f915c47e13f5b5c1df0adcea6a2a2c7291cec85be9e9fed9f3cd2
