[INFO] cloning repository https://github.com/BitKiln/wattson
[INFO] running `Command { std: "git" "-c" "credential.helper=" "-c" "credential.helper=/workspace/cargo-home/bin/git-credential-null" "clone" "--bare" "https://github.com/BitKiln/wattson" "/workspace/cache/git-repos/https%3A%2F%2Fgithub.com%2FBitKiln%2Fwattson", kill_on_drop: false }`
[INFO] [stderr] Cloning into bare repository '/workspace/cache/git-repos/https%3A%2F%2Fgithub.com%2FBitKiln%2Fwattson'...
[INFO] running `Command { std: "git" "rev-parse" "HEAD", kill_on_drop: false }`
[INFO] [stdout] b12cb2221833fe14b5409fa7375a5edd2c9a3fce
[INFO] checking BitKiln/wattson against 3154cc1a3e6424e44f438a95007d043ed5ceaaf6+rustflags=-Znext-solver=coherence for pr-133502-30
[INFO] running `Command { std: "git" "clone" "/workspace/cache/git-repos/https%3A%2F%2Fgithub.com%2FBitKiln%2Fwattson" "/workspace/builds/worker-7-tc1/source", kill_on_drop: false }`
[INFO] [stderr] Cloning into '/workspace/builds/worker-7-tc1/source'...
[INFO] [stderr] done.
[INFO] removed /workspace/builds/worker-7-tc1/source/.cargo/config.toml
[INFO] removed /workspace/builds/worker-7-tc1/source/rust-toolchain.toml
[INFO] started tweaking git repo https://github.com/BitKiln/wattson
[INFO] finished tweaking git repo https://github.com/BitKiln/wattson
[INFO] tweaked toml for git repo https://github.com/BitKiln/wattson written to /workspace/builds/worker-7-tc1/source/Cargo.toml
[INFO] validating manifest of git repo https://github.com/BitKiln/wattson on toolchain 3154cc1a3e6424e44f438a95007d043ed5ceaaf6
[INFO] running `Command { std: CARGO_HOME="/workspace/cargo-home" RUSTUP_HOME="/workspace/rustup-home" "/workspace/cargo-home/bin/cargo" "+3154cc1a3e6424e44f438a95007d043ed5ceaaf6" "metadata" "--manifest-path" "Cargo.toml" "--no-deps", kill_on_drop: false }`
[INFO] crate git repo https://github.com/BitKiln/wattson already has a lockfile, it will not be regenerated
[INFO] running `Command { std: CARGO_HOME="/workspace/cargo-home" RUSTUP_HOME="/workspace/rustup-home" "/workspace/cargo-home/bin/cargo" "+3154cc1a3e6424e44f438a95007d043ed5ceaaf6" "fetch" "--manifest-path" "Cargo.toml", kill_on_drop: false }`
[INFO] [stderr] warning: unused workspace dependency `wattson-target`
[INFO] [stderr]   --> Cargo.toml:87:25
[INFO] [stderr]    |
[INFO] [stderr] 87 | [workspace.dependencies.wattson-target]
[INFO] [stderr]    |                         ^^^^^^^^^^^^^^
[INFO] [stderr]    |
[INFO] [stderr]    = note: `cargo::unused_workspace_dependencies` is set to `warn` by default
[INFO] [stderr] help: consider removing the workspace dependency `wattson-target`
[INFO] [stderr] warning: unused field `homepage` in `workspace.package`
[INFO] [stderr]   --> Cargo.toml:98:1
[INFO] [stderr]    |
[INFO] [stderr] 98 | homepage = "https://github.com/BitKiln/wattson"
[INFO] [stderr]    | ^^^^^^^^
[INFO] [stderr]    |
[INFO] [stderr]    = note: `cargo::unused_workspace_package_fields` is set to `warn` by default
[INFO] [stderr] help: consider removing the field `workspace.package.homepage`
[INFO] [stderr] warning: workspace (manifest) generated 2 warnings
[INFO] [stderr]  Downloading crates ...
[INFO] [stderr]   Downloaded rstest v0.23.0
[INFO] [stderr]   Downloaded cobs v0.4.0
[INFO] [stderr]   Downloaded rstest_macros v0.23.0
[INFO] [stderr]   Downloaded lz4_flex v0.11.6
[INFO] [stderr]   Downloaded insta v1.48.0
[INFO] running `Command { std: "docker" "create" "-v" "/var/lib/crater-agent-workspace/builds/worker-7-tc1/source:/opt/rustwide/workdir:ro,Z" "-v" "/var/lib/crater-agent-workspace/builds/worker-7-tc1/target:/opt/rustwide/target:rw,Z" "-v" "/var/lib/crater-agent-workspace/cargo-home:/opt/rustwide/cargo-home:ro,Z" "-v" "/var/lib/crater-agent-workspace/rustup-home:/opt/rustwide/rustup-home:ro,Z" "-m" "1610612736" "--network" "none" "ghcr.io/rust-lang/crates-build-env/linux@sha256:77db811e55d90add9212f6832c23229e3de5f1c1f9905e8cb07319ea15df73ac" "sleep" "infinity", kill_on_drop: false }`
[INFO] [stdout] 8e0ad0d665eb889ddfb589b2c7a779f0b0424d0f2ea4f9a5946acfd9eef2ae0a
[INFO] running `Command { std: "docker" "start" "8e0ad0d665eb889ddfb589b2c7a779f0b0424d0f2ea4f9a5946acfd9eef2ae0a", kill_on_drop: false }`
[INFO] running `Command { std: "docker" "inspect" "8e0ad0d665eb889ddfb589b2c7a779f0b0424d0f2ea4f9a5946acfd9eef2ae0a", kill_on_drop: false }`
[INFO] running `Command { std: "docker" "exec" "-e" "SOURCE_DIR=/opt/rustwide/workdir" "-e" "CARGO_HOME=/opt/rustwide/cargo-home" "-e" "RUSTUP_HOME=/opt/rustwide/rustup-home" "-e" "CARGO_TARGET_DIR=/opt/rustwide/target" "-w" "/opt/rustwide/workdir" "--user" "0:0" "8e0ad0d665eb889ddfb589b2c7a779f0b0424d0f2ea4f9a5946acfd9eef2ae0a" "/opt/rustwide/cargo-home/bin/cargo" "+3154cc1a3e6424e44f438a95007d043ed5ceaaf6" "metadata" "--no-deps" "--format-version=1", kill_on_drop: false }`
[INFO] running `Command { std: "docker" "inspect" "8e0ad0d665eb889ddfb589b2c7a779f0b0424d0f2ea4f9a5946acfd9eef2ae0a", kill_on_drop: false }`
[INFO] running `Command { std: "docker" "exec" "-e" "SOURCE_DIR=/opt/rustwide/workdir" "-e" "CARGO_HOME=/opt/rustwide/cargo-home" "-e" "RUSTUP_HOME=/opt/rustwide/rustup-home" "-e" "CARGO_TARGET_DIR=/opt/rustwide/target" "-e" "CARGO_INCREMENTAL=0" "-e" "RUST_BACKTRACE=full" "-e" "RUSTFLAGS=--cap-lints=forbid -Znext-solver=coherence" "-e" "RUSTDOCFLAGS=--cap-lints=forbid" "-w" "/opt/rustwide/workdir" "--user" "0:0" "8e0ad0d665eb889ddfb589b2c7a779f0b0424d0f2ea4f9a5946acfd9eef2ae0a" "/opt/rustwide/cargo-home/bin/cargo" "+3154cc1a3e6424e44f438a95007d043ed5ceaaf6" "check" "--frozen" "--all" "--all-targets" "--message-format=json", kill_on_drop: false }`
[INFO] [stderr] warning: unused workspace dependency `wattson-target`
[INFO] [stderr]   --> Cargo.toml:87:25
[INFO] [stderr]    |
[INFO] [stderr] 87 | [workspace.dependencies.wattson-target]
[INFO] [stderr]    |                         ^^^^^^^^^^^^^^
[INFO] [stderr]    |
[INFO] [stderr]    = note: `cargo::unused_workspace_dependencies` is set to `warn` by default
[INFO] [stderr] help: consider removing the workspace dependency `wattson-target`
[INFO] [stderr] warning: unused field `homepage` in `workspace.package`
[INFO] [stderr]   --> Cargo.toml:98:1
[INFO] [stderr]    |
[INFO] [stderr] 98 | homepage = "https://github.com/BitKiln/wattson"
[INFO] [stderr]    | ^^^^^^^^
[INFO] [stderr]    |
[INFO] [stderr]    = note: `cargo::unused_workspace_package_fields` is set to `warn` by default
[INFO] [stderr] help: consider removing the field `workspace.package.homepage`
[INFO] [stderr] warning: workspace (manifest) generated 2 warnings
[INFO] [stderr]    Compiling proc-macro2 v1.0.107
[INFO] [stderr]    Compiling unicode-ident v1.0.24
[INFO] [stderr]    Compiling quote v1.0.47
[INFO] [stderr]    Compiling libc v0.2.189
[INFO] [stderr]     Checking cfg-if v1.0.4
[INFO] [stderr]     Checking bitflags v2.13.2
[INFO] [stderr]     Checking once_cell v1.21.4
[INFO] [stderr]    Compiling zerocopy v0.8.57
[INFO] [stderr]     Checking memchr v2.8.3
[INFO] [stderr]    Compiling rustix v1.1.4
[INFO] [stderr]    Compiling thiserror v2.0.20
[INFO] [stderr]     Checking linux-raw-sys v0.12.1
[INFO] [stderr]    Compiling serde_core v1.0.229
[INFO] [stderr]    Compiling pkg-config v0.3.34
[INFO] [stderr]    Compiling getrandom v0.3.4
[INFO] [stderr]    Compiling autocfg v1.5.1
[INFO] [stderr]     Checking pin-project-lite v0.2.17
[INFO] [stderr]     Checking crc-catalog v2.5.0
[INFO] [stderr]    Compiling serde v1.0.229
[INFO] [stderr]    Compiling shlex v2.0.1
[INFO] [stderr]    Compiling find-msvc-tools v0.1.12
[INFO] [stderr]     Checking crc v3.4.0
[INFO] [stderr]     Checking regex-syntax v0.8.11
[INFO] [stderr]    Compiling crossbeam-utils v0.8.23
[INFO] [stderr]    Compiling getrandom v0.4.3
[INFO] [stderr]     Checking tracing-core v0.1.36
[INFO] [stderr]     Checking fastrand v2.5.0
[INFO] [stderr]    Compiling zmij v1.0.23
[INFO] [stderr]     Checking aho-corasick v1.1.5
[INFO] [stderr]    Compiling serde_json v1.0.151
[INFO] [stderr]     Checking itoa v1.0.18
[INFO] [stderr]     Checking equivalent v1.0.2
[INFO] [stderr]     Checking hashbrown v0.17.1
[INFO] [stderr]    Compiling zstd-safe v7.3.0
[INFO] [stderr]     Checking anstyle v1.0.14
[INFO] [stderr]     Checking ciborium-io v0.2.2
[INFO] [stderr]     Checking utf8parse v0.2.2
[INFO] [stderr]     Checking toml_write v0.1.2
[INFO] [stderr]     Checking bitflags v1.3.2
[INFO] [stderr]     Checking winnow v0.7.15
[INFO] [stderr]     Checking anstyle-parse v1.0.0
[INFO] [stderr]     Checking scopeguard v1.2.0
[INFO] [stderr]     Checking is_terminal_polyfill v1.70.2
[INFO] [stderr]     Checking anstyle-query v1.1.5
[INFO] [stderr]     Checking jiff-core v0.1.0
[INFO] [stderr]     Checking colorchoice v1.0.5
[INFO] [stderr]     Checking anstream v1.0.0
[INFO] [stderr]     Checking clap_lex v1.1.0
[INFO] [stderr]    Compiling heck v0.5.0
[INFO] [stderr]    Compiling syn v3.0.5
[INFO] [stderr]    Compiling syn v2.0.119
[INFO] [stderr]     Checking indexmap v2.14.2
[INFO] [stderr]    Compiling num-traits v0.2.19
[INFO] [stderr]     Checking crossbeam-channel v0.5.17
[INFO] [stderr]     Checking strsim v0.11.1
[INFO] [stderr]     Checking quick-error v1.2.3
[INFO] [stderr]    Compiling crossbeam-epoch v0.9.21
[INFO] [stderr]     Checking bit-vec v0.8.0
[INFO] [stderr]     Checking fnv v1.0.7
[INFO] [stderr]    Compiling libudev-sys v0.1.4
[INFO] [stderr]     Checking futures-sink v0.3.34
[INFO] [stderr]     Checking bit-set v0.8.0
[INFO] [stderr]    Compiling semver v1.0.28
[INFO] [stderr]     Checking unarray v0.1.4
[INFO] [stderr]    Compiling jobserver v0.1.35
[INFO] [stderr]     Checking rand_core v0.9.5
[INFO] [stderr]     Checking wait-timeout v0.2.1
[INFO] [stderr]     Checking regex-automata v0.4.18
[INFO] [stderr]     Checking nix v0.26.4
[INFO] [stderr]     Checking jiff v0.2.35
[INFO] [stderr]    Compiling crossbeam-deque v0.8.8
[INFO] [stderr]     Checking rand_xorshift v0.4.0
[INFO] [stderr]     Checking libudev v0.3.0
[INFO] [stderr]     Checking rand v0.9.5
[INFO] [stderr]    Compiling cc v1.4.5
[INFO] [stderr]    Compiling winnow v1.0.4
[INFO] [stderr]     Checking futures-core v0.3.34
[INFO] [stderr]     Checking futures-channel v0.3.34
[INFO] [stderr]    Compiling rustc_version v0.4.1
[INFO] [stderr]     Checking tempfile v3.27.0
[INFO] [stderr]     Checking terminal_size v0.4.4
[INFO] [stderr]     Checking clap_builder v4.6.6
[INFO] [stderr]     Checking rusty-fork v0.3.1
[INFO] [stderr]     Checking futures-task v0.3.34
[INFO] [stderr]     Checking futures-io v0.3.34
[INFO] [stderr]     Checking either v1.18.0
[INFO] [stderr]    Compiling toml_datetime v1.1.1+spec-1.1.0
[INFO] [stderr]    Compiling rayon-core v1.13.0
[INFO] [stderr]     Checking slab v0.4.12
[INFO] [stderr]    Compiling rstest_macros v0.23.0
[INFO] [stderr]     Checking plotters-backend v0.3.7
[INFO] [stderr]    Compiling cfg_aliases v0.2.2
[INFO] [stderr]    Compiling nix v0.31.3
[INFO] [stderr]     Checking plotters-svg v0.3.7
[INFO] [stderr]     Checking itertools v0.10.5
[INFO] [stderr]    Compiling toml_parser v1.1.3+spec-1.1.0
[INFO] [stderr]     Checking approx v0.5.1
[INFO] [stderr]     Checking cast v0.3.0
[INFO] [stderr]    Compiling relative-path v1.9.3
[INFO] [stderr]    Compiling glob v0.3.4
[INFO] [stderr]     Checking same-file v1.0.6
[INFO] [stderr]     Checking rayon v1.12.0
[INFO] [stderr]     Checking walkdir v2.5.0
[INFO] [stderr]     Checking plotters v0.3.7
[INFO] [stderr]     Checking is-terminal v0.4.17
[INFO] [stderr]     Checking anes v0.1.6
[INFO] [stderr]     Checking oorandom v11.1.5
[INFO] [stderr]     Checking predicates-core v1.0.10
[INFO] [stderr]     Checking lazy_static v1.5.0
[INFO] [stderr]    Compiling toml_edit v0.25.13+spec-1.1.0
[INFO] [stderr]     Checking log v0.4.34
[INFO] [stderr]    Compiling anyhow v1.0.104
[INFO] [stderr]     Checking futures-timer v3.0.4
[INFO] [stderr]     Checking tracing-log v0.2.0
[INFO] [stderr]     Checking criterion-plot v0.5.0
[INFO] [stderr]     Checking sharded-slab v0.1.7
[INFO] [stderr]     Checking float-cmp v0.10.0
[INFO] [stderr]     Checking thread_local v1.1.10
[INFO] [stderr]     Checking normalize-line-endings v0.3.0
[INFO] [stderr]     Checking difflib v0.4.0
[INFO] [stderr]    Compiling assert_cmd v2.2.2
[INFO] [stderr]     Checking termtree v0.5.1
[INFO] [stderr]     Checking smallvec v1.16.0
[INFO] [stderr]     Checking nu-ansi-term v0.50.3
[INFO] [stderr]     Checking predicates-tree v1.0.13
[INFO] [stderr]     Checking console v0.16.6
[INFO] [stderr]    Compiling proc-macro-crate v3.5.0
[INFO] [stderr]     Checking similar v2.7.0
[INFO] [stderr]     Checking regex v1.13.1
[INFO] [stderr]     Checking matchers v0.2.0
[INFO] [stderr]     Checking ctrlc v3.5.2
[INFO] [stderr]     Checking bstr v1.13.1
[INFO] [stderr]     Checking predicates v3.1.4
[INFO] [stderr]    Compiling zstd-sys v2.1.0+zstd.1.5.7
[INFO] [stderr]    Compiling wattson-target v0.1.0 (/opt/rustwide/workdir/target/rust)
[INFO] [stderr] warning: wattson-target@0.1.0: In file included from /opt/rustwide/workdir/target/src/wattson.c:20:
[INFO] [stderr] warning: wattson-target@0.1.0: /opt/rustwide/workdir/target/src/wattson.c: In function 'pp_init':
[INFO] [stderr] warning: wattson-target@0.1.0: /opt/rustwide/workdir/target/include/wattson.h:121:31: error: unused variable '_pp_critical_unused' [-Werror=unused-variable]
[INFO] [stderr] warning: wattson-target@0.1.0:   121 | #define PP_CRITICAL_STATE int _pp_critical_unused
[INFO] [stderr] warning: wattson-target@0.1.0:       |                               ^~~~~~~~~~~~~~~~~~~
[INFO] [stderr] warning: wattson-target@0.1.0: /opt/rustwide/workdir/target/src/wattson.c:158:5: note: in expansion of macro 'PP_CRITICAL_STATE'
[INFO] [stderr] warning: wattson-target@0.1.0:   158 |     PP_CRITICAL_STATE;
[INFO] [stderr] warning: wattson-target@0.1.0:       |     ^~~~~~~~~~~~~~~~~
[INFO] [stderr] warning: wattson-target@0.1.0: /opt/rustwide/workdir/target/src/wattson.c: In function 'pp_get_stats':
[INFO] [stderr] warning: wattson-target@0.1.0: /opt/rustwide/workdir/target/include/wattson.h:121:31: error: unused variable '_pp_critical_unused' [-Werror=unused-variable]
[INFO] [stderr] warning: wattson-target@0.1.0:   121 | #define PP_CRITICAL_STATE int _pp_critical_unused
[INFO] [stderr] warning: wattson-target@0.1.0:       |                               ^~~~~~~~~~~~~~~~~~~
[INFO] [stderr] warning: wattson-target@0.1.0: /opt/rustwide/workdir/target/src/wattson.c:168:5: note: in expansion of macro 'PP_CRITICAL_STATE'
[INFO] [stderr] warning: wattson-target@0.1.0:   168 |     PP_CRITICAL_STATE;
[INFO] [stderr] warning: wattson-target@0.1.0:       |     ^~~~~~~~~~~~~~~~~
[INFO] [stderr] warning: wattson-target@0.1.0: /opt/rustwide/workdir/target/src/wattson.c: In function 'pp_pending':
[INFO] [stderr] warning: wattson-target@0.1.0: /opt/rustwide/workdir/target/include/wattson.h:121:31: error: unused variable '_pp_critical_unused' [-Werror=unused-variable]
[INFO] [stderr] warning: wattson-target@0.1.0:   121 | #define PP_CRITICAL_STATE int _pp_critical_unused
[INFO] [stderr] warning: wattson-target@0.1.0:       |                               ^~~~~~~~~~~~~~~~~~~
[INFO] [stderr] warning: wattson-target@0.1.0: /opt/rustwide/workdir/target/src/wattson.c:179:5: note: in expansion of macro 'PP_CRITICAL_STATE'
[INFO] [stderr] warning: wattson-target@0.1.0:   179 |     PP_CRITICAL_STATE;
[INFO] [stderr] warning: wattson-target@0.1.0:       |     ^~~~~~~~~~~~~~~~~
[INFO] [stderr] warning: wattson-target@0.1.0: /opt/rustwide/workdir/target/src/wattson.c: In function 'pp_push':
[INFO] [stderr] warning: wattson-target@0.1.0: /opt/rustwide/workdir/target/include/wattson.h:121:31: error: unused variable '_pp_critical_unused' [-Werror=unused-variable]
[INFO] [stderr] warning: wattson-target@0.1.0:   121 | #define PP_CRITICAL_STATE int _pp_critical_unused
[INFO] [stderr] warning: wattson-target@0.1.0:       |                               ^~~~~~~~~~~~~~~~~~~
[INFO] [stderr] warning: wattson-target@0.1.0: /opt/rustwide/workdir/target/src/wattson.c:201:5: note: in expansion of macro 'PP_CRITICAL_STATE'
[INFO] [stderr] warning: wattson-target@0.1.0:   201 |     PP_CRITICAL_STATE;
[INFO] [stderr] warning: wattson-target@0.1.0:       |     ^~~~~~~~~~~~~~~~~
[INFO] [stderr] warning: wattson-target@0.1.0: /opt/rustwide/workdir/target/src/wattson.c: In function 'pp_flush_one':
[INFO] [stderr] warning: wattson-target@0.1.0: /opt/rustwide/workdir/target/include/wattson.h:121:31: error: unused variable '_pp_critical_unused' [-Werror=unused-variable]
[INFO] [stderr] warning: wattson-target@0.1.0:   121 | #define PP_CRITICAL_STATE int _pp_critical_unused
[INFO] [stderr] warning: wattson-target@0.1.0:       |                               ^~~~~~~~~~~~~~~~~~~
[INFO] [stderr] warning: wattson-target@0.1.0: /opt/rustwide/workdir/target/src/wattson.c:334:5: note: in expansion of macro 'PP_CRITICAL_STATE'
[INFO] [stderr] warning: wattson-target@0.1.0:   334 |     PP_CRITICAL_STATE;
[INFO] [stderr] warning: wattson-target@0.1.0:       |     ^~~~~~~~~~~~~~~~~
[INFO] [stderr] warning: wattson-target@0.1.0: /opt/rustwide/workdir/target/src/wattson.c: In function 'pp_flush':
[INFO] [stderr] warning: wattson-target@0.1.0: /opt/rustwide/workdir/target/include/wattson.h:121:31: error: unused variable '_pp_critical_unused' [-Werror=unused-variable]
[INFO] [stderr] warning: wattson-target@0.1.0:   121 | #define PP_CRITICAL_STATE int _pp_critical_unused
[INFO] [stderr] warning: wattson-target@0.1.0:       |                               ^~~~~~~~~~~~~~~~~~~
[INFO] [stderr] warning: wattson-target@0.1.0: /opt/rustwide/workdir/target/src/wattson.c:407:5: note: in expansion of macro 'PP_CRITICAL_STATE'
[INFO] [stderr] warning: wattson-target@0.1.0:   407 |     PP_CRITICAL_STATE;
[INFO] [stderr] warning: wattson-target@0.1.0:       |     ^~~~~~~~~~~~~~~~~
[INFO] [stderr] warning: wattson-target@0.1.0: cc1: all warnings being treated as errors
[INFO] [stderr] warning: wattson-target@0.1.0: ToolExecError: command did not execute successfully (status code exit status: 1): LC_ALL="C" "cc" "-O0" "-ffunction-sections" "-fdata-sections" "-fPIC" "-g" "-gdwarf-4" "-fno-omit-frame-pointer" "-mno-omit-leaf-frame-pointer" "-m64" "-std=c99" "-I" "/opt/rustwide/workdir/target/include" "-I" "/opt/rustwide/workdir/target/tests" "-Wall" "-Wextra" "-Werror" "-Wextra" "-Wpedantic" "-DPP_USE_CONFIG_HEADER" "-o" "/opt/rustwide/target/debug/build/wattson-target/5c9fd81dab5a0f1a/out/ac6bc8f5b4b31f2b-wattson.o" "-c" "/opt/rustwide/workdir/target/src/wattson.c"
[INFO] [stderr] error: failed to run custom build command for `wattson-target v0.1.0 (/opt/rustwide/workdir/target/rust)`
[INFO] [stderr] note: To improve backtraces for build dependencies, set the CARGO_PROFILE_DEV_BUILD_OVERRIDE_DEBUG=true environment variable to enable debug information generation.
[INFO] [stderr] 
[INFO] [stderr] Caused by:
[INFO] [stderr]   process didn't exit successfully: `/opt/rustwide/target/debug/build/wattson-target/1717612b2cfaa92c/out/build_script_build` (exit status: 1)
[INFO] [stderr]   --- stdout
[INFO] [stderr]   cargo:rerun-if-changed=/opt/rustwide/workdir/target/src/wattson.c
[INFO] [stderr]   cargo:rerun-if-changed=/opt/rustwide/workdir/target/tests/shim.c
[INFO] [stderr]   cargo:rerun-if-changed=/opt/rustwide/workdir/target/tests/disabled.c
[INFO] [stderr]   cargo:rerun-if-changed=/opt/rustwide/workdir/target/include/wattson.h
[INFO] [stderr]   cargo:rerun-if-changed=/opt/rustwide/workdir/target/tests/wattson_config.h
[INFO] [stderr]   cargo:rerun-if-env-changed=CC_x86_64-unknown-linux-gnu
[INFO] [stderr]   CC_x86_64-unknown-linux-gnu = None
[INFO] [stderr]   cargo:rerun-if-env-changed=CC_x86_64_unknown_linux_gnu
[INFO] [stderr]   CC_x86_64_unknown_linux_gnu = None
[INFO] [stderr]   cargo:rerun-if-env-changed=HOST_CC
[INFO] [stderr]   HOST_CC = None
[INFO] [stderr]   cargo:rerun-if-env-changed=CC
[INFO] [stderr]   CC = None
[INFO] [stderr]   cargo:rerun-if-env-changed=CC_ENABLE_DEBUG_OUTPUT
[INFO] [stderr]   cargo:rerun-if-env-changed=CRATE_CC_NO_DEFAULTS
[INFO] [stderr]   CRATE_CC_NO_DEFAULTS = None
[INFO] [stderr]   cargo:rerun-if-env-changed=CRATE_CC_NO_DEFAULTS
[INFO] [stderr]   CRATE_CC_NO_DEFAULTS = None
[INFO] [stderr]   cargo:rerun-if-env-changed=CFLAGS
[INFO] [stderr]   CFLAGS = None
[INFO] [stderr]   cargo:rerun-if-env-changed=HOST_CFLAGS
[INFO] [stderr]   HOST_CFLAGS = None
[INFO] [stderr]   cargo:rerun-if-env-changed=CFLAGS_x86_64_unknown_linux_gnu
[INFO] [stderr]   CFLAGS_x86_64_unknown_linux_gnu = None
[INFO] [stderr]   cargo:rerun-if-env-changed=CFLAGS_x86_64-unknown-linux-gnu
[INFO] [stderr]   CFLAGS_x86_64-unknown-linux-gnu = None
[INFO] [stderr]   cargo:rerun-if-env-changed=CFLAGS
[INFO] [stderr]   CFLAGS = None
[INFO] [stderr]   cargo:rerun-if-env-changed=HOST_CFLAGS
[INFO] [stderr]   HOST_CFLAGS = None
[INFO] [stderr]   cargo:rerun-if-env-changed=CFLAGS_x86_64_unknown_linux_gnu
[INFO] [stderr]   CFLAGS_x86_64_unknown_linux_gnu = None
[INFO] [stderr]   cargo:rerun-if-env-changed=CFLAGS_x86_64-unknown-linux-gnu
[INFO] [stderr]   CFLAGS_x86_64-unknown-linux-gnu = None
[INFO] [stderr]   cargo:rerun-if-env-changed=CC_FORCE_DISABLE
[INFO] [stderr]   CC_FORCE_DISABLE = None
[INFO] [stderr]   cargo:rerun-if-env-changed=CC_x86_64-unknown-linux-gnu
[INFO] [stderr]   CC_x86_64-unknown-linux-gnu = None
[INFO] [stderr]   cargo:rerun-if-env-changed=CC_x86_64_unknown_linux_gnu
[INFO] [stderr]   CC_x86_64_unknown_linux_gnu = None
[INFO] [stderr]   cargo:rerun-if-env-changed=HOST_CC
[INFO] [stderr]   HOST_CC = None
[INFO] [stderr]   cargo:rerun-if-env-changed=CC
[INFO] [stderr]   CC = None
[INFO] [stderr]   cargo:rerun-if-env-changed=CRATE_CC_NO_DEFAULTS
[INFO] [stderr]   CRATE_CC_NO_DEFAULTS = None
[INFO] [stderr]   cargo:rerun-if-env-changed=CFLAGS
[INFO] [stderr]   CFLAGS = None
[INFO] [stderr]   cargo:rerun-if-env-changed=HOST_CFLAGS
[INFO] [stderr]   HOST_CFLAGS = None
[INFO] [stderr]   cargo:rerun-if-env-changed=CFLAGS_x86_64_unknown_linux_gnu
[INFO] [stderr]   CFLAGS_x86_64_unknown_linux_gnu = None
[INFO] [stderr]   cargo:rerun-if-env-changed=CFLAGS_x86_64-unknown-linux-gnu
[INFO] [stderr]   CFLAGS_x86_64-unknown-linux-gnu = None
[INFO] [stderr]   cargo:rerun-if-env-changed=CC_x86_64-unknown-linux-gnu
[INFO] [stderr]   CC_x86_64-unknown-linux-gnu = None
[INFO] [stderr]   cargo:rerun-if-env-changed=CC_x86_64_unknown_linux_gnu
[INFO] [stderr]   CC_x86_64_unknown_linux_gnu = None
[INFO] [stderr]   cargo:rerun-if-env-changed=HOST_CC
[INFO] [stderr]   HOST_CC = None
[INFO] [stderr]   cargo:rerun-if-env-changed=CC
[INFO] [stderr]   CC = None
[INFO] [stderr]   cargo:rerun-if-env-changed=CRATE_CC_NO_DEFAULTS
[INFO] [stderr]   CRATE_CC_NO_DEFAULTS = None
[INFO] [stderr]   cargo:rerun-if-env-changed=CFLAGS
[INFO] [stderr]   CFLAGS = None
[INFO] [stderr]   cargo:rerun-if-env-changed=HOST_CFLAGS
[INFO] [stderr]   HOST_CFLAGS = None
[INFO] [stderr]   cargo:rerun-if-env-changed=CFLAGS_x86_64_unknown_linux_gnu
[INFO] [stderr]   CFLAGS_x86_64_unknown_linux_gnu = None
[INFO] [stderr]   cargo:rerun-if-env-changed=CFLAGS_x86_64-unknown-linux-gnu
[INFO] [stderr]   CFLAGS_x86_64-unknown-linux-gnu = None
[INFO] [stderr]   cargo:warning=In file included from /opt/rustwide/workdir/target/src/wattson.c:20:
[INFO] [stderr]   cargo:warning=/opt/rustwide/workdir/target/src/wattson.c: In function 'pp_init':
[INFO] [stderr]   cargo:warning=/opt/rustwide/workdir/target/include/wattson.h:121:31: error: unused variable '_pp_critical_unused' [-Werror=unused-variable]
[INFO] [stderr]   cargo:warning=  121 | #define PP_CRITICAL_STATE int _pp_critical_unused
[INFO] [stderr]   cargo:warning=      |                               ^~~~~~~~~~~~~~~~~~~
[INFO] [stderr]   cargo:warning=/opt/rustwide/workdir/target/src/wattson.c:158:5: note: in expansion of macro 'PP_CRITICAL_STATE'
[INFO] [stderr]   cargo:warning=  158 |     PP_CRITICAL_STATE;
[INFO] [stderr]   cargo:warning=      |     ^~~~~~~~~~~~~~~~~
[INFO] [stderr]   cargo:warning=/opt/rustwide/workdir/target/src/wattson.c: In function 'pp_get_stats':
[INFO] [stderr]   cargo:warning=/opt/rustwide/workdir/target/include/wattson.h:121:31: error: unused variable '_pp_critical_unused' [-Werror=unused-variable]
[INFO] [stderr]   cargo:warning=  121 | #define PP_CRITICAL_STATE int _pp_critical_unused
[INFO] [stderr]   cargo:warning=      |                               ^~~~~~~~~~~~~~~~~~~
[INFO] [stderr]   cargo:warning=/opt/rustwide/workdir/target/src/wattson.c:168:5: note: in expansion of macro 'PP_CRITICAL_STATE'
[INFO] [stderr]   cargo:warning=  168 |     PP_CRITICAL_STATE;
[INFO] [stderr]   cargo:warning=      |     ^~~~~~~~~~~~~~~~~
[INFO] [stderr]   cargo:warning=/opt/rustwide/workdir/target/src/wattson.c: In function 'pp_pending':
[INFO] [stderr]   cargo:warning=/opt/rustwide/workdir/target/include/wattson.h:121:31: error: unused variable '_pp_critical_unused' [-Werror=unused-variable]
[INFO] [stderr]   cargo:warning=  121 | #define PP_CRITICAL_STATE int _pp_critical_unused
[INFO] [stderr]   cargo:warning=      |                               ^~~~~~~~~~~~~~~~~~~
[INFO] [stderr]   cargo:warning=/opt/rustwide/workdir/target/src/wattson.c:179:5: note: in expansion of macro 'PP_CRITICAL_STATE'
[INFO] [stderr]   cargo:warning=  179 |     PP_CRITICAL_STATE;
[INFO] [stderr]   cargo:warning=      |     ^~~~~~~~~~~~~~~~~
[INFO] [stderr]   cargo:warning=/opt/rustwide/workdir/target/src/wattson.c: In function 'pp_push':
[INFO] [stderr]   cargo:warning=/opt/rustwide/workdir/target/include/wattson.h:121:31: error: unused variable '_pp_critical_unused' [-Werror=unused-variable]
[INFO] [stderr]   cargo:warning=  121 | #define PP_CRITICAL_STATE int _pp_critical_unused
[INFO] [stderr]   cargo:warning=      |                               ^~~~~~~~~~~~~~~~~~~
[INFO] [stderr]   cargo:warning=/opt/rustwide/workdir/target/src/wattson.c:201:5: note: in expansion of macro 'PP_CRITICAL_STATE'
[INFO] [stderr]   cargo:warning=  201 |     PP_CRITICAL_STATE;
[INFO] [stderr]   cargo:warning=      |     ^~~~~~~~~~~~~~~~~
[INFO] [stderr]   cargo:warning=/opt/rustwide/workdir/target/src/wattson.c: In function 'pp_flush_one':
[INFO] [stderr]   cargo:warning=/opt/rustwide/workdir/target/include/wattson.h:121:31: error: unused variable '_pp_critical_unused' [-Werror=unused-variable]
[INFO] [stderr]   cargo:warning=  121 | #define PP_CRITICAL_STATE int _pp_critical_unused
[INFO] [stderr]   cargo:warning=      |                               ^~~~~~~~~~~~~~~~~~~
[INFO] [stderr]   cargo:warning=/opt/rustwide/workdir/target/src/wattson.c:334:5: note: in expansion of macro 'PP_CRITICAL_STATE'
[INFO] [stderr]   cargo:warning=  334 |     PP_CRITICAL_STATE;
[INFO] [stderr]   cargo:warning=      |     ^~~~~~~~~~~~~~~~~
[INFO] [stderr]   cargo:warning=/opt/rustwide/workdir/target/src/wattson.c: In function 'pp_flush':
[INFO] [stderr]   cargo:warning=/opt/rustwide/workdir/target/include/wattson.h:121:31: error: unused variable '_pp_critical_unused' [-Werror=unused-variable]
[INFO] [stderr]   cargo:warning=  121 | #define PP_CRITICAL_STATE int _pp_critical_unused
[INFO] [stderr]   cargo:warning=      |                               ^~~~~~~~~~~~~~~~~~~
[INFO] [stderr]   cargo:warning=/opt/rustwide/workdir/target/src/wattson.c:407:5: note: in expansion of macro 'PP_CRITICAL_STATE'
[INFO] [stderr]   cargo:warning=  407 |     PP_CRITICAL_STATE;
[INFO] [stderr]   cargo:warning=      |     ^~~~~~~~~~~~~~~~~
[INFO] [stderr]   cargo:warning=cc1: all warnings being treated as errors
[INFO] [stderr]   exit status: 1
[INFO] [stderr]   cargo:warning=ToolExecError: command did not execute successfully (status code exit status: 1): LC_ALL="C" "cc" "-O0" "-ffunction-sections" "-fdata-sections" "-fPIC" "-g" "-gdwarf-4" "-fno-omit-frame-pointer" "-mno-omit-leaf-frame-pointer" "-m64" "-std=c99" "-I" "/opt/rustwide/workdir/target/include" "-I" "/opt/rustwide/workdir/target/tests" "-Wall" "-Wextra" "-Werror" "-Wextra" "-Wpedantic" "-DPP_USE_CONFIG_HEADER" "-o" "/opt/rustwide/target/debug/build/wattson-target/5c9fd81dab5a0f1a/out/ac6bc8f5b4b31f2b-wattson.o" "-c" "/opt/rustwide/workdir/target/src/wattson.c"
[INFO] [stderr]   exit status: 0
[INFO] [stderr] 
[INFO] [stderr]   --- stderr
[INFO] [stderr] 
[INFO] [stderr] 
[INFO] [stderr]   error occurred in cc-rs: command did not execute successfully (status code exit status: 1): LC_ALL="C" "cc" "-O0" "-ffunction-sections" "-fdata-sections" "-fPIC" "-g" "-gdwarf-4" "-fno-omit-frame-pointer" "-mno-omit-leaf-frame-pointer" "-m64" "-std=c99" "-I" "/opt/rustwide/workdir/target/include" "-I" "/opt/rustwide/workdir/target/tests" "-Wall" "-Wextra" "-Werror" "-Wextra" "-Wpedantic" "-DPP_USE_CONFIG_HEADER" "-o" "/opt/rustwide/target/debug/build/wattson-target/5c9fd81dab5a0f1a/out/ac6bc8f5b4b31f2b-wattson.o" "-c" "/opt/rustwide/workdir/target/src/wattson.c"
[INFO] [stderr] 
[INFO] [stderr] 
[INFO] [stderr] warning: build failed, waiting for other jobs to finish...
[INFO] running `Command { std: "docker" "inspect" "8e0ad0d665eb889ddfb589b2c7a779f0b0424d0f2ea4f9a5946acfd9eef2ae0a", kill_on_drop: false }`
[INFO] running `Command { std: "docker" "rm" "-f" "8e0ad0d665eb889ddfb589b2c7a779f0b0424d0f2ea4f9a5946acfd9eef2ae0a", kill_on_drop: false }`
[INFO] [stdout] 8e0ad0d665eb889ddfb589b2c7a779f0b0424d0f2ea4f9a5946acfd9eef2ae0a
