[INFO] cloning repository https://github.com/Bigeldoth/spaceMapper
[INFO] running `Command { std: "git" "-c" "credential.helper=" "-c" "credential.helper=/workspace/cargo-home/bin/git-credential-null" "clone" "--bare" "https://github.com/Bigeldoth/spaceMapper" "/workspace/cache/git-repos/https%3A%2F%2Fgithub.com%2FBigeldoth%2FspaceMapper", kill_on_drop: false }`
[INFO] [stderr] Cloning into bare repository '/workspace/cache/git-repos/https%3A%2F%2Fgithub.com%2FBigeldoth%2FspaceMapper'...
[INFO] running `Command { std: "git" "rev-parse" "HEAD", kill_on_drop: false }`
[INFO] [stdout] f7f63eb861d56f30671fba72da0f8aff1ffd5c91
[INFO] checking Bigeldoth/spaceMapper against 3154cc1a3e6424e44f438a95007d043ed5ceaaf6+rustflags=-Znext-solver=coherence for pr-133502-30
[INFO] running `Command { std: "git" "clone" "/workspace/cache/git-repos/https%3A%2F%2Fgithub.com%2FBigeldoth%2FspaceMapper" "/workspace/builds/worker-1-tc1/source", kill_on_drop: false }`
[INFO] [stderr] Cloning into '/workspace/builds/worker-1-tc1/source'...
[INFO] [stderr] done.
[INFO] started tweaking git repo https://github.com/Bigeldoth/spaceMapper
[INFO] finished tweaking git repo https://github.com/Bigeldoth/spaceMapper
[INFO] tweaked toml for git repo https://github.com/Bigeldoth/spaceMapper written to /workspace/builds/worker-1-tc1/source/Cargo.toml
[INFO] validating manifest of git repo https://github.com/Bigeldoth/spaceMapper on toolchain 3154cc1a3e6424e44f438a95007d043ed5ceaaf6
[INFO] running `Command { std: CARGO_HOME="/workspace/cargo-home" RUSTUP_HOME="/workspace/rustup-home" "/workspace/cargo-home/bin/cargo" "+3154cc1a3e6424e44f438a95007d043ed5ceaaf6" "metadata" "--manifest-path" "Cargo.toml" "--no-deps", kill_on_drop: false }`
[INFO] crate git repo https://github.com/Bigeldoth/spaceMapper already has a lockfile, it will not be regenerated
[INFO] running `Command { std: CARGO_HOME="/workspace/cargo-home" RUSTUP_HOME="/workspace/rustup-home" "/workspace/cargo-home/bin/cargo" "+3154cc1a3e6424e44f438a95007d043ed5ceaaf6" "fetch" "--manifest-path" "Cargo.toml", kill_on_drop: false }`
[INFO] running `Command { std: "docker" "create" "-v" "/var/lib/crater-agent-workspace/builds/worker-1-tc1/source:/opt/rustwide/workdir:ro,Z" "-v" "/var/lib/crater-agent-workspace/builds/worker-1-tc1/target:/opt/rustwide/target:rw,Z" "-v" "/var/lib/crater-agent-workspace/cargo-home:/opt/rustwide/cargo-home:ro,Z" "-v" "/var/lib/crater-agent-workspace/rustup-home:/opt/rustwide/rustup-home:ro,Z" "-m" "1610612736" "--network" "none" "ghcr.io/rust-lang/crates-build-env/linux@sha256:77db811e55d90add9212f6832c23229e3de5f1c1f9905e8cb07319ea15df73ac" "sleep" "infinity", kill_on_drop: false }`
[INFO] [stdout] 9bb0e6c6e08d06fa9f55615b304abd74e0123edc8596990b7883360ce841b87b
[INFO] running `Command { std: "docker" "start" "9bb0e6c6e08d06fa9f55615b304abd74e0123edc8596990b7883360ce841b87b", kill_on_drop: false }`
[INFO] running `Command { std: "docker" "inspect" "9bb0e6c6e08d06fa9f55615b304abd74e0123edc8596990b7883360ce841b87b", kill_on_drop: false }`
[INFO] running `Command { std: "docker" "exec" "-e" "SOURCE_DIR=/opt/rustwide/workdir" "-e" "CARGO_HOME=/opt/rustwide/cargo-home" "-e" "RUSTUP_HOME=/opt/rustwide/rustup-home" "-e" "CARGO_TARGET_DIR=/opt/rustwide/target" "-w" "/opt/rustwide/workdir" "--user" "0:0" "9bb0e6c6e08d06fa9f55615b304abd74e0123edc8596990b7883360ce841b87b" "/opt/rustwide/cargo-home/bin/cargo" "+3154cc1a3e6424e44f438a95007d043ed5ceaaf6" "metadata" "--no-deps" "--format-version=1", kill_on_drop: false }`
[INFO] running `Command { std: "docker" "inspect" "9bb0e6c6e08d06fa9f55615b304abd74e0123edc8596990b7883360ce841b87b", kill_on_drop: false }`
[INFO] running `Command { std: "docker" "exec" "-e" "SOURCE_DIR=/opt/rustwide/workdir" "-e" "CARGO_HOME=/opt/rustwide/cargo-home" "-e" "RUSTUP_HOME=/opt/rustwide/rustup-home" "-e" "CARGO_TARGET_DIR=/opt/rustwide/target" "-e" "CARGO_INCREMENTAL=0" "-e" "RUST_BACKTRACE=full" "-e" "RUSTFLAGS=--cap-lints=forbid -Znext-solver=coherence" "-e" "RUSTDOCFLAGS=--cap-lints=forbid" "-w" "/opt/rustwide/workdir" "--user" "0:0" "9bb0e6c6e08d06fa9f55615b304abd74e0123edc8596990b7883360ce841b87b" "/opt/rustwide/cargo-home/bin/cargo" "+3154cc1a3e6424e44f438a95007d043ed5ceaaf6" "check" "--frozen" "--all" "--all-targets" "--message-format=json", kill_on_drop: false }`
[INFO] [stderr]    Compiling proc-macro2 v1.0.107
[INFO] [stderr]    Compiling quote v1.0.47
[INFO] [stderr]    Compiling serde v1.0.229
[INFO] [stderr]    Compiling smallvec v1.15.2
[INFO] [stderr]    Compiling pkg-config v0.3.34
[INFO] [stderr]    Compiling serde_core v1.0.229
[INFO] [stderr]    Compiling indexmap v2.14.0
[INFO] [stderr]    Compiling libc v0.2.189
[INFO] [stderr]    Compiling siphasher v1.0.3
[INFO] [stderr]    Compiling fastrand v2.5.0
[INFO] [stderr]    Compiling icu_properties_data v2.3.0
[INFO] [stderr]    Compiling icu_normalizer_data v2.3.0
[INFO] [stderr]    Compiling winnow v1.0.4
[INFO] [stderr]    Compiling find-msvc-tools v0.1.11
[INFO] [stderr]    Compiling time-core v0.1.9
[INFO] [stderr]    Compiling cfg-expr v0.15.8
[INFO] [stderr]    Compiling phf_shared v0.13.1
[INFO] [stderr]    Compiling num-conv v0.2.2
[INFO] [stderr]    Compiling litemap v0.8.3
[INFO] [stderr]    Compiling writeable v0.6.4
[INFO] [stderr]    Compiling syn v1.0.109
[INFO] [stderr]     Checking futures-io v0.3.34
[INFO] [stderr]    Compiling serde_json v1.0.151
[INFO] [stderr]    Compiling zmij v1.0.23
[INFO] [stderr]    Compiling toml_writer v1.1.2+spec-1.1.0
[INFO] [stderr]    Compiling ctor-proc-macro v0.0.7
[INFO] [stderr]    Compiling phf_generator v0.13.1
[INFO] [stderr]     Checking futures-channel v0.3.34
[INFO] [stderr]    Compiling log v0.4.33
[INFO] [stderr]    Compiling tendril v0.5.1
[INFO] [stderr]    Compiling aho-corasick v1.1.5
[INFO] [stderr]    Compiling indexmap v1.9.3
[INFO] [stderr]    Compiling phf_codegen v0.13.1
[INFO] [stderr]    Compiling camino v1.2.5
[INFO] [stderr]    Compiling regex-syntax v0.8.11
[INFO] [stderr]    Compiling alloc-stdlib v0.2.4
[INFO] [stderr]    Compiling servo_arc v0.4.3
[INFO] [stderr]    Compiling powerfmt v0.2.0
[INFO] [stderr]    Compiling selectors v0.36.1
[INFO] [stderr]    Compiling bitflags v2.13.1
[INFO] [stderr]    Compiling deranged v0.5.8
[INFO] [stderr]    Compiling rustc-hash v2.1.3
[INFO] [stderr]    Compiling bit-vec v0.8.0
[INFO] [stderr]    Compiling brotli-decompressor v5.0.3
[INFO] [stderr]    Compiling quick-xml v0.41.0
[INFO] [stderr]    Compiling syn v3.0.3
[INFO] [stderr]    Compiling syn v2.0.119
[INFO] [stderr]    Compiling string_cache_codegen v0.6.1
[INFO] [stderr]    Compiling proc-macro-error-attr v1.0.4
[INFO] [stderr]    Compiling bit-set v0.8.0
[INFO] [stderr]    Compiling bytes v1.12.1
[INFO] [stderr]    Compiling foldhash v0.2.0
[INFO] [stderr]    Compiling proc-macro-error v1.0.4
[INFO] [stderr]    Compiling base64 v0.22.1
[INFO] [stderr]    Compiling ctor v0.8.0
[INFO] [stderr]    Compiling glob v0.3.4
[INFO] [stderr]    Compiling web_atoms v0.2.6
[INFO] [stderr]    Compiling jobserver v0.1.35
[INFO] [stderr]    Compiling toml_parser v1.1.3+spec-1.1.0
[INFO] [stderr]    Compiling parking_lot_core v0.9.12
[INFO] [stderr]    Compiling parking_lot v0.12.5
[INFO] [stderr]    Compiling getrandom v0.4.3
[INFO] [stderr]    Compiling cc v1.4.3
[INFO] [stderr]    Compiling string_cache v0.9.0
[INFO] [stderr]    Compiling http v1.5.0
[INFO] [stderr]    Compiling brotli v8.0.4
[INFO] [stderr]    Compiling crossbeam-utils v0.8.22
[INFO] [stderr]    Compiling memoffset v0.9.1
[INFO] [stderr]    Compiling zstd-safe v7.2.4
[INFO] [stderr]    Compiling gtk v0.18.2
[INFO] [stderr]    Compiling dirs-sys v0.5.0
[INFO] [stderr]    Compiling time v0.3.55
[INFO] [stderr]    Compiling spacemapper-core v0.1.0 (/opt/rustwide/workdir/crates/spacemapper-core)
[INFO] [stderr]    Compiling dirs v6.0.0
[INFO] [stderr]     Checking roxmltree v0.20.0
[INFO] [stderr]    Compiling x11 v2.21.0
[INFO] [stderr]    Compiling time-macros v0.2.32
[INFO] [stderr]    Compiling typenum v1.20.1
[INFO] [stderr]    Compiling simd-adler32 v0.3.10
[INFO] [stderr]    Compiling regex-automata v0.4.18
[INFO] [stderr]     Checking uuid v1.24.1
[INFO] [stderr]    Compiling miniz_oxide v0.8.9
[INFO] [stderr]    Compiling semver v1.0.28
[INFO] [stderr]    Compiling toml_datetime v1.1.1+spec-1.1.0
[INFO] [stderr]    Compiling serde_spanned v1.1.1
[INFO] [stderr]    Compiling rustc_version v0.4.1
[INFO] [stderr]    Compiling toml v1.1.4+spec-1.1.0
[INFO] [stderr]    Compiling erased-serde v0.4.10
[INFO] [stderr]    Compiling zstd-sys v2.0.16+zstd.1.5.7
[INFO] [stderr]    Compiling field-offset v0.3.6
[INFO] [stderr]    Compiling cfb v0.7.3
[INFO] [stderr]    Compiling toml_datetime v0.7.5+spec-1.1.0
[INFO] [stderr]    Compiling generic-array v0.14.7
[INFO] [stderr]    Compiling toml v0.9.12+spec-1.1.0
[INFO] [stderr]    Compiling x11-dl v2.21.0
[INFO] [stderr]    Compiling serde-untagged v0.1.9
[INFO] [stderr]    Compiling infer v0.19.0
[INFO] [stderr]    Compiling libdbus-sys v0.2.7
[INFO] [stderr]    Compiling embed-resource v3.0.11
[INFO] [stderr]    Compiling cookie v0.18.2
[INFO] [stderr]     Checking raw-window-handle v0.6.2
[INFO] [stderr]    Compiling tauri-winres v0.3.6
[INFO] [stderr]    Compiling crypto-common v0.1.7
[INFO] [stderr]    Compiling block-buffer v0.10.4
[INFO] [stderr]    Compiling flate2 v1.1.9
[INFO] [stderr]     Checking unic-ucd-ident v0.9.0
[INFO] [stderr]    Compiling fdeflate v0.3.7
[INFO] [stderr]     Checking crossbeam-channel v0.5.16
[INFO] [stderr]    Compiling regex v1.13.1
[INFO] [stderr]    Compiling png v0.17.16
[INFO] [stderr]    Compiling digest v0.10.7
[INFO] [stderr]    Compiling synstructure v0.13.2
[INFO] [stderr]    Compiling darling_core v0.23.0
[INFO] [stderr]    Compiling serde_derive_internals v0.29.1
[INFO] [stderr]    Compiling toml_edit v0.25.13+spec-1.1.0
[INFO] [stderr]    Compiling wry v0.55.1
[INFO] [stderr]     Checking unicode-segmentation v1.13.3
[INFO] [stderr]    Compiling tauri-runtime v2.11.3
[INFO] [stderr]     Checking dunce v1.0.5
[INFO] [stderr]    Compiling sha2 v0.10.9
[INFO] [stderr]     Checking dbus v0.9.12
[INFO] [stderr]    Compiling ico v0.5.0
[INFO] [stderr]     Checking concurrent-queue v2.5.0
[INFO] [stderr]     Checking event-listener v5.4.2
[INFO] [stderr]    Compiling proc-macro-crate v3.5.0
[INFO] [stderr]    Compiling tauri-runtime-wry v2.11.4
[INFO] [stderr]    Compiling getrandom v0.3.4
[INFO] [stderr]     Checking event-listener-strategy v0.5.4
[INFO] [stderr]    Compiling serde_derive v1.0.229
[INFO] [stderr]    Compiling zerovec-derive v0.11.5
[INFO] [stderr]    Compiling displaydoc v0.2.7
[INFO] [stderr]    Compiling thiserror-impl v2.0.20
[INFO] [stderr]    Compiling futures-macro v0.3.34
[INFO] [stderr]     Checking png v0.18.1
[INFO] [stderr]    Compiling serde_repr v0.1.21
[INFO] [stderr]     Checking futures-lite v2.6.1
[INFO] [stderr]     Checking linux-raw-sys v0.12.1
[INFO] [stderr]     Checking tokio v1.53.1
[INFO] [stderr]    Compiling zerofrom-derive v0.1.7
[INFO] [stderr]    Compiling yoke-derive v0.8.2
[INFO] [stderr]    Compiling thiserror-impl v1.0.69
[INFO] [stderr]    Compiling phf_macros v0.13.1
[INFO] [stderr]     Checking futures-util v0.3.34
[INFO] [stderr]    Compiling cssparser-macros v0.6.1
[INFO] [stderr]    Compiling derive_more-impl v2.1.1
[INFO] [stderr]    Compiling schemars_derive v0.8.22
[INFO] [stderr]     Checking thiserror v2.0.20
[INFO] [stderr]    Compiling tracing-attributes v0.1.31
[INFO] [stderr]    Compiling enumflags2_derive v0.7.12
[INFO] [stderr]    Compiling phf v0.13.1
[INFO] [stderr]    Compiling cssparser v0.36.0
[INFO] [stderr]     Checking thiserror v1.0.69
[INFO] [stderr]    Compiling zerofrom v0.1.8
[INFO] [stderr]    Compiling darling_macro v0.23.0
[INFO] [stderr]    Compiling dlopen2_derive v0.4.3
[INFO] [stderr]     Checking yoke v0.8.3
[INFO] [stderr]    Compiling derive_more v2.1.1
[INFO] [stderr]    Compiling serialize-to-javascript-impl v0.1.2
[INFO] [stderr]     Checking rustix v1.1.4
[INFO] [stderr]    Compiling darling v0.23.0
[INFO] [stderr]    Compiling zerovec v0.11.7
[INFO] [stderr]    Compiling zerotrie v0.2.5
[INFO] [stderr]    Compiling serde_with_macros v3.22.0
[INFO] [stderr]    Compiling markup5ever v0.38.0
[INFO] [stderr]    Compiling html5ever v0.38.0
[INFO] [stderr]     Checking dlopen2 v0.8.2
[INFO] [stderr]    Compiling async-io v2.6.0
[INFO] [stderr]     Checking heck v0.5.0
[INFO] [stderr]    Compiling tinystr v0.8.4
[INFO] [stderr]    Compiling potential_utf v0.1.6
[INFO] [stderr]    Compiling endi v1.1.1
[INFO] [stderr]    Compiling icu_collections v2.3.0
[INFO] [stderr]    Compiling icu_locale_core v2.3.0
[INFO] [stderr]     Checking tracing v0.1.44
[INFO] [stderr]     Checking async-task v4.7.1
[INFO] [stderr]     Checking async-channel v2.5.0
[INFO] [stderr]     Checking quick-xml v0.37.5
[INFO] [stderr]     Checking piper v0.2.5
[INFO] [stderr]     Checking async-lock v3.4.2
[INFO] [stderr]     Checking is-docker v0.2.0
[INFO] [stderr]    Compiling rfd v0.16.0
[INFO] [stderr]     Checking is-wsl v0.4.0
[INFO] [stderr]    Compiling serde_with v3.22.0
[INFO] [stderr]     Checking blocking v1.6.2
[INFO] [stderr]     Checking async-executor v1.14.0
[INFO] [stderr]     Checking icu_provider v2.3.0
[INFO] [stderr]     Checking futures-executor v0.3.34
[INFO] [stderr]    Compiling async-recursion v1.1.1
[INFO] [stderr]     Checking async-broadcast v0.7.2
[INFO] [stderr]    Compiling async-trait v0.1.92
[INFO] [stderr]     Checking icu_properties v2.3.0
[INFO] [stderr]     Checking icu_normalizer v2.3.0
[INFO] [stderr]     Checking ordered-stream v0.2.0
[INFO] [stderr]     Checking open v5.4.1
[INFO] [stderr]    Compiling dom_query v0.27.0
[INFO] [stderr]     Checking dpi v0.1.2
[INFO] [stderr]    Compiling toml_datetime v0.6.3
[INFO] [stderr]    Compiling serde_spanned v0.6.9
[INFO] [stderr]    Compiling toml_edit v0.20.2
[INFO] [stderr]    Compiling cargo-platform v0.1.9
[INFO] [stderr]    Compiling jsonptr v0.6.3
[INFO] [stderr]    Compiling cargo_metadata v0.19.2
[INFO] [stderr]    Compiling idna_adapter v1.2.2
[INFO] [stderr]    Compiling plist v1.10.0
[INFO] [stderr]    Compiling toml_edit v0.19.15
[INFO] [stderr]    Compiling idna v1.1.0
[INFO] [stderr]    Compiling json-patch v3.0.1
[INFO] [stderr]    Compiling cargo_toml v0.22.3
[INFO] [stderr]    Compiling zvariant_utils v4.2.0
[INFO] [stderr]     Checking keyboard-types v0.7.0
[INFO] [stderr]    Compiling url v2.5.8
[INFO] [stderr]     Checking serialize-to-javascript v0.1.2
[INFO] [stderr]    Compiling enumflags2 v0.7.12
[INFO] [stderr]    Compiling zcheapstr v1.1.0
[INFO] [stderr]     Checking zstd v0.13.3
[INFO] [stderr]    Compiling zvariant_derive v5.15.0
[INFO] [stderr]    Compiling toml v0.8.2
[INFO] [stderr]    Compiling proc-macro-crate v2.0.2
[INFO] [stderr]     Checking urlpattern v0.3.0
[INFO] [stderr]    Compiling schemars v0.8.22
[INFO] [stderr]    Compiling zvariant v5.15.0
[INFO] [stderr]    Compiling system-deps v6.2.2
[INFO] [stderr]    Compiling glib-macros v0.18.5
[INFO] [stderr]    Compiling proc-macro-crate v1.3.1
[INFO] [stderr]     Checking tauri-utils v2.9.3
[INFO] [stderr]     Checking polling v3.11.0
[INFO] [stdout] warning: constant `INSTALL_SUFFIXES` is never used
[INFO] [stdout]   --> crates/spacemapper-core/src/install.rs:27:7
[INFO] [stdout]    |
[INFO] [stdout] 27 | const INSTALL_SUFFIXES: [&[&str]; 2] = [
[INFO] [stdout]    |       ^^^^^^^^^^^^^^^^
[INFO] [stdout]    |
[INFO] [stdout]    = note: `#[warn(dead_code)]` (part of `#[warn(unused)]`) on by default
[INFO] [stdout] 
[INFO] [stdout] 
[INFO] [stderr]     Checking spacemapper-edit v0.1.0 (/opt/rustwide/workdir/crates/spacemapper-edit)
[INFO] [stdout] error[E0432]: unresolved import `spacemapper_core::device::capture`
[INFO] [stdout]   --> crates/spacemapper-core/examples/capture_smoke.rs:12:32
[INFO] [stdout]    |
[INFO] [stdout] 12 | use spacemapper_core::device::{capture::CaptureSession, DeviceEnumerator};
[INFO] [stdout]    |                                ^^^^^^^ could not find `capture` in `device`
[INFO] [stdout]    |
[INFO] [stdout] note: found an item that was configured out
[INFO] [stdout]   --> crates/spacemapper-core/src/device/mod.rs:15:9
[INFO] [stdout]    |
[INFO] [stdout] 14 | #[cfg(windows)]
[INFO] [stdout]    |       ------- the item is gated here
[INFO] [stdout] 15 | pub mod capture;
[INFO] [stdout]    |         ^^^^^^^
[INFO] [stdout] 
[INFO] [stdout] 
[INFO] [stdout] error[E0433]: cannot find `directinput` in `device`
[INFO] [stdout]   --> crates/spacemapper-core/examples/capture_smoke.rs:17:41
[INFO] [stdout]    |
[INFO] [stdout] 17 |         match spacemapper_core::device::directinput::DirectInputEnumerator::new().enumerate() {
[INFO] [stdout]    |                                         ^^^^^^^^^^^ could not find `directinput` in `device`
[INFO] [stdout]    |
[INFO] [stdout] note: found an item that was configured out
[INFO] [stdout]   --> crates/spacemapper-core/src/device/mod.rs:18:9
[INFO] [stdout]    |
[INFO] [stdout] 17 | #[cfg(windows)]
[INFO] [stdout]    |       ------- the item is gated here
[INFO] [stdout] 18 | pub mod directinput;
[INFO] [stdout]    |         ^^^^^^^^^^^
[INFO] [stdout] 
[INFO] [stdout] 
[INFO] [stdout] warning: method call on a diverging inference variable
[INFO] [stdout]   --> crates/spacemapper-core/examples/capture_smoke.rs:25:16
[INFO] [stdout]    |
[INFO] [stdout] 25 |     if devices.is_empty() {
[INFO] [stdout]    |                ^^^^^^^^
[INFO] [stdout]    |
[INFO] [stdout]    = help: consider providing a type annotation
[INFO] [stdout]    = warning: this was previously accepted by the compiler but is being phased out; it will become a hard error in a future release!
[INFO] [stdout]    = note: for more information, see issue #156047 <https://github.com/rust-lang/rust/issues/156047>
[INFO] [stdout]    = note: `#[warn(method_call_on_diverging_infer_var)]` (part of `#[warn(future_incompatible)]`) on by default
[INFO] [stdout] 
[INFO] [stdout] 
[INFO] [stdout] error[E0599]: no method named `is_empty` found for type `!` in the current scope
[INFO] [stdout]   --> crates/spacemapper-core/examples/capture_smoke.rs:25:16
[INFO] [stdout]    |
[INFO] [stdout] 25 |     if devices.is_empty() {
[INFO] [stdout]    |                ^^^^^^^^ method not found in `!`
[INFO] [stdout] 
[INFO] [stdout] 
[INFO] [stdout] error[E0277]: `&!` is not an iterator
[INFO] [stdout]   --> crates/spacemapper-core/examples/capture_smoke.rs:34:19
[INFO] [stdout]    |
[INFO] [stdout] 34 |     for device in &devices {
[INFO] [stdout]    |                   ^^^^^^^^ `&!` is not an iterator
[INFO] [stdout]    |
[INFO] [stdout]    = help: the trait `Iterator` is not implemented for `&!`
[INFO] [stdout]    = note: required for `&!` to implement `IntoIterator`
[INFO] [stdout] 
[INFO] [stdout] 
[INFO] [stderr]     Checking async-signal v0.2.14
[INFO] [stdout] Some errors have detailed explanations: E0277, E0432, E0433, E0599.
[INFO] [stdout] 
[INFO] [stdout] For more information about an error, try `rustc --explain E0277`.
[INFO] [stdout] 
[INFO] [stderr]    Compiling glib-sys v0.18.1
[INFO] [stderr]    Compiling gobject-sys v0.18.0
[INFO] [stderr] error: could not compile `spacemapper-core` (example "capture_smoke") due to 4 previous errors; 2 warnings emitted
[INFO] [stderr] warning: build failed, waiting for other jobs to finish...
[INFO] [stdout] warning: constant `INSTALL_SUFFIXES` is never used
[INFO] [stdout]   --> crates/spacemapper-core/src/install.rs:27:7
[INFO] [stdout]    |
[INFO] [stdout] 27 | const INSTALL_SUFFIXES: [&[&str]; 2] = [
[INFO] [stdout]    |       ^^^^^^^^^^^^^^^^
[INFO] [stdout]    |
[INFO] [stdout]    = note: `#[warn(dead_code)]` (part of `#[warn(unused)]`) on by default
[INFO] [stdout] 
[INFO] [stdout] 
[INFO] running `Command { std: "docker" "inspect" "9bb0e6c6e08d06fa9f55615b304abd74e0123edc8596990b7883360ce841b87b", kill_on_drop: false }`
[INFO] running `Command { std: "docker" "rm" "-f" "9bb0e6c6e08d06fa9f55615b304abd74e0123edc8596990b7883360ce841b87b", kill_on_drop: false }`
[INFO] [stdout] 9bb0e6c6e08d06fa9f55615b304abd74e0123edc8596990b7883360ce841b87b
