[INFO] cloning repository https://github.com/BerkeOruc/monamc
[INFO] running `Command { std: "git" "-c" "credential.helper=" "-c" "credential.helper=/workspace/cargo-home/bin/git-credential-null" "clone" "--bare" "https://github.com/BerkeOruc/monamc" "/workspace/cache/git-repos/https%3A%2F%2Fgithub.com%2FBerkeOruc%2Fmonamc", kill_on_drop: false }`
[INFO] [stderr] Cloning into bare repository '/workspace/cache/git-repos/https%3A%2F%2Fgithub.com%2FBerkeOruc%2Fmonamc'...
[INFO] running `Command { std: "git" "rev-parse" "HEAD", kill_on_drop: false }`
[INFO] [stdout] edd523796c1da987c6cf5e731e201d3e26dd1add
[INFO] checking BerkeOruc/monamc against 3154cc1a3e6424e44f438a95007d043ed5ceaaf6 for pr-133502-30
[INFO] running `Command { std: "git" "clone" "/workspace/cache/git-repos/https%3A%2F%2Fgithub.com%2FBerkeOruc%2Fmonamc" "/workspace/builds/worker-7-tc2/source", kill_on_drop: false }`
[INFO] [stderr] Cloning into '/workspace/builds/worker-7-tc2/source'...
[INFO] [stderr] done.
[INFO] started tweaking git repo https://github.com/BerkeOruc/monamc
[INFO] finished tweaking git repo https://github.com/BerkeOruc/monamc
[INFO] tweaked toml for git repo https://github.com/BerkeOruc/monamc written to /workspace/builds/worker-7-tc2/source/Cargo.toml
[INFO] validating manifest of git repo https://github.com/BerkeOruc/monamc on toolchain 3154cc1a3e6424e44f438a95007d043ed5ceaaf6
[INFO] running `Command { std: CARGO_HOME="/workspace/cargo-home" RUSTUP_HOME="/workspace/rustup-home" "/workspace/cargo-home/bin/cargo" "+3154cc1a3e6424e44f438a95007d043ed5ceaaf6" "metadata" "--manifest-path" "Cargo.toml" "--no-deps", kill_on_drop: false }`
[INFO] crate git repo https://github.com/BerkeOruc/monamc already has a lockfile, it will not be regenerated
[INFO] running `Command { std: CARGO_HOME="/workspace/cargo-home" RUSTUP_HOME="/workspace/rustup-home" "/workspace/cargo-home/bin/cargo" "+3154cc1a3e6424e44f438a95007d043ed5ceaaf6" "fetch" "--manifest-path" "Cargo.toml", kill_on_drop: false }`
[INFO] running `Command { std: "docker" "create" "-v" "/var/lib/crater-agent-workspace/builds/worker-7-tc2/source:/opt/rustwide/workdir:ro,Z" "-v" "/var/lib/crater-agent-workspace/builds/worker-7-tc2/target:/opt/rustwide/target:rw,Z" "-v" "/var/lib/crater-agent-workspace/cargo-home:/opt/rustwide/cargo-home:ro,Z" "-v" "/var/lib/crater-agent-workspace/rustup-home:/opt/rustwide/rustup-home:ro,Z" "-m" "1610612736" "--network" "none" "ghcr.io/rust-lang/crates-build-env/linux@sha256:77db811e55d90add9212f6832c23229e3de5f1c1f9905e8cb07319ea15df73ac" "sleep" "infinity", kill_on_drop: false }`
[INFO] [stdout] 45788358f10bccddc04517667ba22da502d18979432b77074be4f3936b7af9c7
[INFO] running `Command { std: "docker" "start" "45788358f10bccddc04517667ba22da502d18979432b77074be4f3936b7af9c7", kill_on_drop: false }`
[INFO] running `Command { std: "docker" "inspect" "45788358f10bccddc04517667ba22da502d18979432b77074be4f3936b7af9c7", kill_on_drop: false }`
[INFO] running `Command { std: "docker" "exec" "-e" "SOURCE_DIR=/opt/rustwide/workdir" "-e" "CARGO_HOME=/opt/rustwide/cargo-home" "-e" "RUSTUP_HOME=/opt/rustwide/rustup-home" "-e" "CARGO_TARGET_DIR=/opt/rustwide/target" "-w" "/opt/rustwide/workdir" "--user" "0:0" "45788358f10bccddc04517667ba22da502d18979432b77074be4f3936b7af9c7" "/opt/rustwide/cargo-home/bin/cargo" "+3154cc1a3e6424e44f438a95007d043ed5ceaaf6" "metadata" "--no-deps" "--format-version=1", kill_on_drop: false }`
[INFO] running `Command { std: "docker" "inspect" "45788358f10bccddc04517667ba22da502d18979432b77074be4f3936b7af9c7", kill_on_drop: false }`
[INFO] running `Command { std: "docker" "exec" "-e" "SOURCE_DIR=/opt/rustwide/workdir" "-e" "CARGO_HOME=/opt/rustwide/cargo-home" "-e" "RUSTUP_HOME=/opt/rustwide/rustup-home" "-e" "CARGO_TARGET_DIR=/opt/rustwide/target" "-e" "CARGO_INCREMENTAL=0" "-e" "RUST_BACKTRACE=full" "-e" "RUSTFLAGS=--cap-lints=forbid" "-e" "RUSTDOCFLAGS=--cap-lints=forbid" "-w" "/opt/rustwide/workdir" "--user" "0:0" "45788358f10bccddc04517667ba22da502d18979432b77074be4f3936b7af9c7" "/opt/rustwide/cargo-home/bin/cargo" "+3154cc1a3e6424e44f438a95007d043ed5ceaaf6" "check" "--frozen" "--all" "--all-targets" "--message-format=json", kill_on_drop: false }`
[INFO] [stderr]    Compiling proc-macro2 v1.0.107
[INFO] [stderr]    Compiling quote v1.0.47
[INFO] [stderr]    Compiling unicode-ident v1.0.24
[INFO] [stderr]    Compiling libc v0.2.189
[INFO] [stderr]     Checking cfg-if v1.0.4
[INFO] [stderr]    Compiling version_check v0.9.5
[INFO] [stderr]     Checking smallvec v1.15.2
[INFO] [stderr]     Checking log v0.4.33
[INFO] [stderr]    Compiling serde v1.0.229
[INFO] [stderr]     Checking stable_deref_trait v1.2.1
[INFO] [stderr]     Checking pin-project-lite v0.2.17
[INFO] [stderr]    Compiling rustversion v1.0.23
[INFO] [stderr]    Compiling parking_lot_core v0.9.12
[INFO] [stderr]     Checking futures-core v0.3.33
[INFO] [stderr]    Compiling generic-array v0.14.7
[INFO] [stderr]     Checking scopeguard v1.2.0
[INFO] [stderr]    Compiling serde_core v1.0.229
[INFO] [stderr]     Checking typenum v1.20.1
[INFO] [stderr]     Checking once_cell v1.21.4
[INFO] [stderr]     Checking lock_api v0.4.14
[INFO] [stderr]     Checking itoa v1.0.18
[INFO] [stderr]    Compiling memchr v2.8.3
[INFO] [stderr]     Checking bytes v1.12.1
[INFO] [stderr]     Checking tracing-core v0.1.36
[INFO] [stderr]    Compiling crossbeam-utils v0.8.22
[INFO] [stderr]    Compiling syn v2.0.119
[INFO] [stderr]    Compiling syn v3.0.3
[INFO] [stderr]     Checking equivalent v1.0.2
[INFO] [stderr]    Compiling zerocopy v0.8.55
[INFO] [stderr]     Checking bitflags v2.13.1
[INFO] [stderr]    Compiling shlex v2.0.1
[INFO] [stderr]    Compiling find-msvc-tools v0.1.9
[INFO] [stderr]    Compiling aho-corasick v1.1.4
[INFO] [stderr]     Checking errno v0.3.14
[INFO] [stderr]     Checking signal-hook-registry v1.4.8
[INFO] [stderr]     Checking getrandom v0.2.17
[INFO] [stderr]     Checking rand_core v0.6.4
[INFO] [stderr]     Checking mio v1.2.2
[INFO] [stderr]     Checking parking_lot v0.12.5
[INFO] [stderr]     Checking socket2 v0.6.5
[INFO] [stderr]    Compiling cc v1.4.0
[INFO] [stderr]     Checking crypto-common v0.1.7
[INFO] [stderr]    Compiling vcpkg v0.2.15
[INFO] [stderr]    Compiling autocfg v1.5.1
[INFO] [stderr]    Compiling crossbeam-epoch v0.9.20
[INFO] [stderr]    Compiling regex-syntax v0.8.11
[INFO] [stderr]    Compiling zmij v1.0.23
[INFO] [stderr]    Compiling pkg-config v0.3.33
[INFO] [stderr]    Compiling num-traits v0.2.19
[INFO] [stderr]     Checking litemap v0.8.2
[INFO] [stderr]     Checking writeable v0.6.3
[INFO] [stderr]    Compiling crossbeam-deque v0.8.7
[INFO] [stderr]    Compiling openssl-sys v0.9.117
[INFO] [stderr]     Checking http v1.4.2
[INFO] [stderr]    Compiling bstr v1.13.0
[INFO] [stderr]     Checking hashbrown v0.17.1
[INFO] [stderr]    Compiling same-file v1.0.6
[INFO] [stderr]     Checking slab v0.4.12
[INFO] [stderr]    Compiling icu_normalizer_data v2.2.0
[INFO] [stderr]     Checking utf8_iter v1.0.4
[INFO] [stderr]    Compiling icu_properties_data v2.2.0
[INFO] [stderr]    Compiling walkdir v2.5.0
[INFO] [stderr]    Compiling getrandom v0.3.4
[INFO] [stderr]     Checking indexmap v2.14.0
[INFO] [stderr]    Compiling serde_json v1.0.151
[INFO] [stderr]     Checking simd-adler32 v0.3.10
[INFO] [stderr]     Checking percent-encoding v2.3.2
[INFO] [stderr]     Checking http-body v1.1.0
[INFO] [stderr]    Compiling ahash v0.8.12
[INFO] [stderr]    Compiling openssl v0.10.81
[INFO] [stderr]    Compiling regex-automata v0.4.16
[INFO] [stderr]    Compiling httparse v1.10.1
[INFO] [stderr]     Checking futures-sink v0.3.33
[INFO] [stderr]     Checking futures-task v0.3.33
[INFO] [stderr]     Checking adler2 v2.0.1
[INFO] [stderr]    Compiling bitflags v1.3.2
[INFO] [stderr]     Checking foreign-types-shared v0.1.1
[INFO] [stderr]     Checking foreign-types v0.3.2
[INFO] [stderr]     Checking miniz_oxide v0.8.9
[INFO] [stderr]     Checking futures-util v0.3.33
[INFO] [stderr]    Compiling encoding_rs v0.8.35
[INFO] [stderr]    Compiling serde_derive v1.0.229
[INFO] [stderr]    Compiling synstructure v0.13.2
[INFO] [stderr]    Compiling native-tls v0.2.18
[INFO] [stderr]     Checking cpufeatures v0.2.17
[INFO] [stderr]     Checking fnv v1.0.7
[INFO] [stderr]     Checking atomic-waker v1.1.2
[INFO] [stderr]     Checking try-lock v0.2.5
[INFO] [stderr]    Compiling toml_write v0.1.2
[INFO] [stderr]    Compiling globset v0.4.19
[INFO] [stderr]     Checking tower-service v0.3.3
[INFO] [stderr]    Compiling strsim v0.11.1
[INFO] [stderr]    Compiling ident_case v1.0.1
[INFO] [stderr]    Compiling zerofrom-derive v0.1.7
[INFO] [stderr]    Compiling yoke-derive v0.8.2
[INFO] [stderr]    Compiling zerovec-derive v0.11.3
[INFO] [stderr]    Compiling displaydoc v0.2.6
[INFO] [stderr]    Compiling tokio-macros v2.7.1
[INFO] [stderr]    Compiling tracing-attributes v0.1.31
[INFO] [stderr]     Checking tokio v1.53.1
[INFO] [stderr]    Compiling ignore v0.4.31
[INFO] [stderr]    Compiling openssl-macros v0.1.1
[INFO] [stderr]    Compiling crc32fast v1.5.0
[INFO] [stderr]    Compiling signal-hook v0.3.18
[INFO] [stderr]    Compiling winnow v0.7.15
[INFO] [stderr]    Compiling unicode-width v0.2.2
[INFO] [stderr]     Checking zerofrom v0.1.8
[INFO] [stderr]    Compiling anstyle v1.0.14
[INFO] [stderr]     Checking yoke v0.8.3
[INFO] [stderr]     Checking lazy_static v1.5.0
[INFO] [stderr]     Checking zerovec v0.11.6
[INFO] [stderr]     Checking zerotrie v0.2.4
[INFO] [stderr]    Compiling globwalk v0.8.1
[INFO] [stderr]     Checking tracing v0.1.44
[INFO] [stderr]     Checking tinystr v0.8.3
[INFO] [stderr]     Checking potential_utf v0.1.5
[INFO] [stderr]     Checking icu_collections v2.2.0
[INFO] [stderr]     Checking icu_locale_core v2.2.0
[INFO] [stderr]    Compiling arraydeque v0.5.1
[INFO] [stderr]     Checking sharded-slab v0.1.7
[INFO] [stderr]    Compiling serde_spanned v0.6.9
[INFO] [stderr]    Compiling toml_datetime v0.6.11
[INFO] [stderr]    Compiling granit-parser v0.0.7
[INFO] [stderr]    Compiling annotate-snippets v0.12.16
[INFO] [stderr]     Checking matchers v0.2.0
[INFO] [stderr]     Checking icu_provider v2.2.0
[INFO] [stderr]    Compiling darling_core v0.23.0
[INFO] [stderr]     Checking icu_properties v2.2.0
[INFO] [stderr]     Checking icu_normalizer v2.2.0
[INFO] [stderr]    Compiling toml_edit v0.22.27
[INFO] [stderr]     Checking want v0.3.1
[INFO] [stderr]    Compiling encoding_rs_io v0.1.7
[INFO] [stderr]     Checking form_urlencoded v1.2.2
[INFO] [stderr]     Checking inout v0.1.4
[INFO] [stderr]     Checking tracing-log v0.2.0
[INFO] [stderr]    Compiling arc-swap v1.9.2
[INFO] [stderr]     Checking futures-channel v0.3.33
[INFO] [stderr]     Checking thread_local v1.1.10
[INFO] [stderr]    Compiling rustix v0.38.44
[INFO] [stderr]    Compiling object v0.37.3
[INFO] [stderr]     Checking idna_adapter v1.2.2
[INFO] [stderr]     Checking openssl-probe v0.2.1
[INFO] [stderr]     Checking subtle v2.6.1
[INFO] [stderr]    Compiling either v1.17.0
[INFO] [stderr]    Compiling nohash-hasher v0.2.0
[INFO] [stderr]    Compiling owo-colors v4.3.0
[INFO] [stderr]     Checking nu-ansi-term v0.50.3
[INFO] [stderr]     Checking ryu v1.0.23
[INFO] [stderr]    Compiling base64 v0.22.1
[INFO] [stderr]     Checking tracing-subscriber v0.3.23
[INFO] [stderr]    Compiling triomphe v0.1.16
[INFO] [stderr]    Compiling serde-saphyr v0.0.29
[INFO] [stderr]    Compiling itertools v0.11.0
[INFO] [stderr]     Checking tokio-util v0.7.19
[INFO] [stderr]    Compiling toml v0.8.23
[INFO] [stderr]    Compiling darling_macro v0.23.0
[INFO] [stderr]     Checking h2 v0.4.15
[INFO] [stderr]     Checking universal-hash v0.5.1
[INFO] [stderr]     Checking idna v1.1.0
[INFO] [stderr]     Checking cipher v0.4.4
[INFO] [stderr]    Compiling regex v1.13.1
[INFO] [stderr]     Checking sync_wrapper v1.0.2
[INFO] [stderr]    Compiling eyre v0.6.12
[INFO] [stderr]    Compiling siphasher v1.0.3
[INFO] [stderr]     Checking gimli v0.32.3
[INFO] [stderr]    Compiling paste v1.0.15
[INFO] [stderr]     Checking linux-raw-sys v0.4.15
[INFO] [stderr]    Compiling normpath v1.5.1
[INFO] [stderr]     Checking opaque-debug v0.3.1
[INFO] [stderr]     Checking foldhash v0.1.5
[INFO] [stderr]    Compiling instability v0.3.12
[INFO] [stderr]     Checking ipnet v2.12.0
[INFO] [stderr]    Compiling heck v0.5.0
[INFO] [stderr]    Compiling getrandom v0.4.3
[INFO] [stderr]     Checking allocator-api2 v0.2.21
[INFO] [stderr]    Compiling base62 v2.2.4
[INFO] [stderr]    Compiling color-spantrace v0.3.0
[INFO] [stderr]     Checking tower-layer v0.3.3
[INFO] [stderr]    Compiling rust-i18n-support v4.2.1
[INFO] [stderr]     Checking tower v0.5.3
[INFO] [stderr]    Compiling strum_macros v0.26.4
[INFO] [stderr]     Checking hashbrown v0.15.5
[INFO] [stderr]     Checking itertools v0.13.0
[INFO] [stderr]     Checking polyval v0.6.2
[INFO] [stderr]    Compiling rust-i18n v4.2.1
[INFO] [stderr]     Checking signal-hook-mio v0.2.5
[INFO] [stderr]     Checking url v2.5.8
[INFO] [stderr]     Checking flate2 v1.1.9
[INFO] [stderr]     Checking hyper v1.11.0
[INFO] [stderr]     Checking addr2line v0.25.1
[INFO] [stderr]    Compiling darling v0.23.0
[INFO] [stderr]     Checking tokio-native-tls v0.3.1
[INFO] [stderr]     Checking tracing-error v0.2.1
[INFO] [stderr]     Checking http-body-util v0.1.4
[INFO] [stderr]     Checking fdeflate v0.3.7
[INFO] [stderr]     Checking block-buffer v0.10.4
[INFO] [stderr]     Checking castaway v0.2.4
[INFO] [stderr]    Compiling indoc v2.0.7
[INFO] [stderr]     Checking unicode-width v0.1.14
[INFO] [stderr]     Checking hyper-util v0.1.20
[INFO] [stderr]     Checking time-core v0.1.9
[INFO] [stderr]     Checking unicode-segmentation v1.13.3
[INFO] [stderr]    Compiling glob v0.3.4
[INFO] [stderr]     Checking option-ext v0.2.0
[INFO] [stderr]     Checking rustc-demangle v0.1.28
[INFO] [stderr]     Checking indenter v0.3.4
[INFO] [stderr]    Compiling thiserror v2.0.19
[INFO] [stderr]     Checking zeroize v1.9.0
[INFO] [stderr]    Compiling anyhow v1.0.104
[INFO] [stderr]     Checking bytemuck v1.25.2
[INFO] [stderr]     Checking deranged v0.5.8
[INFO] [stderr]     Checking static_assertions v1.1.0
[INFO] [stderr]     Checking num-conv v0.2.2
[INFO] [stderr]     Checking num_threads v0.1.7
[INFO] [stderr]     Checking pxfm v0.1.30
[INFO] [stderr]     Checking powerfmt v0.2.0
[INFO] [stderr]     Checking compact_str v0.8.2
[INFO] [stderr]     Checking rustls-pki-types v1.15.1
[INFO] [stderr]     Checking hyper-tls v0.6.0
[INFO] [stderr]     Checking unicode-truncate v1.1.0
[INFO] [stderr]    Compiling rust-i18n-macro v4.2.1
[INFO] [stderr]     Checking dirs-sys v0.4.1
[INFO] [stderr]     Checking ppv-lite86 v0.2.21
[INFO] [stderr]     Checking time v0.3.54
[INFO] [stderr]     Checking digest v0.10.7
[INFO] [stderr]     Checking rand_chacha v0.3.1
[INFO] [stderr]     Checking png v0.18.1
[INFO] [stderr]     Checking strum v0.26.3
[INFO] [stderr]     Checking tower-http v0.6.11
[INFO] [stderr]     Checking crossterm v0.28.1
[INFO] [stderr]     Checking ghash v0.5.1
[INFO] [stderr]     Checking lru v0.12.5
[INFO] [stderr]     Checking aes v0.8.4
[INFO] [stderr]     Checking ctr v0.9.2
[INFO] [stderr]     Checking serde_urlencoded v0.7.1
[INFO] [stderr]    Compiling thiserror-impl v2.0.19
[INFO] [stderr]     Checking aead v0.5.2
[INFO] [stderr]     Checking moxcms v0.8.1
[INFO] [stderr]     Checking byteorder-lite v0.1.0
[INFO] [stderr]     Checking backtrace v0.3.76
[INFO] [stderr]     Checking cassowary v0.3.0
[INFO] [stderr]     Checking mime v0.3.17
[INFO] [stderr]     Checking aes-gcm v0.10.3
[INFO] [stderr]     Checking uuid v1.24.0
[INFO] [stderr]     Checking ratatui v0.28.1
[INFO] [stderr]     Checking rand v0.8.7
[INFO] [stderr]     Checking color-eyre v0.6.5
[INFO] [stderr]     Checking sha2 v0.10.9
[INFO] [stderr]     Checking directories v5.0.1
[INFO] [stderr]     Checking rgb v0.8.53
[INFO] [stderr]    Compiling async-trait v0.1.91
[INFO] [stderr]     Checking reqwest v0.12.28
[INFO] [stderr]     Checking machine-uid v0.3.0
[INFO] [stderr]     Checking image v0.25.10
[INFO] [stderr]     Checking monamc v0.1.0 (/opt/rustwide/workdir)
[INFO] [stdout] warning: type `InstanceView` is more private than the item `InstancesPane::view`
[INFO] [stdout]   --> src/components/instances.rs:29:5
[INFO] [stdout]    |
[INFO] [stdout] 29 |     pub view: InstanceView,
[INFO] [stdout]    |     ^^^^^^^^^^^^^^^^^^^^^^ field `InstancesPane::view` is reachable at visibility `pub`
[INFO] [stdout]    |
[INFO] [stdout] note: but type `InstanceView` is only usable at visibility `pub(self)`
[INFO] [stdout]   --> src/components/instances.rs:16:1
[INFO] [stdout]    |
[INFO] [stdout] 16 | enum InstanceView {
[INFO] [stdout]    | ^^^^^^^^^^^^^^^^^
[INFO] [stdout]    = note: `#[warn(private_interfaces)]` on by default
[INFO] [stdout] 
[INFO] [stdout] 
[INFO] [stdout] warning: constant `AUTHORS` is never used
[INFO] [stdout]   --> src/components/about.rs:11:7
[INFO] [stdout]    |
[INFO] [stdout] 11 | const AUTHORS: &str = env!("CARGO_PKG_NAME");
[INFO] [stdout]    |       ^^^^^^^
[INFO] [stdout]    |
[INFO] [stdout]    = note: `#[warn(dead_code)]` (part of `#[warn(unused)]`) on by default
[INFO] [stdout] 
[INFO] [stdout] 
[INFO] [stdout] warning: field `size` is never read
[INFO] [stdout]    --> src/launch/mod.rs:223:13
[INFO] [stdout]     |
[INFO] [stdout] 221 |         struct AssetObject {
[INFO] [stdout]     |                ----------- field in this struct
[INFO] [stdout] 222 |             hash: String,
[INFO] [stdout] 223 |             size: u64,
[INFO] [stdout]     |             ^^^^
[INFO] [stdout] 
[INFO] [stdout] 
[INFO] [stdout] warning: struct `ResolvedDep` is never constructed
[INFO] [stdout]   --> src/mods/dependency.rs:10:12
[INFO] [stdout]    |
[INFO] [stdout] 10 | pub struct ResolvedDep {
[INFO] [stdout]    |            ^^^^^^^^^^^
[INFO] [stdout] 
[INFO] [stdout] 
[INFO] [stdout] warning: fields `id` and `name` are never read
[INFO] [stdout]   --> src/skin/api.rs:11:5
[INFO] [stdout]    |
[INFO] [stdout] 10 | struct ProfileResponse {
[INFO] [stdout]    |        --------------- fields in this struct
[INFO] [stdout] 11 |     id: String,
[INFO] [stdout]    |     ^^
[INFO] [stdout] 12 |     name: String,
[INFO] [stdout]    |     ^^^^
[INFO] [stdout]    |
[INFO] [stdout]    = note: `ProfileResponse` has a derived impl for the trait `Debug`, but this is intentionally ignored during dead code analysis
[INFO] [stdout] 
[INFO] [stdout] 
[INFO] [stdout] warning: function `print_skin_preview` is never used
[INFO] [stdout]   --> src/skin/preview.rs:56:8
[INFO] [stdout]    |
[INFO] [stdout] 56 | pub fn print_skin_preview(skin_data: &SkinData, texture: &SkinTexture, scale: u32) {
[INFO] [stdout]    |        ^^^^^^^^^^^^^^^^^^
[INFO] [stdout] 
[INFO] [stdout] 
[INFO] [stdout] warning: type `InstanceView` is more private than the item `InstancesPane::view`
[INFO] [stdout]   --> src/components/instances.rs:29:5
[INFO] [stdout]    |
[INFO] [stdout] 29 |     pub view: InstanceView,
[INFO] [stdout]    |     ^^^^^^^^^^^^^^^^^^^^^^ field `InstancesPane::view` is reachable at visibility `pub`
[INFO] [stdout]    |
[INFO] [stdout] note: but type `InstanceView` is only usable at visibility `pub(self)`
[INFO] [stdout]   --> src/components/instances.rs:16:1
[INFO] [stdout]    |
[INFO] [stdout] 16 | enum InstanceView {
[INFO] [stdout]    | ^^^^^^^^^^^^^^^^^
[INFO] [stdout]    = note: `#[warn(private_interfaces)]` on by default
[INFO] [stdout] 
[INFO] [stdout] 
[INFO] [stdout] warning: constant `AUTHORS` is never used
[INFO] [stdout]   --> src/components/about.rs:11:7
[INFO] [stdout]    |
[INFO] [stdout] 11 | const AUTHORS: &str = env!("CARGO_PKG_NAME");
[INFO] [stdout]    |       ^^^^^^^
[INFO] [stdout]    |
[INFO] [stdout]    = note: `#[warn(dead_code)]` (part of `#[warn(unused)]`) on by default
[INFO] [stdout] 
[INFO] [stdout] 
[INFO] [stdout] warning: field `size` is never read
[INFO] [stdout]    --> src/launch/mod.rs:223:13
[INFO] [stdout]     |
[INFO] [stdout] 221 |         struct AssetObject {
[INFO] [stdout]     |                ----------- field in this struct
[INFO] [stdout] 222 |             hash: String,
[INFO] [stdout] 223 |             size: u64,
[INFO] [stdout]     |             ^^^^
[INFO] [stdout] 
[INFO] [stdout] 
[INFO] [stdout] warning: struct `ResolvedDep` is never constructed
[INFO] [stdout]   --> src/mods/dependency.rs:10:12
[INFO] [stdout]    |
[INFO] [stdout] 10 | pub struct ResolvedDep {
[INFO] [stdout]    |            ^^^^^^^^^^^
[INFO] [stdout] 
[INFO] [stdout] 
[INFO] [stdout] warning: fields `id` and `name` are never read
[INFO] [stdout]   --> src/skin/api.rs:11:5
[INFO] [stdout]    |
[INFO] [stdout] 10 | struct ProfileResponse {
[INFO] [stdout]    |        --------------- fields in this struct
[INFO] [stdout] 11 |     id: String,
[INFO] [stdout]    |     ^^
[INFO] [stdout] 12 |     name: String,
[INFO] [stdout]    |     ^^^^
[INFO] [stdout]    |
[INFO] [stdout]    = note: `ProfileResponse` has a derived impl for the trait `Debug`, but this is intentionally ignored during dead code analysis
[INFO] [stdout] 
[INFO] [stdout] 
[INFO] [stdout] warning: function `print_skin_preview` is never used
[INFO] [stdout]   --> src/skin/preview.rs:56:8
[INFO] [stdout]    |
[INFO] [stdout] 56 | pub fn print_skin_preview(skin_data: &SkinData, texture: &SkinTexture, scale: u32) {
[INFO] [stdout]    |        ^^^^^^^^^^^^^^^^^^
[INFO] [stdout] 
[INFO] [stdout] 
[INFO] [stdout] warning: unused import: `std::path::PathBuf`
[INFO] [stdout]  --> tests/credential_encryption_tests.rs:3:5
[INFO] [stdout]   |
[INFO] [stdout] 3 | use std::path::PathBuf;
[INFO] [stdout]   |     ^^^^^^^^^^^^^^^^^^
[INFO] [stdout]   |
[INFO] [stdout]   = note: `#[warn(unused_imports)]` (part of `#[warn(unused)]`) on by default
[INFO] [stdout] 
[INFO] [stdout] 
[INFO] [stdout] warning: unused import: `std::path::PathBuf`
[INFO] [stdout]   --> tests/credential_encryption_tests.rs:44:9
[INFO] [stdout]    |
[INFO] [stdout] 44 |     use std::path::PathBuf;
[INFO] [stdout]    |         ^^^^^^^^^^^^^^^^^^
[INFO] [stdout] 
[INFO] [stdout] 
[INFO] [stdout] warning: unused import: `std::path::PathBuf`
[INFO] [stdout]  --> tests/dependency_tests.rs:3:5
[INFO] [stdout]   |
[INFO] [stdout] 3 | use std::path::PathBuf;
[INFO] [stdout]   |     ^^^^^^^^^^^^^^^^^^
[INFO] [stdout]   |
[INFO] [stdout]   = note: `#[warn(unused_imports)]` (part of `#[warn(unused)]`) on by default
[INFO] [stdout] 
[INFO] [stdout] 
[INFO] [stdout] warning: unused import: `VersionDownloads`
[INFO] [stdout]  --> tests/launch_engine_tests.rs:5:5
[INFO] [stdout]   |
[INFO] [stdout] 5 |     VersionDownloads, VersionDownloads as VD,
[INFO] [stdout]   |     ^^^^^^^^^^^^^^^^
[INFO] [stdout]   |
[INFO] [stdout]   = note: `#[warn(unused_imports)]` (part of `#[warn(unused)]`) on by default
[INFO] [stdout] 
[INFO] [stdout] 
[INFO] [stdout] warning: unused imports: `SkinData` and `SkinModel`
[INFO] [stdout]  --> tests/launch_engine_tests.rs:9:71
[INFO] [stdout]   |
[INFO] [stdout] 9 |     Account, AppConfig, GcType, InstanceConfig, JavaArgs, LoaderType, SkinData, SkinModel,
[INFO] [stdout]   |                                                                       ^^^^^^^^  ^^^^^^^^^
[INFO] [stdout] 
[INFO] [stdout] 
[INFO] [stdout] error[E0063]: missing fields `locale` and `setup_completed` in initializer of `AppConfig`
[INFO] [stdout]  --> tests/instance_manager_tests.rs:8:5
[INFO] [stdout]   |
[INFO] [stdout] 8 |     AppConfig {
[INFO] [stdout]   |     ^^^^^^^^^ missing `locale` and `setup_completed`
[INFO] [stdout] 
[INFO] [stdout] 
[INFO] [stdout] error[E0063]: missing fields `locale` and `setup_completed` in initializer of `AppConfig`
[INFO] [stdout]   --> tests/launch_engine_tests.rs:14:5
[INFO] [stdout]    |
[INFO] [stdout] 14 |     AppConfig {
[INFO] [stdout]    |     ^^^^^^^^^ missing `locale` and `setup_completed`
[INFO] [stdout] 
[INFO] [stdout] 
[INFO] [stdout] error[E0063]: missing fields `last_played` and `playtime_seconds` in initializer of `InstanceConfig`
[INFO] [stdout]   --> tests/launch_engine_tests.rs:27:5
[INFO] [stdout]    |
[INFO] [stdout] 27 |     InstanceConfig {
[INFO] [stdout]    |     ^^^^^^^^^^^^^^ missing `last_played` and `playtime_seconds`
[INFO] [stdout] 
[INFO] [stdout] 
[INFO] [stdout] error[E0063]: missing fields `last_played` and `playtime_seconds` in initializer of `InstanceConfig`
[INFO] [stdout]    --> tests/mod_integration.rs:101:18
[INFO] [stdout]     |
[INFO] [stdout] 101 |     let config = InstanceConfig {
[INFO] [stdout]     |                  ^^^^^^^^^^^^^^ missing `last_played` and `playtime_seconds`
[INFO] [stdout] 
[INFO] [stdout] 
[INFO] [stdout] error[E0063]: missing fields `last_played` and `playtime_seconds` in initializer of `InstanceConfig`
[INFO] [stdout]    --> tests/instance_manager_tests.rs:185:19
[INFO] [stdout]     |
[INFO] [stdout] 185 |     let updated = InstanceConfig {
[INFO] [stdout]     |                   ^^^^^^^^^^^^^^ missing `last_played` and `playtime_seconds`
[INFO] [stdout] 
[INFO] [stdout] 
[INFO] [stdout] error[E0063]: missing fields `last_played` and `playtime_seconds` in initializer of `InstanceConfig`
[INFO] [stdout]    --> tests/instance_manager_tests.rs:219:16
[INFO] [stdout]     |
[INFO] [stdout] 219 |     let fake = InstanceConfig {
[INFO] [stdout]     |                ^^^^^^^^^^^^^^ missing `last_played` and `playtime_seconds`
[INFO] [stdout] 
[INFO] [stdout] 
[INFO] [stdout] error[E0063]: missing fields `locale` and `setup_completed` in initializer of `AppConfig`
[INFO] [stdout]    --> tests/mod_integration.rs:180:18
[INFO] [stdout]     |
[INFO] [stdout] 180 |     let config = AppConfig {
[INFO] [stdout]     |                  ^^^^^^^^^ missing `locale` and `setup_completed`
[INFO] [stdout] 
[INFO] [stdout] 
[INFO] [stdout] error[E0063]: missing fields `last_played` and `playtime_seconds` in initializer of `InstanceConfig`
[INFO] [stdout]    --> tests/mod_integration.rs:205:18
[INFO] [stdout]     |
[INFO] [stdout] 205 |     let config = InstanceConfig {
[INFO] [stdout]     |                  ^^^^^^^^^^^^^^ missing `last_played` and `playtime_seconds`
[INFO] [stdout] 
[INFO] [stdout] 
[INFO] [stdout] For more information about this error, try `rustc --explain E0063`.
[INFO] [stdout] 
[INFO] [stdout] For more information about this error, try `rustc --explain E0063`.
[INFO] [stdout] 
[INFO] [stderr] error: could not compile `monamc` (test "mod_integration") due to 3 previous errors
[INFO] [stderr] warning: build failed, waiting for other jobs to finish...
[INFO] [stderr] error: could not compile `monamc` (test "instance_manager_tests") due to 3 previous errors
[INFO] [stderr] error: could not compile `monamc` (test "launch_engine_tests") due to 2 previous errors; 2 warnings emitted
[INFO] [stdout] For more information about this error, try `rustc --explain E0063`.
[INFO] [stdout] 
[INFO] [stdout] warning: type `InstanceView` is more private than the item `InstancesPane::view`
[INFO] [stdout]   --> src/components/instances.rs:29:5
[INFO] [stdout]    |
[INFO] [stdout] 29 |     pub view: InstanceView,
[INFO] [stdout]    |     ^^^^^^^^^^^^^^^^^^^^^^ field `InstancesPane::view` is reachable at visibility `pub(crate)`
[INFO] [stdout]    |
[INFO] [stdout] note: but type `InstanceView` is only usable at visibility `pub(self)`
[INFO] [stdout]   --> src/components/instances.rs:16:1
[INFO] [stdout]    |
[INFO] [stdout] 16 | enum InstanceView {
[INFO] [stdout]    | ^^^^^^^^^^^^^^^^^
[INFO] [stdout]    = note: `#[warn(private_interfaces)]` on by default
[INFO] [stdout] 
[INFO] [stdout] 
[INFO] [stdout] warning: variants `Quit`, `Tick`, `NextTab`, and `PreviousTab` are never constructed
[INFO] [stdout]   --> src/app.rs:14:11
[INFO] [stdout]    |
[INFO] [stdout] 13 | pub enum Action {
[INFO] [stdout]    |          ------ variants in this enum
[INFO] [stdout] 14 |     Noop, Quit, Tick, NextTab, PreviousTab, Key(char), Confirm, Back,
[INFO] [stdout]    |           ^^^^  ^^^^  ^^^^^^^  ^^^^^^^^^^^
[INFO] [stdout]    |
[INFO] [stdout]    = note: `Action` has derived impls for the traits `Clone` and `Debug`, but these are intentionally ignored during dead code analysis
[INFO] [stdout]    = note: `#[warn(dead_code)]` (part of `#[warn(unused)]`) on by default
[INFO] [stdout] 
[INFO] [stdout] 
[INFO] [stdout] warning: field `config_manager` is never read
[INFO] [stdout]   --> src/app.rs:27:9
[INFO] [stdout]    |
[INFO] [stdout] 23 | pub struct App {
[INFO] [stdout]    |            --- field in this struct
[INFO] [stdout] ...
[INFO] [stdout] 27 |     pub config_manager: ConfigManager,
[INFO] [stdout]    |         ^^^^^^^^^^^^^^
[INFO] [stdout] 
[INFO] [stdout] 
[INFO] [stdout] warning: associated function `new` is never used
[INFO] [stdout]   --> src/app.rs:37:12
[INFO] [stdout]    |
[INFO] [stdout] 36 | impl App {
[INFO] [stdout]    | -------- associated function in this implementation
[INFO] [stdout] 37 |     pub fn new() -> Self {
[INFO] [stdout]    |            ^^^
[INFO] [stdout] 
[INFO] [stdout] 
[INFO] [stdout] warning: trait `AuthProvider` is never used
[INFO] [stdout]  --> src/auth/mod.rs:7:11
[INFO] [stdout]   |
[INFO] [stdout] 7 | pub trait AuthProvider {
[INFO] [stdout]   |           ^^^^^^^^^^^^
[INFO] [stdout] 
[INFO] [stdout] 
[INFO] [stdout] warning: struct `CredentialStore` is never constructed
[INFO] [stdout]   --> src/auth/encryption.rs:10:12
[INFO] [stdout]    |
[INFO] [stdout] 10 | pub struct CredentialStore {
[INFO] [stdout]    |            ^^^^^^^^^^^^^^^
[INFO] [stdout] 
[INFO] [stdout] 
[INFO] [stdout] warning: struct `StoredCredentials` is never constructed
[INFO] [stdout]   --> src/auth/encryption.rs:15:12
[INFO] [stdout]    |
[INFO] [stdout] 15 | pub struct StoredCredentials {
[INFO] [stdout]    |            ^^^^^^^^^^^^^^^^^
[INFO] [stdout] 
[INFO] [stdout] 
[INFO] [stdout] warning: associated items `new`, `encrypt`, `decrypt`, `save_to_file`, and `load_from_file` are never used
[INFO] [stdout]   --> src/auth/encryption.rs:22:12
[INFO] [stdout]    |
[INFO] [stdout] 21 | impl CredentialStore {
[INFO] [stdout]    | -------------------- associated items in this implementation
[INFO] [stdout] 22 |     pub fn new() -> Self {
[INFO] [stdout]    |            ^^^
[INFO] [stdout] ...
[INFO] [stdout] 31 |     pub fn encrypt<T: Serialize>(&self, data: &T) -> Result<String> {
[INFO] [stdout]    |            ^^^^^^^
[INFO] [stdout] ...
[INFO] [stdout] 52 |     pub fn decrypt<T: serde::de::DeserializeOwned>(&self, encrypted: &str) -> Result<T> {
[INFO] [stdout]    |            ^^^^^^^
[INFO] [stdout] ...
[INFO] [stdout] 75 |     pub fn save_to_file<T: Serialize>(&self, path: &Path, data: &T) -> Result<()> {
[INFO] [stdout]    |            ^^^^^^^^^^^^
[INFO] [stdout] ...
[INFO] [stdout] 84 |     pub fn load_from_file<T: serde::de::DeserializeOwned>(&self, path: &Path) -> Result<T> {
[INFO] [stdout]    |            ^^^^^^^^^^^^^^
[INFO] [stdout] 
[INFO] [stdout] 
[INFO] [stdout] warning: struct `OfflineProvider` is never constructed
[INFO] [stdout]  --> src/auth/offline.rs:6:12
[INFO] [stdout]   |
[INFO] [stdout] 6 | pub struct OfflineProvider { pub username: String }
[INFO] [stdout]   |            ^^^^^^^^^^^^^^^
[INFO] [stdout] 
[INFO] [stdout] 
[INFO] [stdout] warning: associated function `new` is never used
[INFO] [stdout]  --> src/auth/offline.rs:8:12
[INFO] [stdout]   |
[INFO] [stdout] 7 | impl OfflineProvider {
[INFO] [stdout]   | -------------------- associated function in this implementation
[INFO] [stdout] 8 |     pub fn new(username: String) -> Self { Self { username } }
[INFO] [stdout]   |            ^^^
[INFO] [stdout] 
[INFO] [stdout] 
[INFO] [stdout] warning: constant `AUTHORS` is never used
[INFO] [stdout]   --> src/components/about.rs:11:7
[INFO] [stdout]    |
[INFO] [stdout] 11 | const AUTHORS: &str = env!("CARGO_PKG_NAME");
[INFO] [stdout]    |       ^^^^^^^
[INFO] [stdout] 
[INFO] [stdout] 
[INFO] [stdout] warning: field `launch_engine` is never read
[INFO] [stdout]   --> src/components/instances.rs:28:9
[INFO] [stdout]    |
[INFO] [stdout] 25 | pub struct InstancesPane {
[INFO] [stdout]    |            ------------- field in this struct
[INFO] [stdout] ...
[INFO] [stdout] 28 |     pub launch_engine: LaunchEngine,
[INFO] [stdout]    |         ^^^^^^^^^^^^^
[INFO] [stdout] 
[INFO] [stdout] 
[INFO] [stdout] warning: methods `config_mut` and `config_path` are never used
[INFO] [stdout]   --> src/config.rs:60:12
[INFO] [stdout]    |
[INFO] [stdout] 14 | impl ConfigManager {
[INFO] [stdout]    | ------------------ methods in this implementation
[INFO] [stdout] ...
[INFO] [stdout] 60 |     pub fn config_mut(&self) -> std::sync::RwLockWriteGuard<'_, AppConfig> {
[INFO] [stdout]    |            ^^^^^^^^^^
[INFO] [stdout] ...
[INFO] [stdout] 90 |     pub fn config_path(&self) -> &std::path::Path {
[INFO] [stdout]    |            ^^^^^^^^^^^
[INFO] [stdout] 
[INFO] [stdout] 
[INFO] [stdout] warning: variants `Auth`, `Mod`, `Java`, and `Other` are never constructed
[INFO] [stdout]   --> src/error.rs:14:5
[INFO] [stdout]    |
[INFO] [stdout]  4 | pub enum Error {
[INFO] [stdout]    |          ----- variants in this enum
[INFO] [stdout] ...
[INFO] [stdout] 14 |     Auth(String),
[INFO] [stdout]    |     ^^^^
[INFO] [stdout] ...
[INFO] [stdout] 18 |     Mod(String),
[INFO] [stdout]    |     ^^^
[INFO] [stdout] ...
[INFO] [stdout] 26 |     Java(String),
[INFO] [stdout]    |     ^^^^
[INFO] [stdout] ...
[INFO] [stdout] 30 |     Other(String),
[INFO] [stdout]    |     ^^^^^
[INFO] [stdout]    |
[INFO] [stdout]    = note: `Error` has a derived impl for the trait `Debug`, but this is intentionally ignored during dead code analysis
[INFO] [stdout] 
[INFO] [stdout] 
[INFO] [stdout] warning: methods `list_mut`, `update_playtime`, and `total_playtime_seconds` are never used
[INFO] [stdout]    --> src/instance/mod.rs:53:12
[INFO] [stdout]     |
[INFO] [stdout]  13 | impl InstanceManager {
[INFO] [stdout]     | -------------------- methods in this implementation
[INFO] [stdout] ...
[INFO] [stdout]  53 |     pub fn list_mut(&mut self) -> &mut Vec<InstanceConfig> {
[INFO] [stdout]     |            ^^^^^^^^
[INFO] [stdout] ...
[INFO] [stdout] 128 |     pub fn update_playtime(&mut self, name: &str, seconds: u64) -> Result<()> {
[INFO] [stdout]     |            ^^^^^^^^^^^^^^^
[INFO] [stdout] ...
[INFO] [stdout] 143 |     pub fn total_playtime_seconds(&self) -> u64 {
[INFO] [stdout]     |            ^^^^^^^^^^^^^^^^^^^^^^
[INFO] [stdout] 
[INFO] [stdout] 
[INFO] [stdout] warning: field `latest` is never read
[INFO] [stdout]   --> src/launch/mod.rs:13:9
[INFO] [stdout]    |
[INFO] [stdout] 12 | pub struct VersionManifest {
[INFO] [stdout]    |            --------------- field in this struct
[INFO] [stdout] 13 |     pub latest: LatestVersions,
[INFO] [stdout]    |         ^^^^^^
[INFO] [stdout]    |
[INFO] [stdout]    = note: `VersionManifest` has a derived impl for the trait `Debug`, but this is intentionally ignored during dead code analysis
[INFO] [stdout] 
[INFO] [stdout] 
[INFO] [stdout] warning: fields `release` and `snapshot` are never read
[INFO] [stdout]   --> src/launch/mod.rs:19:9
[INFO] [stdout]    |
[INFO] [stdout] 18 | pub struct LatestVersions {
[INFO] [stdout]    |            -------------- fields in this struct
[INFO] [stdout] 19 |     pub release: String,
[INFO] [stdout]    |         ^^^^^^^
[INFO] [stdout] 20 |     pub snapshot: String,
[INFO] [stdout]    |         ^^^^^^^^
[INFO] [stdout]    |
[INFO] [stdout]    = note: `LatestVersions` has a derived impl for the trait `Debug`, but this is intentionally ignored during dead code analysis
[INFO] [stdout] 
[INFO] [stdout] 
[INFO] [stdout] warning: fields `time` and `release_time` are never read
[INFO] [stdout]   --> src/launch/mod.rs:29:9
[INFO] [stdout]    |
[INFO] [stdout] 24 | pub struct ManifestVersion {
[INFO] [stdout]    |            --------------- fields in this struct
[INFO] [stdout] ...
[INFO] [stdout] 29 |     pub time: String,
[INFO] [stdout]    |         ^^^^
[INFO] [stdout] 30 |     pub release_time: String,
[INFO] [stdout]    |         ^^^^^^^^^^^^
[INFO] [stdout]    |
[INFO] [stdout]    = note: `ManifestVersion` has a derived impl for the trait `Debug`, but this is intentionally ignored during dead code analysis
[INFO] [stdout] 
[INFO] [stdout] 
[INFO] [stdout] warning: fields `id`, `version_type`, `minecraft_arguments`, `arguments`, `java_version`, and `inherits_from` are never read
[INFO] [stdout]   --> src/launch/mod.rs:35:9
[INFO] [stdout]    |
[INFO] [stdout] 34 | pub struct VersionMeta {
[INFO] [stdout]    |            ----------- fields in this struct
[INFO] [stdout] 35 |     pub id: String,
[INFO] [stdout]    |         ^^
[INFO] [stdout] 36 |     #[serde(rename = "type")]
[INFO] [stdout] 37 |     pub version_type: String,
[INFO] [stdout]    |         ^^^^^^^^^^^^
[INFO] [stdout] 38 |     pub main_class: Option<String>,
[INFO] [stdout] 39 |     pub minecraft_arguments: Option<String>,
[INFO] [stdout]    |         ^^^^^^^^^^^^^^^^^^^
[INFO] [stdout] 40 |     pub arguments: Option<VersionArguments>,
[INFO] [stdout]    |         ^^^^^^^^^
[INFO] [stdout] ...
[INFO] [stdout] 44 |     pub java_version: Option<JavaVersion>,
[INFO] [stdout]    |         ^^^^^^^^^^^^
[INFO] [stdout] 45 |     pub inherits_from: Option<String>,
[INFO] [stdout]    |         ^^^^^^^^^^^^^
[INFO] [stdout]    |
[INFO] [stdout]    = note: `VersionMeta` has a derived impl for the trait `Debug`, but this is intentionally ignored during dead code analysis
[INFO] [stdout] 
[INFO] [stdout] 
[INFO] [stdout] warning: fields `game` and `jvm` are never read
[INFO] [stdout]   --> src/launch/mod.rs:50:9
[INFO] [stdout]    |
[INFO] [stdout] 49 | pub struct VersionArguments {
[INFO] [stdout]    |            ---------------- fields in this struct
[INFO] [stdout] 50 |     pub game: Vec<serde_json::Value>,
[INFO] [stdout]    |         ^^^^
[INFO] [stdout] 51 |     pub jvm: Vec<serde_json::Value>,
[INFO] [stdout]    |         ^^^
[INFO] [stdout]    |
[INFO] [stdout]    = note: `VersionArguments` has a derived impl for the trait `Debug`, but this is intentionally ignored during dead code analysis
[INFO] [stdout] 
[INFO] [stdout] 
[INFO] [stdout] warning: fields `sha1`, `size`, and `total_size` are never read
[INFO] [stdout]   --> src/launch/mod.rs:58:9
[INFO] [stdout]    |
[INFO] [stdout] 55 | pub struct AssetIndex {
[INFO] [stdout]    |            ---------- fields in this struct
[INFO] [stdout] ...
[INFO] [stdout] 58 |     pub sha1: String,
[INFO] [stdout]    |         ^^^^
[INFO] [stdout] 59 |     pub size: u64,
[INFO] [stdout]    |         ^^^^
[INFO] [stdout] 60 |     pub total_size: u64,
[INFO] [stdout]    |         ^^^^^^^^^^
[INFO] [stdout]    |
[INFO] [stdout]    = note: `AssetIndex` has a derived impl for the trait `Debug`, but this is intentionally ignored during dead code analysis
[INFO] [stdout] 
[INFO] [stdout] 
[INFO] [stdout] warning: field `server` is never read
[INFO] [stdout]   --> src/launch/mod.rs:66:9
[INFO] [stdout]    |
[INFO] [stdout] 64 | pub struct VersionDownloads {
[INFO] [stdout]    |            ---------------- field in this struct
[INFO] [stdout] 65 |     pub client: Option<DownloadEntry>,
[INFO] [stdout] 66 |     pub server: Option<DownloadEntry>,
[INFO] [stdout]    |         ^^^^^^
[INFO] [stdout]    |
[INFO] [stdout]    = note: `VersionDownloads` has a derived impl for the trait `Debug`, but this is intentionally ignored during dead code analysis
[INFO] [stdout] 
[INFO] [stdout] 
[INFO] [stdout] warning: fields `sha1` and `size` are never read
[INFO] [stdout]   --> src/launch/mod.rs:72:9
[INFO] [stdout]    |
[INFO] [stdout] 70 | pub struct DownloadEntry {
[INFO] [stdout]    |            ------------- fields in this struct
[INFO] [stdout] 71 |     pub url: String,
[INFO] [stdout] 72 |     pub sha1: String,
[INFO] [stdout]    |         ^^^^
[INFO] [stdout] 73 |     pub size: u64,
[INFO] [stdout]    |         ^^^^
[INFO] [stdout]    |
[INFO] [stdout]    = note: `DownloadEntry` has a derived impl for the trait `Debug`, but this is intentionally ignored during dead code analysis
[INFO] [stdout] 
[INFO] [stdout] 
[INFO] [stdout] warning: field `rules` is never read
[INFO] [stdout]   --> src/launch/mod.rs:80:9
[INFO] [stdout]    |
[INFO] [stdout] 77 | pub struct Library {
[INFO] [stdout]    |            ------- field in this struct
[INFO] [stdout] ...
[INFO] [stdout] 80 |     pub rules: Option<Vec<LibraryRule>>,
[INFO] [stdout]    |         ^^^^^
[INFO] [stdout]    |
[INFO] [stdout]    = note: `Library` has a derived impl for the trait `Debug`, but this is intentionally ignored during dead code analysis
[INFO] [stdout] 
[INFO] [stdout] 
[INFO] [stdout] warning: fields `action` and `os` are never read
[INFO] [stdout]   --> src/launch/mod.rs:90:9
[INFO] [stdout]    |
[INFO] [stdout] 89 | pub struct LibraryRule {
[INFO] [stdout]    |            ----------- fields in this struct
[INFO] [stdout] 90 |     pub action: String,
[INFO] [stdout]    |         ^^^^^^
[INFO] [stdout] 91 |     pub os: Option<OsRule>,
[INFO] [stdout]    |         ^^
[INFO] [stdout]    |
[INFO] [stdout]    = note: `LibraryRule` has a derived impl for the trait `Debug`, but this is intentionally ignored during dead code analysis
[INFO] [stdout] 
[INFO] [stdout] 
[INFO] [stdout] warning: field `name` is never read
[INFO] [stdout]   --> src/launch/mod.rs:96:9
[INFO] [stdout]    |
[INFO] [stdout] 95 | pub struct OsRule {
[INFO] [stdout]    |            ------ field in this struct
[INFO] [stdout] 96 |     pub name: Option<String>,
[INFO] [stdout]    |         ^^^^
[INFO] [stdout]    |
[INFO] [stdout]    = note: `OsRule` has a derived impl for the trait `Debug`, but this is intentionally ignored during dead code analysis
[INFO] [stdout] 
[INFO] [stdout] 
[INFO] [stdout] warning: fields `component` and `major_version` are never read
[INFO] [stdout]    --> src/launch/mod.rs:101:9
[INFO] [stdout]     |
[INFO] [stdout] 100 | pub struct JavaVersion {
[INFO] [stdout]     |            ----------- fields in this struct
[INFO] [stdout] 101 |     pub component: String,
[INFO] [stdout]     |         ^^^^^^^^^
[INFO] [stdout] 102 |     pub major_version: i32,
[INFO] [stdout]     |         ^^^^^^^^^^^^^
[INFO] [stdout]     |
[INFO] [stdout]     = note: `JavaVersion` has a derived impl for the trait `Debug`, but this is intentionally ignored during dead code analysis
[INFO] [stdout] 
[INFO] [stdout] 
[INFO] [stdout] warning: fields `libraries_dir` and `resolution` are never read
[INFO] [stdout]    --> src/launch/mod.rs:112:9
[INFO] [stdout]     |
[INFO] [stdout] 105 | pub struct LaunchOptions {
[INFO] [stdout]     |            ------------- fields in this struct
[INFO] [stdout] ...
[INFO] [stdout] 112 |     pub libraries_dir: PathBuf,
[INFO] [stdout]     |         ^^^^^^^^^^^^^
[INFO] [stdout] 113 |     pub versions_dir: PathBuf,
[INFO] [stdout] 114 |     pub resolution: Option<(u32, u32)>,
[INFO] [stdout]     |         ^^^^^^^^^^
[INFO] [stdout] 
[INFO] [stdout] 
[INFO] [stdout] warning: field `size` is never read
[INFO] [stdout]    --> src/launch/mod.rs:223:13
[INFO] [stdout]     |
[INFO] [stdout] 221 |         struct AssetObject {
[INFO] [stdout]     |                ----------- field in this struct
[INFO] [stdout] 222 |             hash: String,
[INFO] [stdout] 223 |             size: u64,
[INFO] [stdout]     |             ^^^^
[INFO] [stdout] 
[INFO] [stdout] 
[INFO] [stdout] warning: method `launch_interactive` is never used
[INFO] [stdout]    --> src/launch/mod.rs:490:12
[INFO] [stdout]     |
[INFO] [stdout] 301 | impl LaunchEngine {
[INFO] [stdout]     | ----------------- method in this implementation
[INFO] [stdout] ...
[INFO] [stdout] 490 |     pub fn launch_interactive(&self, args: &[String]) -> Result<std::process::Child> {
[INFO] [stdout]     |            ^^^^^^^^^^^^^^^^^^
[INFO] [stdout] 
[INFO] [stdout] 
[INFO] [stdout] warning: associated function `required_java_version` is never used
[INFO] [stdout]   --> src/launch/java.rs:70:12
[INFO] [stdout]    |
[INFO] [stdout]  7 | impl JavaManager {
[INFO] [stdout]    | ---------------- associated function in this implementation
[INFO] [stdout] ...
[INFO] [stdout] 70 |     pub fn required_java_version(minecraft_version: &str) -> i32 {
[INFO] [stdout]    |            ^^^^^^^^^^^^^^^^^^^^^
[INFO] [stdout] 
[INFO] [stdout] 
[INFO] [stdout] warning: method `get_mod` is never used
[INFO] [stdout]   --> src/mods/mod.rs:26:14
[INFO] [stdout]    |
[INFO] [stdout] 18 | pub trait ModProvider: Send + Sync {
[INFO] [stdout]    |           ----------- method in this trait
[INFO] [stdout] ...
[INFO] [stdout] 26 |     async fn get_mod(&self, mod_id: &str) -> Result<ModInfo>;
[INFO] [stdout]    |              ^^^^^^^
[INFO] [stdout] 
[INFO] [stdout] 
[INFO] [stdout] warning: method `check_updates` is never used
[INFO] [stdout]    --> src/mods/mod.rs:142:18
[INFO] [stdout]     |
[INFO] [stdout]  41 | impl ModManager {
[INFO] [stdout]     | --------------- method in this implementation
[INFO] [stdout] ...
[INFO] [stdout] 142 |     pub async fn check_updates(&self) -> Result<Vec<(String, Option<String>)>> {
[INFO] [stdout]     |                  ^^^^^^^^^^^^^
[INFO] [stdout] 
[INFO] [stdout] 
[INFO] [stdout] warning: struct `ResolvedDep` is never constructed
[INFO] [stdout]   --> src/mods/dependency.rs:10:12
[INFO] [stdout]    |
[INFO] [stdout] 10 | pub struct ResolvedDep {
[INFO] [stdout]    |            ^^^^^^^^^^^
[INFO] [stdout] 
[INFO] [stdout] 
[INFO] [stdout] warning: fields `id` and `name` are never read
[INFO] [stdout]   --> src/skin/api.rs:11:5
[INFO] [stdout]    |
[INFO] [stdout] 10 | struct ProfileResponse {
[INFO] [stdout]    |        --------------- fields in this struct
[INFO] [stdout] 11 |     id: String,
[INFO] [stdout]    |     ^^
[INFO] [stdout] 12 |     name: String,
[INFO] [stdout]    |     ^^^^
[INFO] [stdout]    |
[INFO] [stdout]    = note: `ProfileResponse` has a derived impl for the trait `Debug`, but this is intentionally ignored during dead code analysis
[INFO] [stdout] 
[INFO] [stdout] 
[INFO] [stdout] warning: field `height` is never read
[INFO] [stdout]  --> src/skin/texture.rs:7:9
[INFO] [stdout]   |
[INFO] [stdout] 5 | pub struct SkinTexture {
[INFO] [stdout]   |            ----------- field in this struct
[INFO] [stdout] 6 |     pub width: u32,
[INFO] [stdout] 7 |     pub height: u32,
[INFO] [stdout]   |         ^^^^^^
[INFO] [stdout] 
[INFO] [stdout] 
[INFO] [stdout] warning: method `pixels` is never used
[INFO] [stdout]   --> src/skin/texture.rs:48:12
[INFO] [stdout]    |
[INFO] [stdout] 11 | impl SkinTexture {
[INFO] [stdout]    | ---------------- method in this implementation
[INFO] [stdout] ...
[INFO] [stdout] 48 |     pub fn pixels(&self) -> &[RGB8] {
[INFO] [stdout]    |            ^^^^^^
[INFO] [stdout] 
[INFO] [stdout] 
[INFO] [stdout] warning: function `print_skin_preview` is never used
[INFO] [stdout]   --> src/skin/preview.rs:56:8
[INFO] [stdout]    |
[INFO] [stdout] 56 | pub fn print_skin_preview(skin_data: &SkinData, texture: &SkinTexture, scale: u32) {
[INFO] [stdout]    |        ^^^^^^^^^^^^^^^^^^
[INFO] [stdout] 
[INFO] [stdout] 
[INFO] [stdout] warning: struct `MinecraftVersion` is never constructed
[INFO] [stdout]  --> src/types.rs:5:12
[INFO] [stdout]   |
[INFO] [stdout] 5 | pub struct MinecraftVersion {
[INFO] [stdout]   |            ^^^^^^^^^^^^^^^^
[INFO] [stdout] 
[INFO] [stdout] 
[INFO] [stdout] warning: enum `VersionType` is never used
[INFO] [stdout]   --> src/types.rs:12:10
[INFO] [stdout]    |
[INFO] [stdout] 12 | pub enum VersionType {
[INFO] [stdout]    |          ^^^^^^^^^^^
[INFO] [stdout] 
[INFO] [stdout] 
[INFO] [stdout] warning: fields `author`, `icon_url`, and `versions` are never read
[INFO] [stdout]   --> src/types.rs:61:9
[INFO] [stdout]    |
[INFO] [stdout] 57 | pub struct ModInfo {
[INFO] [stdout]    |            ------- fields in this struct
[INFO] [stdout] ...
[INFO] [stdout] 61 |     pub author: String,
[INFO] [stdout]    |         ^^^^^^
[INFO] [stdout] 62 |     pub download_count: u64,
[INFO] [stdout] 63 |     pub icon_url: Option<String>,
[INFO] [stdout]    |         ^^^^^^^^
[INFO] [stdout] 64 |     pub versions: Vec<ModVersion>,
[INFO] [stdout]    |         ^^^^^^^^
[INFO] [stdout]    |
[INFO] [stdout]    = note: `ModInfo` has derived impls for the traits `Clone` and `Debug`, but these are intentionally ignored during dead code analysis
[INFO] [stdout] 
[INFO] [stdout] 
[INFO] [stdout] warning: fields `id`, `game_versions`, `loaders`, and `file_size` are never read
[INFO] [stdout]   --> src/types.rs:70:9
[INFO] [stdout]    |
[INFO] [stdout] 69 | pub struct ModVersion {
[INFO] [stdout]    |            ---------- fields in this struct
[INFO] [stdout] 70 |     pub id: String,
[INFO] [stdout]    |         ^^
[INFO] [stdout] 71 |     pub version_number: String,
[INFO] [stdout] 72 |     pub game_versions: Vec<String>,
[INFO] [stdout]    |         ^^^^^^^^^^^^^
[INFO] [stdout] 73 |     pub loaders: Vec<String>,
[INFO] [stdout]    |         ^^^^^^^
[INFO] [stdout] 74 |     pub download_url: String,
[INFO] [stdout] 75 |     pub file_size: u64,
[INFO] [stdout]    |         ^^^^^^^^^
[INFO] [stdout]    |
[INFO] [stdout]    = note: `ModVersion` has derived impls for the traits `Clone` and `Debug`, but these are intentionally ignored during dead code analysis
[INFO] [stdout] 
[INFO] [stdout] 
[INFO] [stdout] warning: fields `provider` and `version_requirement` are never read
[INFO] [stdout]   --> src/types.rs:82:9
[INFO] [stdout]    |
[INFO] [stdout] 80 | pub struct ModDependency {
[INFO] [stdout]    |            ------------- fields in this struct
[INFO] [stdout] 81 |     pub mod_id: String,
[INFO] [stdout] 82 |     pub provider: String,
[INFO] [stdout]    |         ^^^^^^^^
[INFO] [stdout] 83 |     pub version_requirement: Option<String>,
[INFO] [stdout]    |         ^^^^^^^^^^^^^^^^^^^
[INFO] [stdout]    |
[INFO] [stdout]    = note: `ModDependency` has derived impls for the traits `Clone` and `Debug`, but these are intentionally ignored during dead code analysis
[INFO] [stdout] 
[INFO] [stdout] 
[INFO] [stdout] warning: variant `Microsoft` is never constructed
[INFO] [stdout]    --> src/types.rs:110:5
[INFO] [stdout]     |
[INFO] [stdout] 108 | pub enum Account {
[INFO] [stdout]     |          ------- variant in this enum
[INFO] [stdout] 109 |     Offline { username: String },
[INFO] [stdout] 110 |     Microsoft { username: String, uuid: String, token: String },
[INFO] [stdout]     |     ^^^^^^^^^
[INFO] [stdout]     |
[INFO] [stdout]     = note: `Account` has derived impls for the traits `Clone` and `Debug`, but these are intentionally ignored during dead code analysis
[INFO] [stdout] 
[INFO] [stdout] 
[INFO] [stdout] warning: type `InstanceView` is more private than the item `InstancesPane::view`
[INFO] [stdout]   --> src/components/instances.rs:29:5
[INFO] [stdout]    |
[INFO] [stdout] 29 |     pub view: InstanceView,
[INFO] [stdout]    |     ^^^^^^^^^^^^^^^^^^^^^^ field `InstancesPane::view` is reachable at visibility `pub(crate)`
[INFO] [stdout]    |
[INFO] [stdout] note: but type `InstanceView` is only usable at visibility `pub(self)`
[INFO] [stdout]   --> src/components/instances.rs:16:1
[INFO] [stdout]    |
[INFO] [stdout] 16 | enum InstanceView {
[INFO] [stdout]    | ^^^^^^^^^^^^^^^^^
[INFO] [stdout]    = note: `#[warn(private_interfaces)]` on by default
[INFO] [stdout] 
[INFO] [stdout] 
[INFO] [stdout] warning: variants `Quit`, `Tick`, `NextTab`, and `PreviousTab` are never constructed
[INFO] [stdout]   --> src/app.rs:14:11
[INFO] [stdout]    |
[INFO] [stdout] 13 | pub enum Action {
[INFO] [stdout]    |          ------ variants in this enum
[INFO] [stdout] 14 |     Noop, Quit, Tick, NextTab, PreviousTab, Key(char), Confirm, Back,
[INFO] [stdout]    |           ^^^^  ^^^^  ^^^^^^^  ^^^^^^^^^^^
[INFO] [stdout]    |
[INFO] [stdout]    = note: `Action` has derived impls for the traits `Clone` and `Debug`, but these are intentionally ignored during dead code analysis
[INFO] [stdout]    = note: `#[warn(dead_code)]` (part of `#[warn(unused)]`) on by default
[INFO] [stdout] 
[INFO] [stdout] 
[INFO] [stdout] warning: field `config_manager` is never read
[INFO] [stdout]   --> src/app.rs:27:9
[INFO] [stdout]    |
[INFO] [stdout] 23 | pub struct App {
[INFO] [stdout]    |            --- field in this struct
[INFO] [stdout] ...
[INFO] [stdout] 27 |     pub config_manager: ConfigManager,
[INFO] [stdout]    |         ^^^^^^^^^^^^^^
[INFO] [stdout] 
[INFO] [stdout] 
[INFO] [stdout] warning: associated function `new` is never used
[INFO] [stdout]   --> src/app.rs:37:12
[INFO] [stdout]    |
[INFO] [stdout] 36 | impl App {
[INFO] [stdout]    | -------- associated function in this implementation
[INFO] [stdout] 37 |     pub fn new() -> Self {
[INFO] [stdout]    |            ^^^
[INFO] [stdout] 
[INFO] [stdout] 
[INFO] [stdout] warning: trait `AuthProvider` is never used
[INFO] [stdout]  --> src/auth/mod.rs:7:11
[INFO] [stdout]   |
[INFO] [stdout] 7 | pub trait AuthProvider {
[INFO] [stdout]   |           ^^^^^^^^^^^^
[INFO] [stdout] 
[INFO] [stdout] 
[INFO] [stdout] warning: struct `CredentialStore` is never constructed
[INFO] [stdout]   --> src/auth/encryption.rs:10:12
[INFO] [stdout]    |
[INFO] [stdout] 10 | pub struct CredentialStore {
[INFO] [stdout]    |            ^^^^^^^^^^^^^^^
[INFO] [stdout] 
[INFO] [stdout] 
[INFO] [stdout] warning: struct `StoredCredentials` is never constructed
[INFO] [stdout]   --> src/auth/encryption.rs:15:12
[INFO] [stdout]    |
[INFO] [stdout] 15 | pub struct StoredCredentials {
[INFO] [stdout]    |            ^^^^^^^^^^^^^^^^^
[INFO] [stdout] 
[INFO] [stdout] 
[INFO] [stdout] warning: associated items `new`, `encrypt`, `decrypt`, `save_to_file`, and `load_from_file` are never used
[INFO] [stdout]   --> src/auth/encryption.rs:22:12
[INFO] [stdout]    |
[INFO] [stdout] 21 | impl CredentialStore {
[INFO] [stdout]    | -------------------- associated items in this implementation
[INFO] [stdout] 22 |     pub fn new() -> Self {
[INFO] [stdout]    |            ^^^
[INFO] [stdout] ...
[INFO] [stdout] 31 |     pub fn encrypt<T: Serialize>(&self, data: &T) -> Result<String> {
[INFO] [stdout]    |            ^^^^^^^
[INFO] [stdout] ...
[INFO] [stdout] 52 |     pub fn decrypt<T: serde::de::DeserializeOwned>(&self, encrypted: &str) -> Result<T> {
[INFO] [stdout]    |            ^^^^^^^
[INFO] [stdout] ...
[INFO] [stdout] 75 |     pub fn save_to_file<T: Serialize>(&self, path: &Path, data: &T) -> Result<()> {
[INFO] [stdout]    |            ^^^^^^^^^^^^
[INFO] [stdout] ...
[INFO] [stdout] 84 |     pub fn load_from_file<T: serde::de::DeserializeOwned>(&self, path: &Path) -> Result<T> {
[INFO] [stdout]    |            ^^^^^^^^^^^^^^
[INFO] [stdout] 
[INFO] [stdout] 
[INFO] [stdout] warning: struct `OfflineProvider` is never constructed
[INFO] [stdout]  --> src/auth/offline.rs:6:12
[INFO] [stdout]   |
[INFO] [stdout] 6 | pub struct OfflineProvider { pub username: String }
[INFO] [stdout]   |            ^^^^^^^^^^^^^^^
[INFO] [stdout] 
[INFO] [stdout] 
[INFO] [stdout] warning: associated function `new` is never used
[INFO] [stdout]  --> src/auth/offline.rs:8:12
[INFO] [stdout]   |
[INFO] [stdout] 7 | impl OfflineProvider {
[INFO] [stdout]   | -------------------- associated function in this implementation
[INFO] [stdout] 8 |     pub fn new(username: String) -> Self { Self { username } }
[INFO] [stdout]   |            ^^^
[INFO] [stdout] 
[INFO] [stdout] 
[INFO] [stdout] warning: constant `AUTHORS` is never used
[INFO] [stdout]   --> src/components/about.rs:11:7
[INFO] [stdout]    |
[INFO] [stdout] 11 | const AUTHORS: &str = env!("CARGO_PKG_NAME");
[INFO] [stdout]    |       ^^^^^^^
[INFO] [stdout] 
[INFO] [stdout] 
[INFO] [stdout] warning: field `launch_engine` is never read
[INFO] [stdout]   --> src/components/instances.rs:28:9
[INFO] [stdout]    |
[INFO] [stdout] 25 | pub struct InstancesPane {
[INFO] [stdout]    |            ------------- field in this struct
[INFO] [stdout] ...
[INFO] [stdout] 28 |     pub launch_engine: LaunchEngine,
[INFO] [stdout]    |         ^^^^^^^^^^^^^
[INFO] [stdout] 
[INFO] [stdout] 
[INFO] [stdout] warning: methods `config_mut` and `config_path` are never used
[INFO] [stdout]   --> src/config.rs:60:12
[INFO] [stdout]    |
[INFO] [stdout] 14 | impl ConfigManager {
[INFO] [stdout]    | ------------------ methods in this implementation
[INFO] [stdout] ...
[INFO] [stdout] 60 |     pub fn config_mut(&self) -> std::sync::RwLockWriteGuard<'_, AppConfig> {
[INFO] [stdout]    |            ^^^^^^^^^^
[INFO] [stdout] ...
[INFO] [stdout] 90 |     pub fn config_path(&self) -> &std::path::Path {
[INFO] [stdout]    |            ^^^^^^^^^^^
[INFO] [stdout] 
[INFO] [stdout] 
[INFO] [stdout] warning: variants `Mod` and `Java` are never constructed
[INFO] [stdout]   --> src/error.rs:18:5
[INFO] [stdout]    |
[INFO] [stdout]  4 | pub enum Error {
[INFO] [stdout]    |          ----- variants in this enum
[INFO] [stdout] ...
[INFO] [stdout] 18 |     Mod(String),
[INFO] [stdout]    |     ^^^
[INFO] [stdout] ...
[INFO] [stdout] 26 |     Java(String),
[INFO] [stdout]    |     ^^^^
[INFO] [stdout]    |
[INFO] [stdout]    = note: `Error` has a derived impl for the trait `Debug`, but this is intentionally ignored during dead code analysis
[INFO] [stdout] 
[INFO] [stdout] 
[INFO] [stdout] warning: methods `list_mut`, `update_playtime`, and `total_playtime_seconds` are never used
[INFO] [stdout]    --> src/instance/mod.rs:53:12
[INFO] [stdout]     |
[INFO] [stdout]  13 | impl InstanceManager {
[INFO] [stdout]     | -------------------- methods in this implementation
[INFO] [stdout] ...
[INFO] [stdout]  53 |     pub fn list_mut(&mut self) -> &mut Vec<InstanceConfig> {
[INFO] [stdout]     |            ^^^^^^^^
[INFO] [stdout] ...
[INFO] [stdout] 128 |     pub fn update_playtime(&mut self, name: &str, seconds: u64) -> Result<()> {
[INFO] [stdout]     |            ^^^^^^^^^^^^^^^
[INFO] [stdout] ...
[INFO] [stdout] 143 |     pub fn total_playtime_seconds(&self) -> u64 {
[INFO] [stdout]     |            ^^^^^^^^^^^^^^^^^^^^^^
[INFO] [stdout] 
[INFO] [stdout] 
[INFO] [stdout] warning: field `latest` is never read
[INFO] [stdout]   --> src/launch/mod.rs:13:9
[INFO] [stdout]    |
[INFO] [stdout] 12 | pub struct VersionManifest {
[INFO] [stdout]    |            --------------- field in this struct
[INFO] [stdout] 13 |     pub latest: LatestVersions,
[INFO] [stdout]    |         ^^^^^^
[INFO] [stdout]    |
[INFO] [stdout]    = note: `VersionManifest` has a derived impl for the trait `Debug`, but this is intentionally ignored during dead code analysis
[INFO] [stdout] 
[INFO] [stdout] 
[INFO] [stdout] warning: fields `release` and `snapshot` are never read
[INFO] [stdout]   --> src/launch/mod.rs:19:9
[INFO] [stdout]    |
[INFO] [stdout] 18 | pub struct LatestVersions {
[INFO] [stdout]    |            -------------- fields in this struct
[INFO] [stdout] 19 |     pub release: String,
[INFO] [stdout]    |         ^^^^^^^
[INFO] [stdout] 20 |     pub snapshot: String,
[INFO] [stdout]    |         ^^^^^^^^
[INFO] [stdout]    |
[INFO] [stdout]    = note: `LatestVersions` has a derived impl for the trait `Debug`, but this is intentionally ignored during dead code analysis
[INFO] [stdout] 
[INFO] [stdout] 
[INFO] [stdout] warning: fields `time` and `release_time` are never read
[INFO] [stdout]   --> src/launch/mod.rs:29:9
[INFO] [stdout]    |
[INFO] [stdout] 24 | pub struct ManifestVersion {
[INFO] [stdout]    |            --------------- fields in this struct
[INFO] [stdout] ...
[INFO] [stdout] 29 |     pub time: String,
[INFO] [stdout]    |         ^^^^
[INFO] [stdout] 30 |     pub release_time: String,
[INFO] [stdout]    |         ^^^^^^^^^^^^
[INFO] [stdout]    |
[INFO] [stdout]    = note: `ManifestVersion` has a derived impl for the trait `Debug`, but this is intentionally ignored during dead code analysis
[INFO] [stdout] 
[INFO] [stdout] 
[INFO] [stdout] warning: fields `id`, `version_type`, `minecraft_arguments`, `arguments`, `java_version`, and `inherits_from` are never read
[INFO] [stdout]   --> src/launch/mod.rs:35:9
[INFO] [stdout]    |
[INFO] [stdout] 34 | pub struct VersionMeta {
[INFO] [stdout]    |            ----------- fields in this struct
[INFO] [stdout] 35 |     pub id: String,
[INFO] [stdout]    |         ^^
[INFO] [stdout] 36 |     #[serde(rename = "type")]
[INFO] [stdout] 37 |     pub version_type: String,
[INFO] [stdout]    |         ^^^^^^^^^^^^
[INFO] [stdout] 38 |     pub main_class: Option<String>,
[INFO] [stdout] 39 |     pub minecraft_arguments: Option<String>,
[INFO] [stdout]    |         ^^^^^^^^^^^^^^^^^^^
[INFO] [stdout] 40 |     pub arguments: Option<VersionArguments>,
[INFO] [stdout]    |         ^^^^^^^^^
[INFO] [stdout] ...
[INFO] [stdout] 44 |     pub java_version: Option<JavaVersion>,
[INFO] [stdout]    |         ^^^^^^^^^^^^
[INFO] [stdout] 45 |     pub inherits_from: Option<String>,
[INFO] [stdout]    |         ^^^^^^^^^^^^^
[INFO] [stdout]    |
[INFO] [stdout]    = note: `VersionMeta` has a derived impl for the trait `Debug`, but this is intentionally ignored during dead code analysis
[INFO] [stdout] 
[INFO] [stdout] 
[INFO] [stdout] warning: fields `game` and `jvm` are never read
[INFO] [stdout]   --> src/launch/mod.rs:50:9
[INFO] [stdout]    |
[INFO] [stdout] 49 | pub struct VersionArguments {
[INFO] [stdout]    |            ---------------- fields in this struct
[INFO] [stdout] 50 |     pub game: Vec<serde_json::Value>,
[INFO] [stdout]    |         ^^^^
[INFO] [stdout] 51 |     pub jvm: Vec<serde_json::Value>,
[INFO] [stdout]    |         ^^^
[INFO] [stdout]    |
[INFO] [stdout]    = note: `VersionArguments` has a derived impl for the trait `Debug`, but this is intentionally ignored during dead code analysis
[INFO] [stdout] 
[INFO] [stdout] 
[INFO] [stdout] warning: fields `sha1`, `size`, and `total_size` are never read
[INFO] [stdout]   --> src/launch/mod.rs:58:9
[INFO] [stdout]    |
[INFO] [stdout] 55 | pub struct AssetIndex {
[INFO] [stdout]    |            ---------- fields in this struct
[INFO] [stdout] ...
[INFO] [stdout] 58 |     pub sha1: String,
[INFO] [stdout]    |         ^^^^
[INFO] [stdout] 59 |     pub size: u64,
[INFO] [stdout]    |         ^^^^
[INFO] [stdout] 60 |     pub total_size: u64,
[INFO] [stdout]    |         ^^^^^^^^^^
[INFO] [stdout]    |
[INFO] [stdout]    = note: `AssetIndex` has a derived impl for the trait `Debug`, but this is intentionally ignored during dead code analysis
[INFO] [stdout] 
[INFO] [stdout] 
[INFO] [stdout] warning: field `server` is never read
[INFO] [stdout]   --> src/launch/mod.rs:66:9
[INFO] [stdout]    |
[INFO] [stdout] 64 | pub struct VersionDownloads {
[INFO] [stdout]    |            ---------------- field in this struct
[INFO] [stdout] 65 |     pub client: Option<DownloadEntry>,
[INFO] [stdout] 66 |     pub server: Option<DownloadEntry>,
[INFO] [stdout]    |         ^^^^^^
[INFO] [stdout]    |
[INFO] [stdout]    = note: `VersionDownloads` has a derived impl for the trait `Debug`, but this is intentionally ignored during dead code analysis
[INFO] [stdout] 
[INFO] [stdout] 
[INFO] [stdout] warning: fields `sha1` and `size` are never read
[INFO] [stdout]   --> src/launch/mod.rs:72:9
[INFO] [stdout]    |
[INFO] [stdout] 70 | pub struct DownloadEntry {
[INFO] [stdout]    |            ------------- fields in this struct
[INFO] [stdout] 71 |     pub url: String,
[INFO] [stdout] 72 |     pub sha1: String,
[INFO] [stdout]    |         ^^^^
[INFO] [stdout] 73 |     pub size: u64,
[INFO] [stdout]    |         ^^^^
[INFO] [stdout]    |
[INFO] [stdout]    = note: `DownloadEntry` has a derived impl for the trait `Debug`, but this is intentionally ignored during dead code analysis
[INFO] [stdout] 
[INFO] [stdout] 
[INFO] [stdout] warning: field `rules` is never read
[INFO] [stdout]   --> src/launch/mod.rs:80:9
[INFO] [stdout]    |
[INFO] [stdout] 77 | pub struct Library {
[INFO] [stdout]    |            ------- field in this struct
[INFO] [stdout] ...
[INFO] [stdout] 80 |     pub rules: Option<Vec<LibraryRule>>,
[INFO] [stdout]    |         ^^^^^
[INFO] [stdout]    |
[INFO] [stdout]    = note: `Library` has a derived impl for the trait `Debug`, but this is intentionally ignored during dead code analysis
[INFO] [stdout] 
[INFO] [stdout] 
[INFO] [stdout] warning: fields `action` and `os` are never read
[INFO] [stdout]   --> src/launch/mod.rs:90:9
[INFO] [stdout]    |
[INFO] [stdout] 89 | pub struct LibraryRule {
[INFO] [stdout]    |            ----------- fields in this struct
[INFO] [stdout] 90 |     pub action: String,
[INFO] [stdout]    |         ^^^^^^
[INFO] [stdout] 91 |     pub os: Option<OsRule>,
[INFO] [stdout]    |         ^^
[INFO] [stdout]    |
[INFO] [stdout]    = note: `LibraryRule` has a derived impl for the trait `Debug`, but this is intentionally ignored during dead code analysis
[INFO] [stdout] 
[INFO] [stdout] 
[INFO] [stdout] warning: field `name` is never read
[INFO] [stdout]   --> src/launch/mod.rs:96:9
[INFO] [stdout]    |
[INFO] [stdout] 95 | pub struct OsRule {
[INFO] [stdout]    |            ------ field in this struct
[INFO] [stdout] 96 |     pub name: Option<String>,
[INFO] [stdout]    |         ^^^^
[INFO] [stdout]    |
[INFO] [stdout]    = note: `OsRule` has a derived impl for the trait `Debug`, but this is intentionally ignored during dead code analysis
[INFO] [stdout] 
[INFO] [stdout] 
[INFO] [stdout] warning: fields `component` and `major_version` are never read
[INFO] [stdout]    --> src/launch/mod.rs:101:9
[INFO] [stdout]     |
[INFO] [stdout] 100 | pub struct JavaVersion {
[INFO] [stdout]     |            ----------- fields in this struct
[INFO] [stdout] 101 |     pub component: String,
[INFO] [stdout]     |         ^^^^^^^^^
[INFO] [stdout] 102 |     pub major_version: i32,
[INFO] [stdout]     |         ^^^^^^^^^^^^^
[INFO] [stdout]     |
[INFO] [stdout]     = note: `JavaVersion` has a derived impl for the trait `Debug`, but this is intentionally ignored during dead code analysis
[INFO] [stdout] 
[INFO] [stdout] 
[INFO] [stdout] warning: fields `libraries_dir` and `resolution` are never read
[INFO] [stdout]    --> src/launch/mod.rs:112:9
[INFO] [stdout]     |
[INFO] [stdout] 105 | pub struct LaunchOptions {
[INFO] [stdout]     |            ------------- fields in this struct
[INFO] [stdout] ...
[INFO] [stdout] 112 |     pub libraries_dir: PathBuf,
[INFO] [stdout]     |         ^^^^^^^^^^^^^
[INFO] [stdout] 113 |     pub versions_dir: PathBuf,
[INFO] [stdout] 114 |     pub resolution: Option<(u32, u32)>,
[INFO] [stdout]     |         ^^^^^^^^^^
[INFO] [stdout] 
[INFO] [stdout] 
[INFO] [stdout] warning: field `size` is never read
[INFO] [stdout]    --> src/launch/mod.rs:223:13
[INFO] [stdout]     |
[INFO] [stdout] 221 |         struct AssetObject {
[INFO] [stdout]     |                ----------- field in this struct
[INFO] [stdout] 222 |             hash: String,
[INFO] [stdout] 223 |             size: u64,
[INFO] [stdout]     |             ^^^^
[INFO] [stdout] 
[INFO] [stdout] 
[INFO] [stdout] warning: method `launch_interactive` is never used
[INFO] [stdout]    --> src/launch/mod.rs:490:12
[INFO] [stdout]     |
[INFO] [stdout] 301 | impl LaunchEngine {
[INFO] [stdout]     | ----------------- method in this implementation
[INFO] [stdout] ...
[INFO] [stdout] 490 |     pub fn launch_interactive(&self, args: &[String]) -> Result<std::process::Child> {
[INFO] [stdout]     |            ^^^^^^^^^^^^^^^^^^
[INFO] [stdout] 
[INFO] [stdout] 
[INFO] [stdout] warning: method `get_mod` is never used
[INFO] [stdout]   --> src/mods/mod.rs:26:14
[INFO] [stdout]    |
[INFO] [stdout] 18 | pub trait ModProvider: Send + Sync {
[INFO] [stdout]    |           ----------- method in this trait
[INFO] [stdout] ...
[INFO] [stdout] 26 |     async fn get_mod(&self, mod_id: &str) -> Result<ModInfo>;
[INFO] [stdout]    |              ^^^^^^^
[INFO] [stdout] 
[INFO] [stdout] 
[INFO] [stdout] warning: method `check_updates` is never used
[INFO] [stdout]    --> src/mods/mod.rs:142:18
[INFO] [stdout]     |
[INFO] [stdout]  41 | impl ModManager {
[INFO] [stdout]     | --------------- method in this implementation
[INFO] [stdout] ...
[INFO] [stdout] 142 |     pub async fn check_updates(&self) -> Result<Vec<(String, Option<String>)>> {
[INFO] [stdout]     |                  ^^^^^^^^^^^^^
[INFO] [stdout] 
[INFO] [stdout] 
[INFO] [stdout] warning: struct `ResolvedDep` is never constructed
[INFO] [stdout]   --> src/mods/dependency.rs:10:12
[INFO] [stdout]    |
[INFO] [stdout] 10 | pub struct ResolvedDep {
[INFO] [stdout]    |            ^^^^^^^^^^^
[INFO] [stdout] 
[INFO] [stdout] 
[INFO] [stdout] warning: fields `id` and `name` are never read
[INFO] [stdout]   --> src/skin/api.rs:11:5
[INFO] [stdout]    |
[INFO] [stdout] 10 | struct ProfileResponse {
[INFO] [stdout]    |        --------------- fields in this struct
[INFO] [stdout] 11 |     id: String,
[INFO] [stdout]    |     ^^
[INFO] [stdout] 12 |     name: String,
[INFO] [stdout]    |     ^^^^
[INFO] [stdout]    |
[INFO] [stdout]    = note: `ProfileResponse` has a derived impl for the trait `Debug`, but this is intentionally ignored during dead code analysis
[INFO] [stdout] 
[INFO] [stdout] 
[INFO] [stdout] warning: field `height` is never read
[INFO] [stdout]  --> src/skin/texture.rs:7:9
[INFO] [stdout]   |
[INFO] [stdout] 5 | pub struct SkinTexture {
[INFO] [stdout]   |            ----------- field in this struct
[INFO] [stdout] 6 |     pub width: u32,
[INFO] [stdout] 7 |     pub height: u32,
[INFO] [stdout]   |         ^^^^^^
[INFO] [stdout] 
[INFO] [stdout] 
[INFO] [stdout] warning: method `pixels` is never used
[INFO] [stdout]   --> src/skin/texture.rs:48:12
[INFO] [stdout]    |
[INFO] [stdout] 11 | impl SkinTexture {
[INFO] [stdout]    | ---------------- method in this implementation
[INFO] [stdout] ...
[INFO] [stdout] 48 |     pub fn pixels(&self) -> &[RGB8] {
[INFO] [stdout]    |            ^^^^^^
[INFO] [stdout] 
[INFO] [stdout] 
[INFO] [stdout] warning: function `print_skin_preview` is never used
[INFO] [stdout]   --> src/skin/preview.rs:56:8
[INFO] [stdout]    |
[INFO] [stdout] 56 | pub fn print_skin_preview(skin_data: &SkinData, texture: &SkinTexture, scale: u32) {
[INFO] [stdout]    |        ^^^^^^^^^^^^^^^^^^
[INFO] [stdout] 
[INFO] [stdout] 
[INFO] [stdout] warning: struct `MinecraftVersion` is never constructed
[INFO] [stdout]  --> src/types.rs:5:12
[INFO] [stdout]   |
[INFO] [stdout] 5 | pub struct MinecraftVersion {
[INFO] [stdout]   |            ^^^^^^^^^^^^^^^^
[INFO] [stdout] 
[INFO] [stdout] 
[INFO] [stdout] warning: fields `author`, `icon_url`, and `versions` are never read
[INFO] [stdout]   --> src/types.rs:61:9
[INFO] [stdout]    |
[INFO] [stdout] 57 | pub struct ModInfo {
[INFO] [stdout]    |            ------- fields in this struct
[INFO] [stdout] ...
[INFO] [stdout] 61 |     pub author: String,
[INFO] [stdout]    |         ^^^^^^
[INFO] [stdout] 62 |     pub download_count: u64,
[INFO] [stdout] 63 |     pub icon_url: Option<String>,
[INFO] [stdout]    |         ^^^^^^^^
[INFO] [stdout] 64 |     pub versions: Vec<ModVersion>,
[INFO] [stdout]    |         ^^^^^^^^
[INFO] [stdout]    |
[INFO] [stdout]    = note: `ModInfo` has derived impls for the traits `Clone` and `Debug`, but these are intentionally ignored during dead code analysis
[INFO] [stdout] 
[INFO] [stdout] 
[INFO] [stdout] warning: fields `id`, `game_versions`, `loaders`, and `file_size` are never read
[INFO] [stdout]   --> src/types.rs:70:9
[INFO] [stdout]    |
[INFO] [stdout] 69 | pub struct ModVersion {
[INFO] [stdout]    |            ---------- fields in this struct
[INFO] [stdout] 70 |     pub id: String,
[INFO] [stdout]    |         ^^
[INFO] [stdout] 71 |     pub version_number: String,
[INFO] [stdout] 72 |     pub game_versions: Vec<String>,
[INFO] [stdout]    |         ^^^^^^^^^^^^^
[INFO] [stdout] 73 |     pub loaders: Vec<String>,
[INFO] [stdout]    |         ^^^^^^^
[INFO] [stdout] 74 |     pub download_url: String,
[INFO] [stdout] 75 |     pub file_size: u64,
[INFO] [stdout]    |         ^^^^^^^^^
[INFO] [stdout]    |
[INFO] [stdout]    = note: `ModVersion` has derived impls for the traits `Clone` and `Debug`, but these are intentionally ignored during dead code analysis
[INFO] [stdout] 
[INFO] [stdout] 
[INFO] [stdout] warning: fields `provider` and `version_requirement` are never read
[INFO] [stdout]   --> src/types.rs:82:9
[INFO] [stdout]    |
[INFO] [stdout] 80 | pub struct ModDependency {
[INFO] [stdout]    |            ------------- fields in this struct
[INFO] [stdout] 81 |     pub mod_id: String,
[INFO] [stdout] 82 |     pub provider: String,
[INFO] [stdout]    |         ^^^^^^^^
[INFO] [stdout] 83 |     pub version_requirement: Option<String>,
[INFO] [stdout]    |         ^^^^^^^^^^^^^^^^^^^
[INFO] [stdout]    |
[INFO] [stdout]    = note: `ModDependency` has derived impls for the traits `Clone` and `Debug`, but these are intentionally ignored during dead code analysis
[INFO] [stdout] 
[INFO] [stdout] 
[INFO] [stdout] warning: variant `Microsoft` is never constructed
[INFO] [stdout]    --> src/types.rs:110:5
[INFO] [stdout]     |
[INFO] [stdout] 108 | pub enum Account {
[INFO] [stdout]     |          ------- variant in this enum
[INFO] [stdout] 109 |     Offline { username: String },
[INFO] [stdout] 110 |     Microsoft { username: String, uuid: String, token: String },
[INFO] [stdout]     |     ^^^^^^^^^
[INFO] [stdout]     |
[INFO] [stdout]     = note: `Account` has derived impls for the traits `Clone` and `Debug`, but these are intentionally ignored during dead code analysis
[INFO] [stdout] 
[INFO] [stdout] 
[INFO] [stderr] warning: unused dependency `anyhow`
[INFO] [stderr]  --> Cargo.toml:3:1
[INFO] [stderr]   |
[INFO] [stderr] 3 | anyhow = "1"
[INFO] [stderr]   | ^^^^^^^^^^^^
[INFO] [stderr]   |
[INFO] [stderr]   = note: `cargo::unused_dependencies` is set to `warn` by default
[INFO] [stderr] help: consider removing the dependency on `anyhow`
[INFO] [stderr] warning: `monamc` (manifest) generated 1 warning
[INFO] running `Command { std: "docker" "inspect" "45788358f10bccddc04517667ba22da502d18979432b77074be4f3936b7af9c7", kill_on_drop: false }`
[INFO] running `Command { std: "docker" "rm" "-f" "45788358f10bccddc04517667ba22da502d18979432b77074be4f3936b7af9c7", kill_on_drop: false }`
[INFO] [stdout] 45788358f10bccddc04517667ba22da502d18979432b77074be4f3936b7af9c7
