[INFO] cloning repository https://github.com/Bennet7291/dropocr
[INFO] running `Command { std: "git" "-c" "credential.helper=" "-c" "credential.helper=/workspace/cargo-home/bin/git-credential-null" "clone" "--bare" "https://github.com/Bennet7291/dropocr" "/workspace/cache/git-repos/https%3A%2F%2Fgithub.com%2FBennet7291%2Fdropocr", kill_on_drop: false }`
[INFO] [stderr] Cloning into bare repository '/workspace/cache/git-repos/https%3A%2F%2Fgithub.com%2FBennet7291%2Fdropocr'...
[INFO] running `Command { std: "git" "rev-parse" "HEAD", kill_on_drop: false }`
[INFO] [stdout] b525751969f87379d74741edfdf4369d62c8dbb6
[INFO] checking Bennet7291/dropocr against 3154cc1a3e6424e44f438a95007d043ed5ceaaf6 for pr-133502-30
[INFO] running `Command { std: "git" "clone" "/workspace/cache/git-repos/https%3A%2F%2Fgithub.com%2FBennet7291%2Fdropocr" "/workspace/builds/worker-5-tc2/source", kill_on_drop: false }`
[INFO] [stderr] Cloning into '/workspace/builds/worker-5-tc2/source'...
[INFO] [stderr] done.
[INFO] started tweaking git repo https://github.com/Bennet7291/dropocr
[INFO] finished tweaking git repo https://github.com/Bennet7291/dropocr
[INFO] tweaked toml for git repo https://github.com/Bennet7291/dropocr written to /workspace/builds/worker-5-tc2/source/Cargo.toml
[INFO] validating manifest of git repo https://github.com/Bennet7291/dropocr on toolchain 3154cc1a3e6424e44f438a95007d043ed5ceaaf6
[INFO] running `Command { std: CARGO_HOME="/workspace/cargo-home" RUSTUP_HOME="/workspace/rustup-home" "/workspace/cargo-home/bin/cargo" "+3154cc1a3e6424e44f438a95007d043ed5ceaaf6" "metadata" "--manifest-path" "Cargo.toml" "--no-deps", kill_on_drop: false }`
[INFO] crate git repo https://github.com/Bennet7291/dropocr already has a lockfile, it will not be regenerated
[INFO] running `Command { std: CARGO_HOME="/workspace/cargo-home" RUSTUP_HOME="/workspace/rustup-home" "/workspace/cargo-home/bin/cargo" "+3154cc1a3e6424e44f438a95007d043ed5ceaaf6" "fetch" "--manifest-path" "Cargo.toml", kill_on_drop: false }`
[INFO] [stderr]     Updating crates.io index
[INFO] [stderr]      Locking 56 packages to highest compatible versions
[INFO] [stderr]     Updating bit-set v0.5.3 -> v0.11.1
[INFO] [stderr]     Updating bit-vec v0.6.3 -> v0.10.1
[INFO] [stderr]       Adding borsh v1.8.1
[INFO] [stderr]       Adding borsh-derive v1.8.1
[INFO] [stderr]       Adding cfg_aliases v0.2.2
[INFO] [stderr]       Adding chacha20 v0.10.2
[INFO] [stderr]     Updating cpufeatures v0.2.17 -> v0.3.1
[INFO] [stderr]       Adding crossbeam-deque v0.8.8
[INFO] [stderr]       Adding crossbeam-epoch v0.9.21
[INFO] [stderr]       Adding crossbeam-utils v0.8.23
[INFO] [stderr]     Updating derive-new v0.5.9 -> v0.7.0
[INFO] [stderr]     Updating downcast-rs v1.2.1 -> v2.0.2
[INFO] [stderr]     Updating dyn-hash v0.2.2 -> v1.0.0
[INFO] [stderr]       Adding equivalent v1.0.2
[INFO] [stderr]       Adding erased-serde v0.4.10
[INFO] [stderr]       Adding float-ord v0.3.2
[INFO] [stderr]       Adding foldhash v0.2.0
[INFO] [stderr]     Updating getrandom v0.2.17 -> v0.4.3
[INFO] [stderr]       Adding hashbrown v0.16.1
[INFO] [stderr]       Adding hashbrown v0.17.1
[INFO] [stderr]       Adding indexmap v2.14.2
[INFO] [stderr]       Adding inventory v0.3.25
[INFO] [stderr]     Updating itertools v0.12.1 -> v0.15.0
[INFO] [stderr]       Adding memo-map v0.3.4
[INFO] [stderr]       Adding minijinja v2.24.0
[INFO] [stderr]       Adding ndarray v0.17.2
[INFO] [stderr]     Updating nom v7.1.3 -> v8.0.0
[INFO] [stderr]       Adding nom-language v0.1.0
[INFO] [stderr]       Adding pastey v0.2.3
[INFO] [stderr]       Adding proc-macro-crate v3.5.0
[INFO] [stderr]     Updating prost v0.11.9 -> v0.14.4
[INFO] [stderr]     Updating prost-derive v0.11.9 -> v0.14.4
[INFO] [stderr]       Adding r-efi v6.0.0
[INFO] [stderr]     Updating rand v0.8.7 -> v0.10.3
[INFO] [stderr]     Updating rand_core v0.6.4 -> v0.10.1
[INFO] [stderr]     Updating rand_distr v0.4.3 -> v0.6.0
[INFO] [stderr]       Adding rayon v1.12.0
[INFO] [stderr]       Adding rayon-core v1.13.0
[INFO] [stderr]       Adding rustversion v1.0.23
[INFO] [stderr]       Adding serde_json v1.0.152
[INFO] [stderr]     Updating string-interner v0.15.0 -> v0.20.0
[INFO] [stderr]       Adding toml_datetime v1.1.2+spec-1.1.0
[INFO] [stderr]       Adding toml_edit v0.25.17+spec-1.1.0
[INFO] [stderr]       Adding toml_parser v1.1.5+spec-1.1.0
[INFO] [stderr]     Updating tract-core v0.21.17 -> v0.23.8
[INFO] [stderr]     Updating tract-data v0.21.17 -> v0.23.8
[INFO] [stderr]       Adding tract-extra v0.23.8
[INFO] [stderr]     Updating tract-hir v0.21.17 -> v0.23.8
[INFO] [stderr]     Updating tract-linalg v0.21.17 -> v0.23.8
[INFO] [stderr]     Updating tract-nnef v0.21.17 -> v0.23.8
[INFO] [stderr]     Updating tract-onnx v0.21.17 -> v0.23.8
[INFO] [stderr]     Updating tract-onnx-opl v0.21.17 -> v0.23.8
[INFO] [stderr]       Adding tract-transformers v0.23.8
[INFO] [stderr]       Adding typeid v1.0.3
[INFO] [stderr]       Adding winnow v1.0.4
[INFO] [stderr]       Adding zmij v1.0.23
[INFO] running `Command { std: "docker" "create" "-v" "/var/lib/crater-agent-workspace/builds/worker-5-tc2/source:/opt/rustwide/workdir:ro,Z" "-v" "/var/lib/crater-agent-workspace/builds/worker-5-tc2/target:/opt/rustwide/target:rw,Z" "-v" "/var/lib/crater-agent-workspace/cargo-home:/opt/rustwide/cargo-home:ro,Z" "-v" "/var/lib/crater-agent-workspace/rustup-home:/opt/rustwide/rustup-home:ro,Z" "-m" "1610612736" "--network" "none" "ghcr.io/rust-lang/crates-build-env/linux@sha256:77db811e55d90add9212f6832c23229e3de5f1c1f9905e8cb07319ea15df73ac" "sleep" "infinity", kill_on_drop: false }`
[INFO] [stdout] 93a1d8f40f553f140878c3af7af89d8352ad33ec18d998b9a3229cea1bb74609
[INFO] running `Command { std: "docker" "start" "93a1d8f40f553f140878c3af7af89d8352ad33ec18d998b9a3229cea1bb74609", kill_on_drop: false }`
[INFO] running `Command { std: "docker" "inspect" "93a1d8f40f553f140878c3af7af89d8352ad33ec18d998b9a3229cea1bb74609", kill_on_drop: false }`
[INFO] running `Command { std: "docker" "exec" "-e" "SOURCE_DIR=/opt/rustwide/workdir" "-e" "CARGO_HOME=/opt/rustwide/cargo-home" "-e" "RUSTUP_HOME=/opt/rustwide/rustup-home" "-e" "CARGO_TARGET_DIR=/opt/rustwide/target" "-w" "/opt/rustwide/workdir" "--user" "0:0" "93a1d8f40f553f140878c3af7af89d8352ad33ec18d998b9a3229cea1bb74609" "/opt/rustwide/cargo-home/bin/cargo" "+3154cc1a3e6424e44f438a95007d043ed5ceaaf6" "metadata" "--no-deps" "--format-version=1", kill_on_drop: false }`
[INFO] running `Command { std: "docker" "inspect" "93a1d8f40f553f140878c3af7af89d8352ad33ec18d998b9a3229cea1bb74609", kill_on_drop: false }`
[INFO] running `Command { std: "docker" "exec" "-e" "SOURCE_DIR=/opt/rustwide/workdir" "-e" "CARGO_HOME=/opt/rustwide/cargo-home" "-e" "RUSTUP_HOME=/opt/rustwide/rustup-home" "-e" "CARGO_TARGET_DIR=/opt/rustwide/target" "-e" "CARGO_INCREMENTAL=0" "-e" "RUST_BACKTRACE=full" "-e" "RUSTFLAGS=--cap-lints=forbid" "-e" "RUSTDOCFLAGS=--cap-lints=forbid" "-w" "/opt/rustwide/workdir" "--user" "0:0" "93a1d8f40f553f140878c3af7af89d8352ad33ec18d998b9a3229cea1bb74609" "/opt/rustwide/cargo-home/bin/cargo" "+3154cc1a3e6424e44f438a95007d043ed5ceaaf6" "check" "--frozen" "--all" "--all-targets" "--message-format=json", kill_on_drop: false }`
[INFO] [stderr]    Compiling autocfg v1.5.1
[INFO] [stderr]    Compiling libm v0.2.11
[INFO] [stderr]     Checking cfg-if v1.0.4
[INFO] [stderr]    Compiling libc v0.2.189
[INFO] [stderr]    Compiling proc-macro2 v1.0.107
[INFO] [stderr]    Compiling unicode-ident v1.0.24
[INFO] [stderr]    Compiling quote v1.0.47
[INFO] [stderr]    Compiling serde_core v1.0.229
[INFO] [stderr]    Compiling anyhow v1.0.104
[INFO] [stderr]     Checking rawpointer v0.2.1
[INFO] [stderr]    Compiling serde v1.0.229
[INFO] [stderr]     Checking either v1.17.0
[INFO] [stderr]    Compiling num-traits v0.2.19
[INFO] [stderr]    Compiling matrixmultiply v0.3.11
[INFO] [stderr]    Compiling parking_lot_core v0.9.12
[INFO] [stderr]     Checking memchr v2.8.3
[INFO] [stderr]     Checking num-integer v0.1.47
[INFO] [stderr]     Checking num-complex v0.4.6
[INFO] [stderr]    Compiling syn v3.0.3
[INFO] [stderr]    Compiling syn v2.0.119
[INFO] [stderr]    Compiling find-msvc-tools v0.1.11
[INFO] [stderr]     Checking smallvec v1.15.2
[INFO] [stderr]     Checking foldhash v0.2.0
[INFO] [stderr]     Checking scopeguard v1.2.0
[INFO] [stderr]     Checking simd-adler32 v0.3.10
[INFO] [stderr]    Compiling same-file v1.0.6
[INFO] [stderr]    Compiling shlex v2.0.1
[INFO] [stderr]    Compiling memo-map v0.3.4
[INFO] [stderr]    Compiling walkdir v2.5.0
[INFO] [stderr]    Compiling half v2.4.1
[INFO] [stderr]    Compiling cc v1.4.3
[INFO] [stderr]     Checking lock_api v0.4.14
[INFO] [stderr]     Checking hashbrown v0.16.1
[INFO] [stderr]     Checking nom v8.0.0
[INFO] [stderr]    Compiling typeid v1.0.3
[INFO] [stderr]     Checking byteorder v1.5.0
[INFO] [stderr]     Checking parking_lot v0.12.5
[INFO] [stderr]     Checking ndarray v0.17.2
[INFO] [stderr]     Checking itertools v0.15.0
[INFO] [stderr]     Checking dyn-hash v1.0.0
[INFO] [stderr]    Compiling rustix v1.1.4
[INFO] [stderr]     Checking maplit v1.0.2
[INFO] [stderr]     Checking inventory v0.3.25
[INFO] [stderr]    Compiling erased-serde v0.4.10
[INFO] [stderr]     Checking downcast-rs v2.0.2
[INFO] [stderr]     Checking lazy_static v1.5.0
[INFO] [stderr]     Checking dyn-clone v1.0.20
[INFO] [stderr]     Checking strength_reduce v0.2.4
[INFO] [stderr]     Checking primal-check v0.3.4
[INFO] [stderr]     Checking transpose v0.2.3
[INFO] [stderr]    Compiling crossbeam-utils v0.8.23
[INFO] [stderr]    Compiling zmij v1.0.23
[INFO] [stderr]    Compiling minijinja v2.24.0
[INFO] [stderr]    Compiling pastey v0.2.3
[INFO] [stderr]     Checking linux-raw-sys v0.12.1
[INFO] [stderr]    Compiling serde_derive v1.0.229
[INFO] [stderr]     Checking log v0.4.33
[INFO] [stderr]     Checking bitflags v2.13.1
[INFO] [stderr]     Checking bit-vec v0.10.1
[INFO] [stderr]    Compiling derive-new v0.7.0
[INFO] [stderr]     Checking bit-set v0.11.1
[INFO] [stderr]     Checking rustfft v6.4.1
[INFO] [stderr]    Compiling zerocopy v0.8.56
[INFO] [stderr]    Compiling crossbeam-epoch v0.9.21
[INFO] [stderr]    Compiling serde_json v1.0.152
[INFO] [stderr]     Checking anymap3 v1.1.0
[INFO] [stderr]    Compiling getrandom v0.1.16
[INFO] [stderr]     Checking filetime v0.2.29
[INFO] [stderr]    Compiling crossbeam-deque v0.8.8
[INFO] [stderr]     Checking bytemuck v1.25.2
[INFO] [stderr]     Checking itoa v1.0.18
[INFO] [stderr]    Compiling getrandom v0.4.3
[INFO] [stderr]    Compiling crc32fast v1.5.0
[INFO] [stderr]     Checking rand_core v0.10.1
[INFO] [stderr]     Checking xattr v1.6.1
[INFO] [stderr]     Checking tar v0.4.46
[INFO] [stderr]     Checking nom-language v0.1.0
[INFO] [stderr]     Checking num-bigint v0.4.8
[INFO] [stderr]    Compiling paste v1.0.15
[INFO] [stderr]     Checking adler2 v2.0.1
[INFO] [stderr]     Checking cpufeatures v0.3.1
[INFO] [stderr]    Compiling rayon-core v1.13.0
[INFO] [stderr]     Checking chacha20 v0.10.2
[INFO] [stderr]     Checking miniz_oxide v0.8.9
[INFO] [stderr]     Checking rand_core v0.5.1
[INFO] [stderr]     Checking safe_arch v0.7.4
[INFO] [stderr]     Checking num-rational v0.4.2
[INFO] [stderr]     Checking wide v0.7.33
[INFO] [stderr]     Checking string-interner v0.20.0
[INFO] [stderr]     Checking flate2 v1.1.9
[INFO] [stderr]    Compiling itertools v0.13.0
[INFO] [stderr]     Checking rand v0.10.3
[INFO] [stderr]     Checking tract-data v0.23.8
[INFO] [stderr]     Checking fdeflate v0.3.7
[INFO] [stderr]     Checking approx v0.5.1
[INFO] [stderr]     Checking ttf-parser v0.15.2
[INFO] [stderr]     Checking bitflags v1.3.2
[INFO] [stderr]     Checking png v0.17.16
[INFO] [stderr]     Checking simba v0.7.3
[INFO] [stderr]     Checking rand_distr v0.6.0
[INFO] [stderr]     Checking rayon v1.12.0
[INFO] [stderr]     Checking num-iter v0.1.46
[INFO] [stderr]    Compiling prost-derive v0.14.4
[INFO] [stderr]     Checking typenum v1.20.1
[INFO] [stderr]     Checking float-ord v0.3.2
[INFO] [stderr]     Checking custom_derive v0.1.7
[INFO] [stderr]     Checking bytes v1.12.1
[INFO] [stderr]     Checking jpeg-decoder v0.3.2
[INFO] [stderr]     Checking owned_ttf_parser v0.15.2
[INFO] [stderr]     Checking ab_glyph_rasterizer v0.1.10
[INFO] [stderr]     Checking color_quant v1.1.0
[INFO] [stderr]     Checking rusttype v0.9.3
[INFO] [stderr]     Checking conv v0.3.3
[INFO] [stderr]    Compiling tract-linalg v0.23.8
[INFO] [stderr]     Checking image v0.24.9
[INFO] [stderr]     Checking num v0.4.3
[INFO] [stderr]     Checking memmap2 v0.9.11
[INFO] [stderr]     Checking prost v0.14.4
[INFO] [stderr]     Checking itertools v0.10.5
[INFO] [stderr]     Checking ndarray v0.16.1
[INFO] [stderr]     Checking ppv-lite86 v0.2.21
[INFO] [stderr]     Checking rand_chacha v0.2.2
[INFO] [stderr]     Checking rand v0.7.3
[INFO] [stderr]     Checking rand_distr v0.2.2
[INFO] [stderr]     Checking nalgebra v0.30.1
[INFO] [stderr]     Checking tract-core v0.23.8
[INFO] [stderr]     Checking imageproc v0.23.1
[INFO] [stderr]     Checking tract-nnef v0.23.8
[INFO] [stderr]     Checking tract-hir v0.23.8
[INFO] [stderr]     Checking tract-extra v0.23.8
[INFO] [stderr]     Checking tract-transformers v0.23.8
[INFO] [stderr]     Checking tract-onnx-opl v0.23.8
[INFO] [stderr]     Checking tract-onnx v0.23.8
[INFO] [stderr]     Checking dropocr v0.1.0 (/opt/rustwide/workdir)
[INFO] [stdout] error[E0107]: type alias takes 0 generic arguments but 1 generic argument was supplied
[INFO] [stdout]   --> src/ocr/detection.rs:12:11
[INFO] [stdout]    |
[INFO] [stdout] 12 |     plan: TypedRunnableModel<TypedModel>,
[INFO] [stdout]    |           ^^^^^^^^^^^^^^^^^^------------ help: remove the unnecessary generics
[INFO] [stdout]    |           |
[INFO] [stdout]    |           expected 0 generic arguments
[INFO] [stdout]    |
[INFO] [stdout] note: type alias defined here, with 0 generic parameters
[INFO] [stdout]   --> /opt/rustwide/cargo-home/registry/src/index.crates.io-1949cf8c6b5b557f/tract-core-0.23.8/src/model/typed.rs:20:10
[INFO] [stdout]    |
[INFO] [stdout] 20 | pub type TypedRunnableModel = RunnableModel<TypedFact, Box<dyn TypedOp>>;
[INFO] [stdout]    |          ^^^^^^^^^^^^^^^^^^
[INFO] [stdout] 
[INFO] [stdout] 
[INFO] [stdout] error[E0107]: type alias takes 0 generic arguments but 1 generic argument was supplied
[INFO] [stdout]   --> src/ocr/recognition.rs:11:11
[INFO] [stdout]    |
[INFO] [stdout] 11 |     plan: TypedRunnableModel<TypedModel>,
[INFO] [stdout]    |           ^^^^^^^^^^^^^^^^^^------------ help: remove the unnecessary generics
[INFO] [stdout]    |           |
[INFO] [stdout]    |           expected 0 generic arguments
[INFO] [stdout]    |
[INFO] [stdout] note: type alias defined here, with 0 generic parameters
[INFO] [stdout]   --> /opt/rustwide/cargo-home/registry/src/index.crates.io-1949cf8c6b5b557f/tract-core-0.23.8/src/model/typed.rs:20:10
[INFO] [stdout]    |
[INFO] [stdout] 20 | pub type TypedRunnableModel = RunnableModel<TypedFact, Box<dyn TypedOp>>;
[INFO] [stdout]    |          ^^^^^^^^^^^^^^^^^^
[INFO] [stdout] 
[INFO] [stdout] 
[INFO] [stdout] error[E0599]: no method named `into_tvalue` found for struct `ndarray::ArrayBase<S, D>` in the current scope
[INFO] [stdout]   --> src/ocr/detection.rs:73:41
[INFO] [stdout]    |
[INFO] [stdout] 73 |             .run(tvec!(input.into_dyn().into_tvalue()))
[INFO] [stdout]    |                                         ^^^^^^^^^^^
[INFO] [stdout]    |
[INFO] [stdout] help: there is a method `into_as` with a similar name
[INFO] [stdout]    |
[INFO] [stdout] 73 -             .run(tvec!(input.into_dyn().into_tvalue()))
[INFO] [stdout] 73 +             .run(tvec!(input.into_dyn().into_as()))
[INFO] [stdout]    |
[INFO] [stdout] 
[INFO] [stdout] 
[INFO] [stdout] error[E0107]: type alias takes 0 generic arguments but 1 generic argument was supplied
[INFO] [stdout]   --> src/ocr/detection.rs:12:11
[INFO] [stdout]    |
[INFO] [stdout] 12 |     plan: TypedRunnableModel<TypedModel>,
[INFO] [stdout]    |           ^^^^^^^^^^^^^^^^^^------------ help: remove the unnecessary generics
[INFO] [stdout]    |           |
[INFO] [stdout]    |           expected 0 generic arguments
[INFO] [stdout]    |
[INFO] [stdout] note: type alias defined here, with 0 generic parameters
[INFO] [stdout]   --> /opt/rustwide/cargo-home/registry/src/index.crates.io-1949cf8c6b5b557f/tract-core-0.23.8/src/model/typed.rs:20:10
[INFO] [stdout]    |
[INFO] [stdout] 20 | pub type TypedRunnableModel = RunnableModel<TypedFact, Box<dyn TypedOp>>;
[INFO] [stdout]    |          ^^^^^^^^^^^^^^^^^^
[INFO] [stdout] 
[INFO] [stdout] 
[INFO] [stdout] error[E0107]: type alias takes 0 generic arguments but 1 generic argument was supplied
[INFO] [stdout]   --> src/ocr/recognition.rs:11:11
[INFO] [stdout]    |
[INFO] [stdout] 11 |     plan: TypedRunnableModel<TypedModel>,
[INFO] [stdout]    |           ^^^^^^^^^^^^^^^^^^------------ help: remove the unnecessary generics
[INFO] [stdout]    |           |
[INFO] [stdout]    |           expected 0 generic arguments
[INFO] [stdout]    |
[INFO] [stdout] note: type alias defined here, with 0 generic parameters
[INFO] [stdout]   --> /opt/rustwide/cargo-home/registry/src/index.crates.io-1949cf8c6b5b557f/tract-core-0.23.8/src/model/typed.rs:20:10
[INFO] [stdout]    |
[INFO] [stdout] 20 | pub type TypedRunnableModel = RunnableModel<TypedFact, Box<dyn TypedOp>>;
[INFO] [stdout]    |          ^^^^^^^^^^^^^^^^^^
[INFO] [stdout] 
[INFO] [stdout] 
[INFO] [stdout] error[E0599]: no method named `into_tvalue` found for struct `ndarray::ArrayBase<S, D>` in the current scope
[INFO] [stdout]   --> src/ocr/detection.rs:73:41
[INFO] [stdout]    |
[INFO] [stdout] 73 |             .run(tvec!(input.into_dyn().into_tvalue()))
[INFO] [stdout]    |                                         ^^^^^^^^^^^
[INFO] [stdout]    |
[INFO] [stdout] help: there is a method `into_as` with a similar name
[INFO] [stdout]    |
[INFO] [stdout] 73 -             .run(tvec!(input.into_dyn().into_tvalue()))
[INFO] [stdout] 73 +             .run(tvec!(input.into_dyn().into_as()))
[INFO] [stdout]    |
[INFO] [stdout] 
[INFO] [stdout] 
[INFO] [stdout] error[E0599]: no method named `into_tvalue` found for struct `ndarray::ArrayBase<S, D>` in the current scope
[INFO] [stdout]   --> src/ocr/recognition.rs:71:41
[INFO] [stdout]    |
[INFO] [stdout] 71 |             .run(tvec!(input.into_dyn().into_tvalue()))
[INFO] [stdout]    |                                         ^^^^^^^^^^^
[INFO] [stdout]    |
[INFO] [stdout] help: there is a method `into_as` with a similar name
[INFO] [stdout]    |
[INFO] [stdout] 71 -             .run(tvec!(input.into_dyn().into_tvalue()))
[INFO] [stdout] 71 +             .run(tvec!(input.into_dyn().into_as()))
[INFO] [stdout]    |
[INFO] [stdout] 
[INFO] [stdout] 
[INFO] [stdout] error[E0599]: no method named `into_tvalue` found for struct `ndarray::ArrayBase<S, D>` in the current scope
[INFO] [stdout]   --> src/ocr/recognition.rs:71:41
[INFO] [stdout]    |
[INFO] [stdout] 71 |             .run(tvec!(input.into_dyn().into_tvalue()))
[INFO] [stdout]    |                                         ^^^^^^^^^^^
[INFO] [stdout]    |
[INFO] [stdout] help: there is a method `into_as` with a similar name
[INFO] [stdout]    |
[INFO] [stdout] 71 -             .run(tvec!(input.into_dyn().into_tvalue()))
[INFO] [stdout] 71 +             .run(tvec!(input.into_dyn().into_as()))
[INFO] [stdout]    |
[INFO] [stdout] 
[INFO] [stdout] 
[INFO] [stdout] Some errors have detailed explanations: E0107, E0599.
[INFO] [stdout] 
[INFO] [stdout] For more information about an error, try `rustc --explain E0107`.
[INFO] [stdout] 
[INFO] [stderr] error: could not compile `dropocr` (bin "dropocr" test) due to 4 previous errors
[INFO] [stdout] Some errors have detailed explanations: E0107, E0599.
[INFO] [stdout] 
[INFO] [stderr] warning: build failed, waiting for other jobs to finish...
[INFO] [stdout] For more information about an error, try `rustc --explain E0107`.
[INFO] [stdout] 
[INFO] [stderr] error: could not compile `dropocr` (bin "dropocr") due to 4 previous errors
[INFO] running `Command { std: "docker" "inspect" "93a1d8f40f553f140878c3af7af89d8352ad33ec18d998b9a3229cea1bb74609", kill_on_drop: false }`
[INFO] running `Command { std: "docker" "rm" "-f" "93a1d8f40f553f140878c3af7af89d8352ad33ec18d998b9a3229cea1bb74609", kill_on_drop: false }`
[INFO] [stdout] 93a1d8f40f553f140878c3af7af89d8352ad33ec18d998b9a3229cea1bb74609
