[INFO] cloning repository https://github.com/BeiZi6/cs_room
[INFO] running `Command { std: "git" "-c" "credential.helper=" "-c" "credential.helper=/workspace/cargo-home/bin/git-credential-null" "clone" "--bare" "https://github.com/BeiZi6/cs_room" "/workspace/cache/git-repos/https%3A%2F%2Fgithub.com%2FBeiZi6%2Fcs_room", kill_on_drop: false }`
[INFO] [stderr] Cloning into bare repository '/workspace/cache/git-repos/https%3A%2F%2Fgithub.com%2FBeiZi6%2Fcs_room'...
[INFO] running `Command { std: "git" "rev-parse" "HEAD", kill_on_drop: false }`
[INFO] [stdout] a3c3e31964e9a1a7a84c65341bb5113bea5ffc17
[INFO] checking BeiZi6/cs_room against 3154cc1a3e6424e44f438a95007d043ed5ceaaf6+rustflags=-Znext-solver=coherence for pr-133502-30
[INFO] running `Command { std: "git" "clone" "/workspace/cache/git-repos/https%3A%2F%2Fgithub.com%2FBeiZi6%2Fcs_room" "/workspace/builds/worker-0-tc1/source", kill_on_drop: false }`
[INFO] [stderr] Cloning into '/workspace/builds/worker-0-tc1/source'...
[INFO] [stderr] done.
[INFO] started tweaking git repo https://github.com/BeiZi6/cs_room
[INFO] finished tweaking git repo https://github.com/BeiZi6/cs_room
[INFO] tweaked toml for git repo https://github.com/BeiZi6/cs_room written to /workspace/builds/worker-0-tc1/source/Cargo.toml
[INFO] validating manifest of git repo https://github.com/BeiZi6/cs_room on toolchain 3154cc1a3e6424e44f438a95007d043ed5ceaaf6
[INFO] running `Command { std: CARGO_HOME="/workspace/cargo-home" RUSTUP_HOME="/workspace/rustup-home" "/workspace/cargo-home/bin/cargo" "+3154cc1a3e6424e44f438a95007d043ed5ceaaf6" "metadata" "--manifest-path" "Cargo.toml" "--no-deps", kill_on_drop: false }`
[INFO] crate git repo https://github.com/BeiZi6/cs_room already has a lockfile, it will not be regenerated
[INFO] running `Command { std: CARGO_HOME="/workspace/cargo-home" RUSTUP_HOME="/workspace/rustup-home" "/workspace/cargo-home/bin/cargo" "+3154cc1a3e6424e44f438a95007d043ed5ceaaf6" "fetch" "--manifest-path" "Cargo.toml", kill_on_drop: false }`
[INFO] running `Command { std: "docker" "create" "-v" "/var/lib/crater-agent-workspace/builds/worker-0-tc1/source:/opt/rustwide/workdir:ro,Z" "-v" "/var/lib/crater-agent-workspace/builds/worker-0-tc1/target:/opt/rustwide/target:rw,Z" "-v" "/var/lib/crater-agent-workspace/cargo-home:/opt/rustwide/cargo-home:ro,Z" "-v" "/var/lib/crater-agent-workspace/rustup-home:/opt/rustwide/rustup-home:ro,Z" "-m" "1610612736" "--network" "none" "ghcr.io/rust-lang/crates-build-env/linux@sha256:77db811e55d90add9212f6832c23229e3de5f1c1f9905e8cb07319ea15df73ac" "sleep" "infinity", kill_on_drop: false }`
[INFO] [stdout] 0185fa72690fe64d0a4ff8223272a2450efa4fda1bd2f1dc26a3ca5f713a03b1
[INFO] running `Command { std: "docker" "start" "0185fa72690fe64d0a4ff8223272a2450efa4fda1bd2f1dc26a3ca5f713a03b1", kill_on_drop: false }`
[INFO] running `Command { std: "docker" "inspect" "0185fa72690fe64d0a4ff8223272a2450efa4fda1bd2f1dc26a3ca5f713a03b1", kill_on_drop: false }`
[INFO] running `Command { std: "docker" "exec" "-e" "SOURCE_DIR=/opt/rustwide/workdir" "-e" "CARGO_HOME=/opt/rustwide/cargo-home" "-e" "RUSTUP_HOME=/opt/rustwide/rustup-home" "-e" "CARGO_TARGET_DIR=/opt/rustwide/target" "-w" "/opt/rustwide/workdir" "--user" "0:0" "0185fa72690fe64d0a4ff8223272a2450efa4fda1bd2f1dc26a3ca5f713a03b1" "/opt/rustwide/cargo-home/bin/cargo" "+3154cc1a3e6424e44f438a95007d043ed5ceaaf6" "metadata" "--no-deps" "--format-version=1", kill_on_drop: false }`
[INFO] running `Command { std: "docker" "inspect" "0185fa72690fe64d0a4ff8223272a2450efa4fda1bd2f1dc26a3ca5f713a03b1", kill_on_drop: false }`
[INFO] running `Command { std: "docker" "exec" "-e" "SOURCE_DIR=/opt/rustwide/workdir" "-e" "CARGO_HOME=/opt/rustwide/cargo-home" "-e" "RUSTUP_HOME=/opt/rustwide/rustup-home" "-e" "CARGO_TARGET_DIR=/opt/rustwide/target" "-e" "CARGO_INCREMENTAL=0" "-e" "RUST_BACKTRACE=full" "-e" "RUSTFLAGS=--cap-lints=forbid -Znext-solver=coherence" "-e" "RUSTDOCFLAGS=--cap-lints=forbid" "-w" "/opt/rustwide/workdir" "--user" "0:0" "0185fa72690fe64d0a4ff8223272a2450efa4fda1bd2f1dc26a3ca5f713a03b1" "/opt/rustwide/cargo-home/bin/cargo" "+3154cc1a3e6424e44f438a95007d043ed5ceaaf6" "check" "--frozen" "--all" "--all-targets" "--message-format=json", kill_on_drop: false }`
[INFO] [stderr]    Compiling wayland-backend v0.3.16
[INFO] [stderr]    Compiling syn v3.0.3
[INFO] [stderr]    Compiling zvariant_utils v2.1.0
[INFO] [stderr]     Checking wayland-sys v0.31.11
[INFO] [stderr]    Compiling crossbeam-utils v0.8.22
[INFO] [stderr]     Checking getrandom v0.3.4
[INFO] [stderr]     Checking arrayvec v0.7.8
[INFO] [stderr]     Checking ttf-parser v0.25.1
[INFO] [stderr]    Compiling rustix v0.38.44
[INFO] [stderr]     Checking nix v0.29.0
[INFO] [stderr]    Compiling ahash v0.8.12
[INFO] [stderr]     Checking ab_glyph_rasterizer v0.1.10
[INFO] [stderr]     Checking memmap2 v0.9.11
[INFO] [stderr]    Compiling x11-dl v2.21.0
[INFO] [stderr]    Compiling smithay-client-toolkit v0.19.2
[INFO] [stderr]     Checking accesskit v0.17.1
[INFO] [stderr]     Checking strict-num v0.1.1
[INFO] [stderr]     Checking gethostname v1.1.0
[INFO] [stderr]     Checking x11rb-protocol v0.13.2
[INFO] [stderr]    Compiling winit v0.30.13
[INFO] [stderr]    Compiling openssl v0.10.81
[INFO] [stderr]    Compiling glutin_glx_sys v0.6.1
[INFO] [stderr]     Checking xkbcommon-dl v0.4.2
[INFO] [stderr]     Checking immutable-chunkmap v2.1.3
[INFO] [stderr]    Compiling zvariant_derive v4.2.0
[INFO] [stderr]    Compiling zbus_macros v4.4.0
[INFO] [stderr]     Checking calloop v0.14.4
[INFO] [stderr]    Compiling openssl-macros v0.1.1
[INFO] [stderr]     Checking epaint_default_fonts v0.31.1
[INFO] [stderr]     Checking concurrent-queue v2.5.0
[INFO] [stderr]    Compiling native-tls v0.2.18
[INFO] [stderr]     Checking accesskit_consumer v0.26.0
[INFO] [stderr]     Checking rand_core v0.9.5
[INFO] [stderr]     Checking async-channel v2.5.0
[INFO] [stderr]     Checking async-io v2.6.0
[INFO] [stderr]     Checking async-executor v1.14.0
[INFO] [stderr]     Checking blocking v1.6.2
[INFO] [stderr]    Compiling glutin v0.32.3
[INFO] [stderr]     Checking rand_chacha v0.9.0
[INFO] [stderr]    Compiling glutin-winit v0.5.0
[INFO] [stderr]     Checking http-body-util v0.1.4
[INFO] [stderr]     Checking async-fs v2.2.0
[INFO] [stderr]     Checking rand v0.9.5
[INFO] [stderr]     Checking glow v0.16.0
[INFO] [stderr]    Compiling document-features v0.2.12
[INFO] [stderr]     Checking chrono v0.4.45
[INFO] [stderr]     Checking wayland-client v0.31.15
[INFO] [stderr]     Checking wayland-csd-frame v0.3.0
[INFO] [stderr]     Checking wayland-protocols v0.32.13
[INFO] [stderr]     Checking wayland-cursor v0.31.14
[INFO] [stderr]     Checking calloop-wayland-source v0.4.1
[INFO] [stderr]     Checking owned_ttf_parser v0.25.1
[INFO] [stderr]     Checking ab_glyph v0.2.32
[INFO] [stderr]    Compiling serde_derive v1.0.229
[INFO] [stderr]    Compiling futures-macro v0.3.34
[INFO] [stderr]    Compiling bytemuck_derive v1.12.0
[INFO] [stderr]    Compiling displaydoc v0.2.7
[INFO] [stderr]    Compiling tokio-macros v2.7.2
[INFO] [stderr]    Compiling serde_repr v0.1.21
[INFO] [stderr]    Compiling async-trait v0.1.92
[INFO] [stderr]    Compiling thiserror-impl v2.0.20
[INFO] [stderr]     Checking tokio v1.53.1
[INFO] [stderr]     Checking tinystr v0.8.3
[INFO] [stderr]     Checking zerotrie v0.2.4
[INFO] [stderr]     Checking icu_collections v2.2.0
[INFO] [stderr]     Checking futures-util v0.3.34
[INFO] [stderr]     Checking icu_locale_core v2.2.0
[INFO] [stderr]     Checking calloop v0.13.0
[INFO] [stderr]     Checking calloop-wayland-source v0.3.0
[INFO] [stderr]     Checking thiserror v2.0.20
[INFO] [stderr]     Checking tungstenite v0.26.2
[INFO] [stderr]     Checking bytemuck v1.25.2
[INFO] [stderr]     Checking icu_provider v2.2.0
[INFO] [stderr]     Checking icu_properties v2.2.0
[INFO] [stderr]     Checking icu_normalizer v2.2.0
[INFO] [stderr]     Checking tiny-skia-path v0.11.4
[INFO] [stderr]     Checking emath v0.31.1
[INFO] [stderr]     Checking image v0.25.10
[INFO] [stderr]     Checking ecolor v0.31.1
[INFO] [stderr]     Checking tiny-skia v0.11.4
[INFO] [stderr]     Checking epaint v0.31.1
[INFO] [stderr]     Checking idna_adapter v1.2.2
[INFO] [stderr]     Checking serde v1.0.229
[INFO] [stderr]     Checking idna v1.1.0
[INFO] [stderr]     Checking url v2.5.8
[INFO] [stderr]    Compiling enumflags2 v0.7.12
[INFO] [stderr]    Compiling quick-xml v0.30.0
[INFO] [stderr]     Checking egui v0.31.1
[INFO] [stderr]     Checking webbrowser v1.2.4
[INFO] [stderr]    Compiling zvariant v4.2.0
[INFO] [stderr]     Checking serde_urlencoded v0.7.1
[INFO] [stderr]     Checking wayland-protocols-wlr v0.3.12
[INFO] [stderr]     Checking wayland-protocols-plasma v0.3.12
[INFO] [stderr]     Checking wayland-protocols-experimental v20250721.0.1
[INFO] [stderr]     Checking wayland-protocols-misc v0.3.12
[INFO] [stderr]     Checking tokio-util v0.7.19
[INFO] [stderr]     Checking tokio-native-tls v0.3.1
[INFO] [stderr]     Checking tower v0.5.3
[INFO] [stderr]     Checking tokio-tungstenite v0.26.2
[INFO] [stderr]     Checking tower-http v0.6.11
[INFO] [stderr]     Checking smithay-client-toolkit v0.20.0
[INFO] [stderr]     Checking h2 v0.4.15
[INFO] [stderr]     Checking x11rb v0.13.2
[INFO] [stderr]     Checking sctk-adwaita v0.10.1
[INFO] [stderr]     Checking zbus_names v3.0.0
[INFO] [stderr]     Checking smithay-clipboard v0.7.3
[INFO] [stderr]     Checking arboard v3.6.1
[INFO] [stderr]     Checking zbus_xml v4.0.0
[INFO] [stderr]     Checking zbus v4.4.0
[INFO] [stderr]     Checking egui_glow v0.31.1
[INFO] [stderr]     Checking zbus-lockstep v0.4.4
[INFO] [stderr]    Compiling zbus-lockstep-macros v0.4.4
[INFO] [stderr]     Checking hyper v1.11.0
[INFO] [stderr]     Checking hyper-util v0.1.20
[INFO] [stderr]     Checking hyper-tls v0.6.0
[INFO] [stderr]     Checking reqwest v0.12.28
[INFO] [stderr]     Checking atspi-common v0.6.0
[INFO] [stderr]     Checking atspi-proxies v0.6.0
[INFO] [stderr]     Checking accesskit_atspi_common v0.10.1
[INFO] [stderr]     Checking atspi-connection v0.6.0
[INFO] [stderr]     Checking atspi v0.22.0
[INFO] [stderr]     Checking accesskit_unix v0.13.1
[INFO] [stderr]     Checking accesskit_winit v0.23.1
[INFO] [stderr]     Checking egui-winit v0.31.1
[INFO] [stderr]     Checking eframe v0.31.1
[INFO] [stderr]     Checking cs_room v0.1.0 (/opt/rustwide/workdir)
[INFO] [stdout] error[E0433]: cannot find `windows` in `os`
[INFO] [stdout]  --> src/main.rs:7:14
[INFO] [stdout]   |
[INFO] [stdout] 7 | use std::os::windows::process::CommandExt;
[INFO] [stdout]   |              ^^^^^^^ could not find `windows` in `os`
[INFO] [stdout]   |
[INFO] [stdout] note: found an item that was configured out
[INFO] [stdout]  --> /rustc/3154cc1a3e6424e44f438a95007d043ed5ceaaf6/library/std/src/os/mod.rs:62:4
[INFO] [stdout]   |
[INFO] [stdout]   = note: the item is gated behind the `windows` feature
[INFO] [stdout] 
[INFO] [stdout] 
[INFO] [stdout] error[E0433]: cannot find `windows` in `os`
[INFO] [stdout]  --> src/main.rs:7:14
[INFO] [stdout]   |
[INFO] [stdout] 7 | use std::os::windows::process::CommandExt;
[INFO] [stdout]   |              ^^^^^^^ could not find `windows` in `os`
[INFO] [stdout]   |
[INFO] [stdout] note: found an item that was configured out
[INFO] [stdout]  --> /rustc/3154cc1a3e6424e44f438a95007d043ed5ceaaf6/library/std/src/os/mod.rs:62:4
[INFO] [stdout]   |
[INFO] [stdout]   = note: the item is gated behind the `windows` feature
[INFO] [stdout] 
[INFO] [stdout] 
[INFO] [stdout] error[E0599]: no method named `creation_flags` found for mutable reference `&mut std::process::Command` in the current scope
[INFO] [stdout]    --> src/main.rs:419:10
[INFO] [stdout]     |
[INFO] [stdout] 417 |     let _ = std::process::Command::new("taskkill")
[INFO] [stdout] 418 |         .args(["/F", "/IM", "msedge.exe"])
[INFO] [stdout] 419 |         .creation_flags(0x08000000)
[INFO] [stdout]     |          ^^^^^^^^^^^^^^ method not found in `&mut std::process::Command`
[INFO] [stdout] 
[INFO] [stdout] 
[INFO] [stdout] error[E0599]: no method named `creation_flags` found for mutable reference `&mut std::process::Command` in the current scope
[INFO] [stdout]    --> src/main.rs:419:10
[INFO] [stdout]     |
[INFO] [stdout] 417 |     let _ = std::process::Command::new("taskkill")
[INFO] [stdout] 418 |         .args(["/F", "/IM", "msedge.exe"])
[INFO] [stdout] 419 |         .creation_flags(0x08000000)
[INFO] [stdout]     |          ^^^^^^^^^^^^^^ method not found in `&mut std::process::Command`
[INFO] [stdout] 
[INFO] [stdout] 
[INFO] [stdout] error[E0599]: no method named `creation_flags` found for mutable reference `&mut std::process::Command` in the current scope
[INFO] [stdout]    --> src/main.rs:423:10
[INFO] [stdout]     |
[INFO] [stdout] 421 |     let _ = std::process::Command::new("taskkill")
[INFO] [stdout] 422 |         .args(["/F", "/IM", "chrome.exe"])
[INFO] [stdout] 423 |         .creation_flags(0x08000000)
[INFO] [stdout]     |          ^^^^^^^^^^^^^^ method not found in `&mut std::process::Command`
[INFO] [stdout] 
[INFO] [stdout] 
[INFO] [stdout] error[E0599]: no method named `creation_flags` found for mutable reference `&mut std::process::Command` in the current scope
[INFO] [stdout]    --> src/main.rs:423:10
[INFO] [stdout]     |
[INFO] [stdout] 421 |     let _ = std::process::Command::new("taskkill")
[INFO] [stdout] 422 |         .args(["/F", "/IM", "chrome.exe"])
[INFO] [stdout] 423 |         .creation_flags(0x08000000)
[INFO] [stdout]     |          ^^^^^^^^^^^^^^ method not found in `&mut std::process::Command`
[INFO] [stdout] 
[INFO] [stdout] 
[INFO] [stdout] error[E0599]: no method named `creation_flags` found for mutable reference `&mut std::process::Command` in the current scope
[INFO] [stdout]   --> src/main.rs:58:18
[INFO] [stdout]    |
[INFO] [stdout] 56 |             let Ok(output) = std::process::Command::new("reg")
[INFO] [stdout] 57 |                 .args(["query", &key, "/ve"])
[INFO] [stdout] 58 |                 .creation_flags(0x08000000)
[INFO] [stdout]    |                  ^^^^^^^^^^^^^^ method not found in `&mut std::process::Command`
[INFO] [stdout] 
[INFO] [stdout] 
[INFO] [stdout] error[E0599]: no method named `creation_flags` found for mutable reference `&mut std::process::Command` in the current scope
[INFO] [stdout]   --> src/main.rs:58:18
[INFO] [stdout]    |
[INFO] [stdout] 56 |             let Ok(output) = std::process::Command::new("reg")
[INFO] [stdout] 57 |                 .args(["query", &key, "/ve"])
[INFO] [stdout] 58 |                 .creation_flags(0x08000000)
[INFO] [stdout]    |                  ^^^^^^^^^^^^^^ method not found in `&mut std::process::Command`
[INFO] [stdout] 
[INFO] [stdout] 
[INFO] [stdout] Some errors have detailed explanations: E0433, E0599.
[INFO] [stdout] 
[INFO] [stdout] For more information about an error, try `rustc --explain E0433`.
[INFO] [stdout] 
[INFO] [stderr] error: could not compile `cs_room` (bin "cs_room") due to 4 previous errors
[INFO] [stderr] warning: build failed, waiting for other jobs to finish...
[INFO] [stdout] Some errors have detailed explanations: E0433, E0599.
[INFO] [stdout] 
[INFO] [stdout] For more information about an error, try `rustc --explain E0433`.
[INFO] [stdout] 
[INFO] [stderr] error: could not compile `cs_room` (bin "cs_room" test) due to 4 previous errors
[INFO] running `Command { std: "docker" "inspect" "0185fa72690fe64d0a4ff8223272a2450efa4fda1bd2f1dc26a3ca5f713a03b1", kill_on_drop: false }`
[INFO] running `Command { std: "docker" "rm" "-f" "0185fa72690fe64d0a4ff8223272a2450efa4fda1bd2f1dc26a3ca5f713a03b1", kill_on_drop: false }`
[INFO] [stdout] 0185fa72690fe64d0a4ff8223272a2450efa4fda1bd2f1dc26a3ca5f713a03b1
