[INFO] cloning repository https://github.com/BedrockMark/my-scheduler
[INFO] running `Command { std: "git" "-c" "credential.helper=" "-c" "credential.helper=/workspace/cargo-home/bin/git-credential-null" "clone" "--bare" "https://github.com/BedrockMark/my-scheduler" "/workspace/cache/git-repos/https%3A%2F%2Fgithub.com%2FBedrockMark%2Fmy-scheduler", kill_on_drop: false }`
[INFO] [stderr] Cloning into bare repository '/workspace/cache/git-repos/https%3A%2F%2Fgithub.com%2FBedrockMark%2Fmy-scheduler'...
[INFO] running `Command { std: "git" "rev-parse" "HEAD", kill_on_drop: false }`
[INFO] [stdout] 15ef585eb47de6e254546d67d9985d7afde7e068
[INFO] checking BedrockMark/my-scheduler against 3154cc1a3e6424e44f438a95007d043ed5ceaaf6+rustflags=-Znext-solver=coherence for pr-133502-30
[INFO] running `Command { std: "git" "clone" "/workspace/cache/git-repos/https%3A%2F%2Fgithub.com%2FBedrockMark%2Fmy-scheduler" "/workspace/builds/worker-6-tc1/source", kill_on_drop: false }`
[INFO] [stderr] Cloning into '/workspace/builds/worker-6-tc1/source'...
[INFO] [stderr] done.
[INFO] started tweaking git repo https://github.com/BedrockMark/my-scheduler
[INFO] finished tweaking git repo https://github.com/BedrockMark/my-scheduler
[INFO] tweaked toml for git repo https://github.com/BedrockMark/my-scheduler written to /workspace/builds/worker-6-tc1/source/Cargo.toml
[INFO] validating manifest of git repo https://github.com/BedrockMark/my-scheduler on toolchain 3154cc1a3e6424e44f438a95007d043ed5ceaaf6
[INFO] running `Command { std: CARGO_HOME="/workspace/cargo-home" RUSTUP_HOME="/workspace/rustup-home" "/workspace/cargo-home/bin/cargo" "+3154cc1a3e6424e44f438a95007d043ed5ceaaf6" "metadata" "--manifest-path" "Cargo.toml" "--no-deps", kill_on_drop: false }`
[INFO] crate git repo https://github.com/BedrockMark/my-scheduler already has a lockfile, it will not be regenerated
[INFO] running `Command { std: CARGO_HOME="/workspace/cargo-home" RUSTUP_HOME="/workspace/rustup-home" "/workspace/cargo-home/bin/cargo" "+3154cc1a3e6424e44f438a95007d043ed5ceaaf6" "fetch" "--manifest-path" "Cargo.toml", kill_on_drop: false }`
[INFO] [stderr]     Updating crates.io index
[INFO] [stderr]  Downloading crates ...
[INFO] [stderr]   Downloaded cron v0.12.1
[INFO] [stderr]   Downloaded cc v1.2.66
[INFO] running `Command { std: "docker" "create" "-v" "/var/lib/crater-agent-workspace/builds/worker-6-tc1/source:/opt/rustwide/workdir:ro,Z" "-v" "/var/lib/crater-agent-workspace/builds/worker-6-tc1/target:/opt/rustwide/target:rw,Z" "-v" "/var/lib/crater-agent-workspace/cargo-home:/opt/rustwide/cargo-home:ro,Z" "-v" "/var/lib/crater-agent-workspace/rustup-home:/opt/rustwide/rustup-home:ro,Z" "-m" "1610612736" "--network" "none" "ghcr.io/rust-lang/crates-build-env/linux@sha256:77db811e55d90add9212f6832c23229e3de5f1c1f9905e8cb07319ea15df73ac" "sleep" "infinity", kill_on_drop: false }`
[INFO] [stdout] 0f5cf4d73f6c947f588c41a89cbce06fb780ed26fcc02fd7b90ddd171356a677
[INFO] running `Command { std: "docker" "start" "0f5cf4d73f6c947f588c41a89cbce06fb780ed26fcc02fd7b90ddd171356a677", kill_on_drop: false }`
[INFO] running `Command { std: "docker" "inspect" "0f5cf4d73f6c947f588c41a89cbce06fb780ed26fcc02fd7b90ddd171356a677", kill_on_drop: false }`
[INFO] running `Command { std: "docker" "exec" "-e" "SOURCE_DIR=/opt/rustwide/workdir" "-e" "CARGO_HOME=/opt/rustwide/cargo-home" "-e" "RUSTUP_HOME=/opt/rustwide/rustup-home" "-e" "CARGO_TARGET_DIR=/opt/rustwide/target" "-w" "/opt/rustwide/workdir" "--user" "0:0" "0f5cf4d73f6c947f588c41a89cbce06fb780ed26fcc02fd7b90ddd171356a677" "/opt/rustwide/cargo-home/bin/cargo" "+3154cc1a3e6424e44f438a95007d043ed5ceaaf6" "metadata" "--no-deps" "--format-version=1", kill_on_drop: false }`
[INFO] running `Command { std: "docker" "inspect" "0f5cf4d73f6c947f588c41a89cbce06fb780ed26fcc02fd7b90ddd171356a677", kill_on_drop: false }`
[INFO] running `Command { std: "docker" "exec" "-e" "SOURCE_DIR=/opt/rustwide/workdir" "-e" "CARGO_HOME=/opt/rustwide/cargo-home" "-e" "RUSTUP_HOME=/opt/rustwide/rustup-home" "-e" "CARGO_TARGET_DIR=/opt/rustwide/target" "-e" "CARGO_INCREMENTAL=0" "-e" "RUST_BACKTRACE=full" "-e" "RUSTFLAGS=--cap-lints=forbid -Znext-solver=coherence" "-e" "RUSTDOCFLAGS=--cap-lints=forbid" "-w" "/opt/rustwide/workdir" "--user" "0:0" "0f5cf4d73f6c947f588c41a89cbce06fb780ed26fcc02fd7b90ddd171356a677" "/opt/rustwide/cargo-home/bin/cargo" "+3154cc1a3e6424e44f438a95007d043ed5ceaaf6" "check" "--frozen" "--all" "--all-targets" "--message-format=json", kill_on_drop: false }`
[INFO] [stderr]    Compiling quote v1.0.46
[INFO] [stderr]    Compiling windows_x86_64_gnu v0.52.6
[INFO] [stderr]    Compiling serde v1.0.228
[INFO] [stderr]     Checking memchr v2.8.2
[INFO] [stderr]     Checking winnow v0.7.15
[INFO] [stderr]    Compiling num-traits v0.2.19
[INFO] [stderr]     Checking indexmap v2.14.0
[INFO] [stderr]     Checking windows-targets v0.52.6
[INFO] [stderr]     Checking windows-result v0.2.0
[INFO] [stderr]     Checking windows-strings v0.1.0
[INFO] [stderr]    Compiling syn v2.0.118
[INFO] [stderr]     Checking nom v7.1.3
[INFO] [stderr]    Compiling toml v0.5.11
[INFO] [stderr]     Checking chrono v0.4.45
[INFO] [stderr]    Compiling winres v0.1.12
[INFO] [stderr]     Checking cron v0.12.1
[INFO] [stderr]    Compiling my-scheduler v0.1.0 (/opt/rustwide/workdir)
[INFO] [stderr]    Compiling serde_derive v1.0.228
[INFO] [stderr]    Compiling windows-interface v0.58.0
[INFO] [stderr]    Compiling windows-implement v0.58.0
[INFO] [stderr]     Checking windows-core v0.58.0
[INFO] [stderr]     Checking windows v0.58.0
[INFO] [stderr]     Checking toml_datetime v0.6.11
[INFO] [stderr]     Checking serde_spanned v0.6.9
[INFO] [stderr]     Checking toml_edit v0.22.27
[INFO] [stderr]     Checking toml v0.8.23
[INFO] [stdout] error[E0433]: cannot find `Win32` in `windows`
[INFO] [stdout]   --> src/main.rs:11:14
[INFO] [stdout]    |
[INFO] [stdout] 11 | use windows::Win32::Foundation::*;
[INFO] [stdout]    |              ^^^^^ could not find `Win32` in `windows`
[INFO] [stdout] 
[INFO] [stdout] 
[INFO] [stdout] error[E0433]: cannot find `Win32` in `windows`
[INFO] [stdout]   --> src/main.rs:12:14
[INFO] [stdout]    |
[INFO] [stdout] 12 | use windows::Win32::Graphics::Gdi::*;
[INFO] [stdout]    |              ^^^^^ could not find `Win32` in `windows`
[INFO] [stdout] 
[INFO] [stdout] 
[INFO] [stdout] error[E0433]: cannot find `Win32` in `windows`
[INFO] [stdout]   --> src/main.rs:13:14
[INFO] [stdout]    |
[INFO] [stdout] 13 | use windows::Win32::System::LibraryLoader::*;
[INFO] [stdout]    |              ^^^^^ could not find `Win32` in `windows`
[INFO] [stdout] 
[INFO] [stdout] 
[INFO] [stdout] error[E0433]: cannot find `Win32` in `windows`
[INFO] [stdout]   --> src/main.rs:14:14
[INFO] [stdout]    |
[INFO] [stdout] 14 | use windows::Win32::UI::Shell::*;
[INFO] [stdout]    |              ^^^^^ could not find `Win32` in `windows`
[INFO] [stdout] 
[INFO] [stdout] 
[INFO] [stdout] error[E0433]: cannot find `Win32` in `windows`
[INFO] [stdout]   --> src/main.rs:15:14
[INFO] [stdout]    |
[INFO] [stdout] 15 | use windows::Win32::UI::WindowsAndMessaging::*;
[INFO] [stdout]    |              ^^^^^ could not find `Win32` in `windows`
[INFO] [stdout] 
[INFO] [stdout] 
[INFO] [stdout] error[E0432]: unresolved import `windows::core`
[INFO] [stdout]   --> src/main.rs:10:14
[INFO] [stdout]    |
[INFO] [stdout] 10 | use windows::core::*;
[INFO] [stdout]    |              ^^^^ could not find `core` in `windows`
[INFO] [stdout] 
[INFO] [stdout] 
[INFO] [stdout] error[E0433]: cannot find `Win32` in `windows`
[INFO] [stdout]   --> src/main.rs:11:14
[INFO] [stdout]    |
[INFO] [stdout] 11 | use windows::Win32::Foundation::*;
[INFO] [stdout]    |              ^^^^^ could not find `Win32` in `windows`
[INFO] [stdout] 
[INFO] [stdout] 
[INFO] [stdout] error[E0433]: cannot find `Win32` in `windows`
[INFO] [stdout]   --> src/main.rs:12:14
[INFO] [stdout]    |
[INFO] [stdout] 12 | use windows::Win32::Graphics::Gdi::*;
[INFO] [stdout]    |              ^^^^^ could not find `Win32` in `windows`
[INFO] [stdout] 
[INFO] [stdout] 
[INFO] [stdout] error[E0433]: cannot find `Win32` in `windows`
[INFO] [stdout]   --> src/main.rs:13:14
[INFO] [stdout]    |
[INFO] [stdout] 13 | use windows::Win32::System::LibraryLoader::*;
[INFO] [stdout]    |              ^^^^^ could not find `Win32` in `windows`
[INFO] [stdout] 
[INFO] [stdout] 
[INFO] [stdout] error[E0433]: cannot find `Win32` in `windows`
[INFO] [stdout]   --> src/main.rs:14:14
[INFO] [stdout]    |
[INFO] [stdout] 14 | use windows::Win32::UI::Shell::*;
[INFO] [stdout]    |              ^^^^^ could not find `Win32` in `windows`
[INFO] [stdout] 
[INFO] [stdout] 
[INFO] [stdout] error[E0433]: cannot find `Win32` in `windows`
[INFO] [stdout]   --> src/main.rs:15:14
[INFO] [stdout]    |
[INFO] [stdout] 15 | use windows::Win32::UI::WindowsAndMessaging::*;
[INFO] [stdout]    |              ^^^^^ could not find `Win32` in `windows`
[INFO] [stdout] 
[INFO] [stdout] 
[INFO] [stdout] error[E0432]: unresolved import `windows::core`
[INFO] [stdout]   --> src/main.rs:10:14
[INFO] [stdout]    |
[INFO] [stdout] 10 | use windows::core::*;
[INFO] [stdout]    |              ^^^^ could not find `core` in `windows`
[INFO] [stdout] 
[INFO] [stdout] 
[INFO] [stdout] error: cannot find macro `w` in this scope
[INFO] [stdout]    --> src/main.rs:159:57
[INFO] [stdout]     |
[INFO] [stdout] 159 |     let _ = AppendMenuW(hmenu, MF_STRING, ID_TRAY_OPEN, w!("Open Config"));
[INFO] [stdout]     |                                                         ^
[INFO] [stdout] 
[INFO] [stdout] 
[INFO] [stdout] error: cannot find macro `w` in this scope
[INFO] [stdout]    --> src/main.rs:160:59
[INFO] [stdout]     |
[INFO] [stdout] 160 |     let _ = AppendMenuW(hmenu, MF_STRING, ID_TRAY_RELOAD, w!("Reload Config"));
[INFO] [stdout]     |                                                           ^
[INFO] [stdout] 
[INFO] [stdout] 
[INFO] [stdout] error: cannot find macro `w` in this scope
[INFO] [stdout]    --> src/main.rs:162:57
[INFO] [stdout]     |
[INFO] [stdout] 162 |     let _ = AppendMenuW(hmenu, MF_STRING, ID_TRAY_QUIT, w!("Quit"));
[INFO] [stdout]     |                                                         ^
[INFO] [stdout] 
[INFO] [stdout] 
[INFO] [stdout] error: cannot find macro `w` in this scope
[INFO] [stdout]    --> src/main.rs:318:24
[INFO] [stdout]     |
[INFO] [stdout] 318 |         lpszClassName: w!("MySchedulerClass"),
[INFO] [stdout]     |                        ^
[INFO] [stdout] 
[INFO] [stdout] 
[INFO] [stdout] error: cannot find macro `w` in this scope
[INFO] [stdout]    --> src/main.rs:328:13
[INFO] [stdout]     |
[INFO] [stdout] 328 |             w!("MySchedulerClass"),
[INFO] [stdout]     |             ^
[INFO] [stdout] 
[INFO] [stdout] 
[INFO] [stdout] error: cannot find macro `w` in this scope
[INFO] [stdout]    --> src/main.rs:159:57
[INFO] [stdout]     |
[INFO] [stdout] 159 |     let _ = AppendMenuW(hmenu, MF_STRING, ID_TRAY_OPEN, w!("Open Config"));
[INFO] [stdout]     |                                                         ^
[INFO] [stdout] 
[INFO] [stdout] 
[INFO] [stdout] error: cannot find macro `w` in this scope
[INFO] [stdout]    --> src/main.rs:160:59
[INFO] [stdout]     |
[INFO] [stdout] 160 |     let _ = AppendMenuW(hmenu, MF_STRING, ID_TRAY_RELOAD, w!("Reload Config"));
[INFO] [stdout]     |                                                           ^
[INFO] [stdout] 
[INFO] [stdout] 
[INFO] [stdout] error: cannot find macro `w` in this scope
[INFO] [stdout]    --> src/main.rs:162:57
[INFO] [stdout]     |
[INFO] [stdout] 162 |     let _ = AppendMenuW(hmenu, MF_STRING, ID_TRAY_QUIT, w!("Quit"));
[INFO] [stdout]     |                                                         ^
[INFO] [stdout] 
[INFO] [stdout] 
[INFO] [stdout] error: cannot find macro `w` in this scope
[INFO] [stdout]    --> src/main.rs:318:24
[INFO] [stdout]     |
[INFO] [stdout] 318 |         lpszClassName: w!("MySchedulerClass"),
[INFO] [stdout]     |                        ^
[INFO] [stdout] 
[INFO] [stdout] 
[INFO] [stdout] error: cannot find macro `w` in this scope
[INFO] [stdout]    --> src/main.rs:328:13
[INFO] [stdout]     |
[INFO] [stdout] 328 |             w!("MySchedulerClass"),
[INFO] [stdout]     |             ^
[INFO] [stdout] 
[INFO] [stdout] 
[INFO] [stdout] Some errors have detailed explanations: E0432, E0433.
[INFO] [stdout] 
[INFO] [stdout] For more information about an error, try `rustc --explain E0432`.
[INFO] [stdout] 
[INFO] [stderr] error: could not compile `my-scheduler` (bin "my-scheduler") due to 11 previous errors
[INFO] [stderr] warning: build failed, waiting for other jobs to finish...
[INFO] [stdout] Some errors have detailed explanations: E0432, E0433.
[INFO] [stdout] 
[INFO] [stdout] For more information about an error, try `rustc --explain E0432`.
[INFO] [stdout] 
[INFO] [stderr] error: could not compile `my-scheduler` (bin "my-scheduler" test) due to 11 previous errors
[INFO] running `Command { std: "docker" "inspect" "0f5cf4d73f6c947f588c41a89cbce06fb780ed26fcc02fd7b90ddd171356a677", kill_on_drop: false }`
[INFO] running `Command { std: "docker" "rm" "-f" "0f5cf4d73f6c947f588c41a89cbce06fb780ed26fcc02fd7b90ddd171356a677", kill_on_drop: false }`
[INFO] [stdout] 0f5cf4d73f6c947f588c41a89cbce06fb780ed26fcc02fd7b90ddd171356a677
