[INFO] cloning repository https://github.com/BUSPACELab/WebSubmit
[INFO] running `Command { std: "git" "-c" "credential.helper=" "-c" "credential.helper=/workspace/cargo-home/bin/git-credential-null" "clone" "--bare" "https://github.com/BUSPACELab/WebSubmit" "/workspace/cache/git-repos/https%3A%2F%2Fgithub.com%2FBUSPACELab%2FWebSubmit", kill_on_drop: false }`
[INFO] [stderr] Cloning into bare repository '/workspace/cache/git-repos/https%3A%2F%2Fgithub.com%2FBUSPACELab%2FWebSubmit'...
[INFO] running `Command { std: "git" "rev-parse" "HEAD", kill_on_drop: false }`
[INFO] [stdout] 3e1d61ce54cc1737391948c4fc295558d9539377
[INFO] checking BUSPACELab/WebSubmit against 3154cc1a3e6424e44f438a95007d043ed5ceaaf6+rustflags=-Znext-solver=coherence for pr-133502-30
[INFO] running `Command { std: "git" "clone" "/workspace/cache/git-repos/https%3A%2F%2Fgithub.com%2FBUSPACELab%2FWebSubmit" "/workspace/builds/worker-0-tc1/source", kill_on_drop: false }`
[INFO] [stderr] Cloning into '/workspace/builds/worker-0-tc1/source'...
[INFO] [stderr] done.
[INFO] removed /workspace/builds/worker-0-tc1/source/.cargo/config.toml
[INFO] removed /workspace/builds/worker-0-tc1/source/rust-toolchain.toml
[INFO] started tweaking git repo https://github.com/BUSPACELab/WebSubmit
[INFO] finished tweaking git repo https://github.com/BUSPACELab/WebSubmit
[INFO] tweaked toml for git repo https://github.com/BUSPACELab/WebSubmit written to /workspace/builds/worker-0-tc1/source/Cargo.toml
[INFO] validating manifest of git repo https://github.com/BUSPACELab/WebSubmit on toolchain 3154cc1a3e6424e44f438a95007d043ed5ceaaf6
[INFO] running `Command { std: CARGO_HOME="/workspace/cargo-home" RUSTUP_HOME="/workspace/rustup-home" "/workspace/cargo-home/bin/cargo" "+3154cc1a3e6424e44f438a95007d043ed5ceaaf6" "metadata" "--manifest-path" "Cargo.toml" "--no-deps", kill_on_drop: false }`
[INFO] crate git repo https://github.com/BUSPACELab/WebSubmit already has a lockfile, it will not be regenerated
[INFO] running `Command { std: CARGO_HOME="/workspace/cargo-home" RUSTUP_HOME="/workspace/rustup-home" "/workspace/cargo-home/bin/cargo" "+3154cc1a3e6424e44f438a95007d043ed5ceaaf6" "fetch" "--manifest-path" "Cargo.toml", kill_on_drop: false }`
[INFO] [stderr]     Updating git repository `https://github.com/bitvecto-rs/funty/`
[INFO] [stderr]     Updating crates.io index
[INFO] [stderr]     Updating git repository `https://github.com/KinanBab/Rocket.git`
[INFO] [stderr]     Updating git repository `https://github.com/brownsys/Sesame`
[INFO] [stderr]     Updating git submodule `https://github.com/AlexanderPortland/Portfolio.git`
[INFO] [stderr]     Updating git submodule `https://github.com/AlexanderPortland/Portfolio.git`
[INFO] [stderr]     Updating git submodule `https://github.com/22ridley/voltron.git`
[INFO] [stderr]     Updating git repository `https://github.com/KinanBab/rocket_cors.git`
[INFO] [stderr]     Updating git repository `https://github.com/22ridley/rocket-firebase-auth.git`
[INFO] [stderr]  Downloading crates ...
[INFO] [stderr]   Downloaded const_fn v0.4.11
[INFO] [stderr]   Downloaded generic-array v0.14.9
[INFO] [stderr]   Downloaded attribute-derive-macro v0.8.1
[INFO] [stderr]   Downloaded mio v1.1.0
[INFO] [stderr]   Downloaded quote-use v0.7.2
[INFO] [stderr]   Downloaded attribute-derive v0.8.1
[INFO] [stderr]   Downloaded pear_codegen v0.2.9
[INFO] [stderr]   Downloaded manyhow-macros v0.8.1
[INFO] [stderr]   Downloaded saturating v0.1.0
[INFO] [stderr]   Downloaded small_ctor v0.1.2
[INFO] [stderr]   Downloaded frunk_derives v0.4.4
[INFO] [stderr]   Downloaded collection_literals v1.0.3
[INFO] [stderr]   Downloaded frunk_proc_macros v0.1.4
[INFO] [stderr]   Downloaded frunk_proc_macro_helpers v0.1.4
[INFO] [stderr]   Downloaded wyz v0.4.0
[INFO] [stderr]   Downloaded pear v0.2.9
[INFO] [stderr]   Downloaded quote-use-macros v0.7.2
[INFO] [stderr]   Downloaded proc-macro-utils v0.8.0
[INFO] [stderr]   Downloaded manyhow v0.8.1
[INFO] [stderr]   Downloaded io-enum v1.2.0
[INFO] [stderr]   Downloaded slog-term v2.9.2
[INFO] [stderr]   Downloaded schannel v0.1.28
[INFO] [stderr]   Downloaded pem v0.8.3
[INFO] [stderr]   Downloaded named_pipe v0.4.1
[INFO] [stderr]   Downloaded derive_utils v0.15.0
[INFO] [stderr]   Downloaded ubyte v0.10.4
[INFO] [stderr]   Downloaded devise v0.3.1
[INFO] [stderr]   Downloaded devise_core v0.3.1
[INFO] [stderr]   Downloaded devise_codegen v0.3.1
[INFO] [stderr]   Downloaded bigdecimal v0.2.2
[INFO] [stderr]   Downloaded bufstream v0.1.4
[INFO] [stderr]   Downloaded interpolator v0.5.0
[INFO] [stderr]   Downloaded toml v0.2.1
[INFO] [stderr]   Downloaded term v1.2.0
[INFO] [stderr]   Downloaded slog v2.8.2
[INFO] [stderr]   Downloaded proc-macro2-diagnostics v0.9.1
[INFO] [stderr]   Downloaded openssl-sys v0.9.110
[INFO] [stderr]   Downloaded atomic v0.6.1
[INFO] [stderr]   Downloaded wasm-bindgen-futures v0.4.54
[INFO] [stderr]   Downloaded cookie v0.15.2
[INFO] [stderr]   Downloaded subprocess v0.2.9
[INFO] [stderr]   Downloaded frunk v0.4.4
[INFO] [stderr]   Downloaded tempfile v3.23.0
[INFO] [stderr]   Downloaded socket2 v0.4.10
[INFO] [stderr]   Downloaded derive-where v1.6.0
[INFO] [stderr]   Downloaded toml v0.8.12
[INFO] [stderr]   Downloaded frunk_core v0.4.4
[INFO] [stderr]   Downloaded thiserror-impl v2.0.17
[INFO] [stderr]   Downloaded mysql v21.0.2
[INFO] [stderr]   Downloaded figment v0.10.15
[INFO] [stderr]   Downloaded thiserror v2.0.17
[INFO] [stderr]   Downloaded pest_generator v2.7.9
[INFO] [stderr]   Downloaded serde_json v1.0.145
[INFO] [stderr]   Downloaded toml_edit v0.22.9
[INFO] [stderr]   Downloaded lexical v5.2.2
[INFO] [stderr]   Downloaded tokio-util v0.6.10
[INFO] [stderr]   Downloaded pest_meta v2.7.9
[INFO] [stderr]   Downloaded mysql_common v0.27.5
[INFO] [stderr]   Downloaded rust_decimal v1.39.0
[INFO] [stderr]   Downloaded pest_derive v2.7.9
[INFO] [stderr]   Downloaded ignore v0.4.22
[INFO] [stderr]   Downloaded syn v2.0.107
[INFO] [stderr]   Downloaded winnow v0.6.26
[INFO] [stderr]   Downloaded notify v4.0.18
[INFO] [stderr]   Downloaded bitvec v0.22.3
[INFO] [stderr]   Downloaded bindgen v0.58.1
[INFO] [stderr]   Downloaded nix v0.23.2
[INFO] [stderr]   Downloaded pest v2.7.9
[INFO] [stderr]   Downloaded openssl v0.10.74
[INFO] [stderr]   Downloaded libredox v0.1.10
[INFO] [stderr]   Downloaded dynfmt v0.1.5
[INFO] [stderr]   Downloaded lexical-core v0.7.6
[INFO] [stderr]   Downloaded normpath v0.3.2
[INFO] [stderr]   Downloaded mysql_common v0.22.2
[INFO] [stderr]   Downloaded web-sys v0.3.81
[INFO] [stderr]   Downloaded chrono-tz v0.8.6
[INFO] [stderr]   Downloaded handlebars v3.5.5
[INFO] [stderr]   Downloaded unicase_serde v0.1.0
[INFO] [stderr]   Downloaded failure v0.1.8
[INFO] [stderr]   Downloaded failure_derive v0.1.8
[INFO] [stderr]   Downloaded rustc-demangle v0.1.28
[INFO] [stderr]   Downloaded bigdecimal v0.1.2
[INFO] [stderr]   Downloaded email-encoding v0.2.1
[INFO] [stderr]   Downloaded lettre v0.10.4
[INFO] [stderr]   Downloaded quoted_printable v0.4.8
[INFO] running `Command { std: "docker" "create" "-v" "/var/lib/crater-agent-workspace/builds/worker-0-tc1/source:/opt/rustwide/workdir:ro,Z" "-v" "/var/lib/crater-agent-workspace/builds/worker-0-tc1/target:/opt/rustwide/target:rw,Z" "-v" "/var/lib/crater-agent-workspace/cargo-home:/opt/rustwide/cargo-home:ro,Z" "-v" "/var/lib/crater-agent-workspace/rustup-home:/opt/rustwide/rustup-home:ro,Z" "-m" "1610612736" "--network" "none" "ghcr.io/rust-lang/crates-build-env/linux@sha256:77db811e55d90add9212f6832c23229e3de5f1c1f9905e8cb07319ea15df73ac" "sleep" "infinity", kill_on_drop: false }`
[INFO] [stdout] 4888a354a46fab2aa62315664938adc01ecc9d2f804ff4bf3a9283e357b81d85
[INFO] running `Command { std: "docker" "start" "4888a354a46fab2aa62315664938adc01ecc9d2f804ff4bf3a9283e357b81d85", kill_on_drop: false }`
[INFO] running `Command { std: "docker" "inspect" "4888a354a46fab2aa62315664938adc01ecc9d2f804ff4bf3a9283e357b81d85", kill_on_drop: false }`
[INFO] running `Command { std: "docker" "exec" "-e" "SOURCE_DIR=/opt/rustwide/workdir" "-e" "CARGO_HOME=/opt/rustwide/cargo-home" "-e" "RUSTUP_HOME=/opt/rustwide/rustup-home" "-e" "CARGO_TARGET_DIR=/opt/rustwide/target" "-w" "/opt/rustwide/workdir" "--user" "0:0" "4888a354a46fab2aa62315664938adc01ecc9d2f804ff4bf3a9283e357b81d85" "/opt/rustwide/cargo-home/bin/cargo" "+3154cc1a3e6424e44f438a95007d043ed5ceaaf6" "metadata" "--no-deps" "--format-version=1", kill_on_drop: false }`
[INFO] running `Command { std: "docker" "inspect" "4888a354a46fab2aa62315664938adc01ecc9d2f804ff4bf3a9283e357b81d85", kill_on_drop: false }`
[INFO] running `Command { std: "docker" "exec" "-e" "SOURCE_DIR=/opt/rustwide/workdir" "-e" "CARGO_HOME=/opt/rustwide/cargo-home" "-e" "RUSTUP_HOME=/opt/rustwide/rustup-home" "-e" "CARGO_TARGET_DIR=/opt/rustwide/target" "-e" "CARGO_INCREMENTAL=0" "-e" "RUST_BACKTRACE=full" "-e" "RUSTFLAGS=--cap-lints=forbid -Znext-solver=coherence" "-e" "RUSTDOCFLAGS=--cap-lints=forbid" "-w" "/opt/rustwide/workdir" "--user" "0:0" "4888a354a46fab2aa62315664938adc01ecc9d2f804ff4bf3a9283e357b81d85" "/opt/rustwide/cargo-home/bin/cargo" "+3154cc1a3e6424e44f438a95007d043ed5ceaaf6" "check" "--frozen" "--all" "--all-targets" "--message-format=json", kill_on_drop: false }`
[INFO] [stderr]    Compiling proc-macro2 v1.0.101
[INFO] [stderr]    Compiling quote v1.0.41
[INFO] [stderr]    Compiling unicode-ident v1.0.19
[INFO] [stderr]    Compiling libc v0.2.177
[INFO] [stderr]     Checking memchr v2.7.6
[INFO] [stderr]    Compiling serde_core v1.0.228
[INFO] [stderr]    Compiling serde v1.0.228
[INFO] [stderr]    Compiling find-msvc-tools v0.1.4
[INFO] [stderr]    Compiling cc v1.2.41
[INFO] [stderr]    Compiling syn v1.0.109
[INFO] [stderr]    Compiling serde_json v1.0.145
[INFO] [stderr]    Compiling standback v0.2.17
[INFO] [stderr]    Compiling num-traits v0.2.19
[INFO] [stderr]    Compiling proc-macro-hack v0.5.20+deprecated
[INFO] [stderr]     Checking log v0.4.28
[INFO] [stderr]    Compiling syn v2.0.107
[INFO] [stderr]    Compiling hashbrown v0.14.5
[INFO] [stderr]    Compiling itoa v1.0.15
[INFO] [stderr]    Compiling typenum v1.19.0
[INFO] [stderr]    Compiling const_fn v0.4.11
[INFO] [stderr]    Compiling time v0.2.27
[INFO] [stderr]     Checking getrandom v0.2.16
[INFO] [stderr]    Compiling indexmap v2.2.6
[INFO] [stderr]    Compiling zerocopy v0.8.27
[INFO] [stderr]    Compiling pin-project-lite v0.2.16
[INFO] [stderr]    Compiling aho-corasick v1.1.3
[INFO] [stderr]    Compiling regex-syntax v0.8.8
[INFO] [stderr]     Checking slab v0.4.11
[INFO] [stderr]    Compiling bytes v1.10.1
[INFO] [stderr]    Compiling parking_lot_core v0.8.6
[INFO] [stderr]    Compiling bitflags v1.3.2
[INFO] [stderr]    Compiling glob v0.3.3
[INFO] [stderr]    Compiling futures-core v0.3.31
[INFO] [stderr]     Checking socket2 v0.6.1
[INFO] [stderr]     Checking mio v1.1.0
[INFO] [stderr]     Checking signal-hook-registry v1.4.6
[INFO] [stderr]    Compiling cookie v0.15.2
[INFO] [stderr]    Compiling generic-array v0.14.9
[INFO] [stderr]    Compiling regex-automata v0.4.13
[INFO] [stderr]    Compiling proc-macro2-diagnostics v0.10.1
[INFO] [stderr]     Checking ppv-lite86 v0.2.21
[INFO] [stderr]    Compiling ref-cast v1.0.25
[INFO] [stderr]     Checking bitflags v2.9.4
[INFO] [stderr]    Compiling http v0.2.12
[INFO] [stderr]    Compiling tokio v1.48.0
[INFO] [stderr]     Checking futures-channel v0.3.31
[INFO] [stderr]    Compiling openssl-sys v0.9.110
[INFO] [stderr]    Compiling tracing-core v0.1.34
[INFO] [stderr]    Compiling futures-task v0.3.31
[INFO] [stderr]    Compiling futures-sink v0.3.31
[INFO] [stderr]    Compiling pin-utils v0.1.0
[INFO] [stderr]    Compiling futures-util v0.3.31
[INFO] [stderr]    Compiling tracing v0.1.41
[INFO] [stderr]     Checking rand_core v0.6.4
[INFO] [stderr]    Compiling instant v0.1.13
[INFO] [stderr]     Checking num-integer v0.1.46
[INFO] [stderr]    Compiling uncased v0.9.10
[INFO] [stderr]    Compiling indexmap v1.9.3
[INFO] [stderr]    Compiling try-lock v0.2.5
[INFO] [stderr]     Checking iana-time-zone v0.1.64
[INFO] [stderr]    Compiling scopeguard v1.2.0
[INFO] [stderr]    Compiling serde_derive v1.0.228
[INFO] [stderr]    Compiling pear_codegen v0.2.9
[INFO] [stderr]    Compiling thiserror-impl v1.0.69
[INFO] [stderr]    Compiling time-macros-impl v0.1.2
[INFO] [stderr]    Compiling tokio-macros v2.6.0
[INFO] [stderr]    Compiling futures-macro v0.3.31
[INFO] [stderr]    Compiling regex v1.12.2
[INFO] [stderr]    Compiling ref-cast-impl v1.0.25
[INFO] [stderr]    Compiling time-macros v0.1.1
[INFO] [stderr]    Compiling lock_api v0.4.14
[INFO] [stderr]    Compiling want v0.3.1
[INFO] [stderr]     Checking rand_chacha v0.3.1
[INFO] [stderr]    Compiling http-body v0.4.6
[INFO] [stderr]    Compiling httparse v1.10.1
[INFO] [stderr]    Compiling socket2 v0.5.10
[INFO] [stderr]    Compiling hashbrown v0.12.3
[INFO] [stderr]     Checking tinyvec_macros v0.1.1
[INFO] [stderr]    Compiling tower-service v0.3.3
[INFO] [stderr]    Compiling inlinable_string v0.1.15
[INFO] [stderr]    Compiling httpdate v1.0.3
[INFO] [stderr]    Compiling pear v0.2.9
[INFO] [stderr]     Checking tinyvec v1.10.0
[INFO] [stderr]    Compiling tokio-util v0.7.16
[INFO] [stderr]     Checking rand v0.8.5
[INFO] [stderr]    Compiling parking_lot v0.11.2
[INFO] [stderr]    Compiling h2 v0.3.27
[INFO] [stderr]    Compiling stable-pattern v0.1.0
[INFO] [stderr]    Compiling yansi v0.5.1
[INFO] [stderr]    Compiling mime v0.3.17
[INFO] [stderr]    Compiling openssl v0.10.74
[INFO] [stderr]    Compiling state v0.5.3
[INFO] [stderr]     Checking smallvec v1.15.1
[INFO] [stderr]     Checking unicode-normalization v0.1.24
[INFO] [stderr]    Compiling openssl-macros v0.1.1
[INFO] [stderr]     Checking chrono v0.4.42
[INFO] [stderr]    Compiling clang-sys v1.8.1
[INFO] [stderr]    Compiling proc-macro2-diagnostics v0.9.1
[INFO] [stderr]    Compiling nom v5.1.3
[INFO] [stderr]    Compiling native-tls v0.2.11
[INFO] [stderr]    Compiling siphasher v1.0.1
[INFO] [stderr]     Checking unicode-bidi v0.3.18
[INFO] [stderr]    Compiling serde_spanned v0.6.9
[INFO] [stderr]    Compiling phf_shared v0.11.3
[INFO] [stderr]    Compiling toml_datetime v0.6.11
[INFO] [stderr]     Checking thiserror v1.0.69
[INFO] [stderr]    Compiling derive-where v1.6.0
[INFO] [stderr]    Compiling proc-macro-utils v0.8.0
[INFO] [stderr]    Compiling atty v0.2.14
[INFO] [stderr]     Checking openssl-probe v0.1.6
[INFO] [stderr]    Compiling winnow v0.6.26
[INFO] [stderr]    Compiling textwrap v0.11.0
[INFO] [stderr]    Compiling manyhow-macros v0.8.1
[INFO] [stderr]    Compiling libz-sys v1.1.22
[INFO] [stderr]    Compiling libloading v0.8.9
[INFO] [stderr]    Compiling termcolor v1.4.1
[INFO] [stderr]    Compiling strsim v0.8.0
[INFO] [stderr]    Compiling quote-use-macros v0.7.2
[INFO] [stderr]    Compiling vec_map v0.8.2
[INFO] [stderr]    Compiling lexical-core v0.7.6
[INFO] [stderr]    Compiling ryu v1.0.20
[INFO] [stderr]    Compiling hyper v0.14.32
[INFO] [stderr]     Checking either v1.15.0
[INFO] [stderr]    Compiling ansi_term v0.12.1
[INFO] [stderr]    Compiling humantime v2.3.0
[INFO] [stderr]    Compiling bindgen v0.58.1
[INFO] [stderr]    Compiling toml_edit v0.22.9
[INFO] [stderr]    Compiling frunk_core v0.4.4
[INFO] [stderr]    Compiling env_logger v0.8.4
[INFO] [stderr]    Compiling clap v2.34.0
[INFO] [stderr]    Compiling cexpr v0.4.0
[INFO] [stderr]    Compiling quote-use v0.7.2
[INFO] [stderr]    Compiling rocket_http v0.5.0-rc.1 (https://github.com/KinanBab/Rocket.git?branch=main#ac213c21)
[INFO] [stderr]    Compiling frunk_proc_macro_helpers v0.1.4
[INFO] [stderr]    Compiling manyhow v0.8.1
[INFO] [stderr]    Compiling toml v0.8.12
[INFO] [stderr]    Compiling phf_generator v0.11.3
[INFO] [stderr]    Compiling devise_core v0.3.1
[INFO] [stderr]     Checking idna v0.5.0
[INFO] [stderr]     Checking num-bigint v0.4.6
[INFO] [stderr]    Compiling which v3.1.1
[INFO] [stderr]    Compiling num-bigint v0.3.3
[INFO] [stderr]    Compiling interpolator v0.5.0
[INFO] [stderr]     Checking arrayvec v0.5.2
[INFO] [stderr]    Compiling getrandom v0.3.4
[INFO] [stderr]    Compiling collection_literals v1.0.3
[INFO] [stderr]     Checking yansi v1.0.1
[INFO] [stderr]    Compiling lazycell v1.3.0
[INFO] [stderr]    Compiling rustc-hash v1.1.0
[INFO] [stderr]    Compiling radium v0.6.2
[INFO] [stderr]    Compiling peeking_take_while v0.1.2
[INFO] [stderr]    Compiling rustix v1.1.2
[INFO] [stderr]    Compiling rust_decimal v1.39.0
[INFO] [stderr]    Compiling pest v2.7.9
[INFO] [stderr]    Compiling attribute-derive-macro v0.8.1
[INFO] [stderr]    Compiling devise_codegen v0.3.1
[INFO] [stderr]     Checking url v2.5.0
[INFO] [stderr]    Compiling cargo_toml v0.19.2
[INFO] [stderr]    Compiling phf_codegen v0.11.3
[INFO] [stderr]    Compiling tinytemplate v1.2.1
[INFO] [stderr]    Compiling phf v0.11.3
[INFO] [stderr]    Compiling parse-zoneinfo v0.3.1
[INFO] [stderr]    Compiling async-trait v0.1.89
[INFO] [stderr]    Compiling subprocess v0.2.9
[INFO] [stderr]    Compiling cmake v0.1.54
[INFO] [stderr]    Compiling figment v0.10.15
[INFO] [stderr]    Compiling ahash v0.7.8
[INFO] [stderr]    Compiling multer v2.1.0
[INFO] [stderr]     Checking sha1_smol v1.0.1
[INFO] [stderr]    Compiling time-core v0.1.2
[INFO] [stderr]     Checking arrayvec v0.7.6
[INFO] [stderr]     Checking tap v1.0.1
[INFO] [stderr]    Compiling num-conv v0.1.0
[INFO] [stderr]     Checking wyz v0.4.0
[INFO] [stderr]    Compiling time-macros v0.2.18
[INFO] [stderr]     Checking sha1 v0.6.1
[INFO] [stderr]     Checking deranged v0.3.11
[INFO] [stderr]    Compiling sesame_build v0.1.0 (https://github.com/brownsys/Sesame?branch=main#5a5b814a)
[INFO] [stderr]    Compiling chrono-tz-build v0.2.1
[INFO] [stderr]    Compiling pest_meta v2.7.9
[INFO] [stderr]     Checking flate2 v1.1.4
[INFO] [stderr]     Checking crossbeam-epoch v0.9.18
[INFO] [stderr]     Checking lexical v5.2.2
[INFO] [stderr]    Compiling attribute-derive v0.8.1
[INFO] [stderr]    Compiling devise v0.3.1
[INFO] [stderr]    Compiling frunk_derives v0.4.4
[INFO] [stderr]    Compiling frunk_proc_macros v0.1.4
[INFO] [stderr]     Checking bincode v1.3.3
[INFO] [stderr]     Checking erased-serde v0.3.31
[INFO] [stderr]     Checking futures-executor v0.3.31
[INFO] [stderr]    Compiling rocket v0.5.0-rc.1 (https://github.com/KinanBab/Rocket.git?branch=main#ac213c21)
[INFO] [stderr]    Compiling async-stream-impl v0.3.6
[INFO] [stderr]     Checking block-buffer v0.9.0
[INFO] [stderr]     Checking digest v0.9.0
[INFO] [stderr]     Checking bstr v1.12.0
[INFO] [stderr]    Compiling memoffset v0.6.5
[INFO] [stderr]     Checking uuid v0.8.2
[INFO] [stderr]     Checking base64 v0.13.1
[INFO] [stderr]    Compiling libm v0.2.15
[INFO] [stderr]     Checking unic-char-range v0.9.0
[INFO] [stderr]     Checking spin v0.9.8
[INFO] [stderr]     Checking funty v1.2.0 (https://github.com/bitvecto-rs/funty/?rev=7ef0d890fbcd8b3def1635ac1a877fc298488446#7ef0d890)
[INFO] [stderr]    Compiling thiserror v2.0.17
[INFO] [stderr]     Checking unic-common v0.9.0
[INFO] [stderr]     Checking cfg-if v0.1.10
[INFO] [stderr]     Checking unic-ucd-version v0.9.0
[INFO] [stderr]     Checking net2 v0.2.39
[INFO] [stderr]     Checking time v0.3.36
[INFO] [stderr]     Checking globset v0.4.14
[INFO] [stderr]     Checking bitvec v0.22.3
[INFO] [stderr]     Checking unic-char-property v0.9.0
[INFO] [stderr]     Checking async-stream v0.3.6
[INFO] [stderr]     Checking sha2 v0.9.9
[INFO] [stderr]     Checking tempfile v3.23.0
[INFO] [stderr]     Checking sesame_sandbox v0.1.0 (https://github.com/brownsys/Sesame?branch=main#5a5b814a)
[INFO] [stdout] error[E0308]: mismatched types
[INFO] [stdout]   --> /opt/rustwide/cargo-home/git/checkouts/sesame-a78a584f18c09be5/5a5b814/sesame/sandbox/src/fast_transfer/box.rs:35:33
[INFO] [stdout]    |
[INFO] [stdout] 35 |         let ptr = Box::into_raw(b);
[INFO] [stdout]    |                   ------------- ^ expected `Box<_>`, found `Box<_, _>`
[INFO] [stdout]    |                   |
[INFO] [stdout]    |                   arguments to this function are incorrect
[INFO] [stdout]    |
[INFO] [stdout]    = note: expected struct `Box<_, std::alloc::Global>`
[INFO] [stdout]               found struct `Box<<T as FastTransfer>::TypeInSandbox, SandboxInstance>`
[INFO] [stdout] note: associated function defined here
[INFO] [stdout]   --> /rustc/3154cc1a3e6424e44f438a95007d043ed5ceaaf6/library/alloc/src/boxed.rs:1444:11
[INFO] [stdout] help: call `Into::into` on this expression to convert `Box<<T as FastTransfer>::TypeInSandbox, SandboxInstance>` into `Box<_>`
[INFO] [stdout]    |
[INFO] [stdout] 35 |         let ptr = Box::into_raw(b.into());
[INFO] [stdout]    |                                  +++++++
[INFO] [stdout] 
[INFO] [stdout] 
[INFO] [stdout] error[E0599]: no method named `into_raw_parts_with_alloc` found for struct `Vec<<T as FastTransfer>::TypeInSandbox, SandboxInstance>` in the current scope
[INFO] [stdout]   --> /opt/rustwide/cargo-home/git/checkouts/sesame-a78a584f18c09be5/5a5b814/sesame/sandbox/src/fast_transfer/vec.rs:49:46
[INFO] [stdout]    |
[INFO] [stdout] 49 |         let (ptr, len, cap, _) = sandbox_vec.into_raw_parts_with_alloc();
[INFO] [stdout]    |                                              ^^^^^^^^^^^^^^^^^^^^^^^^^
[INFO] [stdout]    |
[INFO] [stdout] help: there is a method `into_raw_parts_with_allocator` with a similar name
[INFO] [stdout]    |
[INFO] [stdout] 49 |         let (ptr, len, cap, _) = sandbox_vec.into_raw_parts_with_allocator();
[INFO] [stdout]    |                                                                       ++++
[INFO] [stdout] 
[INFO] [stdout] 
[INFO] [stdout] error[E0599]: no method named `into_raw_parts_with_alloc` found for struct `Vec<T, SandboxInstance>` in the current scope
[INFO] [stdout]    --> /opt/rustwide/cargo-home/git/checkouts/sesame-a78a584f18c09be5/5a5b814/sesame/sandbox/src/fast_transfer/vec.rs:101:46
[INFO] [stdout]     |
[INFO] [stdout] 101 |         let (ptr, len, cap, _) = sandbox_vec.into_raw_parts_with_alloc();
[INFO] [stdout]     |                                              ^^^^^^^^^^^^^^^^^^^^^^^^^
[INFO] [stdout]     |
[INFO] [stdout] help: there is a method `into_raw_parts_with_allocator` with a similar name
[INFO] [stdout]     |
[INFO] [stdout] 101 |         let (ptr, len, cap, _) = sandbox_vec.into_raw_parts_with_allocator();
[INFO] [stdout]     |                                                                       ++++
[INFO] [stdout] 
[INFO] [stdout] 
[INFO] [stdout] error[E0599]: no method named `into_raw_parts` found for struct `Vec<u8, SandboxInstance>` in the current scope
[INFO] [stdout]   --> /opt/rustwide/cargo-home/git/checkouts/sesame-a78a584f18c09be5/5a5b814/sesame/sandbox/src/sandboxable.rs:74:38
[INFO] [stdout]    |
[INFO] [stdout] 74 |         let (ptr, len, cap) = vec_in.into_raw_parts();
[INFO] [stdout]    |                                      ^^^^^^^^^^^^^^ method not found in `Vec<u8, SandboxInstance>`
[INFO] [stdout]    |
[INFO] [stdout]    = note: the method was found for `Vec<T>`
[INFO] [stdout] 
[INFO] [stdout] 
[INFO] [stdout] error[E0308]: mismatched types
[INFO] [stdout]   --> /opt/rustwide/cargo-home/git/checkouts/sesame-a78a584f18c09be5/5a5b814/sesame/sandbox/src/sandboxable.rs:79:40
[INFO] [stdout]    |
[INFO] [stdout] 79 |         Box::into_raw(Box::new_in(tup, sandbox)) as *mut std::ffi::c_void
[INFO] [stdout]    |                       -----------      ^^^^^^^ expected `Global`, found `SandboxInstance`
[INFO] [stdout]    |                       |
[INFO] [stdout]    |                       arguments to this function are incorrect
[INFO] [stdout]    |
[INFO] [stdout] note: associated function defined here
[INFO] [stdout]   --> /rustc/3154cc1a3e6424e44f438a95007d043ed5ceaaf6/library/alloc/src/boxed.rs:449:11
[INFO] [stdout] 
[INFO] [stdout] 
[INFO] [stdout] error[E0308]: mismatched types
[INFO] [stdout]    --> /opt/rustwide/cargo-home/git/checkouts/sesame-a78a584f18c09be5/5a5b814/sesame/sandbox/src/sandboxable.rs:134:40
[INFO] [stdout]     |
[INFO] [stdout] 134 |         Box::into_raw(Box::new_in(val, sandbox)) as *mut std::ffi::c_void
[INFO] [stdout]     |                       -----------      ^^^^^^^ expected `Global`, found `SandboxInstance`
[INFO] [stdout]     |                       |
[INFO] [stdout]     |                       arguments to this function are incorrect
[INFO] [stdout]     |
[INFO] [stdout] note: associated function defined here
[INFO] [stdout]    --> /rustc/3154cc1a3e6424e44f438a95007d043ed5ceaaf6/library/alloc/src/boxed.rs:449:11
[INFO] [stdout] 
[INFO] [stdout] 
[INFO] [stderr]     Checking bigdecimal v0.2.2
[INFO] [stdout] Some errors have detailed explanations: E0308, E0599.
[INFO] [stdout] 
[INFO] [stdout] For more information about an error, try `rustc --explain E0308`.
[INFO] [stdout] 
[INFO] [stderr] error: could not compile `sesame_sandbox` (lib) due to 6 previous errors
[INFO] [stderr] warning: build failed, waiting for other jobs to finish...
[INFO] running `Command { std: "docker" "inspect" "4888a354a46fab2aa62315664938adc01ecc9d2f804ff4bf3a9283e357b81d85", kill_on_drop: false }`
[INFO] running `Command { std: "docker" "rm" "-f" "4888a354a46fab2aa62315664938adc01ecc9d2f804ff4bf3a9283e357b81d85", kill_on_drop: false }`
[INFO] [stdout] 4888a354a46fab2aa62315664938adc01ecc9d2f804ff4bf3a9283e357b81d85
