[INFO] cloning repository https://github.com/BAZOOKADREAM/jxr2uhdr
[INFO] running `Command { std: "git" "-c" "credential.helper=" "-c" "credential.helper=/workspace/cargo-home/bin/git-credential-null" "clone" "--bare" "https://github.com/BAZOOKADREAM/jxr2uhdr" "/workspace/cache/git-repos/https%3A%2F%2Fgithub.com%2FBAZOOKADREAM%2Fjxr2uhdr", kill_on_drop: false }`
[INFO] [stderr] Cloning into bare repository '/workspace/cache/git-repos/https%3A%2F%2Fgithub.com%2FBAZOOKADREAM%2Fjxr2uhdr'...
[INFO] running `Command { std: "git" "rev-parse" "HEAD", kill_on_drop: false }`
[INFO] [stdout] c8b97a596d5f9f05f7029eba554df5f2e90ddb5e
[INFO] checking BAZOOKADREAM/jxr2uhdr against 3154cc1a3e6424e44f438a95007d043ed5ceaaf6+rustflags=-Znext-solver=coherence for pr-133502-30
[INFO] running `Command { std: "git" "clone" "/workspace/cache/git-repos/https%3A%2F%2Fgithub.com%2FBAZOOKADREAM%2Fjxr2uhdr" "/workspace/builds/worker-5-tc1/source", kill_on_drop: false }`
[INFO] [stderr] Cloning into '/workspace/builds/worker-5-tc1/source'...
[INFO] [stderr] done.
[INFO] removed /workspace/builds/worker-5-tc1/source/.cargo/config.toml
[INFO] started tweaking git repo https://github.com/BAZOOKADREAM/jxr2uhdr
[INFO] finished tweaking git repo https://github.com/BAZOOKADREAM/jxr2uhdr
[INFO] tweaked toml for git repo https://github.com/BAZOOKADREAM/jxr2uhdr written to /workspace/builds/worker-5-tc1/source/Cargo.toml
[INFO] validating manifest of git repo https://github.com/BAZOOKADREAM/jxr2uhdr on toolchain 3154cc1a3e6424e44f438a95007d043ed5ceaaf6
[INFO] running `Command { std: CARGO_HOME="/workspace/cargo-home" RUSTUP_HOME="/workspace/rustup-home" "/workspace/cargo-home/bin/cargo" "+3154cc1a3e6424e44f438a95007d043ed5ceaaf6" "metadata" "--manifest-path" "Cargo.toml" "--no-deps", kill_on_drop: false }`
[INFO] crate git repo https://github.com/BAZOOKADREAM/jxr2uhdr already has a lockfile, it will not be regenerated
[INFO] running `Command { std: CARGO_HOME="/workspace/cargo-home" RUSTUP_HOME="/workspace/rustup-home" "/workspace/cargo-home/bin/cargo" "+3154cc1a3e6424e44f438a95007d043ed5ceaaf6" "fetch" "--manifest-path" "Cargo.toml", kill_on_drop: false }`
[INFO] [stderr]     Updating crates.io index
[INFO] [stderr]     Updating git repository `https://github.com/tfx2001/jpegxr`
[INFO] [stderr]     Blocking waiting for file lock on package cache
[INFO] [stderr]      Locking 379 packages to highest Rust 1.101.0-nightly compatible versions
[INFO] [stderr]       Adding ab_glyph v0.2.32
[INFO] [stderr]       Adding ab_glyph_rasterizer v0.1.10
[INFO] [stderr]       Adding accesskit v0.19.0
[INFO] [stderr]       Adding accesskit_atspi_common v0.12.0
[INFO] [stderr]       Adding accesskit_consumer v0.28.0
[INFO] [stderr]       Adding accesskit_macos v0.20.0
[INFO] [stderr]       Adding accesskit_unix v0.15.0
[INFO] [stderr]       Adding accesskit_windows v0.27.0
[INFO] [stderr]       Adding accesskit_winit v0.27.0
[INFO] [stderr]       Adding adler2 v2.0.1
[INFO] [stderr]       Adding ahash v0.8.12
[INFO] [stderr]       Adding android-activity v0.6.1
[INFO] [stderr]       Adding android-properties v0.2.2
[INFO] [stderr]       Adding android_system_properties v0.1.6
[INFO] [stderr]       Adding arboard v3.6.1
[INFO] [stderr]       Adding arrayref v0.3.9
[INFO] [stderr]       Adding arrayvec v0.7.8
[INFO] [stderr]       Adding as-raw-xcb-connection v1.0.1
[INFO] [stderr]       Adding ash v0.38.0+1.3.281
[INFO] [stderr]       Adding ashpd v0.11.1
[INFO] [stderr]       Adding async-broadcast v0.7.2
[INFO] [stderr]       Adding async-channel v2.5.0
[INFO] [stderr]       Adding async-executor v1.14.0
[INFO] [stderr]       Adding async-fs v2.2.0
[INFO] [stderr]       Adding async-io v2.6.0
[INFO] [stderr]       Adding async-lock v3.4.2
[INFO] [stderr]       Adding async-net v2.0.0
[INFO] [stderr]       Adding async-process v2.5.0
[INFO] [stderr]       Adding async-recursion v1.2.0
[INFO] [stderr]       Adding async-signal v0.2.14
[INFO] [stderr]       Adding async-task v4.7.1
[INFO] [stderr]       Adding async-trait v0.1.92
[INFO] [stderr]       Adding atomic-waker v1.1.2
[INFO] [stderr]       Adding atspi v0.25.0
[INFO] [stderr]       Adding atspi-common v0.9.0
[INFO] [stderr]       Adding atspi-connection v0.9.0
[INFO] [stderr]       Adding atspi-proxies v0.9.0
[INFO] [stderr]       Adding bit-set v0.8.0
[INFO] [stderr]       Adding bit-vec v0.8.0
[INFO] [stderr]       Adding bitflags v1.3.2
[INFO] [stderr]       Adding block v0.1.6
[INFO] [stderr]       Adding block2 v0.5.1
[INFO] [stderr]       Adding block2 v0.6.2
[INFO] [stderr]       Adding blocking v1.7.0
[INFO] [stderr]       Adding bumpalo v3.20.3
[INFO] [stderr]       Adding bytemuck_derive v1.12.1
[INFO] [stderr]       Adding byteorder-lite v0.1.0
[INFO] [stderr]       Adding bytes v1.12.1
[INFO] [stderr]       Adding calloop v0.13.0
[INFO] [stderr]       Adding calloop v0.14.5
[INFO] [stderr]       Adding calloop-wayland-source v0.3.0
[INFO] [stderr]       Adding calloop-wayland-source v0.4.1
[INFO] [stderr]       Adding cfg_aliases v0.2.2
[INFO] [stderr]       Adding cgl v0.3.2
[INFO] [stderr]       Adding clipboard-win v5.4.1
[INFO] [stderr]       Adding codespan-reporting v0.12.0
[INFO] [stderr]       Adding combine v4.6.8
[INFO] [stderr]       Adding concurrent-queue v2.5.0
[INFO] [stderr]       Adding core-foundation v0.9.4
[INFO] [stderr]       Adding core-foundation-sys v0.8.7
[INFO] [stderr]       Adding core-graphics v0.23.2
[INFO] [stderr]       Adding core-graphics-types v0.1.3
[INFO] [stderr]       Adding crc32fast v1.5.2
[INFO] [stderr]       Adding crossbeam-utils v0.8.23
[INFO] [stderr]       Adding cursor-icon v1.2.0
[INFO] [stderr]       Adding dispatch v0.2.0
[INFO] [stderr]       Adding dispatch2 v0.3.1
[INFO] [stderr]       Adding displaydoc v0.2.7
[INFO] [stderr]       Adding dlib v0.5.3
[INFO] [stderr]       Adding document-features v0.2.12
[INFO] [stderr]       Adding downcast-rs v1.2.1
[INFO] [stderr]       Adding dpi v0.1.2
[INFO] [stderr]       Adding ecolor v0.32.3
[INFO] [stderr]       Adding eframe v0.32.3 (available: v0.36.2)
[INFO] [stderr]       Adding egui v0.32.3
[INFO] [stderr]       Adding egui-wgpu v0.32.3
[INFO] [stderr]       Adding egui-winit v0.32.3
[INFO] [stderr]       Adding egui_glow v0.32.3
[INFO] [stderr]       Adding emath v0.32.3
[INFO] [stderr]       Adding endi v1.1.1
[INFO] [stderr]       Adding enumflags2 v0.7.12
[INFO] [stderr]       Adding enumflags2_derive v0.7.12
[INFO] [stderr]       Adding epaint v0.32.3
[INFO] [stderr]       Adding epaint_default_fonts v0.32.3
[INFO] [stderr]       Adding equivalent v1.0.2
[INFO] [stderr]       Adding errno v0.3.14
[INFO] [stderr]       Adding error-code v3.4.0
[INFO] [stderr]       Adding event-listener v5.4.2
[INFO] [stderr]       Adding event-listener-strategy v0.5.4
[INFO] [stderr]       Adding fastrand v2.5.0
[INFO] [stderr]       Adding fax v0.2.7
[INFO] [stderr]       Adding fdeflate v0.3.7
[INFO] [stderr]       Adding flate2 v1.1.10
[INFO] [stderr]       Adding foldhash v0.1.5
[INFO] [stderr]       Adding foreign-types v0.5.0
[INFO] [stderr]       Adding foreign-types-macros v0.2.4
[INFO] [stderr]       Adding foreign-types-shared v0.3.1
[INFO] [stderr]       Adding form_urlencoded v1.2.2
[INFO] [stderr]       Adding futures-channel v0.3.34
[INFO] [stderr]       Adding futures-core v0.3.34
[INFO] [stderr]       Adding futures-io v0.3.34
[INFO] [stderr]       Adding futures-lite v2.6.1
[INFO] [stderr]       Adding futures-macro v0.3.34
[INFO] [stderr]       Adding futures-task v0.3.34
[INFO] [stderr]       Adding futures-util v0.3.34
[INFO] [stderr]       Adding gethostname v1.1.0
[INFO] [stderr]       Adding gl_generator v0.14.0
[INFO] [stderr]       Adding glow v0.16.0
[INFO] [stderr]       Adding glutin v0.32.3
[INFO] [stderr]       Adding glutin-winit v0.5.0
[INFO] [stderr]       Adding glutin_egl_sys v0.7.1
[INFO] [stderr]       Adding glutin_glx_sys v0.6.1
[INFO] [stderr]       Adding glutin_wgl_sys v0.6.1
[INFO] [stderr]       Adding gpu-alloc v0.6.2
[INFO] [stderr]       Adding gpu-alloc-types v0.3.1
[INFO] [stderr]       Adding gpu-allocator v0.27.0
[INFO] [stderr]       Adding gpu-descriptor v0.3.2
[INFO] [stderr]       Adding gpu-descriptor-types v0.2.0
[INFO] [stderr]       Adding hashbrown v0.15.5
[INFO] [stderr]       Adding hashbrown v0.17.1
[INFO] [stderr]       Adding hermit-abi v0.5.3
[INFO] [stderr]       Adding hex v0.4.3
[INFO] [stderr]       Adding hexf-parse v0.2.1
[INFO] [stderr]       Adding icu_collections v2.3.0
[INFO] [stderr]       Adding icu_locale_core v2.3.0
[INFO] [stderr]       Adding icu_normalizer v2.3.0
[INFO] [stderr]       Adding icu_normalizer_data v2.3.0
[INFO] [stderr]       Adding icu_properties v2.3.0
[INFO] [stderr]       Adding icu_properties_data v2.3.0
[INFO] [stderr]       Adding icu_provider v2.3.1
[INFO] [stderr]       Adding idna v1.1.0
[INFO] [stderr]       Adding idna_adapter v1.2.2
[INFO] [stderr]       Adding image v0.25.10
[INFO] [stderr]       Adding indexmap v2.14.2
[INFO] [stderr]       Adding jni v0.22.4
[INFO] [stderr]       Adding jni-macros v0.22.4
[INFO] [stderr]       Adding jni-sys v0.3.1
[INFO] [stderr]       Adding jni-sys v0.4.1
[INFO] [stderr]       Adding jni-sys-macros v0.4.1
[INFO] [stderr]       Adding js-sys v0.3.106
[INFO] [stderr]       Adding khronos-egl v6.0.0
[INFO] [stderr]       Adding khronos_api v3.1.0
[INFO] [stderr]       Adding libredox v0.1.25
[INFO] [stderr]       Adding linux-raw-sys v0.4.15
[INFO] [stderr]       Adding linux-raw-sys v0.12.1
[INFO] [stderr]       Adding litemap v0.8.3
[INFO] [stderr]       Adding litrs v1.0.0
[INFO] [stderr]       Adding lock_api v0.4.14
[INFO] [stderr]       Adding malloc_buf v0.0.6
[INFO] [stderr]       Adding memmap2 v0.9.11
[INFO] [stderr]       Adding memoffset v0.9.1
[INFO] [stderr]       Adding metal v0.31.0
[INFO] [stderr]       Adding miniz_oxide v0.8.9
[INFO] [stderr]       Adding miniz_oxide v0.9.1
[INFO] [stderr]       Adding moxcms v0.8.1
[INFO] [stderr]       Adding naga v25.0.1
[INFO] [stderr]       Adding ndk v0.9.0
[INFO] [stderr]       Adding ndk-context v0.1.1
[INFO] [stderr]       Adding ndk-sys v0.5.0+25.2.9519653
[INFO] [stderr]       Adding ndk-sys v0.6.0+11769913
[INFO] [stderr]       Adding nohash-hasher v0.2.0
[INFO] [stderr]       Adding num_enum v0.7.6
[INFO] [stderr]       Adding num_enum_derive v0.7.6
[INFO] [stderr]       Adding objc v0.2.7
[INFO] [stderr]       Adding objc-sys v0.3.5
[INFO] [stderr]       Adding objc2 v0.5.3
[INFO] [stderr]       Adding objc2 v0.6.5
[INFO] [stderr]       Adding objc2-app-kit v0.2.2
[INFO] [stderr]       Adding objc2-app-kit v0.3.2
[INFO] [stderr]       Adding objc2-cloud-kit v0.2.2
[INFO] [stderr]       Adding objc2-contacts v0.2.2
[INFO] [stderr]       Adding objc2-core-data v0.2.2
[INFO] [stderr]       Adding objc2-core-foundation v0.3.2
[INFO] [stderr]       Adding objc2-core-graphics v0.3.2
[INFO] [stderr]       Adding objc2-core-image v0.2.2
[INFO] [stderr]       Adding objc2-core-location v0.2.2
[INFO] [stderr]       Adding objc2-encode v4.1.0
[INFO] [stderr]       Adding objc2-foundation v0.2.2
[INFO] [stderr]       Adding objc2-foundation v0.3.2
[INFO] [stderr]       Adding objc2-io-surface v0.3.2
[INFO] [stderr]       Adding objc2-link-presentation v0.2.2
[INFO] [stderr]       Adding objc2-metal v0.2.2
[INFO] [stderr]       Adding objc2-quartz-core v0.2.2
[INFO] [stderr]       Adding objc2-symbols v0.2.2
[INFO] [stderr]       Adding objc2-ui-kit v0.2.2
[INFO] [stderr]       Adding objc2-uniform-type-identifiers v0.2.2
[INFO] [stderr]       Adding objc2-user-notifications v0.2.2
[INFO] [stderr]       Adding once_cell v1.21.4
[INFO] [stderr]       Adding orbclient v0.3.55
[INFO] [stderr]       Adding ordered-float v4.6.0
[INFO] [stderr]       Adding ordered-stream v0.2.0
[INFO] [stderr]       Adding owned_ttf_parser v0.25.1
[INFO] [stderr]       Adding parking v2.2.1
[INFO] [stderr]       Adding parking_lot v0.12.5
[INFO] [stderr]       Adding parking_lot_core v0.9.12
[INFO] [stderr]       Adding paste v1.0.15
[INFO] [stderr]       Adding percent-encoding v2.3.2
[INFO] [stderr]       Adding pin-project v1.1.13
[INFO] [stderr]       Adding pin-project-internal v1.1.13
[INFO] [stderr]       Adding pin-project-lite v0.2.17
[INFO] [stderr]       Adding piper v0.2.5
[INFO] [stderr]       Adding pkg-config v0.3.34
[INFO] [stderr]       Adding plain v0.2.3
[INFO] [stderr]       Adding png v0.18.1
[INFO] [stderr]       Adding polling v3.11.0
[INFO] [stderr]       Adding pollster v0.4.0
[INFO] [stderr]       Adding potential_utf v0.1.6
[INFO] [stderr]       Adding ppv-lite86 v0.2.21
[INFO] [stderr]       Adding presser v0.3.1
[INFO] [stderr]       Adding proc-macro-crate v3.5.0
[INFO] [stderr]       Adding profiling v1.0.18
[INFO] [stderr]       Adding pxfm v0.1.30
[INFO] [stderr]       Adding quick-error v2.0.1
[INFO] [stderr]       Adding quick-xml v0.41.0
[INFO] [stderr]       Adding rand v0.9.5
[INFO] [stderr]       Adding rand_chacha v0.9.0
[INFO] [stderr]       Adding rand_core v0.9.5
[INFO] [stderr]       Adding range-alloc v0.1.5
[INFO] [stderr]       Adding raw-window-handle v0.6.2
[INFO] [stderr]       Adding redox_syscall v0.4.1
[INFO] [stderr]       Adding redox_syscall v0.5.18
[INFO] [stderr]       Adding redox_syscall v0.9.4
[INFO] [stderr]       Adding renderdoc-sys v1.1.0
[INFO] [stderr]       Adding rfd v0.15.4 (available: v0.17.2)
[INFO] [stderr]       Adding rustc-hash v1.1.0
[INFO] [stderr]       Adding rustc_version v0.4.1
[INFO] [stderr]       Adding rustix v0.38.44
[INFO] [stderr]       Adding rustix v1.1.5
[INFO] [stderr]       Adding same-file v1.0.6
[INFO] [stderr]       Adding scoped-tls v1.0.1
[INFO] [stderr]       Adding scopeguard v1.2.0
[INFO] [stderr]       Adding sctk-adwaita v0.10.1
[INFO] [stderr]       Adding semver v1.0.28
[INFO] [stderr]       Adding serde v1.0.228 (available: v1.0.229)
[INFO] [stderr]       Adding serde_repr v0.1.21
[INFO] [stderr]       Adding signal-hook-registry v1.4.8
[INFO] [stderr]       Adding simd-adler32 v0.3.10
[INFO] [stderr]       Adding simd_cesu8 v1.2.0
[INFO] [stderr]       Adding simdutf8 v0.1.5
[INFO] [stderr]       Adding slab v0.4.12
[INFO] [stderr]       Adding slotmap v1.1.1
[INFO] [stderr]       Adding smallvec v1.16.3
[INFO] [stderr]       Adding smithay-client-toolkit v0.19.2
[INFO] [stderr]       Adding smithay-client-toolkit v0.20.0
[INFO] [stderr]       Adding smithay-clipboard v0.7.3
[INFO] [stderr]       Adding smol_str v0.2.2
[INFO] [stderr]       Adding spirv v0.3.0+sdk-1.3.268.0
[INFO] [stderr]       Adding stable_deref_trait v1.2.1
[INFO] [stderr]       Adding static_assertions v1.1.0
[INFO] [stderr]       Adding strict-num v0.1.1
[INFO] [stderr]       Adding strum v0.26.3
[INFO] [stderr]       Adding strum_macros v0.26.4
[INFO] [stderr]       Adding syn v3.0.7
[INFO] [stderr]       Adding synstructure v0.14.0
[INFO] [stderr]       Adding tempfile v3.27.0
[INFO] [stderr]       Adding termcolor v1.4.1
[INFO] [stderr]       Adding thiserror v2.0.21
[INFO] [stderr]       Adding thiserror-impl v2.0.21
[INFO] [stderr]       Adding tiff v0.11.3
[INFO] [stderr]       Adding tiny-skia v0.11.4
[INFO] [stderr]       Adding tiny-skia-path v0.11.4
[INFO] [stderr]       Adding tinystr v0.8.4
[INFO] [stderr]       Adding tokio v1.53.2
[INFO] [stderr]       Adding toml_datetime v1.1.2+spec-1.1.0
[INFO] [stderr]       Adding toml_edit v0.25.17+spec-1.1.0
[INFO] [stderr]       Adding toml_parser v1.1.5+spec-1.1.0
[INFO] [stderr]       Adding tracing v0.1.44
[INFO] [stderr]       Adding tracing-attributes v0.1.31
[INFO] [stderr]       Adding tracing-core v0.1.36
[INFO] [stderr]       Adding ttf-parser v0.25.1
[INFO] [stderr]       Adding type-map v0.5.1
[INFO] [stderr]       Adding uds_windows v1.2.1
[INFO] [stderr]       Adding unicode-segmentation v1.13.3
[INFO] [stderr]       Adding unicode-width v0.2.2
[INFO] [stderr]       Adding url v2.5.8
[INFO] [stderr]       Adding urlencoding v2.1.3
[INFO] [stderr]       Adding utf8_iter v1.0.4
[INFO] [stderr]       Adding uuid v1.28.0
[INFO] [stderr]       Adding version_check v0.9.5
[INFO] [stderr]       Adding walkdir v2.5.0
[INFO] [stderr]       Adding wasm-bindgen v0.2.129
[INFO] [stderr]       Adding wasm-bindgen-futures v0.4.79
[INFO] [stderr]       Adding wasm-bindgen-macro v0.2.129
[INFO] [stderr]       Adding wasm-bindgen-macro-support v0.2.129
[INFO] [stderr]       Adding wasm-bindgen-shared v0.2.129
[INFO] [stderr]       Adding wayland-backend v0.3.17
[INFO] [stderr]       Adding wayland-client v0.31.15
[INFO] [stderr]       Adding wayland-csd-frame v0.3.0
[INFO] [stderr]       Adding wayland-cursor v0.31.14
[INFO] [stderr]       Adding wayland-protocols v0.32.13
[INFO] [stderr]       Adding wayland-protocols-experimental v20250721.0.1
[INFO] [stderr]       Adding wayland-protocols-misc v0.3.12
[INFO] [stderr]       Adding wayland-protocols-plasma v0.3.12
[INFO] [stderr]       Adding wayland-protocols-wlr v0.3.12
[INFO] [stderr]       Adding wayland-scanner v0.31.11
[INFO] [stderr]       Adding wayland-sys v0.31.11
[INFO] [stderr]       Adding web-sys v0.3.106
[INFO] [stderr]       Adding web-time v1.1.0
[INFO] [stderr]       Adding webbrowser v1.2.4
[INFO] [stderr]       Adding weezl v0.1.12
[INFO] [stderr]       Adding wgpu v25.0.2
[INFO] [stderr]       Adding wgpu-core v25.0.2
[INFO] [stderr]       Adding wgpu-core-deps-apple v25.0.0
[INFO] [stderr]       Adding wgpu-core-deps-emscripten v25.0.0
[INFO] [stderr]       Adding wgpu-core-deps-windows-linux-android v25.0.0
[INFO] [stderr]       Adding wgpu-hal v25.0.2
[INFO] [stderr]       Adding wgpu-types v25.0.0
[INFO] [stderr]       Adding winapi v0.3.9
[INFO] [stderr]       Adding winapi-i686-pc-windows-gnu v0.4.0
[INFO] [stderr]       Adding winapi-util v0.1.11
[INFO] [stderr]       Adding winapi-x86_64-pc-windows-gnu v0.4.0
[INFO] [stderr]       Adding windows v0.58.0
[INFO] [stderr]       Adding windows v0.61.3
[INFO] [stderr]       Adding windows-collections v0.2.0
[INFO] [stderr]       Adding windows-core v0.58.0
[INFO] [stderr]       Adding windows-core v0.61.2
[INFO] [stderr]       Adding windows-future v0.2.1
[INFO] [stderr]       Adding windows-implement v0.58.0
[INFO] [stderr]       Adding windows-implement v0.60.2
[INFO] [stderr]       Adding windows-interface v0.58.0
[INFO] [stderr]       Adding windows-interface v0.59.3
[INFO] [stderr]       Adding windows-link v0.1.3
[INFO] [stderr]       Adding windows-numerics v0.2.0
[INFO] [stderr]       Adding windows-result v0.2.0
[INFO] [stderr]       Adding windows-result v0.3.4
[INFO] [stderr]       Adding windows-strings v0.1.0
[INFO] [stderr]       Adding windows-strings v0.4.2
[INFO] [stderr]       Adding windows-sys v0.52.0
[INFO] [stderr]       Adding windows-sys v0.59.0
[INFO] [stderr]       Adding windows-sys v0.60.2
[INFO] [stderr]       Adding windows-targets v0.52.6
[INFO] [stderr]       Adding windows-targets v0.53.5
[INFO] [stderr]       Adding windows-threading v0.1.0
[INFO] [stderr]       Adding windows_aarch64_gnullvm v0.52.6
[INFO] [stderr]       Adding windows_aarch64_gnullvm v0.53.1
[INFO] [stderr]       Adding windows_aarch64_msvc v0.52.6
[INFO] [stderr]       Adding windows_aarch64_msvc v0.53.1
[INFO] [stderr]       Adding windows_i686_gnu v0.52.6
[INFO] [stderr]       Adding windows_i686_gnu v0.53.1
[INFO] [stderr]       Adding windows_i686_gnullvm v0.52.6
[INFO] [stderr]       Adding windows_i686_gnullvm v0.53.1
[INFO] [stderr]       Adding windows_i686_msvc v0.52.6
[INFO] [stderr]       Adding windows_i686_msvc v0.53.1
[INFO] [stderr]       Adding windows_x86_64_gnu v0.52.6
[INFO] [stderr]       Adding windows_x86_64_gnu v0.53.1
[INFO] [stderr]       Adding windows_x86_64_gnullvm v0.52.6
[INFO] [stderr]       Adding windows_x86_64_gnullvm v0.53.1
[INFO] [stderr]       Adding windows_x86_64_msvc v0.52.6
[INFO] [stderr]       Adding windows_x86_64_msvc v0.53.1
[INFO] [stderr]       Adding winit v0.30.13
[INFO] [stderr]       Adding winnow v1.0.4
[INFO] [stderr]       Adding writeable v0.6.4
[INFO] [stderr]       Adding x11-dl v2.21.0
[INFO] [stderr]       Adding x11rb v0.13.2
[INFO] [stderr]       Adding x11rb-protocol v0.13.2
[INFO] [stderr]       Adding xcursor v0.3.11
[INFO] [stderr]       Adding xkbcommon-dl v0.4.2
[INFO] [stderr]       Adding xkeysym v0.2.1
[INFO] [stderr]       Adding xml-rs v0.8.29
[INFO] [stderr]       Adding yoke v0.8.3
[INFO] [stderr]       Adding yoke-derive v0.8.4
[INFO] [stderr]       Adding zbus v5.19.0
[INFO] [stderr]       Adding zbus-lockstep v0.5.2
[INFO] [stderr]       Adding zbus-lockstep-macros v0.5.2
[INFO] [stderr]       Adding zbus_macros v5.19.0
[INFO] [stderr]       Adding zbus_names v4.3.4
[INFO] [stderr]       Adding zbus_xml v5.2.1
[INFO] [stderr]       Adding zcheapstr v1.1.0
[INFO] [stderr]       Adding zerofrom v0.1.8
[INFO] [stderr]       Adding zerofrom-derive v0.1.8
[INFO] [stderr]       Adding zerotrie v0.2.5
[INFO] [stderr]       Adding zerovec v0.11.8
[INFO] [stderr]       Adding zerovec-derive v0.11.6
[INFO] [stderr]       Adding zlib-rs v0.6.8
[INFO] [stderr]       Adding zune-core v0.5.3
[INFO] [stderr]       Adding zune-jpeg v0.5.15
[INFO] [stderr]       Adding zvariant v5.15.0
[INFO] [stderr]       Adding zvariant_derive v5.15.0
[INFO] [stderr]       Adding zvariant_utils v4.2.0
[INFO] [stderr]     Blocking waiting for file lock on package cache
[INFO] [stderr]  Downloading crates ...
[INFO] [stderr]   Downloaded toml_edit v0.25.17+spec-1.1.0
[INFO] [stderr]   Downloaded toml_parser v1.1.5+spec-1.1.0
[INFO] [stderr]   Downloaded toml_datetime v1.1.2+spec-1.1.0
[INFO] [stderr]   Downloaded ultrahdr v0.1.5
[INFO] [stderr]   Downloaded winarm-cpufeatures v0.1.2
[INFO] [stderr]   Downloaded safe_unaligned_simd v0.2.5
[INFO] [stderr]   Downloaded archmage-macros v0.9.26
[INFO] [stderr]   Downloaded archmage v0.9.26
[INFO] [stderr]   Downloaded jiff-static v0.2.28
[INFO] [stderr]   Downloaded objc2 v0.6.5
[INFO] [stderr]   Downloaded linear-srgb v0.6.12
[INFO] [stderr]   Downloaded magetypes v0.9.26
[INFO] [stderr]   Downloaded jiff v0.2.28
[INFO] [stderr]   Downloaded ultrahdr-sys v0.1.5
[INFO] [stderr]   Downloaded objc2 v0.5.3
[INFO] [stderr]   Downloaded wgpu-core-deps-apple v25.0.0
[INFO] [stderr]   Downloaded wgpu-core-deps-emscripten v25.0.0
[INFO] running `Command { std: "docker" "create" "-v" "/var/lib/crater-agent-workspace/builds/worker-5-tc1/source:/opt/rustwide/workdir:ro,Z" "-v" "/var/lib/crater-agent-workspace/builds/worker-5-tc1/target:/opt/rustwide/target:rw,Z" "-v" "/var/lib/crater-agent-workspace/cargo-home:/opt/rustwide/cargo-home:ro,Z" "-v" "/var/lib/crater-agent-workspace/rustup-home:/opt/rustwide/rustup-home:ro,Z" "-m" "1610612736" "--network" "none" "ghcr.io/rust-lang/crates-build-env/linux@sha256:77db811e55d90add9212f6832c23229e3de5f1c1f9905e8cb07319ea15df73ac" "sleep" "infinity", kill_on_drop: false }`
[INFO] [stdout] 560792f7faa2a148795c6fe15804e6a705b8db32cc23a769b7938b1c26617864
[INFO] running `Command { std: "docker" "start" "560792f7faa2a148795c6fe15804e6a705b8db32cc23a769b7938b1c26617864", kill_on_drop: false }`
[INFO] running `Command { std: "docker" "inspect" "560792f7faa2a148795c6fe15804e6a705b8db32cc23a769b7938b1c26617864", kill_on_drop: false }`
[INFO] running `Command { std: "docker" "exec" "-e" "SOURCE_DIR=/opt/rustwide/workdir" "-e" "CARGO_HOME=/opt/rustwide/cargo-home" "-e" "RUSTUP_HOME=/opt/rustwide/rustup-home" "-e" "CARGO_TARGET_DIR=/opt/rustwide/target" "-w" "/opt/rustwide/workdir" "--user" "0:0" "560792f7faa2a148795c6fe15804e6a705b8db32cc23a769b7938b1c26617864" "/opt/rustwide/cargo-home/bin/cargo" "+3154cc1a3e6424e44f438a95007d043ed5ceaaf6" "metadata" "--no-deps" "--format-version=1", kill_on_drop: false }`
[INFO] running `Command { std: "docker" "inspect" "560792f7faa2a148795c6fe15804e6a705b8db32cc23a769b7938b1c26617864", kill_on_drop: false }`
[INFO] running `Command { std: "docker" "exec" "-e" "SOURCE_DIR=/opt/rustwide/workdir" "-e" "CARGO_HOME=/opt/rustwide/cargo-home" "-e" "RUSTUP_HOME=/opt/rustwide/rustup-home" "-e" "CARGO_TARGET_DIR=/opt/rustwide/target" "-e" "CARGO_INCREMENTAL=0" "-e" "RUST_BACKTRACE=full" "-e" "RUSTFLAGS=--cap-lints=forbid -Znext-solver=coherence" "-e" "RUSTDOCFLAGS=--cap-lints=forbid" "-w" "/opt/rustwide/workdir" "--user" "0:0" "560792f7faa2a148795c6fe15804e6a705b8db32cc23a769b7938b1c26617864" "/opt/rustwide/cargo-home/bin/cargo" "+3154cc1a3e6424e44f438a95007d043ed5ceaaf6" "check" "--frozen" "--all" "--all-targets" "--message-format=json", kill_on_drop: false }`
[INFO] [stderr]    Compiling proc-macro2 v1.0.106
[INFO] [stderr]    Compiling quote v1.0.45
[INFO] [stderr]    Compiling libc v0.2.186
[INFO] [stderr]     Checking log v0.4.32
[INFO] [stderr]     Checking bitflags v2.13.0
[INFO] [stderr]     Checking smallvec v1.16.3
[INFO] [stderr]    Compiling rustix v1.1.5
[INFO] [stderr]     Checking linux-raw-sys v0.12.1
[INFO] [stderr]    Compiling memchr v2.8.2
[INFO] [stderr]    Compiling pkg-config v0.3.34
[INFO] [stderr]     Checking libloading v0.8.9
[INFO] [stderr]    Compiling serde_core v1.0.228
[INFO] [stderr]    Compiling winnow v1.0.4
[INFO] [stderr]    Compiling indexmap v2.14.2
[INFO] [stderr]    Compiling syn v2.0.118
[INFO] [stderr]    Compiling syn v3.0.7
[INFO] [stderr]    Compiling wayland-sys v0.31.11
[INFO] [stderr]     Checking dlib v0.5.3
[INFO] [stderr]     Checking futures-core v0.3.34
[INFO] [stderr]    Compiling toml_parser v1.1.5+spec-1.1.0
[INFO] [stderr]    Compiling toml_datetime v1.1.2+spec-1.1.0
[INFO] [stderr]     Checking litemap v0.8.3
[INFO] [stderr]     Checking writeable v0.6.4
[INFO] [stderr]    Compiling jobserver v0.1.34
[INFO] [stderr]    Compiling toml_edit v0.25.17+spec-1.1.0
[INFO] [stderr]    Compiling icu_normalizer_data v2.3.0
[INFO] [stderr]    Compiling cc v1.2.64
[INFO] [stderr]    Compiling zerocopy v0.8.52
[INFO] [stderr]    Compiling icu_properties_data v2.3.0
[INFO] [stderr]    Compiling crossbeam-utils v0.8.23
[INFO] [stderr]     Checking scoped-tls v1.0.1
[INFO] [stderr]     Checking downcast-rs v1.2.1
[INFO] [stderr]     Checking futures-io v0.3.34
[INFO] [stderr]    Compiling proc-macro-crate v3.5.0
[INFO] [stderr]    Compiling quick-xml v0.41.0
[INFO] [stderr]    Compiling wayland-client v0.31.15
[INFO] [stderr]     Checking concurrent-queue v2.5.0
[INFO] [stderr]     Checking unicode-ident v1.0.24
[INFO] [stderr]     Checking event-listener-strategy v0.5.4
[INFO] [stderr]     Checking futures-lite v2.6.1
[INFO] [stderr]     Checking tracing-core v0.1.36
[INFO] [stderr]    Compiling endi v1.1.1
[INFO] [stderr]    Compiling glob v0.3.3
[INFO] [stderr]    Compiling wayland-backend v0.3.17
[INFO] [stderr]    Compiling wayland-scanner v0.31.11
[INFO] [stderr]    Compiling clang-sys v1.8.1
[INFO] [stderr]    Compiling prettyplease v0.2.37
[INFO] [stderr]     Checking async-channel v2.5.0
[INFO] [stderr]    Compiling minimal-lexical v0.2.1
[INFO] [stderr]    Compiling regex-syntax v0.8.11
[INFO] [stderr]    Compiling nom v7.1.3
[INFO] [stderr]     Checking piper v0.2.5
[INFO] [stderr]     Checking errno v0.3.14
[INFO] [stderr]    Compiling libm v0.2.16
[INFO] [stderr]    Compiling either v1.16.0
[INFO] [stderr]     Checking polling v3.11.0
[INFO] [stderr]    Compiling synstructure v0.14.0
[INFO] [stderr]    Compiling regex-automata v0.4.14
[INFO] [stderr]     Checking async-io v2.6.0
[INFO] [stderr]    Compiling bindgen v0.72.1
[INFO] [stderr]    Compiling cexpr v0.6.0
[INFO] [stderr]    Compiling itertools v0.13.0
[INFO] [stderr]     Checking signal-hook-registry v1.4.8
[INFO] [stderr]    Compiling serde_derive v1.0.228
[INFO] [stderr]    Compiling enumflags2_derive v0.7.12
[INFO] [stderr]    Compiling zerocopy-derive v0.8.52
[INFO] [stderr]    Compiling thiserror-impl v1.0.69
[INFO] [stderr]    Compiling tracing-attributes v0.1.31
[INFO] [stderr]    Compiling zerofrom-derive v0.1.8
[INFO] [stderr]    Compiling yoke-derive v0.8.4
[INFO] [stderr]    Compiling zerovec-derive v0.11.6
[INFO] [stderr]    Compiling displaydoc v0.2.7
[INFO] [stderr]    Compiling bytemuck_derive v1.12.1
[INFO] [stderr]     Checking tracing v0.1.44
[INFO] [stderr]     Checking thiserror v1.0.69
[INFO] [stderr]     Checking wayland-protocols v0.32.13
[INFO] [stderr]    Compiling regex v1.12.4
[INFO] [stderr]     Checking zerofrom v0.1.8
[INFO] [stderr]     Checking blocking v1.7.0
[INFO] [stderr]     Checking yoke v0.8.3
[INFO] [stderr]     Checking getrandom v0.3.4
[INFO] [stderr]     Checking zerovec v0.11.8
[INFO] [stderr]     Checking zerotrie v0.2.5
[INFO] [stderr]     Checking async-lock v3.4.2
[INFO] [stderr]     Checking bytemuck v1.25.0
[INFO] [stderr]     Checking tinystr v0.8.4
[INFO] [stderr]     Checking potential_utf v0.1.6
[INFO] [stderr]     Checking icu_locale_core v2.3.0
[INFO] [stderr]    Compiling num-traits v0.2.19
[INFO] [stderr]     Checking icu_collections v2.3.0
[INFO] [stderr]    Compiling rustc-hash v2.1.2
[INFO] [stderr]     Checking async-signal v0.2.14
[INFO] [stderr]     Checking async-process v2.5.0
[INFO] [stderr]    Compiling serde v1.0.228
[INFO] [stderr]    Compiling serde_repr v0.1.21
[INFO] [stderr]     Checking icu_provider v2.3.1
[INFO] [stderr]    Compiling async-trait v0.1.92
[INFO] [stderr]     Checking icu_properties v2.3.0
[INFO] [stderr]     Checking icu_normalizer v2.3.0
[INFO] [stderr]    Compiling zvariant_utils v4.2.0
[INFO] [stderr]    Compiling zcheapstr v1.1.0
[INFO] [stderr]    Compiling enumflags2 v0.7.12
[INFO] [stderr]    Compiling async-recursion v1.2.0
[INFO] [stderr]     Checking idna_adapter v1.2.2
[INFO] [stderr]     Checking idna v1.1.0
[INFO] [stderr]     Checking async-executor v1.14.0
[INFO] [stderr]    Compiling zvariant_derive v5.15.0
[INFO] [stderr]     Checking async-broadcast v0.7.2
[INFO] [stderr]     Checking uuid v1.28.0
[INFO] [stderr]    Compiling zvariant v5.15.0
[INFO] [stderr]     Checking ordered-stream v0.2.0
[INFO] [stderr]     Checking url v2.5.8
[INFO] [stderr]    Compiling khronos_api v3.1.0
[INFO] [stderr]    Compiling cfg_aliases v0.2.2
[INFO] [stderr]     Checking ttf-parser v0.25.1
[INFO] [stderr]    Compiling rustix v0.38.44
[INFO] [stderr]    Compiling ahash v0.8.12
[INFO] [stderr]     Checking aho-corasick v1.1.4
[INFO] [stderr]    Compiling cmake v0.1.58
[INFO] [stderr]    Compiling xml-rs v0.8.29
[INFO] [stderr]     Checking ab_glyph_rasterizer v0.1.10
[INFO] [stderr]     Checking linux-raw-sys v0.4.15
[INFO] [stderr]     Checking cursor-icon v1.2.0
[INFO] [stderr]     Checking xcursor v0.3.11
[INFO] [stderr]     Checking xkeysym v0.2.1
[INFO] [stderr]     Checking wayland-cursor v0.31.14
[INFO] [stderr]     Checking wayland-protocols-wlr v0.3.12
[INFO] [stderr]     Checking wayland-csd-frame v0.3.0
[INFO] [stderr]    Compiling gl_generator v0.14.0
[INFO] [stderr]     Checking owned_ttf_parser v0.25.1
[INFO] [stderr]     Checking ab_glyph v0.2.32
[INFO] [stderr]     Checking zbus_names v4.3.4
[INFO] [stderr]    Compiling archmage-macros v0.9.26
[INFO] [stderr]     Checking memmap2 v0.9.11
[INFO] [stderr]     Checking zbus_xml v5.2.1
[INFO] [stderr]    Compiling x11-dl v2.21.0
[INFO] [stderr]     Checking simd-adler32 v0.3.10
[INFO] [stderr]     Checking safe_unaligned_simd v0.2.5
[INFO] [stderr]    Compiling smithay-client-toolkit v0.19.2
[INFO] [stderr]    Compiling zbus_macros v5.19.0
[INFO] [stderr]     Checking zbus-lockstep v0.5.2
[INFO] [stderr]     Checking arrayref v0.3.9
[INFO] [stderr]    Compiling anyhow v1.0.102
[INFO] [stderr]     Checking strict-num v0.1.1
[INFO] [stderr]    Compiling crc32fast v1.5.2
[INFO] [stderr]     Checking accesskit v0.19.0
[INFO] [stderr]     Checking clap_builder v4.6.0
[INFO] [stderr]     Checking archmage v0.9.26
[INFO] [stderr]     Checking magetypes v0.9.26
[INFO] [stderr]     Checking tiny-skia-path v0.11.4
[INFO] [stderr]    Compiling zbus-lockstep-macros v0.5.2
[INFO] [stderr]    Compiling clap_derive v4.6.1
[INFO] [stderr]     Checking env_filter v1.0.1
[INFO] [stderr]     Checking parking_lot_core v0.9.12
[INFO] [stderr]    Compiling futures-macro v0.3.34
[INFO] [stderr]     Checking gethostname v1.1.0
[INFO] [stderr]     Checking as-raw-xcb-connection v1.0.1
[INFO] [stderr]     Checking jiff v0.2.28
[INFO] [stderr]     Checking x11rb-protocol v0.13.2
[INFO] [stderr]     Checking zbus v5.19.0
[INFO] [stderr]    Compiling ultrahdr-sys v0.1.5
[INFO] [stderr]     Checking calloop v0.13.0
[INFO] [stderr]    Compiling jpegxr v0.3.1 (https://github.com/tfx2001/jpegxr?rev=ea6606b7a81c1955a318f7cda02a69a6267a8efd#ea6606b7)
[INFO] [stderr]     Checking calloop-wayland-source v0.3.0
[INFO] [stderr]     Checking futures-task v0.3.34
[INFO] [stderr]     Checking futures-util v0.3.34
[INFO] [stderr]     Checking hashbrown v0.15.5
[INFO] [stderr]     Checking linear-srgb v0.6.12
[INFO] [stderr]     Checking tiny-skia v0.11.4
[INFO] [stderr]     Checking env_logger v0.11.10
[INFO] [stderr]     Checking clap v4.6.1
[INFO] [stderr]     Checking parking_lot v0.12.5
[INFO] [stderr]     Checking miniz_oxide v0.9.1
[INFO] [stderr]    Compiling winit v0.30.13
[INFO] [stderr]     Checking half v2.7.1
[INFO] [stderr]     Checking emath v0.32.3
[INFO] [stderr]    Compiling thiserror v2.0.21
[INFO] [stderr]     Checking flate2 v1.1.10
[INFO] [stderr]     Checking ecolor v0.32.3
[INFO] [stderr]     Checking sctk-adwaita v0.10.1
[INFO] [stderr]     Checking accesskit_consumer v0.28.0
[INFO] [stderr]     Checking miniz_oxide v0.8.9
[INFO] [stderr]     Checking fdeflate v0.3.7
[INFO] [stderr]    Compiling glutin_egl_sys v0.7.1
[INFO] [stderr]    Compiling glutin_glx_sys v0.6.1
[INFO] [stderr]     Checking xkbcommon-dl v0.4.2
[INFO] [stderr]     Checking wayland-protocols-plasma v0.3.12
[INFO] [stderr]     Checking calloop v0.14.5
[INFO] [stderr]    Compiling thiserror-impl v2.0.21
[INFO] [stderr]     Checking profiling v1.0.18
[INFO] [stderr]    Compiling smithay-client-toolkit v0.20.0
[INFO] [stderr]     Checking nohash-hasher v0.2.0
[INFO] [stderr]     Checking epaint_default_fonts v0.32.3
[INFO] [stderr]     Checking smol_str v0.2.2
[INFO] [stderr]     Checking dpi v0.1.2
[INFO] [stderr]     Checking pxfm v0.1.30
[INFO] [stderr]     Checking epaint v0.32.3
[INFO] [stderr]     Checking calloop-wayland-source v0.4.1
[INFO] [stderr]     Checking png v0.18.1
[INFO] [stderr]     Checking wayland-protocols-experimental v20250721.0.1
[INFO] [stderr]     Checking atspi-common v0.9.0
[INFO] [stderr]     Checking wayland-protocols-misc v0.3.12
[INFO] [stderr]    Compiling glutin v0.32.3
[INFO] [stderr]     Checking ppv-lite86 v0.2.21
[INFO] [stderr]     Checking rand_core v0.9.5
[INFO] [stderr]     Checking unicode-segmentation v1.13.3
[INFO] [stderr]     Checking rand_chacha v0.9.0
[INFO] [stderr]     Checking egui v0.32.3
[INFO] [stderr]     Checking moxcms v0.8.1
[INFO] [stderr]    Compiling glutin-winit v0.5.0
[INFO] [stderr]     Checking smithay-clipboard v0.7.3
[INFO] [stderr]     Checking rand v0.9.5
[INFO] [stderr]     Checking webbrowser v1.2.4
[INFO] [stderr]     Checking async-fs v2.2.0
[INFO] [stderr]     Checking async-net v2.0.0
[INFO] [stderr]     Checking futures-channel v0.3.34
[INFO] [stderr]    Compiling litrs v1.0.0
[INFO] [stderr]     Checking web-time v1.1.0
[INFO] [stderr]     Checking glow v0.16.0
[INFO] [stderr]    Compiling rfd v0.15.4
[INFO] [stderr]     Checking atspi-proxies v0.9.0
[INFO] [stderr]     Checking accesskit_atspi_common v0.12.0
[INFO] [stderr]    Compiling document-features v0.2.12
[INFO] [stderr]     Checking ashpd v0.11.1
[INFO] [stderr]     Checking pollster v0.4.0
[INFO] [stderr]     Checking egui_glow v0.32.3
[INFO] [stderr]     Checking x11rb v0.13.2
[INFO] [stderr]     Checking image v0.25.10
[INFO] [stderr]     Checking atspi-connection v0.9.0
[INFO] [stderr]     Checking atspi v0.25.0
[INFO] [stderr]     Checking accesskit_unix v0.15.0
[INFO] [stderr]     Checking arboard v3.6.1
[INFO] [stderr]     Checking accesskit_winit v0.27.0
[INFO] [stderr]     Checking egui-winit v0.32.3
[INFO] [stderr]     Checking eframe v0.32.3
[INFO] [stderr] error: failed to run custom build command for `ultrahdr-sys v0.1.5`
[INFO] [stderr] note: To improve backtraces for build dependencies, set the CARGO_PROFILE_DEV_BUILD_OVERRIDE_DEBUG=true environment variable to enable debug information generation.
[INFO] [stderr] 
[INFO] [stderr] Caused by:
[INFO] [stderr]   process didn't exit successfully: `/opt/rustwide/target/debug/build/ultrahdr-sys/b5b60c729b91a609/out/build_script_build` (exit status: 101)
[INFO] [stderr]   --- stdout
[INFO] [stderr]   cargo:rerun-if-env-changed=ULTRAHDR_SRC_DIR
[INFO] [stderr]   cargo:rerun-if-env-changed=ULTRAHDR_SKIP_PATCHES
[INFO] [stderr]   cargo:rerun-if-env-changed=WASI_SDK_PREFIX
[INFO] [stderr]   cargo:rerun-if-env-changed=WASI_SDK_PATH
[INFO] [stderr]   cargo:rerun-if-env-changed=WASI_SDK_TOOLCHAIN_FILE
[INFO] [stderr]   cargo:rerun-if-changed=/opt/rustwide/cargo-home/registry/src/index.crates.io-1949cf8c6b5b557f/ultrahdr-sys-0.1.5/libultrahdr/ultrahdr_api.h
[INFO] [stderr]   cargo:rerun-if-changed=/opt/rustwide/cargo-home/registry/src/index.crates.io-1949cf8c6b5b557f/ultrahdr-sys-0.1.5/libultrahdr/CMakeLists.txt
[INFO] [stderr]   cargo:rerun-if-changed=/opt/rustwide/cargo-home/registry/src/index.crates.io-1949cf8c6b5b557f/ultrahdr-sys-0.1.5/patches/libultrahdr-no-threads.patch
[INFO] [stderr]   CMAKE_TOOLCHAIN_FILE_x86_64-unknown-linux-gnu = None
[INFO] [stderr]   CMAKE_TOOLCHAIN_FILE_x86_64_unknown_linux_gnu = None
[INFO] [stderr]   HOST_CMAKE_TOOLCHAIN_FILE = None
[INFO] [stderr]   CMAKE_TOOLCHAIN_FILE = None
[INFO] [stderr]   CMAKE_GENERATOR_x86_64-unknown-linux-gnu = None
[INFO] [stderr]   CMAKE_GENERATOR_x86_64_unknown_linux_gnu = None
[INFO] [stderr]   HOST_CMAKE_GENERATOR = None
[INFO] [stderr]   CMAKE_GENERATOR = None
[INFO] [stderr]   CMAKE_PREFIX_PATH_x86_64-unknown-linux-gnu = None
[INFO] [stderr]   CMAKE_PREFIX_PATH_x86_64_unknown_linux_gnu = None
[INFO] [stderr]   HOST_CMAKE_PREFIX_PATH = None
[INFO] [stderr]   CMAKE_PREFIX_PATH = None
[INFO] [stderr]   CMAKE_x86_64-unknown-linux-gnu = None
[INFO] [stderr]   CMAKE_x86_64_unknown_linux_gnu = None
[INFO] [stderr]   HOST_CMAKE = None
[INFO] [stderr]   CMAKE = None
[INFO] [stderr]   -- The C compiler identification is GNU 15.2.0
[INFO] [stderr]   -- The CXX compiler identification is GNU 15.2.0
[INFO] [stderr]   -- Detecting C compiler ABI info
[INFO] [stderr]   -- Detecting C compiler ABI info - done
[INFO] [stderr]   -- Check for working C compiler: /usr/bin/cc - skipped
[INFO] [stderr]   -- Detecting C compile features
[INFO] [stderr]   -- Detecting C compile features - done
[INFO] [stderr]   -- Detecting CXX compiler ABI info
[INFO] [stderr]   -- Detecting CXX compiler ABI info - done
[INFO] [stderr]   -- Check for working CXX compiler: /usr/bin/c++ - skipped
[INFO] [stderr]   -- Detecting CXX compile features
[INFO] [stderr]   -- Detecting CXX compile features - done
[INFO] [stderr]   -- Performing Test CMAKE_HAVE_LIBC_PTHREAD
[INFO] [stderr]   -- Performing Test CMAKE_HAVE_LIBC_PTHREAD - Success
[INFO] [stderr]   -- Found Threads: TRUE
[INFO] [stderr]   -- Configuring done (4.2s)
[INFO] [stderr]   -- Generating done (0.2s)
[INFO] [stderr]   -- Build files have been written to: /opt/rustwide/target/debug/build/ultrahdr-sys/9b26de87672d01ab/out/build
[INFO] [stderr]   [  1%] Building CXX object CMakeFiles/image_io.dir/third_party/image_io/src/base/byte_buffer.cc.o
[INFO] [stderr]   [  3%] Building CXX object CMakeFiles/image_io.dir/third_party/image_io/src/base/byte_pointer_data_destination.cc.o
[INFO] [stderr]   [  5%] Building CXX object CMakeFiles/image_io.dir/third_party/image_io/src/base/data_context.cc.o
[INFO] [stderr]   [  7%] Building CXX object CMakeFiles/image_io.dir/third_party/image_io/src/base/data_line_map.cc.o
[INFO] [stderr]   [  8%] Building CXX object CMakeFiles/image_io.dir/third_party/image_io/src/base/data_range_tracking_destination.cc.o
[INFO] [stderr]   [ 10%] Building CXX object CMakeFiles/image_io.dir/third_party/image_io/src/base/data_scanner.cc.o
[INFO] [stderr]   [ 12%] Building CXX object CMakeFiles/image_io.dir/third_party/image_io/src/base/data_segment.cc.o
[INFO] [stderr]   [ 14%] Building CXX object CMakeFiles/image_io.dir/third_party/image_io/src/base/data_segment_data_source.cc.o
[INFO] [stderr]   [ 15%] Building CXX object CMakeFiles/image_io.dir/third_party/image_io/src/base/istream_ref_data_source.cc.o
[INFO] [stderr]   [ 17%] Building CXX object CMakeFiles/image_io.dir/third_party/image_io/src/base/message_handler.cc.o
[INFO] [stderr]   [ 19%] Building CXX object CMakeFiles/image_io.dir/third_party/image_io/src/base/message_writer.cc.o
[INFO] [stderr]   [ 21%] Building CXX object CMakeFiles/image_io.dir/third_party/image_io/src/base/ostream_ref_data_destination.cc.o
[INFO] [stderr]   [ 22%] Building CXX object CMakeFiles/image_io.dir/third_party/image_io/src/base/string_ref_data_source.cc.o
[INFO] [stderr]   [ 24%] Building CXX object CMakeFiles/image_io.dir/third_party/image_io/src/extras/base64_decoder_data_destination.cc.o
[INFO] [stderr]   [ 26%] Building CXX object CMakeFiles/image_io.dir/third_party/image_io/src/gcontainer/gcontainer.cc.o
[INFO] [stderr]   [ 28%] Building CXX object CMakeFiles/image_io.dir/third_party/image_io/src/jpeg/jpeg_image_extractor.cc.o
[INFO] [stderr]   [ 29%] Building CXX object CMakeFiles/image_io.dir/third_party/image_io/src/jpeg/jpeg_info_builder.cc.o
[INFO] [stderr]   [ 31%] Building CXX object CMakeFiles/image_io.dir/third_party/image_io/src/jpeg/jpeg_marker.cc.o
[INFO] [stderr]   [ 33%] Creating directories for 'turbojpeg'
[INFO] [stderr]   [ 35%] Performing download step (git clone) for 'turbojpeg'
[INFO] [stderr]   [ 36%] Building CXX object CMakeFiles/image_io.dir/third_party/image_io/src/jpeg/jpeg_scanner.cc.o
[INFO] [stderr]   [ 38%] Building CXX object CMakeFiles/image_io.dir/third_party/image_io/src/jpeg/jpeg_segment.cc.o
[INFO] [stderr]   [ 40%] Building CXX object CMakeFiles/image_io.dir/third_party/image_io/src/jpeg/jpeg_segment_builder.cc.o
[INFO] [stderr]   [ 42%] Building CXX object CMakeFiles/image_io.dir/third_party/image_io/src/jpeg/jpeg_segment_lister.cc.o
[INFO] [stderr]   [ 43%] Building CXX object CMakeFiles/image_io.dir/third_party/image_io/src/jpeg/jpeg_xmp_data_extractor.cc.o
[INFO] [stderr]   [ 45%] Building CXX object CMakeFiles/image_io.dir/third_party/image_io/src/jpeg/jpeg_xmp_info.cc.o
[INFO] [stderr]   [ 47%] Building CXX object CMakeFiles/image_io.dir/third_party/image_io/src/jpeg/jpeg_xmp_info_builder.cc.o
[INFO] [stderr]   [ 49%] Building CXX object CMakeFiles/image_io.dir/third_party/image_io/src/modp_b64/modp_b64.cc.o
[INFO] [stderr]   [ 50%] Building CXX object CMakeFiles/image_io.dir/third_party/image_io/src/utils/file_utils.cc.o
[INFO] [stderr]   [ 52%] Building CXX object CMakeFiles/image_io.dir/third_party/image_io/src/xml/xml_attribute_rule.cc.o
[INFO] [stderr]   [ 54%] Building CXX object CMakeFiles/image_io.dir/third_party/image_io/src/xml/xml_cdata_and_comment_rules.cc.o
[INFO] [stderr]   [ 56%] Building CXX object CMakeFiles/image_io.dir/third_party/image_io/src/xml/xml_element_rules.cc.o
[INFO] [stderr]   [ 57%] Building CXX object CMakeFiles/image_io.dir/third_party/image_io/src/xml/xml_handler.cc.o
[INFO] [stderr]   [ 59%] Building CXX object CMakeFiles/image_io.dir/third_party/image_io/src/xml/xml_pi_rule.cc.o
[INFO] [stderr]   [ 61%] Building CXX object CMakeFiles/image_io.dir/third_party/image_io/src/xml/xml_rule.cc.o
[INFO] [stderr]   [ 63%] Building CXX object CMakeFiles/image_io.dir/third_party/image_io/src/xml/xml_reader.cc.o
[INFO] [stderr]   [ 64%] Building CXX object CMakeFiles/image_io.dir/third_party/image_io/src/xml/xml_token_context.cc.o
[INFO] [stderr]   [ 66%] Building CXX object CMakeFiles/image_io.dir/third_party/image_io/src/xml/xml_writer.cc.o
[INFO] [stderr]   [ 68%] Linking CXX static library libimage_io.a
[INFO] [stderr]   [ 68%] Built target image_io
[INFO] [stderr] 
[INFO] [stderr]   --- stderr
[INFO] [stderr]   running: cd "/opt/rustwide/target/debug/build/ultrahdr-sys/9b26de87672d01ab/out/build" && CMAKE_PREFIX_PATH="" LC_ALL="C" "cmake" "/opt/rustwide/target/debug/build/ultrahdr-sys/9b26de87672d01ab/out/libultrahdr-src" "-B" "/opt/rustwide/target/debug/build/ultrahdr-sys/9b26de87672d01ab/out/build" "-DUHDR_BUILD_EXAMPLES=OFF" "-DUHDR_BUILD_TESTS=OFF" "-DUHDR_BUILD_BENCHMARK=OFF" "-DUHDR_BUILD_FUZZERS=OFF" "-DUHDR_BUILD_JAVA=OFF" "-DUHDR_ENABLE_INSTALL=OFF" "-DUHDR_BUILD_DEPS=ON" "-DBUILD_SHARED_LIBS=OFF" "-DUHDR_WRITE_ISO=ON" "-DUHDR_WRITE_XMP=ON" "-DCMAKE_INSTALL_PREFIX=/opt/rustwide/target/debug/build/ultrahdr-sys/9b26de87672d01ab/out" "-DCMAKE_C_FLAGS= -ffunction-sections -fdata-sections -fPIC -m64 -w" "-DCMAKE_C_COMPILER=/usr/bin/cc" "-DCMAKE_CXX_FLAGS= -ffunction-sections -fdata-sections -fPIC -m64 -w" "-DCMAKE_CXX_COMPILER=/usr/bin/c++" "-DCMAKE_ASM_FLAGS= -ffunction-sections -fdata-sections -fPIC -m64 -w" "-DCMAKE_ASM_COMPILER=/usr/bin/cc" "-DCMAKE_BUILD_TYPE=Release"
[INFO] [stderr]   CMake Warning:
[INFO] [stderr]     Manually-specified variables were not used by the project:
[INFO] [stderr] 
[INFO] [stderr]       CMAKE_ASM_COMPILER
[INFO] [stderr]       CMAKE_ASM_FLAGS
[INFO] [stderr] 
[INFO] [stderr] 
[INFO] [stderr]   running: cd "/opt/rustwide/target/debug/build/ultrahdr-sys/9b26de87672d01ab/out/build" && LC_ALL="C" MAKEFLAGS="-j --jobserver-fds=4,5 --jobserver-auth=4,5" "cmake" "--build" "/opt/rustwide/target/debug/build/ultrahdr-sys/9b26de87672d01ab/out/build" "--target" "uhdr" "--config" "Release"
[INFO] [stderr]   Cloning into 'turbojpeg'...
[INFO] [stderr]   fatal: unable to access 'https://github.com/libjpeg-turbo/libjpeg-turbo.git/': Could not resolve host: github.com
[INFO] [stderr]   Cloning into 'turbojpeg'...
[INFO] [stderr]   fatal: unable to access 'https://github.com/libjpeg-turbo/libjpeg-turbo.git/': Could not resolve host: github.com
[INFO] [stderr]   Cloning into 'turbojpeg'...
[INFO] [stderr]   fatal: unable to access 'https://github.com/libjpeg-turbo/libjpeg-turbo.git/': Could not resolve host: github.com
[INFO] [stderr]   Had to git clone more than once: 3 times.
[INFO] [stderr]   CMake Error at /opt/rustwide/target/debug/build/ultrahdr-sys/9b26de87672d01ab/out/build/turbojpeg/tmp/turbojpeg-gitclone.cmake:50 (message):
[INFO] [stderr]     Failed to clone repository:
[INFO] [stderr]     'https://github.com/libjpeg-turbo/libjpeg-turbo.git'
[INFO] [stderr] 
[INFO] [stderr] 
[INFO] [stderr]   gmake[3]: *** [CMakeFiles/turbojpeg.dir/build.make:98: turbojpeg/src/turbojpeg-stamp/turbojpeg-download] Error 1
[INFO] [stderr]   gmake[2]: *** [CMakeFiles/Makefile2:96: CMakeFiles/turbojpeg.dir/all] Error 2
[INFO] [stderr]   gmake[2]: *** Waiting for unfinished jobs....
[INFO] [stderr]   gmake[1]: *** [CMakeFiles/Makefile2:201: CMakeFiles/uhdr.dir/rule] Error 2
[INFO] [stderr]   gmake: *** [Makefile:163: uhdr] Error 2
[INFO] [stderr] 
[INFO] [stderr]   thread 'main' (2086) panicked at /opt/rustwide/cargo-home/registry/src/index.crates.io-1949cf8c6b5b557f/cmake-0.1.58/src/lib.rs:1132:5:
[INFO] [stderr] 
[INFO] [stderr]   command did not execute successfully, got: exit status: 2
[INFO] [stderr] 
[INFO] [stderr]   build script failed, must exit now
[INFO] [stderr]   stack backtrace:
[INFO] [stderr]      0:     0x562a30a6bfa1 - std[3164a59e47d3bde]::backtrace_rs::backtrace::libunwind::trace
[INFO] [stderr]                                  at /rustc/3154cc1a3e6424e44f438a95007d043ed5ceaaf6/library/std/src/../../backtrace/src/backtrace/libunwind.rs:117:9
[INFO] [stderr]      1:     0x562a30a6bfa1 - std[3164a59e47d3bde]::backtrace_rs::backtrace::trace_unsynchronized::<std[3164a59e47d3bde]::sys::backtrace::_print_fmt::{closure#1}>
[INFO] [stderr]                                  at /rustc/3154cc1a3e6424e44f438a95007d043ed5ceaaf6/library/std/src/../../backtrace/src/backtrace/mod.rs:66:14
[INFO] [stderr]      2:     0x562a30a6bfa1 - std[3164a59e47d3bde]::sys::backtrace::_print_fmt
[INFO] [stderr]                                  at /rustc/3154cc1a3e6424e44f438a95007d043ed5ceaaf6/library/std/src/sys/backtrace.rs:74:9
[INFO] [stderr]      3:     0x562a30a6bfa1 - <<std[3164a59e47d3bde]::sys::backtrace::BacktraceLock>::print::DisplayBacktrace as core[934024a1e6126fb4]::fmt::Display>::fmt
[INFO] [stderr]                                  at /rustc/3154cc1a3e6424e44f438a95007d043ed5ceaaf6/library/std/src/sys/backtrace.rs:44:26
[INFO] [stderr]      4:     0x562a30a8406a - <core[934024a1e6126fb4]::fmt::rt::Argument>::fmt
[INFO] [stderr]                                  at /rustc/3154cc1a3e6424e44f438a95007d043ed5ceaaf6/library/core/src/fmt/rt.rs:152:76
[INFO] [stderr]      5:     0x562a30a8406a - core[934024a1e6126fb4]::fmt::write
[INFO] [stderr]      6:     0x562a30a7235c - core[934024a1e6126fb4]::io::write::default_write_fmt::<std[3164a59e47d3bde]::sys::stdio::unix::Stderr>
[INFO] [stderr]                                  at /rustc/3154cc1a3e6424e44f438a95007d043ed5ceaaf6/library/core/src/io/write.rs:402:11
[INFO] [stderr]      7:     0x562a30a7235c - <std[3164a59e47d3bde]::sys::stdio::unix::Stderr as core[934024a1e6126fb4]::io::write::Write>::write_fmt
[INFO] [stderr]                                  at /rustc/3154cc1a3e6424e44f438a95007d043ed5ceaaf6/library/core/src/io/write.rs:335:13
[INFO] [stderr]      8:     0x562a30a47936 - <std[3164a59e47d3bde]::sys::backtrace::BacktraceLock>::print
[INFO] [stderr]                                  at /rustc/3154cc1a3e6424e44f438a95007d043ed5ceaaf6/library/std/src/sys/backtrace.rs:47:9
[INFO] [stderr]      9:     0x562a30a47936 - std[3164a59e47d3bde]::panicking::default_hook::{closure#0}
[INFO] [stderr]                                  at /rustc/3154cc1a3e6424e44f438a95007d043ed5ceaaf6/library/std/src/panicking.rs:289:27
[INFO] [stderr]     10:     0x562a30a64a71 - std[3164a59e47d3bde]::panicking::default_hook
[INFO] [stderr]                                  at /rustc/3154cc1a3e6424e44f438a95007d043ed5ceaaf6/library/std/src/panicking.rs:316:9
[INFO] [stderr]     11:     0x562a30a64d9b - std[3164a59e47d3bde]::panicking::panic_with_hook
[INFO] [stderr]                                  at /rustc/3154cc1a3e6424e44f438a95007d043ed5ceaaf6/library/std/src/panicking.rs:811:13
[INFO] [stderr]     12:     0x562a30a479e2 - std[3164a59e47d3bde]::panicking::panic_handler::{closure#0}
[INFO] [stderr]                                  at /rustc/3154cc1a3e6424e44f438a95007d043ed5ceaaf6/library/std/src/panicking.rs:685:13
[INFO] [stderr]     13:     0x562a30a40349 - std[3164a59e47d3bde]::sys::backtrace::__rust_end_short_backtrace::<std[3164a59e47d3bde]::panicking::panic_handler::{closure#0}, !>
[INFO] [stderr]                                  at /rustc/3154cc1a3e6424e44f438a95007d043ed5ceaaf6/library/std/src/sys/backtrace.rs:182:18
[INFO] [stderr]     14:     0x562a30a4830d - __rustc[2e7b49d4226056d3]::rust_begin_unwind
[INFO] [stderr]                                  at /rustc/3154cc1a3e6424e44f438a95007d043ed5ceaaf6/library/std/src/panicking.rs:676:5
[INFO] [stderr]     15:     0x562a30a8490c - core[934024a1e6126fb4]::panicking::panic_fmt
[INFO] [stderr]                                  at /rustc/3154cc1a3e6424e44f438a95007d043ed5ceaaf6/library/core/src/panicking.rs:80:14
[INFO] [stderr]     16:     0x562a304bc977 - cmake[ebf468d942d684a0]::fail
[INFO] [stderr]     17:     0x562a304bc603 - cmake[ebf468d942d684a0]::run
[INFO] [stderr]     18:     0x562a304c2695 - <cmake[ebf468d942d684a0]::Config>::build
[INFO] [stderr]     19:     0x562a304aa7d1 - build_script_build[4b3234c817d36020]::main
[INFO] [stderr]     20:     0x562a304af13b - <fn() as core[934024a1e6126fb4]::ops::function::FnOnce<()>>::call_once
[INFO] [stderr]     21:     0x562a304a71ae - std[3164a59e47d3bde]::sys::backtrace::__rust_begin_short_backtrace::<fn(), ()>
[INFO] [stderr]     22:     0x562a304a72d9 - std[3164a59e47d3bde]::rt::lang_start::<()>::{closure#0}
[INFO] [stderr]     23:     0x562a30a63d68 - <&dyn core[934024a1e6126fb4]::ops::function::Fn<(), Output = i32> + core[934024a1e6126fb4]::marker::Sync + core[934024a1e6126fb4]::panic::unwind_safe::RefUnwindSafe as core[934024a1e6126fb4]::ops::function::FnOnce<()>>::call_once
[INFO] [stderr]                                  at /rustc/3154cc1a3e6424e44f438a95007d043ed5ceaaf6/library/core/src/ops/function.rs:287:21
[INFO] [stderr]     24:     0x562a30a63d68 - std[3164a59e47d3bde]::panicking::catch_unwind::do_call::<&dyn core[934024a1e6126fb4]::ops::function::Fn<(), Output = i32> + core[934024a1e6126fb4]::marker::Sync + core[934024a1e6126fb4]::panic::unwind_safe::RefUnwindSafe, i32>
[INFO] [stderr]                                  at /rustc/3154cc1a3e6424e44f438a95007d043ed5ceaaf6/library/std/src/panicking.rs:573:43
[INFO] [stderr]     25:     0x562a30a63d68 - std[3164a59e47d3bde]::panicking::catch_unwind::<i32, &dyn core[934024a1e6126fb4]::ops::function::Fn<(), Output = i32> + core[934024a1e6126fb4]::marker::Sync + core[934024a1e6126fb4]::panic::unwind_safe::RefUnwindSafe>
[INFO] [stderr]                                  at /rustc/3154cc1a3e6424e44f438a95007d043ed5ceaaf6/library/std/src/panicking.rs:541:19
[INFO] [stderr]     26:     0x562a30a63d68 - std[3164a59e47d3bde]::panic::catch_unwind::<&dyn core[934024a1e6126fb4]::ops::function::Fn<(), Output = i32> + core[934024a1e6126fb4]::marker::Sync + core[934024a1e6126fb4]::panic::unwind_safe::RefUnwindSafe, i32>
[INFO] [stderr]                                  at /rustc/3154cc1a3e6424e44f438a95007d043ed5ceaaf6/library/std/src/panic.rs:359:14
[INFO] [stderr]     27:     0x562a30a63d68 - std[3164a59e47d3bde]::rt::lang_start_internal::{closure#0}
[INFO] [stderr]                                  at /rustc/3154cc1a3e6424e44f438a95007d043ed5ceaaf6/library/std/src/rt.rs:175:24
[INFO] [stderr]     28:     0x562a30a63d68 - std[3164a59e47d3bde]::panicking::catch_unwind::do_call::<std[3164a59e47d3bde]::rt::lang_start_internal::{closure#0}, isize>
[INFO] [stderr]                                  at /rustc/3154cc1a3e6424e44f438a95007d043ed5ceaaf6/library/std/src/panicking.rs:573:43
[INFO] [stderr]     29:     0x562a30a63d68 - std[3164a59e47d3bde]::panicking::catch_unwind::<isize, std[3164a59e47d3bde]::rt::lang_start_internal::{closure#0}>
[INFO] [stderr]                                  at /rustc/3154cc1a3e6424e44f438a95007d043ed5ceaaf6/library/std/src/panicking.rs:541:19
[INFO] [stderr]     30:     0x562a30a63d68 - std[3164a59e47d3bde]::panic::catch_unwind::<std[3164a59e47d3bde]::rt::lang_start_internal::{closure#0}, isize>
[INFO] [stderr]                                  at /rustc/3154cc1a3e6424e44f438a95007d043ed5ceaaf6/library/std/src/panic.rs:359:14
[INFO] [stderr]     31:     0x562a30a63d68 - std[3164a59e47d3bde]::rt::lang_start_internal
[INFO] [stderr]                                  at /rustc/3154cc1a3e6424e44f438a95007d043ed5ceaaf6/library/std/src/rt.rs:171:5
[INFO] [stderr]     32:     0x562a304a71a1 - std[3164a59e47d3bde]::rt::lang_start::<()>
[INFO] [stderr]     33:     0x562a304af3a5 - main
[INFO] [stderr]     34:     0x714c91094601 - <unknown>
[INFO] [stderr]     35:     0x714c91094718 - __libc_start_main
[INFO] [stderr]     36:     0x562a304a45d5 - _start
[INFO] [stderr]     37:                0x0 - <unknown>
[INFO] [stderr] warning: build failed, waiting for other jobs to finish...
[INFO] running `Command { std: "docker" "inspect" "560792f7faa2a148795c6fe15804e6a705b8db32cc23a769b7938b1c26617864", kill_on_drop: false }`
[INFO] running `Command { std: "docker" "rm" "-f" "560792f7faa2a148795c6fe15804e6a705b8db32cc23a769b7938b1c26617864", kill_on_drop: false }`
[INFO] [stdout] 560792f7faa2a148795c6fe15804e6a705b8db32cc23a769b7938b1c26617864
