[INFO] cloning repository https://github.com/B2Y4N/bacon
[INFO] running `Command { std: "git" "-c" "credential.helper=" "-c" "credential.helper=/workspace/cargo-home/bin/git-credential-null" "clone" "--bare" "https://github.com/B2Y4N/bacon" "/workspace/cache/git-repos/https%3A%2F%2Fgithub.com%2FB2Y4N%2Fbacon", kill_on_drop: false }`
[INFO] [stderr] Cloning into bare repository '/workspace/cache/git-repos/https%3A%2F%2Fgithub.com%2FB2Y4N%2Fbacon'...
[INFO] running `Command { std: "git" "rev-parse" "HEAD", kill_on_drop: false }`
[INFO] [stdout] 460ec2aed843bfb7fdef4d76bbbb51d5d2587447
[INFO] checking B2Y4N/bacon against 3154cc1a3e6424e44f438a95007d043ed5ceaaf6 for pr-133502-30
[INFO] running `Command { std: "git" "clone" "/workspace/cache/git-repos/https%3A%2F%2Fgithub.com%2FB2Y4N%2Fbacon" "/workspace/builds/worker-2-tc2/source", kill_on_drop: false }`
[INFO] [stderr] Cloning into '/workspace/builds/worker-2-tc2/source'...
[INFO] [stderr] done.
[INFO] removed /workspace/builds/worker-2-tc2/source/rust-toolchain.toml
[INFO] started tweaking git repo https://github.com/B2Y4N/bacon
[INFO] finished tweaking git repo https://github.com/B2Y4N/bacon
[INFO] tweaked toml for git repo https://github.com/B2Y4N/bacon written to /workspace/builds/worker-2-tc2/source/Cargo.toml
[INFO] validating manifest of git repo https://github.com/B2Y4N/bacon on toolchain 3154cc1a3e6424e44f438a95007d043ed5ceaaf6
[INFO] running `Command { std: CARGO_HOME="/workspace/cargo-home" RUSTUP_HOME="/workspace/rustup-home" "/workspace/cargo-home/bin/cargo" "+3154cc1a3e6424e44f438a95007d043ed5ceaaf6" "metadata" "--manifest-path" "Cargo.toml" "--no-deps", kill_on_drop: false }`
[INFO] crate git repo https://github.com/B2Y4N/bacon already has a lockfile, it will not be regenerated
[INFO] running `Command { std: CARGO_HOME="/workspace/cargo-home" RUSTUP_HOME="/workspace/rustup-home" "/workspace/cargo-home/bin/cargo" "+3154cc1a3e6424e44f438a95007d043ed5ceaaf6" "fetch" "--manifest-path" "Cargo.toml", kill_on_drop: false }`
[INFO] [stderr] warning: unused field `repository` in `workspace.package`
[INFO] [stderr]   --> Cargo.toml:45:1
[INFO] [stderr]    |
[INFO] [stderr] 45 | repository = "https://example.invalid/bacon"
[INFO] [stderr]    | ^^^^^^^^^^
[INFO] [stderr]    |
[INFO] [stderr]    = note: `cargo::unused_workspace_package_fields` is set to `warn` by default
[INFO] [stderr] help: consider removing the field `workspace.package.repository`
[INFO] [stderr] warning: workspace (manifest) generated 1 warning
[INFO] running `Command { std: "docker" "create" "-v" "/var/lib/crater-agent-workspace/builds/worker-2-tc2/source:/opt/rustwide/workdir:ro,Z" "-v" "/var/lib/crater-agent-workspace/builds/worker-2-tc2/target:/opt/rustwide/target:rw,Z" "-v" "/var/lib/crater-agent-workspace/cargo-home:/opt/rustwide/cargo-home:ro,Z" "-v" "/var/lib/crater-agent-workspace/rustup-home:/opt/rustwide/rustup-home:ro,Z" "-m" "1610612736" "--network" "none" "ghcr.io/rust-lang/crates-build-env/linux@sha256:77db811e55d90add9212f6832c23229e3de5f1c1f9905e8cb07319ea15df73ac" "sleep" "infinity", kill_on_drop: false }`
[INFO] [stdout] 48721e8be757849eb5f2cff5eae4112881277aac7aa72a9cb0712502929e19fa
[INFO] running `Command { std: "docker" "start" "48721e8be757849eb5f2cff5eae4112881277aac7aa72a9cb0712502929e19fa", kill_on_drop: false }`
[INFO] running `Command { std: "docker" "inspect" "48721e8be757849eb5f2cff5eae4112881277aac7aa72a9cb0712502929e19fa", kill_on_drop: false }`
[INFO] running `Command { std: "docker" "exec" "-e" "SOURCE_DIR=/opt/rustwide/workdir" "-e" "CARGO_HOME=/opt/rustwide/cargo-home" "-e" "RUSTUP_HOME=/opt/rustwide/rustup-home" "-e" "CARGO_TARGET_DIR=/opt/rustwide/target" "-w" "/opt/rustwide/workdir" "--user" "0:0" "48721e8be757849eb5f2cff5eae4112881277aac7aa72a9cb0712502929e19fa" "/opt/rustwide/cargo-home/bin/cargo" "+3154cc1a3e6424e44f438a95007d043ed5ceaaf6" "metadata" "--no-deps" "--format-version=1", kill_on_drop: false }`
[INFO] running `Command { std: "docker" "inspect" "48721e8be757849eb5f2cff5eae4112881277aac7aa72a9cb0712502929e19fa", kill_on_drop: false }`
[INFO] running `Command { std: "docker" "exec" "-e" "SOURCE_DIR=/opt/rustwide/workdir" "-e" "CARGO_HOME=/opt/rustwide/cargo-home" "-e" "RUSTUP_HOME=/opt/rustwide/rustup-home" "-e" "CARGO_TARGET_DIR=/opt/rustwide/target" "-e" "CARGO_INCREMENTAL=0" "-e" "RUST_BACKTRACE=full" "-e" "RUSTFLAGS=--cap-lints=forbid" "-e" "RUSTDOCFLAGS=--cap-lints=forbid" "-w" "/opt/rustwide/workdir" "--user" "0:0" "48721e8be757849eb5f2cff5eae4112881277aac7aa72a9cb0712502929e19fa" "/opt/rustwide/cargo-home/bin/cargo" "+3154cc1a3e6424e44f438a95007d043ed5ceaaf6" "check" "--frozen" "--all" "--all-targets" "--message-format=json", kill_on_drop: false }`
[INFO] [stderr] warning: unused field `repository` in `workspace.package`
[INFO] [stderr]   --> Cargo.toml:45:1
[INFO] [stderr]    |
[INFO] [stderr] 45 | repository = "https://example.invalid/bacon"
[INFO] [stderr]    | ^^^^^^^^^^
[INFO] [stderr]    |
[INFO] [stderr]    = note: `cargo::unused_workspace_package_fields` is set to `warn` by default
[INFO] [stderr] help: consider removing the field `workspace.package.repository`
[INFO] [stderr] warning: workspace (manifest) generated 1 warning
[INFO] [stderr]    Compiling libc v0.2.189
[INFO] [stderr]    Compiling syn v2.0.119
[INFO] [stderr]    Compiling syn v3.0.3
[INFO] [stderr]    Compiling zerocopy v0.8.55
[INFO] [stderr]     Checking regex-syntax v0.8.11
[INFO] [stderr]     Checking thread_local v1.1.10
[INFO] [stderr]     Checking smallvec v1.15.2
[INFO] [stderr]     Checking bacon-integration-tests v0.1.0 (/opt/rustwide/workdir/crates/integration-tests)
[INFO] [stderr]     Checking serde_bytes v0.11.19
[INFO] [stderr]     Checking tracing-log v0.2.0
[INFO] [stderr]     Checking getrandom v0.4.3
[INFO] [stderr]     Checking getrandom v0.2.17
[INFO] [stderr]     Checking rand_core v0.6.4
[INFO] [stderr]     Checking uuid v1.24.0
[INFO] [stderr]     Checking regex-automata v0.4.16
[INFO] [stderr]    Compiling serde_derive v1.0.229
[INFO] [stderr]     Checking matchers v0.2.0
[INFO] [stderr]    Compiling thiserror-impl v1.0.69
[INFO] [stderr]    Compiling tracing-attributes v0.1.31
[INFO] [stderr]     Checking tracing v0.1.44
[INFO] [stderr]     Checking thiserror v1.0.69
[INFO] [stderr]     Checking tracing-subscriber v0.3.23
[INFO] [stderr]     Checking serde v1.0.229
[INFO] [stderr]     Checking bincode v1.3.3
[INFO] [stderr]     Checking ppv-lite86 v0.2.21
[INFO] [stderr]     Checking rand_chacha v0.3.1
[INFO] [stderr]     Checking bacon-shared v0.1.0 (/opt/rustwide/workdir/crates/shared)
[INFO] [stderr]     Checking rand v0.8.7
[INFO] [stderr]     Checking bacon-core v0.1.0 (/opt/rustwide/workdir/crates/core)
[INFO] [stdout] error[E0432]: unresolved import `tracing_subscriber`
[INFO] [stdout]  --> crates/core/src/logging.rs:8:5
[INFO] [stdout]   |
[INFO] [stdout] 8 | use tracing_subscriber::EnvFilter;
[INFO] [stdout]   |     ^^^^^^^^^^^^^^^^^^ use of unresolved module or unlinked crate `tracing_subscriber`
[INFO] [stdout]   |
[INFO] [stdout]   = help: if you wanted to use a crate named `tracing_subscriber`, use `cargo add tracing_subscriber` to add it to your `Cargo.toml`
[INFO] [stdout] 
[INFO] [stdout] 
[INFO] [stdout] error[E0432]: unresolved import `tracing_subscriber`
[INFO] [stdout]  --> crates/core/src/logging.rs:8:5
[INFO] [stdout]   |
[INFO] [stdout] 8 | use tracing_subscriber::EnvFilter;
[INFO] [stdout]   |     ^^^^^^^^^^^^^^^^^^ use of unresolved module or unlinked crate `tracing_subscriber`
[INFO] [stdout]   |
[INFO] [stdout]   = help: if you wanted to use a crate named `tracing_subscriber`, use `cargo add tracing_subscriber` to add it to your `Cargo.toml`
[INFO] [stdout] 
[INFO] [stdout] 
[INFO] [stdout] warning: unused import: `LocalGroup`
[INFO] [stdout]   --> crates/core/src/platform.rs:10:52
[INFO] [stdout]    |
[INFO] [stdout] 10 |     account::{AccountProfile, LocalAccountManager, LocalGroup},
[INFO] [stdout]    |                                                    ^^^^^^^^^^
[INFO] [stdout]    |
[INFO] [stdout]    = note: `#[warn(unused_imports)]` (part of `#[warn(unused)]`) on by default
[INFO] [stdout] 
[INFO] [stdout] 
[INFO] [stdout] warning: unused import: `LocalGroup`
[INFO] [stdout]   --> crates/core/src/platform.rs:10:52
[INFO] [stdout]    |
[INFO] [stdout] 10 |     account::{AccountProfile, LocalAccountManager, LocalGroup},
[INFO] [stdout]    |                                                    ^^^^^^^^^^
[INFO] [stdout]    |
[INFO] [stdout]    = note: `#[warn(unused_imports)]` (part of `#[warn(unused)]`) on by default
[INFO] [stdout] 
[INFO] [stdout] 
[INFO] [stdout] error[E0433]: cannot find module or crate `tracing_subscriber` in this scope
[INFO] [stdout]   --> crates/core/src/logging.rs:14:13
[INFO] [stdout]    |
[INFO] [stdout] 14 |     let _ = tracing_subscriber::fmt()
[INFO] [stdout]    |             ^^^^^^^^^^^^^^^^^^ use of unresolved module or unlinked crate `tracing_subscriber`
[INFO] [stdout]    |
[INFO] [stdout]    = help: if you wanted to use a crate named `tracing_subscriber`, use `cargo add tracing_subscriber` to add it to your `Cargo.toml`
[INFO] [stdout] 
[INFO] [stdout] 
[INFO] [stdout] error[E0433]: cannot find module or crate `tracing_subscriber` in this scope
[INFO] [stdout]   --> crates/core/src/logging.rs:14:13
[INFO] [stdout]    |
[INFO] [stdout] 14 |     let _ = tracing_subscriber::fmt()
[INFO] [stdout]    |             ^^^^^^^^^^^^^^^^^^ use of unresolved module or unlinked crate `tracing_subscriber`
[INFO] [stdout]    |
[INFO] [stdout]    = help: if you wanted to use a crate named `tracing_subscriber`, use `cargo add tracing_subscriber` to add it to your `Cargo.toml`
[INFO] [stdout] 
[INFO] [stdout] 
[INFO] [stdout] Some errors have detailed explanations: E0432, E0433.
[INFO] [stdout] 
[INFO] [stdout] For more information about an error, try `rustc --explain E0432`.
[INFO] [stdout] 
[INFO] [stdout] Some errors have detailed explanations: E0432, E0433.
[INFO] [stdout] 
[INFO] [stdout] For more information about an error, try `rustc --explain E0432`.
[INFO] [stdout] 
[INFO] [stderr] error: could not compile `bacon-core` (lib) due to 2 previous errors; 1 warning emitted
[INFO] [stderr] warning: build failed, waiting for other jobs to finish...
[INFO] [stderr] error: could not compile `bacon-core` (lib test) due to 2 previous errors; 1 warning emitted
[INFO] [stderr] warning: unused dependency `anyhow`
[INFO] [stderr]   --> crates/core/Cargo.toml:15:1
[INFO] [stderr]    |
[INFO] [stderr] 15 | anyhow = { workspace = true }
[INFO] [stderr]    | ^^^^^^^^^^^^^^^^^^^^^^^^^^^^^
[INFO] [stderr]    |
[INFO] [stderr]    = note: `cargo::unused_dependencies` is set to `warn` by default
[INFO] [stderr] help: consider removing the dependency on `anyhow`
[INFO] [stderr] warning: unused dependency `rand`
[INFO] [stderr]   --> crates/core/Cargo.toml:17:1
[INFO] [stderr]    |
[INFO] [stderr] 17 | rand = { workspace = true }
[INFO] [stderr]    | ^^^^^^^^^^^^^^^^^^^^^^^^^^^
[INFO] [stderr]    |
[INFO] [stderr] help: consider removing the dependency on `rand`
[INFO] [stderr] warning: unused dependency `tracing`
[INFO] [stderr]   --> crates/core/Cargo.toml:16:1
[INFO] [stderr]    |
[INFO] [stderr] 16 | tracing = { workspace = true }
[INFO] [stderr]    | ^^^^^^^^^^^^^^^^^^^^^^^^^^^^^^
[INFO] [stderr]    |
[INFO] [stderr] help: consider removing the dependency on `tracing`
[INFO] [stderr] warning: `bacon-core` (manifest) generated 3 warnings
[INFO] [stderr] warning: unused dependency `serde_bytes`
[INFO] [stderr]   --> crates/shared/Cargo.toml:13:1
[INFO] [stderr]    |
[INFO] [stderr] 13 | serde_bytes = { workspace = true }
[INFO] [stderr]    | ^^^^^^^^^^^^^^^^^^^^^^^^^^^^^^^^^^
[INFO] [stderr]    |
[INFO] [stderr]    = note: `cargo::unused_dependencies` is set to `warn` by default
[INFO] [stderr] help: consider removing the dependency on `serde_bytes`
[INFO] [stderr] warning: `bacon-shared` (manifest) generated 1 warning
[INFO] running `Command { std: "docker" "inspect" "48721e8be757849eb5f2cff5eae4112881277aac7aa72a9cb0712502929e19fa", kill_on_drop: false }`
[INFO] running `Command { std: "docker" "rm" "-f" "48721e8be757849eb5f2cff5eae4112881277aac7aa72a9cb0712502929e19fa", kill_on_drop: false }`
[INFO] [stdout] 48721e8be757849eb5f2cff5eae4112881277aac7aa72a9cb0712502929e19fa
