[INFO] cloning repository https://github.com/B-E-A-F/spca561-rs
[INFO] running `Command { std: "git" "-c" "credential.helper=" "-c" "credential.helper=/workspace/cargo-home/bin/git-credential-null" "clone" "--bare" "https://github.com/B-E-A-F/spca561-rs" "/workspace/cache/git-repos/https%3A%2F%2Fgithub.com%2FB-E-A-F%2Fspca561-rs", kill_on_drop: false }`
[INFO] [stderr] Cloning into bare repository '/workspace/cache/git-repos/https%3A%2F%2Fgithub.com%2FB-E-A-F%2Fspca561-rs'...
[INFO] running `Command { std: "git" "rev-parse" "HEAD", kill_on_drop: false }`
[INFO] [stdout] 1cddd4cdb87b231d5533a32155c80a08708c3fab
[INFO] checking B-E-A-F/spca561-rs against 3154cc1a3e6424e44f438a95007d043ed5ceaaf6 for pr-133502-30
[INFO] running `Command { std: "git" "clone" "/workspace/cache/git-repos/https%3A%2F%2Fgithub.com%2FB-E-A-F%2Fspca561-rs" "/workspace/builds/worker-0-tc2/source", kill_on_drop: false }`
[INFO] [stderr] Cloning into '/workspace/builds/worker-0-tc2/source'...
[INFO] [stderr] done.
[INFO] started tweaking git repo https://github.com/B-E-A-F/spca561-rs
[INFO] finished tweaking git repo https://github.com/B-E-A-F/spca561-rs
[INFO] tweaked toml for git repo https://github.com/B-E-A-F/spca561-rs written to /workspace/builds/worker-0-tc2/source/Cargo.toml
[INFO] validating manifest of git repo https://github.com/B-E-A-F/spca561-rs on toolchain 3154cc1a3e6424e44f438a95007d043ed5ceaaf6
[INFO] running `Command { std: CARGO_HOME="/workspace/cargo-home" RUSTUP_HOME="/workspace/rustup-home" "/workspace/cargo-home/bin/cargo" "+3154cc1a3e6424e44f438a95007d043ed5ceaaf6" "metadata" "--manifest-path" "Cargo.toml" "--no-deps", kill_on_drop: false }`
[INFO] crate git repo https://github.com/B-E-A-F/spca561-rs already has a lockfile, it will not be regenerated
[INFO] running `Command { std: CARGO_HOME="/workspace/cargo-home" RUSTUP_HOME="/workspace/rustup-home" "/workspace/cargo-home/bin/cargo" "+3154cc1a3e6424e44f438a95007d043ed5ceaaf6" "fetch" "--manifest-path" "Cargo.toml", kill_on_drop: false }`
[INFO] running `Command { std: "docker" "create" "-v" "/var/lib/crater-agent-workspace/builds/worker-0-tc2/source:/opt/rustwide/workdir:ro,Z" "-v" "/var/lib/crater-agent-workspace/builds/worker-0-tc2/target:/opt/rustwide/target:rw,Z" "-v" "/var/lib/crater-agent-workspace/cargo-home:/opt/rustwide/cargo-home:ro,Z" "-v" "/var/lib/crater-agent-workspace/rustup-home:/opt/rustwide/rustup-home:ro,Z" "-m" "1610612736" "--network" "none" "ghcr.io/rust-lang/crates-build-env/linux@sha256:77db811e55d90add9212f6832c23229e3de5f1c1f9905e8cb07319ea15df73ac" "sleep" "infinity", kill_on_drop: false }`
[INFO] [stdout] aa1c5c4bafda3333a4c90e7d282eb9f84c17154bd7b6b6b767f23c930ef4edd5
[INFO] running `Command { std: "docker" "start" "aa1c5c4bafda3333a4c90e7d282eb9f84c17154bd7b6b6b767f23c930ef4edd5", kill_on_drop: false }`
[INFO] running `Command { std: "docker" "inspect" "aa1c5c4bafda3333a4c90e7d282eb9f84c17154bd7b6b6b767f23c930ef4edd5", kill_on_drop: false }`
[INFO] running `Command { std: "docker" "exec" "-e" "SOURCE_DIR=/opt/rustwide/workdir" "-e" "CARGO_HOME=/opt/rustwide/cargo-home" "-e" "RUSTUP_HOME=/opt/rustwide/rustup-home" "-e" "CARGO_TARGET_DIR=/opt/rustwide/target" "-w" "/opt/rustwide/workdir" "--user" "0:0" "aa1c5c4bafda3333a4c90e7d282eb9f84c17154bd7b6b6b767f23c930ef4edd5" "/opt/rustwide/cargo-home/bin/cargo" "+3154cc1a3e6424e44f438a95007d043ed5ceaaf6" "metadata" "--no-deps" "--format-version=1", kill_on_drop: false }`
[INFO] running `Command { std: "docker" "inspect" "aa1c5c4bafda3333a4c90e7d282eb9f84c17154bd7b6b6b767f23c930ef4edd5", kill_on_drop: false }`
[INFO] running `Command { std: "docker" "exec" "-e" "SOURCE_DIR=/opt/rustwide/workdir" "-e" "CARGO_HOME=/opt/rustwide/cargo-home" "-e" "RUSTUP_HOME=/opt/rustwide/rustup-home" "-e" "CARGO_TARGET_DIR=/opt/rustwide/target" "-e" "CARGO_INCREMENTAL=0" "-e" "RUST_BACKTRACE=full" "-e" "RUSTFLAGS=--cap-lints=forbid" "-e" "RUSTDOCFLAGS=--cap-lints=forbid" "-w" "/opt/rustwide/workdir" "--user" "0:0" "aa1c5c4bafda3333a4c90e7d282eb9f84c17154bd7b6b6b767f23c930ef4edd5" "/opt/rustwide/cargo-home/bin/cargo" "+3154cc1a3e6424e44f438a95007d043ed5ceaaf6" "check" "--frozen" "--all" "--all-targets" "--message-format=json", kill_on_drop: false }`
[INFO] [stderr]    Compiling libc v0.2.189
[INFO] [stderr]    Compiling proc-macro2 v1.0.107
[INFO] [stderr]    Compiling xml-rs v0.8.29
[INFO] [stderr]    Compiling memoffset v0.6.5
[INFO] [stderr]     Checking libloading v0.8.9
[INFO] [stderr]    Compiling wayland-sys v0.29.5
[INFO] [stderr]    Compiling cc v1.4.5
[INFO] [stderr]     Checking smallvec v1.16.0
[INFO] [stderr]     Checking dlib v0.5.3
[INFO] [stderr]    Compiling x11-dl v2.21.0
[INFO] [stderr]     Checking rustix v1.1.4
[INFO] [stderr]    Compiling rusb v0.9.4
[INFO] [stderr]     Checking xcursor v0.3.11
[INFO] [stderr]     Checking raw-window-handle v0.6.2
[INFO] [stderr]    Compiling quote v1.0.47
[INFO] [stderr]    Compiling wayland-scanner v0.29.5
[INFO] [stderr]    Compiling libusb1-sys v0.7.0
[INFO] [stderr]    Compiling minifb v0.28.0
[INFO] [stderr]    Compiling wayland-client v0.29.5
[INFO] [stderr]    Compiling wayland-protocols v0.29.5
[INFO] [stderr]     Checking nix v0.24.3
[INFO] [stderr]     Checking getrandom v0.4.3
[INFO] [stderr]     Checking tempfile v3.27.0
[INFO] [stderr]     Checking wayland-commons v0.29.5
[INFO] [stderr]     Checking wayland-cursor v0.29.5
[INFO] [stderr]     Checking spca561 v0.1.0 (/opt/rustwide/workdir)
[INFO] [stdout] error[E0433]: cannot find `windows` in `os`
[INFO] [stdout]    --> src/main.rs:696:22
[INFO] [stdout]     |
[INFO] [stdout] 696 |         use std::os::windows::process::CommandExt;
[INFO] [stdout]     |                      ^^^^^^^ could not find `windows` in `os`
[INFO] [stdout]     |
[INFO] [stdout] note: found an item that was configured out
[INFO] [stdout]    --> /rustc/3154cc1a3e6424e44f438a95007d043ed5ceaaf6/library/std/src/os/mod.rs:62:4
[INFO] [stdout]     |
[INFO] [stdout]     = note: the item is gated behind the `windows` feature
[INFO] [stdout] 
[INFO] [stdout] 
[INFO] [stdout] error[E0308]: mismatched types
[INFO] [stdout]    --> src/main.rs:199:48
[INFO] [stdout]     |
[INFO] [stdout] 199 |         let tv = timeval { tv_sec: 0, tv_usec: ms * 1000 };
[INFO] [stdout]     |                                                ^^^^^^^^^ expected `i64`, found `i32`
[INFO] [stdout] 
[INFO] [stdout] 
[INFO] [stdout] error[E0599]: no method named `creation_flags` found for mutable reference `&mut Command` in the current scope
[INFO] [stdout]    --> src/main.rs:704:14
[INFO] [stdout]     |
[INFO] [stdout] 701 |         let child = std::process::Command::new(path)
[INFO] [stdout] 702 |             .arg("run")
[INFO] [stdout] 703 |             .stdin(std::process::Stdio::piped())
[INFO] [stdout] 704 |             .creation_flags(CREATE_NEW_CONSOLE)
[INFO] [stdout]     |              ^^^^^^^^^^^^^^ method not found in `&mut Command`
[INFO] [stdout] 
[INFO] [stdout] 
[INFO] [stdout] error[E0433]: cannot find `windows` in `os`
[INFO] [stdout]    --> src/main.rs:696:22
[INFO] [stdout]     |
[INFO] [stdout] 696 |         use std::os::windows::process::CommandExt;
[INFO] [stdout]     |                      ^^^^^^^ could not find `windows` in `os`
[INFO] [stdout]     |
[INFO] [stdout] note: found an item that was configured out
[INFO] [stdout]    --> /rustc/3154cc1a3e6424e44f438a95007d043ed5ceaaf6/library/std/src/os/mod.rs:62:4
[INFO] [stdout]     |
[INFO] [stdout]     = note: the item is gated behind the `windows` feature
[INFO] [stdout] 
[INFO] [stdout] 
[INFO] [stdout] error[E0308]: mismatched types
[INFO] [stdout]    --> src/main.rs:199:48
[INFO] [stdout]     |
[INFO] [stdout] 199 |         let tv = timeval { tv_sec: 0, tv_usec: ms * 1000 };
[INFO] [stdout]     |                                                ^^^^^^^^^ expected `i64`, found `i32`
[INFO] [stdout] 
[INFO] [stdout] 
[INFO] [stdout] Some errors have detailed explanations: E0308, E0433, E0599.
[INFO] [stdout] 
[INFO] [stdout] For more information about an error, try `rustc --explain E0308`.
[INFO] [stdout] 
[INFO] [stderr] error: could not compile `spca561` (bin "spca561" test) due to 3 previous errors
[INFO] [stderr] warning: build failed, waiting for other jobs to finish...
[INFO] [stdout] error[E0599]: no method named `creation_flags` found for mutable reference `&mut Command` in the current scope
[INFO] [stdout]    --> src/main.rs:704:14
[INFO] [stdout]     |
[INFO] [stdout] 701 |         let child = std::process::Command::new(path)
[INFO] [stdout] 702 |             .arg("run")
[INFO] [stdout] 703 |             .stdin(std::process::Stdio::piped())
[INFO] [stdout] 704 |             .creation_flags(CREATE_NEW_CONSOLE)
[INFO] [stdout]     |              ^^^^^^^^^^^^^^ method not found in `&mut Command`
[INFO] [stdout] 
[INFO] [stdout] 
[INFO] [stdout] Some errors have detailed explanations: E0308, E0433, E0599.
[INFO] [stdout] 
[INFO] [stdout] For more information about an error, try `rustc --explain E0308`.
[INFO] [stdout] 
[INFO] [stderr] error: could not compile `spca561` (bin "spca561") due to 3 previous errors
[INFO] running `Command { std: "docker" "inspect" "aa1c5c4bafda3333a4c90e7d282eb9f84c17154bd7b6b6b767f23c930ef4edd5", kill_on_drop: false }`
[INFO] running `Command { std: "docker" "rm" "-f" "aa1c5c4bafda3333a4c90e7d282eb9f84c17154bd7b6b6b767f23c930ef4edd5", kill_on_drop: false }`
[INFO] [stdout] aa1c5c4bafda3333a4c90e7d282eb9f84c17154bd7b6b6b767f23c930ef4edd5
