[INFO] cloning repository https://github.com/Ayushkumarsingh09/ClawRS
[INFO] running `Command { std: "git" "-c" "credential.helper=" "-c" "credential.helper=/workspace/cargo-home/bin/git-credential-null" "clone" "--bare" "https://github.com/Ayushkumarsingh09/ClawRS" "/workspace/cache/git-repos/https%3A%2F%2Fgithub.com%2FAyushkumarsingh09%2FClawRS", kill_on_drop: false }`
[INFO] [stderr] Cloning into bare repository '/workspace/cache/git-repos/https%3A%2F%2Fgithub.com%2FAyushkumarsingh09%2FClawRS'...
[INFO] running `Command { std: "git" "rev-parse" "HEAD", kill_on_drop: false }`
[INFO] [stdout] 29b5514692b169e71cf47f9bdc3ac35ad69ab554
[INFO] checking Ayushkumarsingh09/ClawRS against 3154cc1a3e6424e44f438a95007d043ed5ceaaf6+rustflags=-Znext-solver=coherence for pr-133502-30
[INFO] running `Command { std: "git" "clone" "/workspace/cache/git-repos/https%3A%2F%2Fgithub.com%2FAyushkumarsingh09%2FClawRS" "/workspace/builds/worker-2-tc1/source", kill_on_drop: false }`
[INFO] [stderr] Cloning into '/workspace/builds/worker-2-tc1/source'...
[INFO] [stderr] done.
[INFO] removed /workspace/builds/worker-2-tc1/source/rust-toolchain.toml
[INFO] started tweaking git repo https://github.com/Ayushkumarsingh09/ClawRS
[INFO] finished tweaking git repo https://github.com/Ayushkumarsingh09/ClawRS
[INFO] tweaked toml for git repo https://github.com/Ayushkumarsingh09/ClawRS written to /workspace/builds/worker-2-tc1/source/Cargo.toml
[INFO] validating manifest of git repo https://github.com/Ayushkumarsingh09/ClawRS on toolchain 3154cc1a3e6424e44f438a95007d043ed5ceaaf6
[INFO] running `Command { std: CARGO_HOME="/workspace/cargo-home" RUSTUP_HOME="/workspace/rustup-home" "/workspace/cargo-home/bin/cargo" "+3154cc1a3e6424e44f438a95007d043ed5ceaaf6" "metadata" "--manifest-path" "Cargo.toml" "--no-deps", kill_on_drop: false }`
[INFO] crate git repo https://github.com/Ayushkumarsingh09/ClawRS already has a lockfile, it will not be regenerated
[INFO] running `Command { std: CARGO_HOME="/workspace/cargo-home" RUSTUP_HOME="/workspace/rustup-home" "/workspace/cargo-home/bin/cargo" "+3154cc1a3e6424e44f438a95007d043ed5ceaaf6" "fetch" "--manifest-path" "Cargo.toml", kill_on_drop: false }`
[INFO] [stderr] warning: unused workspace dependency `bytes`
[INFO] [stderr]   --> Cargo.toml:21:1
[INFO] [stderr]    |
[INFO] [stderr] 21 | bytes = "1.9"
[INFO] [stderr]    | ^^^^^
[INFO] [stderr]    |
[INFO] [stderr]    = note: `cargo::unused_workspace_dependencies` is set to `warn` by default
[INFO] [stderr] help: consider removing the workspace dependency `bytes`
[INFO] [stderr] warning: unused workspace dependency `metrics`
[INFO] [stderr]   --> Cargo.toml:23:1
[INFO] [stderr]    |
[INFO] [stderr] 23 | metrics = "0.24"
[INFO] [stderr]    | ^^^^^^^
[INFO] [stderr]    |
[INFO] [stderr] help: consider removing the workspace dependency `metrics`
[INFO] [stderr] warning: unused workspace dependency `pin-project-lite`
[INFO] [stderr]   --> Cargo.toml:25:1
[INFO] [stderr]    |
[INFO] [stderr] 25 | pin-project-lite = "0.2"
[INFO] [stderr]    | ^^^^^^^^^^^^^^^^
[INFO] [stderr]    |
[INFO] [stderr] help: consider removing the workspace dependency `pin-project-lite`
[INFO] [stderr] warning: unused field `authors` in `workspace.package`
[INFO] [stderr]    --> Cargo.toml:103:1
[INFO] [stderr]     |
[INFO] [stderr] 103 | authors = ["ClawRS Contributors"]
[INFO] [stderr]     | ^^^^^^^
[INFO] [stderr]     |
[INFO] [stderr]     = note: `cargo::unused_workspace_package_fields` is set to `warn` by default
[INFO] [stderr] help: consider removing the field `workspace.package.authors`
[INFO] [stderr] warning: unused field `categories` in `workspace.package`
[INFO] [stderr]    --> Cargo.toml:104:1
[INFO] [stderr]     |
[INFO] [stderr] 104 | categories = ["development-tools", "web-programming"]
[INFO] [stderr]     | ^^^^^^^^^^
[INFO] [stderr]     |
[INFO] [stderr] help: consider removing the field `workspace.package.categories`
[INFO] [stderr] warning: unused field `description` in `workspace.package`
[INFO] [stderr]    --> Cargo.toml:105:1
[INFO] [stderr]     |
[INFO] [stderr] 105 | description = "Rust-native AI agent platform"
[INFO] [stderr]     | ^^^^^^^^^^^
[INFO] [stderr]     |
[INFO] [stderr] help: consider removing the field `workspace.package.description`
[INFO] [stderr] warning: unused field `keywords` in `workspace.package`
[INFO] [stderr]    --> Cargo.toml:107:1
[INFO] [stderr]     |
[INFO] [stderr] 107 | keywords = ["ai", "agents", "llm", "rust"]
[INFO] [stderr]     | ^^^^^^^^
[INFO] [stderr]     |
[INFO] [stderr] help: consider removing the field `workspace.package.keywords`
[INFO] [stderr] warning: unused field `repository` in `workspace.package`
[INFO] [stderr]    --> Cargo.toml:109:1
[INFO] [stderr]     |
[INFO] [stderr] 109 | repository = "https://github.com/clawrs/clawrs"
[INFO] [stderr]     | ^^^^^^^^^^
[INFO] [stderr]     |
[INFO] [stderr] help: consider removing the field `workspace.package.repository`
[INFO] [stderr] warning: workspace (manifest) generated 8 warnings
[INFO] running `Command { std: "docker" "create" "-v" "/var/lib/crater-agent-workspace/builds/worker-2-tc1/source:/opt/rustwide/workdir:ro,Z" "-v" "/var/lib/crater-agent-workspace/builds/worker-2-tc1/target:/opt/rustwide/target:rw,Z" "-v" "/var/lib/crater-agent-workspace/cargo-home:/opt/rustwide/cargo-home:ro,Z" "-v" "/var/lib/crater-agent-workspace/rustup-home:/opt/rustwide/rustup-home:ro,Z" "-m" "1610612736" "--network" "none" "ghcr.io/rust-lang/crates-build-env/linux@sha256:77db811e55d90add9212f6832c23229e3de5f1c1f9905e8cb07319ea15df73ac" "sleep" "infinity", kill_on_drop: false }`
[INFO] [stdout] 21561bc6a67106e9de5e7c86c68194059b845024cff7d618d54d612324b4f129
[INFO] running `Command { std: "docker" "start" "21561bc6a67106e9de5e7c86c68194059b845024cff7d618d54d612324b4f129", kill_on_drop: false }`
[INFO] running `Command { std: "docker" "inspect" "21561bc6a67106e9de5e7c86c68194059b845024cff7d618d54d612324b4f129", kill_on_drop: false }`
[INFO] running `Command { std: "docker" "exec" "-e" "SOURCE_DIR=/opt/rustwide/workdir" "-e" "CARGO_HOME=/opt/rustwide/cargo-home" "-e" "RUSTUP_HOME=/opt/rustwide/rustup-home" "-e" "CARGO_TARGET_DIR=/opt/rustwide/target" "-w" "/opt/rustwide/workdir" "--user" "0:0" "21561bc6a67106e9de5e7c86c68194059b845024cff7d618d54d612324b4f129" "/opt/rustwide/cargo-home/bin/cargo" "+3154cc1a3e6424e44f438a95007d043ed5ceaaf6" "metadata" "--no-deps" "--format-version=1", kill_on_drop: false }`
[INFO] running `Command { std: "docker" "inspect" "21561bc6a67106e9de5e7c86c68194059b845024cff7d618d54d612324b4f129", kill_on_drop: false }`
[INFO] running `Command { std: "docker" "exec" "-e" "SOURCE_DIR=/opt/rustwide/workdir" "-e" "CARGO_HOME=/opt/rustwide/cargo-home" "-e" "RUSTUP_HOME=/opt/rustwide/rustup-home" "-e" "CARGO_TARGET_DIR=/opt/rustwide/target" "-e" "CARGO_INCREMENTAL=0" "-e" "RUST_BACKTRACE=full" "-e" "RUSTFLAGS=--cap-lints=forbid -Znext-solver=coherence" "-e" "RUSTDOCFLAGS=--cap-lints=forbid" "-w" "/opt/rustwide/workdir" "--user" "0:0" "21561bc6a67106e9de5e7c86c68194059b845024cff7d618d54d612324b4f129" "/opt/rustwide/cargo-home/bin/cargo" "+3154cc1a3e6424e44f438a95007d043ed5ceaaf6" "check" "--frozen" "--all" "--all-targets" "--message-format=json", kill_on_drop: false }`
[INFO] [stderr] warning: unused workspace dependency `bytes`
[INFO] [stderr]   --> Cargo.toml:21:1
[INFO] [stderr]    |
[INFO] [stderr] 21 | bytes = "1.9"
[INFO] [stderr]    | ^^^^^
[INFO] [stderr]    |
[INFO] [stderr]    = note: `cargo::unused_workspace_dependencies` is set to `warn` by default
[INFO] [stderr] help: consider removing the workspace dependency `bytes`
[INFO] [stderr] warning: unused workspace dependency `metrics`
[INFO] [stderr]   --> Cargo.toml:23:1
[INFO] [stderr]    |
[INFO] [stderr] 23 | metrics = "0.24"
[INFO] [stderr]    | ^^^^^^^
[INFO] [stderr]    |
[INFO] [stderr] help: consider removing the workspace dependency `metrics`
[INFO] [stderr] warning: unused workspace dependency `pin-project-lite`
[INFO] [stderr]   --> Cargo.toml:25:1
[INFO] [stderr]    |
[INFO] [stderr] 25 | pin-project-lite = "0.2"
[INFO] [stderr]    | ^^^^^^^^^^^^^^^^
[INFO] [stderr]    |
[INFO] [stderr] help: consider removing the workspace dependency `pin-project-lite`
[INFO] [stderr] warning: unused field `authors` in `workspace.package`
[INFO] [stderr]    --> Cargo.toml:103:1
[INFO] [stderr]     |
[INFO] [stderr] 103 | authors = ["ClawRS Contributors"]
[INFO] [stderr]     | ^^^^^^^
[INFO] [stderr]     |
[INFO] [stderr]     = note: `cargo::unused_workspace_package_fields` is set to `warn` by default
[INFO] [stderr] help: consider removing the field `workspace.package.authors`
[INFO] [stderr] warning: unused field `categories` in `workspace.package`
[INFO] [stderr]    --> Cargo.toml:104:1
[INFO] [stderr]     |
[INFO] [stderr] 104 | categories = ["development-tools", "web-programming"]
[INFO] [stderr]     | ^^^^^^^^^^
[INFO] [stderr]     |
[INFO] [stderr] help: consider removing the field `workspace.package.categories`
[INFO] [stderr] warning: unused field `description` in `workspace.package`
[INFO] [stderr]    --> Cargo.toml:105:1
[INFO] [stderr]     |
[INFO] [stderr] 105 | description = "Rust-native AI agent platform"
[INFO] [stderr]     | ^^^^^^^^^^^
[INFO] [stderr]     |
[INFO] [stderr] help: consider removing the field `workspace.package.description`
[INFO] [stderr] warning: unused field `keywords` in `workspace.package`
[INFO] [stderr]    --> Cargo.toml:107:1
[INFO] [stderr]     |
[INFO] [stderr] 107 | keywords = ["ai", "agents", "llm", "rust"]
[INFO] [stderr]     | ^^^^^^^^
[INFO] [stderr]     |
[INFO] [stderr] help: consider removing the field `workspace.package.keywords`
[INFO] [stderr] warning: unused field `repository` in `workspace.package`
[INFO] [stderr]    --> Cargo.toml:109:1
[INFO] [stderr]     |
[INFO] [stderr] 109 | repository = "https://github.com/clawrs/clawrs"
[INFO] [stderr]     | ^^^^^^^^^^
[INFO] [stderr]     |
[INFO] [stderr] help: consider removing the field `workspace.package.repository`
[INFO] [stderr] warning: workspace (manifest) generated 8 warnings
[INFO] [stderr]    Compiling proc-macro2 v1.0.107
[INFO] [stderr]    Compiling unicode-ident v1.0.24
[INFO] [stderr]    Compiling quote v1.0.47
[INFO] [stderr]    Compiling libc v0.2.189
[INFO] [stderr]     Checking cfg-if v1.0.4
[INFO] [stderr]    Compiling parking_lot_core v0.9.12
[INFO] [stderr]     Checking pin-project-lite v0.2.17
[INFO] [stderr]     Checking smallvec v1.15.2
[INFO] [stderr]    Compiling serde v1.0.229
[INFO] [stderr]     Checking scopeguard v1.2.0
[INFO] [stderr]     Checking itoa v1.0.18
[INFO] [stderr]    Compiling serde_core v1.0.229
[INFO] [stderr]     Checking lock_api v0.4.14
[INFO] [stderr]     Checking bytes v1.12.1
[INFO] [stderr]    Compiling shlex v2.0.1
[INFO] [stderr]    Compiling find-msvc-tools v0.1.9
[INFO] [stderr]     Checking memchr v2.8.3
[INFO] [stderr]    Compiling cc v1.4.0
[INFO] [stderr]     Checking once_cell v1.21.4
[INFO] [stderr]     Checking futures-core v0.3.33
[INFO] [stderr]    Compiling autocfg v1.5.1
[INFO] [stderr]    Compiling thiserror v2.0.19
[INFO] [stderr]     Checking log v0.4.33
[INFO] [stderr]    Compiling zmij v1.0.23
[INFO] [stderr]     Checking tracing-core v0.1.36
[INFO] [stderr]    Compiling icu_normalizer_data v2.2.0
[INFO] [stderr]    Compiling icu_properties_data v2.2.0
[INFO] [stderr]    Compiling syn v3.0.3
[INFO] [stderr]    Compiling syn v2.0.119
[INFO] [stderr]    Compiling num-traits v0.2.19
[INFO] [stderr]     Checking errno v0.3.14
[INFO] [stderr]     Checking parking_lot v0.12.5
[INFO] [stderr]     Checking signal-hook-registry v1.4.8
[INFO] [stderr]     Checking socket2 v0.6.5
[INFO] [stderr]     Checking mio v1.2.2
[INFO] [stderr]    Compiling serde_json v1.0.151
[INFO] [stderr]     Checking stable_deref_trait v1.2.1
[INFO] [stderr]     Checking futures-sink v0.3.33
[INFO] [stderr]    Compiling version_check v0.9.5
[INFO] [stderr]     Checking futures-channel v0.3.33
[INFO] [stderr]     Checking slab v0.4.12
[INFO] [stderr]    Compiling rustls v0.23.43
[INFO] [stderr]     Checking futures-io v0.3.33
[INFO] [stderr]     Checking futures-task v0.3.33
[INFO] [stderr]    Compiling getrandom v0.4.3
[INFO] [stderr]     Checking litemap v0.8.2
[INFO] [stderr]     Checking writeable v0.6.3
[INFO] [stderr]     Checking http v1.5.0
[INFO] [stderr]     Checking zeroize v1.9.0
[INFO] [stderr]     Checking percent-encoding v2.3.2
[INFO] [stderr]     Checking utf8_iter v1.0.4
[INFO] [stderr]     Checking rustls-pki-types v1.15.1
[INFO] [stderr]    Compiling generic-array v0.14.7
[INFO] [stderr]     Checking iana-time-zone v0.1.65
[INFO] [stderr]     Checking uuid v1.24.0
[INFO] [stderr]     Checking getrandom v0.2.17
[INFO] [stderr]     Checking untrusted v0.9.0
[INFO] [stderr]    Compiling httparse v1.10.1
[INFO] [stderr]     Checking http-body v1.1.0
[INFO] [stderr]     Checking form_urlencoded v1.2.2
[INFO] [stderr]     Checking base64 v0.22.1
[INFO] [stderr]     Checking subtle v2.6.1
[INFO] [stderr]    Compiling crc32fast v1.5.0
[INFO] [stderr]     Checking tower-service v0.3.3
[INFO] [stderr]     Checking webpki-roots v1.0.9
[INFO] [stderr]     Checking try-lock v0.2.5
[INFO] [stderr]     Checking adler2 v2.0.1
[INFO] [stderr]     Checking simd-adler32 v0.3.10
[INFO] [stderr]    Compiling crossbeam-utils v0.8.22
[INFO] [stderr]     Checking typenum v1.20.1
[INFO] [stderr]     Checking miniz_oxide v0.8.9
[INFO] [stderr]     Checking want v0.3.1
[INFO] [stderr]     Checking sync_wrapper v1.0.2
[INFO] [stderr]     Checking httpdate v1.0.3
[INFO] [stderr]     Checking ryu v1.0.23
[INFO] [stderr]     Checking tower-layer v0.3.3
[INFO] [stderr]     Checking atomic-waker v1.1.2
[INFO] [stderr]     Checking flate2 v1.1.9
[INFO] [stderr]     Checking compression-core v0.4.32
[INFO] [stderr]     Checking ipnet v2.12.0
[INFO] [stderr]     Checking compression-codecs v0.4.38
[INFO] [stderr]     Checking http-body-util v0.1.4
[INFO] [stderr]     Checking block-buffer v0.10.4
[INFO] [stderr]     Checking crypto-common v0.1.7
[INFO] [stderr]    Compiling vcpkg v0.2.15
[INFO] [stderr]    Compiling pkg-config v0.3.33
[INFO] [stderr]     Checking digest v0.10.7
[INFO] [stderr]    Compiling synstructure v0.13.2
[INFO] [stderr]    Compiling equivalent v1.0.2
[INFO] [stderr]    Compiling ring v0.17.14
[INFO] [stderr]     Checking bitflags v2.13.1
[INFO] [stderr]     Checking cpufeatures v0.2.17
[INFO] [stderr]    Compiling allocator-api2 v0.2.21
[INFO] [stderr]    Compiling libsqlite3-sys v0.30.1
[INFO] [stderr]    Compiling foldhash v0.1.5
[INFO] [stderr]    Compiling hashbrown v0.15.5
[INFO] [stderr]    Compiling futures-util v0.3.33
[INFO] [stderr]    Compiling tokio v1.53.1
[INFO] [stderr]    Compiling zerocopy v0.8.55
[INFO] [stderr]    Compiling hashbrown v0.17.1
[INFO] [stderr]    Compiling getrandom v0.3.4
[INFO] [stderr]    Compiling parking v2.2.1
[INFO] [stderr]    Compiling crc-catalog v2.5.0
[INFO] [stderr]    Compiling crc v3.4.0
[INFO] [stderr]    Compiling chrono v0.4.45
[INFO] [stderr]    Compiling event-listener v5.4.2
[INFO] [stderr]    Compiling indexmap v2.14.0
[INFO] [stderr]    Compiling sha2 v0.10.9
[INFO] [stderr]    Compiling tokio-stream v0.1.19
[INFO] [stderr]    Compiling crossbeam-queue v0.3.13
[INFO] [stderr]    Compiling webpki-roots v0.26.11
[INFO] [stderr]    Compiling futures-intrusive v0.5.0
[INFO] [stderr]    Compiling hashlink v0.10.0
[INFO] [stderr]    Compiling spin v0.9.9
[INFO] [stderr]     Checking rustls-webpki v0.103.13
[INFO] [stderr]    Compiling heck v0.5.0
[INFO] [stderr]    Compiling flume v0.11.1
[INFO] [stderr]    Compiling futures-executor v0.3.33
[INFO] [stderr]    Compiling atoi v2.0.0
[INFO] [stderr]     Checking rand_core v0.9.5
[INFO] [stderr]    Compiling hex v0.4.3
[INFO] [stderr]    Compiling dotenvy v0.15.7
[INFO] [stderr]     Checking sha1 v0.10.7
[INFO] [stderr]     Checking data-encoding v2.11.0
[INFO] [stderr]     Checking mime v0.3.17
[INFO] [stderr]     Checking utf8parse v0.2.2
[INFO] [stderr]     Checking serde_path_to_error v0.1.20
[INFO] [stderr]     Checking anstyle-parse v1.0.0
[INFO] [stderr]     Checking anstyle v1.0.14
[INFO] [stderr]     Checking anstyle-query v1.1.5
[INFO] [stderr]     Checking matchit v0.8.4
[INFO] [stderr]     Checking colorchoice v1.0.5
[INFO] [stderr]     Checking is_terminal_polyfill v1.70.2
[INFO] [stderr]     Checking regex-syntax v0.8.11
[INFO] [stderr]     Checking anstream v1.0.0
[INFO] [stderr]     Checking lazy_static v1.5.0
[INFO] [stderr]    Compiling anyhow v1.0.104
[INFO] [stderr]     Checking clap_lex v1.1.0
[INFO] [stderr]     Checking strsim v0.11.1
[INFO] [stderr]     Checking clap_builder v4.6.2
[INFO] [stderr]     Checking sharded-slab v0.1.7
[INFO] [stderr]     Checking tracing-log v0.2.0
[INFO] [stderr]     Checking ppv-lite86 v0.2.21
[INFO] [stderr]     Checking thread_local v1.1.10
[INFO] [stderr]     Checking regex-automata v0.4.16
[INFO] [stderr]     Checking nu-ansi-term v0.50.3
[INFO] [stderr]     Checking rand_chacha v0.9.0
[INFO] [stderr]     Checking rand v0.9.5
[INFO] [stderr]     Checking matchers v0.2.0
[INFO] [stderr]    Compiling displaydoc v0.2.7
[INFO] [stderr]    Compiling zerofrom-derive v0.1.7
[INFO] [stderr]    Compiling yoke-derive v0.8.2
[INFO] [stderr]    Compiling zerovec-derive v0.11.3
[INFO] [stderr]    Compiling serde_derive v1.0.229
[INFO] [stderr]    Compiling tracing-attributes v0.1.31
[INFO] [stderr]    Compiling thiserror-impl v2.0.19
[INFO] [stderr]    Compiling tokio-macros v2.7.2
[INFO] [stderr]     Checking zerofrom v0.1.8
[INFO] [stderr]    Compiling futures-macro v0.3.33
[INFO] [stderr]    Compiling async-trait v0.1.91
[INFO] [stderr]     Checking yoke v0.8.3
[INFO] [stderr]     Checking zerovec v0.11.6
[INFO] [stderr]     Checking tinystr v0.8.3
[INFO] [stderr]     Checking icu_locale_core v2.2.0
[INFO] [stderr]     Checking potential_utf v0.1.5
[INFO] [stderr]     Checking zerotrie v0.2.4
[INFO] [stderr]     Checking icu_provider v2.2.0
[INFO] [stderr]     Checking icu_collections v2.2.0
[INFO] [stderr]     Checking tracing v0.1.44
[INFO] [stderr]     Checking icu_properties v2.2.0
[INFO] [stderr]     Checking icu_normalizer v2.2.0
[INFO] [stderr]     Checking idna_adapter v1.2.2
[INFO] [stderr]     Checking idna v1.1.0
[INFO] [stderr]     Checking url v2.5.8
[INFO] [stderr]     Checking tungstenite v0.29.0
[INFO] [stderr]     Checking futures v0.3.33
[INFO] [stderr]     Checking axum-core v0.5.6
[INFO] [stderr]     Checking hyper v1.11.0
[INFO] [stderr]     Checking tower v0.5.3
[INFO] [stderr]     Checking tokio-util v0.7.19
[INFO] [stderr]     Checking serde_urlencoded v0.7.1
[INFO] [stderr]     Checking tokio-rustls v0.26.4
[INFO] [stderr]     Checking async-compression v0.4.43
[INFO] [stderr]     Checking clawrs-config v0.1.0 (/opt/rustwide/workdir/crates/clawrs-config)
[INFO] [stderr]     Checking hyper-util v0.1.20
[INFO] [stderr]     Checking tower-http v0.6.11
[INFO] [stderr]     Checking either v1.17.0
[INFO] [stderr]     Checking clawrs-core v0.1.0 (/opt/rustwide/workdir/crates/clawrs-core)
[INFO] [stdout] error[E0599]: no associated function or constant named `new_v5` found for struct `Uuid` in the current scope
[INFO] [stdout]    --> crates/clawrs-core/src/ids.rs:24:28
[INFO] [stdout]     |
[INFO] [stdout]   6 | macro_rules! id_type {
[INFO] [stdout] ...
[INFO] [stdout]  24 |                 Self(Uuid::new_v5(&Uuid::NAMESPACE_URL, s.as_bytes()))
[INFO] [stdout]     |                            ^^^^^^ associated function or constant not found in `Uuid`
[INFO] [stdout] ...
[INFO] [stdout]  58 | id_type!(TenantId, "Isolation boundary for multi-tenant deployments.");
[INFO] [stdout]     | ---------------------------------------------------------------------- in this macro invocation
[INFO] [stdout]     |
[INFO] [stdout] note: if you're trying to build a new `Uuid` consider using one of the following associated functions:
[INFO] [stdout]       uuid::builder::<impl Uuid>::nil
[INFO] [stdout]       uuid::builder::<impl Uuid>::max
[INFO] [stdout]       uuid::builder::<impl Uuid>::from_fields
[INFO] [stdout]       uuid::builder::<impl Uuid>::from_fields_le
[INFO] [stdout]       and 13 others
[INFO] [stdout]    --> /opt/rustwide/cargo-home/registry/src/index.crates.io-1949cf8c6b5b557f/uuid-1.24.0/src/builder.rs:72:5
[INFO] [stdout]     |
[INFO] [stdout]  72 |     pub const fn nil() -> Self {
[INFO] [stdout]     |     ^^^^^^^^^^^^^^^^^^^^^^^^^^
[INFO] [stdout] ...
[INFO] [stdout]  98 |     pub const fn max() -> Self {
[INFO] [stdout]     |     ^^^^^^^^^^^^^^^^^^^^^^^^^^
[INFO] [stdout] ...
[INFO] [stdout] 122 |     pub const fn from_fields(d1: u32, d2: u16, d3: u16, d4: &[u8; 8]) -> Uuid {
[INFO] [stdout]     |     ^^^^^^^^^^^^^^^^^^^^^^^^^^^^^^^^^^^^^^^^^^^^^^^^^^^^^^^^^^^^^^^^^^^^^^^^^
[INFO] [stdout] ...
[INFO] [stdout] 168 |     pub const fn from_fields_le(d1: u32, d2: u16, d3: u16, d4: &[u8; 8]) -> Uuid {
[INFO] [stdout]     |     ^^^^^^^^^^^^^^^^^^^^^^^^^^^^^^^^^^^^^^^^^^^^^^^^^^^^^^^^^^^^^^^^^^^^^^^^^^^^
[INFO] [stdout] 
[INFO] [stdout] 
[INFO] [stdout] error[E0599]: no associated function or constant named `new_v5` found for struct `Uuid` in the current scope
[INFO] [stdout]    --> crates/clawrs-core/src/ids.rs:24:28
[INFO] [stdout]     |
[INFO] [stdout]   6 | macro_rules! id_type {
[INFO] [stdout] ...
[INFO] [stdout]  24 |                 Self(Uuid::new_v5(&Uuid::NAMESPACE_URL, s.as_bytes()))
[INFO] [stdout]     |                            ^^^^^^ associated function or constant not found in `Uuid`
[INFO] [stdout] ...
[INFO] [stdout]  59 | id_type!(UserId, "Human or service principal within a tenant.");
[INFO] [stdout]     | --------------------------------------------------------------- in this macro invocation
[INFO] [stdout]     |
[INFO] [stdout] note: if you're trying to build a new `Uuid` consider using one of the following associated functions:
[INFO] [stdout]       uuid::builder::<impl Uuid>::nil
[INFO] [stdout]       uuid::builder::<impl Uuid>::max
[INFO] [stdout]       uuid::builder::<impl Uuid>::from_fields
[INFO] [stdout]       uuid::builder::<impl Uuid>::from_fields_le
[INFO] [stdout]       and 13 others
[INFO] [stdout]    --> /opt/rustwide/cargo-home/registry/src/index.crates.io-1949cf8c6b5b557f/uuid-1.24.0/src/builder.rs:72:5
[INFO] [stdout]     |
[INFO] [stdout]  72 |     pub const fn nil() -> Self {
[INFO] [stdout]     |     ^^^^^^^^^^^^^^^^^^^^^^^^^^
[INFO] [stdout] ...
[INFO] [stdout]  98 |     pub const fn max() -> Self {
[INFO] [stdout]     |     ^^^^^^^^^^^^^^^^^^^^^^^^^^
[INFO] [stdout] ...
[INFO] [stdout] 122 |     pub const fn from_fields(d1: u32, d2: u16, d3: u16, d4: &[u8; 8]) -> Uuid {
[INFO] [stdout]     |     ^^^^^^^^^^^^^^^^^^^^^^^^^^^^^^^^^^^^^^^^^^^^^^^^^^^^^^^^^^^^^^^^^^^^^^^^^
[INFO] [stdout] ...
[INFO] [stdout] 168 |     pub const fn from_fields_le(d1: u32, d2: u16, d3: u16, d4: &[u8; 8]) -> Uuid {
[INFO] [stdout]     |     ^^^^^^^^^^^^^^^^^^^^^^^^^^^^^^^^^^^^^^^^^^^^^^^^^^^^^^^^^^^^^^^^^^^^^^^^^^^^
[INFO] [stdout] 
[INFO] [stdout] 
[INFO] [stdout] error[E0599]: no associated function or constant named `new_v5` found for struct `Uuid` in the current scope
[INFO] [stdout]    --> crates/clawrs-core/src/ids.rs:24:28
[INFO] [stdout]     |
[INFO] [stdout]   6 | macro_rules! id_type {
[INFO] [stdout] ...
[INFO] [stdout]  24 |                 Self(Uuid::new_v5(&Uuid::NAMESPACE_URL, s.as_bytes()))
[INFO] [stdout]     |                            ^^^^^^ associated function or constant not found in `Uuid`
[INFO] [stdout] ...
[INFO] [stdout]  60 | id_type!(AgentId, "Unique agent definition identifier.");
[INFO] [stdout]     | -------------------------------------------------------- in this macro invocation
[INFO] [stdout]     |
[INFO] [stdout] note: if you're trying to build a new `Uuid` consider using one of the following associated functions:
[INFO] [stdout]       uuid::builder::<impl Uuid>::nil
[INFO] [stdout]       uuid::builder::<impl Uuid>::max
[INFO] [stdout]       uuid::builder::<impl Uuid>::from_fields
[INFO] [stdout]       uuid::builder::<impl Uuid>::from_fields_le
[INFO] [stdout]       and 13 others
[INFO] [stdout]    --> /opt/rustwide/cargo-home/registry/src/index.crates.io-1949cf8c6b5b557f/uuid-1.24.0/src/builder.rs:72:5
[INFO] [stdout]     |
[INFO] [stdout]  72 |     pub const fn nil() -> Self {
[INFO] [stdout]     |     ^^^^^^^^^^^^^^^^^^^^^^^^^^
[INFO] [stdout] ...
[INFO] [stdout]  98 |     pub const fn max() -> Self {
[INFO] [stdout]     |     ^^^^^^^^^^^^^^^^^^^^^^^^^^
[INFO] [stdout] ...
[INFO] [stdout] 122 |     pub const fn from_fields(d1: u32, d2: u16, d3: u16, d4: &[u8; 8]) -> Uuid {
[INFO] [stdout]     |     ^^^^^^^^^^^^^^^^^^^^^^^^^^^^^^^^^^^^^^^^^^^^^^^^^^^^^^^^^^^^^^^^^^^^^^^^^
[INFO] [stdout] ...
[INFO] [stdout] 168 |     pub const fn from_fields_le(d1: u32, d2: u16, d3: u16, d4: &[u8; 8]) -> Uuid {
[INFO] [stdout]     |     ^^^^^^^^^^^^^^^^^^^^^^^^^^^^^^^^^^^^^^^^^^^^^^^^^^^^^^^^^^^^^^^^^^^^^^^^^^^^
[INFO] [stdout] 
[INFO] [stdout] 
[INFO] [stdout] error[E0599]: no associated function or constant named `new_v5` found for struct `Uuid` in the current scope
[INFO] [stdout]    --> crates/clawrs-core/src/ids.rs:24:28
[INFO] [stdout]     |
[INFO] [stdout]   6 | macro_rules! id_type {
[INFO] [stdout] ...
[INFO] [stdout]  24 |                 Self(Uuid::new_v5(&Uuid::NAMESPACE_URL, s.as_bytes()))
[INFO] [stdout]     |                            ^^^^^^ associated function or constant not found in `Uuid`
[INFO] [stdout] ...
[INFO] [stdout]  61 | id_type!(SessionId, "Conversation or run session identifier.");
[INFO] [stdout]     | -------------------------------------------------------------- in this macro invocation
[INFO] [stdout]     |
[INFO] [stdout] note: if you're trying to build a new `Uuid` consider using one of the following associated functions:
[INFO] [stdout]       uuid::builder::<impl Uuid>::nil
[INFO] [stdout]       uuid::builder::<impl Uuid>::max
[INFO] [stdout]       uuid::builder::<impl Uuid>::from_fields
[INFO] [stdout]       uuid::builder::<impl Uuid>::from_fields_le
[INFO] [stdout]       and 13 others
[INFO] [stdout]    --> /opt/rustwide/cargo-home/registry/src/index.crates.io-1949cf8c6b5b557f/uuid-1.24.0/src/builder.rs:72:5
[INFO] [stdout]     |
[INFO] [stdout]  72 |     pub const fn nil() -> Self {
[INFO] [stdout]     |     ^^^^^^^^^^^^^^^^^^^^^^^^^^
[INFO] [stdout] ...
[INFO] [stdout]  98 |     pub const fn max() -> Self {
[INFO] [stdout]     |     ^^^^^^^^^^^^^^^^^^^^^^^^^^
[INFO] [stdout] ...
[INFO] [stdout] 122 |     pub const fn from_fields(d1: u32, d2: u16, d3: u16, d4: &[u8; 8]) -> Uuid {
[INFO] [stdout]     |     ^^^^^^^^^^^^^^^^^^^^^^^^^^^^^^^^^^^^^^^^^^^^^^^^^^^^^^^^^^^^^^^^^^^^^^^^^
[INFO] [stdout] ...
[INFO] [stdout] 168 |     pub const fn from_fields_le(d1: u32, d2: u16, d3: u16, d4: &[u8; 8]) -> Uuid {
[INFO] [stdout]     |     ^^^^^^^^^^^^^^^^^^^^^^^^^^^^^^^^^^^^^^^^^^^^^^^^^^^^^^^^^^^^^^^^^^^^^^^^^^^^
[INFO] [stdout] 
[INFO] [stdout] 
[INFO] [stdout] error[E0599]: no associated function or constant named `new_v5` found for struct `Uuid` in the current scope
[INFO] [stdout]    --> crates/clawrs-core/src/ids.rs:24:28
[INFO] [stdout]     |
[INFO] [stdout]   6 | macro_rules! id_type {
[INFO] [stdout] ...
[INFO] [stdout]  24 |                 Self(Uuid::new_v5(&Uuid::NAMESPACE_URL, s.as_bytes()))
[INFO] [stdout]     |                            ^^^^^^ associated function or constant not found in `Uuid`
[INFO] [stdout] ...
[INFO] [stdout]  62 | id_type!(RunId, "Single agent execution (turn) identifier.");
[INFO] [stdout]     | ------------------------------------------------------------ in this macro invocation
[INFO] [stdout]     |
[INFO] [stdout] note: if you're trying to build a new `Uuid` consider using one of the following associated functions:
[INFO] [stdout]       uuid::builder::<impl Uuid>::nil
[INFO] [stdout]       uuid::builder::<impl Uuid>::max
[INFO] [stdout]       uuid::builder::<impl Uuid>::from_fields
[INFO] [stdout]       uuid::builder::<impl Uuid>::from_fields_le
[INFO] [stdout]       and 13 others
[INFO] [stdout]    --> /opt/rustwide/cargo-home/registry/src/index.crates.io-1949cf8c6b5b557f/uuid-1.24.0/src/builder.rs:72:5
[INFO] [stdout]     |
[INFO] [stdout]  72 |     pub const fn nil() -> Self {
[INFO] [stdout]     |     ^^^^^^^^^^^^^^^^^^^^^^^^^^
[INFO] [stdout] ...
[INFO] [stdout]  98 |     pub const fn max() -> Self {
[INFO] [stdout]     |     ^^^^^^^^^^^^^^^^^^^^^^^^^^
[INFO] [stdout] ...
[INFO] [stdout] 122 |     pub const fn from_fields(d1: u32, d2: u16, d3: u16, d4: &[u8; 8]) -> Uuid {
[INFO] [stdout]     |     ^^^^^^^^^^^^^^^^^^^^^^^^^^^^^^^^^^^^^^^^^^^^^^^^^^^^^^^^^^^^^^^^^^^^^^^^^
[INFO] [stdout] ...
[INFO] [stdout] 168 |     pub const fn from_fields_le(d1: u32, d2: u16, d3: u16, d4: &[u8; 8]) -> Uuid {
[INFO] [stdout]     |     ^^^^^^^^^^^^^^^^^^^^^^^^^^^^^^^^^^^^^^^^^^^^^^^^^^^^^^^^^^^^^^^^^^^^^^^^^^^^
[INFO] [stdout] 
[INFO] [stdout] 
[INFO] [stdout] error[E0599]: no associated function or constant named `new_v5` found for struct `Uuid` in the current scope
[INFO] [stdout]    --> crates/clawrs-core/src/ids.rs:24:28
[INFO] [stdout]     |
[INFO] [stdout]   6 | macro_rules! id_type {
[INFO] [stdout] ...
[INFO] [stdout]  24 |                 Self(Uuid::new_v5(&Uuid::NAMESPACE_URL, s.as_bytes()))
[INFO] [stdout]     |                            ^^^^^^ associated function or constant not found in `Uuid`
[INFO] [stdout] ...
[INFO] [stdout]  63 | id_type!(ToolCallId, "Identifier for an LLM-requested tool invocation.");
[INFO] [stdout]     | ------------------------------------------------------------------------ in this macro invocation
[INFO] [stdout]     |
[INFO] [stdout] note: if you're trying to build a new `Uuid` consider using one of the following associated functions:
[INFO] [stdout]       uuid::builder::<impl Uuid>::nil
[INFO] [stdout]       uuid::builder::<impl Uuid>::max
[INFO] [stdout]       uuid::builder::<impl Uuid>::from_fields
[INFO] [stdout]       uuid::builder::<impl Uuid>::from_fields_le
[INFO] [stdout]       and 13 others
[INFO] [stdout]    --> /opt/rustwide/cargo-home/registry/src/index.crates.io-1949cf8c6b5b557f/uuid-1.24.0/src/builder.rs:72:5
[INFO] [stdout]     |
[INFO] [stdout]  72 |     pub const fn nil() -> Self {
[INFO] [stdout]     |     ^^^^^^^^^^^^^^^^^^^^^^^^^^
[INFO] [stdout] ...
[INFO] [stdout]  98 |     pub const fn max() -> Self {
[INFO] [stdout]     |     ^^^^^^^^^^^^^^^^^^^^^^^^^^
[INFO] [stdout] ...
[INFO] [stdout] 122 |     pub const fn from_fields(d1: u32, d2: u16, d3: u16, d4: &[u8; 8]) -> Uuid {
[INFO] [stdout]     |     ^^^^^^^^^^^^^^^^^^^^^^^^^^^^^^^^^^^^^^^^^^^^^^^^^^^^^^^^^^^^^^^^^^^^^^^^^
[INFO] [stdout] ...
[INFO] [stdout] 168 |     pub const fn from_fields_le(d1: u32, d2: u16, d3: u16, d4: &[u8; 8]) -> Uuid {
[INFO] [stdout]     |     ^^^^^^^^^^^^^^^^^^^^^^^^^^^^^^^^^^^^^^^^^^^^^^^^^^^^^^^^^^^^^^^^^^^^^^^^^^^^
[INFO] [stdout] 
[INFO] [stdout] 
[INFO] [stdout] For more information about this error, try `rustc --explain E0599`.
[INFO] [stdout] 
[INFO] [stderr] error: could not compile `clawrs-core` (lib) due to 6 previous errors
[INFO] [stderr] warning: build failed, waiting for other jobs to finish...
[INFO] running `Command { std: "docker" "inspect" "21561bc6a67106e9de5e7c86c68194059b845024cff7d618d54d612324b4f129", kill_on_drop: false }`
[INFO] running `Command { std: "docker" "rm" "-f" "21561bc6a67106e9de5e7c86c68194059b845024cff7d618d54d612324b4f129", kill_on_drop: false }`
[INFO] [stdout] 21561bc6a67106e9de5e7c86c68194059b845024cff7d618d54d612324b4f129
