[INFO] cloning repository https://github.com/AssetsArt/lokal
[INFO] running `Command { std: "git" "-c" "credential.helper=" "-c" "credential.helper=/workspace/cargo-home/bin/git-credential-null" "clone" "--bare" "https://github.com/AssetsArt/lokal" "/workspace/cache/git-repos/https%3A%2F%2Fgithub.com%2FAssetsArt%2Flokal", kill_on_drop: false }`
[INFO] [stderr] Cloning into bare repository '/workspace/cache/git-repos/https%3A%2F%2Fgithub.com%2FAssetsArt%2Flokal'...
[INFO] running `Command { std: "git" "rev-parse" "HEAD", kill_on_drop: false }`
[INFO] [stdout] d90f77cb5de8c80955d9c040b377c728353e7d33
[INFO] checking AssetsArt/lokal against 3154cc1a3e6424e44f438a95007d043ed5ceaaf6+rustflags=-Znext-solver=coherence for pr-133502-30
[INFO] running `Command { std: "git" "clone" "/workspace/cache/git-repos/https%3A%2F%2Fgithub.com%2FAssetsArt%2Flokal" "/workspace/builds/worker-3-tc1/source", kill_on_drop: false }`
[INFO] [stderr] Cloning into '/workspace/builds/worker-3-tc1/source'...
[INFO] [stderr] done.
[INFO] started tweaking git repo https://github.com/AssetsArt/lokal
[INFO] finished tweaking git repo https://github.com/AssetsArt/lokal
[INFO] tweaked toml for git repo https://github.com/AssetsArt/lokal written to /workspace/builds/worker-3-tc1/source/Cargo.toml
[INFO] validating manifest of git repo https://github.com/AssetsArt/lokal on toolchain 3154cc1a3e6424e44f438a95007d043ed5ceaaf6
[INFO] running `Command { std: CARGO_HOME="/workspace/cargo-home" RUSTUP_HOME="/workspace/rustup-home" "/workspace/cargo-home/bin/cargo" "+3154cc1a3e6424e44f438a95007d043ed5ceaaf6" "metadata" "--manifest-path" "Cargo.toml" "--no-deps", kill_on_drop: false }`
[INFO] crate git repo https://github.com/AssetsArt/lokal already has a lockfile, it will not be regenerated
[INFO] running `Command { std: CARGO_HOME="/workspace/cargo-home" RUSTUP_HOME="/workspace/rustup-home" "/workspace/cargo-home/bin/cargo" "+3154cc1a3e6424e44f438a95007d043ed5ceaaf6" "fetch" "--manifest-path" "Cargo.toml", kill_on_drop: false }`
[INFO] [stderr]     Updating crates.io index
[INFO] [stderr]     Blocking waiting for file lock on package cache
[INFO] [stderr]  Downloading crates ...
[INFO] [stderr]   Downloaded objc2-core-ml v0.3.2
[INFO] [stderr]   Downloaded tokio_with_wasm_proc v0.8.8
[INFO] [stderr]   Downloaded daachorse v1.0.1
[INFO] [stderr]   Downloaded safetensors v0.8.0
[INFO] [stderr]   Downloaded objc2-image-io v0.3.2
[INFO] [stderr]   Downloaded tokio_with_wasm v0.8.8
[INFO] [stderr]   Downloaded konst_proc_macros v0.4.1
[INFO] [stderr]   Downloaded heapify v0.2.0
[INFO] [stderr]   Downloaded safe-transmute v0.11.3
[INFO] [stderr]   Downloaded countio v0.3.0
[INFO] [stderr]   Downloaded tokenizers v0.23.1
[INFO] [stderr]   Downloaded const-str v1.1.0
[INFO] [stderr]   Downloaded twox-hash v2.1.4
[INFO] [stderr]   Downloaded gearhash v0.1.3
[INFO] [stderr]   Downloaded hf-xet v1.6.0
[INFO] [stderr]   Downloaded xet-runtime v1.6.0
[INFO] [stderr]   Downloaded reqwest-middleware v0.5.2
[INFO] [stderr]   Downloaded hf-hub v1.0.0
[INFO] [stderr]   Downloaded konst v0.4.3
[INFO] [stderr]   Downloaded bon v3.10.0
[INFO] [stderr]   Downloaded bon-macros v3.10.0
[INFO] [stderr]   Downloaded xet-core-structures v1.6.0
[INFO] [stderr]   Downloaded statrs v0.18.0
[INFO] [stderr]   Downloaded redb v3.1.3
[INFO] [stderr]   Downloaded xet-client v1.6.0
[INFO] [stderr]   Downloaded xet-data v1.6.0
[INFO] running `Command { std: "docker" "create" "-v" "/var/lib/crater-agent-workspace/builds/worker-3-tc1/source:/opt/rustwide/workdir:ro,Z" "-v" "/var/lib/crater-agent-workspace/builds/worker-3-tc1/target:/opt/rustwide/target:rw,Z" "-v" "/var/lib/crater-agent-workspace/cargo-home:/opt/rustwide/cargo-home:ro,Z" "-v" "/var/lib/crater-agent-workspace/rustup-home:/opt/rustwide/rustup-home:ro,Z" "-m" "1610612736" "--network" "none" "ghcr.io/rust-lang/crates-build-env/linux@sha256:77db811e55d90add9212f6832c23229e3de5f1c1f9905e8cb07319ea15df73ac" "sleep" "infinity", kill_on_drop: false }`
[INFO] [stdout] 05882f4975251a97c7ee3baa8d350506a9fc68840fbb4235cba6afa9190154cd
[INFO] running `Command { std: "docker" "start" "05882f4975251a97c7ee3baa8d350506a9fc68840fbb4235cba6afa9190154cd", kill_on_drop: false }`
[INFO] running `Command { std: "docker" "inspect" "05882f4975251a97c7ee3baa8d350506a9fc68840fbb4235cba6afa9190154cd", kill_on_drop: false }`
[INFO] running `Command { std: "docker" "exec" "-e" "SOURCE_DIR=/opt/rustwide/workdir" "-e" "CARGO_HOME=/opt/rustwide/cargo-home" "-e" "RUSTUP_HOME=/opt/rustwide/rustup-home" "-e" "CARGO_TARGET_DIR=/opt/rustwide/target" "-w" "/opt/rustwide/workdir" "--user" "0:0" "05882f4975251a97c7ee3baa8d350506a9fc68840fbb4235cba6afa9190154cd" "/opt/rustwide/cargo-home/bin/cargo" "+3154cc1a3e6424e44f438a95007d043ed5ceaaf6" "metadata" "--no-deps" "--format-version=1", kill_on_drop: false }`
[INFO] running `Command { std: "docker" "inspect" "05882f4975251a97c7ee3baa8d350506a9fc68840fbb4235cba6afa9190154cd", kill_on_drop: false }`
[INFO] running `Command { std: "docker" "exec" "-e" "SOURCE_DIR=/opt/rustwide/workdir" "-e" "CARGO_HOME=/opt/rustwide/cargo-home" "-e" "RUSTUP_HOME=/opt/rustwide/rustup-home" "-e" "CARGO_TARGET_DIR=/opt/rustwide/target" "-e" "CARGO_INCREMENTAL=0" "-e" "RUST_BACKTRACE=full" "-e" "RUSTFLAGS=--cap-lints=forbid -Znext-solver=coherence" "-e" "RUSTDOCFLAGS=--cap-lints=forbid" "-w" "/opt/rustwide/workdir" "--user" "0:0" "05882f4975251a97c7ee3baa8d350506a9fc68840fbb4235cba6afa9190154cd" "/opt/rustwide/cargo-home/bin/cargo" "+3154cc1a3e6424e44f438a95007d043ed5ceaaf6" "check" "--frozen" "--all" "--all-targets" "--message-format=json", kill_on_drop: false }`
[INFO] [stderr]    Compiling serde_core v1.0.229
[INFO] [stderr]    Compiling syn v3.0.4
[INFO] [stderr]    Compiling cc v1.4.4
[INFO] [stderr]     Checking mio v1.2.2
[INFO] [stderr]    Compiling aws-lc-rs v1.18.0
[INFO] [stderr]     Checking regex-automata v0.4.18
[INFO] [stderr]     Checking tracing v0.1.44
[INFO] [stderr]    Compiling rustls v0.23.43
[INFO] [stderr]     Checking indexmap v2.14.1
[INFO] [stderr]     Checking ipnet v2.12.1
[INFO] [stderr]     Checking typewit v1.15.2
[INFO] [stderr]     Checking time v0.3.55
[INFO] [stderr]     Checking crossbeam-channel v0.5.16
[INFO] [stderr]     Checking const_panic v0.2.17
[INFO] [stderr]    Compiling git-version-macro v0.3.9
[INFO] [stderr]     Checking os_str_bytes v6.6.1
[INFO] [stderr]     Checking link-section v0.19.3
[INFO] [stderr]    Compiling linktime-proc-macro v0.2.3
[INFO] [stderr]    Compiling cmake v0.1.58
[INFO] [stderr]    Compiling konst_proc_macros v0.4.1
[INFO] [stderr]     Checking git-version v0.3.9
[INFO] [stderr]     Checking chrono v0.4.45
[INFO] [stderr]     Checking ctor v1.0.13
[INFO] [stderr]     Checking konst v0.4.3
[INFO] [stderr]     Checking sysinfo v0.38.4
[INFO] [stderr]    Compiling aws-lc-sys v0.44.0
[INFO] [stderr]    Compiling blake3 v1.8.7
[INFO] [stderr]     Checking serde_json v1.0.151
[INFO] [stderr]     Checking twox-hash v2.1.4
[INFO] [stderr]     Checking humantime v2.4.0
[INFO] [stderr]     Checking const-str v1.1.0
[INFO] [stderr]     Checking oneshot v0.1.13
[INFO] [stderr]    Compiling redb v3.1.3
[INFO] [stderr]     Checking more-asserts v0.3.1
[INFO] [stderr]     Checking matchers v0.2.0
[INFO] [stderr]     Checking bstr v1.13.1
[INFO] [stderr]     Checking regex v1.13.1
[INFO] [stderr]     Checking colored v3.1.1
[INFO] [stderr]    Compiling crc32fast v1.5.1
[INFO] [stderr]     Checking lz4_flex v0.13.1
[INFO] [stderr]     Checking approx v0.5.1
[INFO] [stderr]     Checking uuid v1.26.0
[INFO] [stderr]     Checking countio v0.3.0
[INFO] [stderr]    Compiling prettyplease v0.3.0
[INFO] [stderr]     Checking heapify v0.2.0
[INFO] [stderr]     Checking safe-transmute v0.11.3
[INFO] [stderr]     Checking statrs v0.18.0
[INFO] [stderr]     Checking shellexpand v3.1.2
[INFO] [stderr]    Compiling onig_sys v69.9.3
[INFO] [stderr]     Checking cfg-if v0.1.10
[INFO] [stderr]    Compiling esaxx-rs v0.1.10
[INFO] [stderr]     Checking gearhash v0.1.3
[INFO] [stderr]     Checking console v0.16.4
[INFO] [stderr]     Checking unit-prefix v0.5.2
[INFO] [stderr]     Checking hashbrown v0.16.1
[INFO] [stderr]     Checking indicatif v0.18.6
[INFO] [stderr]     Checking monostate v0.1.18
[INFO] [stderr]     Checking globset v0.4.20
[INFO] [stderr]     Checking unicode-normalization-alignments v0.1.12
[INFO] [stderr]    Compiling darling_core v0.24.1
[INFO] [stderr]     Checking pathdiff v0.2.3
[INFO] [stderr]     Checking daachorse v1.0.1
[INFO] [stderr]    Compiling zerovec-derive v0.11.6
[INFO] [stderr]    Compiling displaydoc v0.2.7
[INFO] [stderr]    Compiling serde_derive v1.0.229
[INFO] [stderr]    Compiling tokio-macros v2.7.2
[INFO] [stderr]    Compiling futures-macro v0.3.34
[INFO] [stderr]     Checking zerotrie v0.2.5
[INFO] [stderr]     Checking tokio v1.53.1
[INFO] [stderr]    Compiling thiserror-impl v2.0.20
[INFO] [stderr]     Checking zerovec v0.11.8
[INFO] [stderr]     Checking futures-util v0.3.34
[INFO] [stderr]     Checking tinystr v0.8.4
[INFO] [stderr]     Checking icu_locale_core v2.3.0
[INFO] [stderr]     Checking potential_utf v0.1.6
[INFO] [stderr]     Checking icu_collections v2.3.0
[INFO] [stderr]     Checking thiserror v2.0.20
[INFO] [stderr]    Compiling async-trait v0.1.92
[INFO] [stderr]    Compiling darling_macro v0.24.1
[INFO] [stderr]    Compiling serde_repr v0.1.21
[INFO] [stderr]     Checking icu_provider v2.3.1
[INFO] [stderr]    Compiling darling v0.24.1
[INFO] [stderr]    Compiling bon-macros v3.10.0
[INFO] [stderr]     Checking icu_properties v2.3.0
[INFO] [stderr]     Checking icu_normalizer v2.3.0
[INFO] [stderr]     Checking onig v6.5.3
[INFO] [stderr]     Checking serde v1.0.229
[INFO] [stderr]     Checking serde_urlencoded v0.7.1
[INFO] [stderr]     Checking idna_adapter v1.2.2
[INFO] [stderr]     Checking idna v1.1.0
[INFO] [stderr]     Checking tracing-serde v0.2.0
[INFO] [stderr]     Checking futures-executor v0.3.34
[INFO] [stderr]     Checking dary_heap v0.3.9
[INFO] [stderr]     Checking tracing-subscriber v0.3.23
[INFO] [stderr]     Checking futures v0.3.34
[INFO] [stderr]     Checking compact_str v0.9.1
[INFO] [stderr]     Checking spm_precompiled v0.1.4
[INFO] [stderr]     Checking url v2.5.8
[INFO] [stderr]     Checking ahash v0.8.12
[INFO] [stderr]     Checking safetensors v0.8.0
[INFO] [stderr]     Checking tokenizers v0.23.1
[INFO] [stderr]     Checking tokio-util v0.7.19
[INFO] [stderr]     Checking tower v0.5.3
[INFO] [stderr]     Checking tokio-retry v0.3.2
[INFO] [stderr]     Checking h2 v0.4.19
[INFO] [stderr]     Checking tower-http v0.6.11
[INFO] [stderr]     Checking tracing-appender v0.2.5
[INFO] [stderr]     Checking bon v3.10.0
[INFO] [stderr]     Checking hyper v1.11.1
[INFO] [stderr]     Checking hyper-util v0.1.20
[INFO] [stderr]     Checking rustls-webpki v0.103.15
[INFO] [stderr]     Checking tokio-rustls v0.26.4
[INFO] [stderr]     Checking rustls-platform-verifier v0.7.0
[INFO] [stderr]     Checking hyper-rustls v0.27.9
[INFO] [stderr]     Checking reqwest v0.13.4
[INFO] [stderr]     Checking xet-runtime v1.6.0
[INFO] [stderr]     Checking reqwest-middleware v0.5.2
[INFO] [stderr]     Checking xet-core-structures v1.6.0
[INFO] [stderr]     Checking xet-client v1.6.0
[INFO] [stderr]     Checking xet-data v1.6.0
[INFO] [stderr]     Checking hf-xet v1.6.0
[INFO] [stderr]     Checking hf-hub v1.0.0
[INFO] [stderr]     Checking lokal v0.1.0 (/opt/rustwide/workdir)
[INFO] [stdout] error[E0433]: cannot find `lowmem` in the crate root
[INFO] [stdout]    --> src/gguf/dequant.rs:152:12
[INFO] [stdout]     |
[INFO] [stdout] 152 | use crate::lowmem::iq_grids::{
[INFO] [stdout]     |            ^^^^^^ could not find `lowmem` in the crate root
[INFO] [stdout]     |
[INFO] [stdout] note: found an item that was configured out
[INFO] [stdout]    --> src/main.rs:24:5
[INFO] [stdout]     |
[INFO] [stdout]  23 | #[cfg(target_os = "macos")]
[INFO] [stdout]     |       ------------------- the item is gated behind the `macos` feature
[INFO] [stdout]  24 | mod lowmem;
[INFO] [stdout]     |     ^^^^^^
[INFO] [stdout] 
[INFO] [stdout] 
[INFO] [stdout] error[E0433]: cannot find `lowmem` in the crate root
[INFO] [stdout]    --> src/gguf/dequant.rs:152:12
[INFO] [stdout]     |
[INFO] [stdout] 152 | use crate::lowmem::iq_grids::{
[INFO] [stdout]     |            ^^^^^^ could not find `lowmem` in the crate root
[INFO] [stdout]     |
[INFO] [stdout] note: found an item that was configured out
[INFO] [stdout]    --> src/main.rs:24:5
[INFO] [stdout]     |
[INFO] [stdout]  23 | #[cfg(target_os = "macos")]
[INFO] [stdout]     |       ------------------- the item is gated behind the `macos` feature
[INFO] [stdout]  24 | mod lowmem;
[INFO] [stdout]     |     ^^^^^^
[INFO] [stdout] 
[INFO] [stdout] 
[INFO] [stdout] warning: unused imports: `GgufArch`, `hf_name`, `model_config`, `qwen35_meta`, and `unpermute_llama_qk`
[INFO] [stdout]   --> src/gguf/mod.rs:12:5
[INFO] [stdout]    |
[INFO] [stdout] 12 |     hf_name, model_config, qwen35_meta, unpermute_llama_qk, GgufArch, Qwen35Meta,
[INFO] [stdout]    |     ^^^^^^^  ^^^^^^^^^^^^  ^^^^^^^^^^^  ^^^^^^^^^^^^^^^^^^  ^^^^^^^^
[INFO] [stdout]    |
[INFO] [stdout]    = note: `#[warn(unused_imports)]` (part of `#[warn(unused)]`) on by default
[INFO] [stdout] 
[INFO] [stdout] 
[INFO] [stdout] warning: unused imports: `GgufFile`, `expanded_f32_bytes`, `phys_ram_bytes`, `quant_bytes`, and `summary`
[INFO] [stdout]   --> src/gguf/mod.rs:14:21
[INFO] [stdout]    |
[INFO] [stdout] 14 | pub use container::{expanded_f32_bytes, phys_ram_bytes, quant_bytes, summary, GgufFile};
[INFO] [stdout]    |                     ^^^^^^^^^^^^^^^^^^  ^^^^^^^^^^^^^^  ^^^^^^^^^^^  ^^^^^^^  ^^^^^^^^
[INFO] [stdout] 
[INFO] [stdout] 
[INFO] [stdout] warning: unused imports: `GgmlType`, `GgufTensor`, `dequant_row_ref`, and `load_f32`
[INFO] [stdout]   --> src/gguf/mod.rs:15:19
[INFO] [stdout]    |
[INFO] [stdout] 15 | pub use dequant::{dequant_row_ref, load_f32, GgmlType, GgufTensor};
[INFO] [stdout]    |                   ^^^^^^^^^^^^^^^  ^^^^^^^^  ^^^^^^^^  ^^^^^^^^^^
[INFO] [stdout] 
[INFO] [stdout] 
[INFO] [stdout] warning: unused import: `tokenizer::build_tokenizer`
[INFO] [stdout]   --> src/gguf/mod.rs:16:9
[INFO] [stdout]    |
[INFO] [stdout] 16 | pub use tokenizer::build_tokenizer;
[INFO] [stdout]    |         ^^^^^^^^^^^^^^^^^^^^^^^^^^
[INFO] [stdout] 
[INFO] [stdout] 
[INFO] [stdout] error[E0433]: cannot find `lowmem` in the crate root
[INFO] [stdout]    --> src/weights.rs:125:30
[INFO] [stdout]     |
[INFO] [stdout] 125 |         let mut src = crate::lowmem::LowMemSource::open(&p).unwrap();
[INFO] [stdout]     |                              ^^^^^^ could not find `lowmem` in the crate root
[INFO] [stdout]     |
[INFO] [stdout] note: found an item that was configured out
[INFO] [stdout]    --> src/main.rs:24:5
[INFO] [stdout]     |
[INFO] [stdout]  23 | #[cfg(target_os = "macos")]
[INFO] [stdout]     |       ------------------- the item is gated behind the `macos` feature
[INFO] [stdout]  24 | mod lowmem;
[INFO] [stdout]     |     ^^^^^^
[INFO] [stdout] 
[INFO] [stdout] 
[INFO] [stdout] warning: unused imports: `GgufArch`, `hf_name`, `model_config`, `qwen35_meta`, and `unpermute_llama_qk`
[INFO] [stdout]   --> src/gguf/mod.rs:12:5
[INFO] [stdout]    |
[INFO] [stdout] 12 |     hf_name, model_config, qwen35_meta, unpermute_llama_qk, GgufArch, Qwen35Meta,
[INFO] [stdout]    |     ^^^^^^^  ^^^^^^^^^^^^  ^^^^^^^^^^^  ^^^^^^^^^^^^^^^^^^  ^^^^^^^^
[INFO] [stdout]    |
[INFO] [stdout]    = note: `#[warn(unused_imports)]` (part of `#[warn(unused)]`) on by default
[INFO] [stdout] 
[INFO] [stdout] 
[INFO] [stdout] warning: unused imports: `GgufFile`, `expanded_f32_bytes`, `phys_ram_bytes`, `quant_bytes`, and `summary`
[INFO] [stdout]   --> src/gguf/mod.rs:14:21
[INFO] [stdout]    |
[INFO] [stdout] 14 | pub use container::{expanded_f32_bytes, phys_ram_bytes, quant_bytes, summary, GgufFile};
[INFO] [stdout]    |                     ^^^^^^^^^^^^^^^^^^  ^^^^^^^^^^^^^^  ^^^^^^^^^^^  ^^^^^^^  ^^^^^^^^
[INFO] [stdout] 
[INFO] [stdout] 
[INFO] [stdout] warning: unused imports: `GgmlType`, `GgufTensor`, `dequant_row_ref`, and `load_f32`
[INFO] [stdout]   --> src/gguf/mod.rs:15:19
[INFO] [stdout]    |
[INFO] [stdout] 15 | pub use dequant::{dequant_row_ref, load_f32, GgmlType, GgufTensor};
[INFO] [stdout]    |                   ^^^^^^^^^^^^^^^  ^^^^^^^^  ^^^^^^^^  ^^^^^^^^^^
[INFO] [stdout] 
[INFO] [stdout] 
[INFO] [stdout] warning: unused import: `tokenizer::build_tokenizer`
[INFO] [stdout]   --> src/gguf/mod.rs:16:9
[INFO] [stdout]    |
[INFO] [stdout] 16 | pub use tokenizer::build_tokenizer;
[INFO] [stdout]    |         ^^^^^^^^^^^^^^^^^^^^^^^^^^
[INFO] [stdout] 
[INFO] [stdout] 
[INFO] [stdout] For more information about this error, try `rustc --explain E0433`.
[INFO] [stdout] 
[INFO] [stderr] error: could not compile `lokal` (bin "lokal") due to 1 previous error; 4 warnings emitted
[INFO] [stderr] warning: build failed, waiting for other jobs to finish...
[INFO] [stdout] For more information about this error, try `rustc --explain E0433`.
[INFO] [stdout] 
[INFO] [stderr] error: could not compile `lokal` (bin "lokal" test) due to 2 previous errors; 4 warnings emitted
[INFO] running `Command { std: "docker" "inspect" "05882f4975251a97c7ee3baa8d350506a9fc68840fbb4235cba6afa9190154cd", kill_on_drop: false }`
[INFO] running `Command { std: "docker" "rm" "-f" "05882f4975251a97c7ee3baa8d350506a9fc68840fbb4235cba6afa9190154cd", kill_on_drop: false }`
[INFO] [stdout] 05882f4975251a97c7ee3baa8d350506a9fc68840fbb4235cba6afa9190154cd
