[INFO] cloning repository https://github.com/Ascension1337/Tenacity
[INFO] running `Command { std: "git" "-c" "credential.helper=" "-c" "credential.helper=/workspace/cargo-home/bin/git-credential-null" "clone" "--bare" "https://github.com/Ascension1337/Tenacity" "/workspace/cache/git-repos/https%3A%2F%2Fgithub.com%2FAscension1337%2FTenacity", kill_on_drop: false }`
[INFO] [stderr] Cloning into bare repository '/workspace/cache/git-repos/https%3A%2F%2Fgithub.com%2FAscension1337%2FTenacity'...
[INFO] running `Command { std: "git" "rev-parse" "HEAD", kill_on_drop: false }`
[INFO] [stdout] 033e2553ee5ff9c46dd34633dbe543dc26b7fc24
[INFO] checking Ascension1337/Tenacity against 3154cc1a3e6424e44f438a95007d043ed5ceaaf6+rustflags=-Znext-solver=coherence for pr-133502-30
[INFO] running `Command { std: "git" "clone" "/workspace/cache/git-repos/https%3A%2F%2Fgithub.com%2FAscension1337%2FTenacity" "/workspace/builds/worker-7-tc1/source", kill_on_drop: false }`
[INFO] [stderr] Cloning into '/workspace/builds/worker-7-tc1/source'...
[INFO] [stderr] done.
[INFO] started tweaking git repo https://github.com/Ascension1337/Tenacity
[INFO] finished tweaking git repo https://github.com/Ascension1337/Tenacity
[INFO] tweaked toml for git repo https://github.com/Ascension1337/Tenacity written to /workspace/builds/worker-7-tc1/source/Cargo.toml
[INFO] validating manifest of git repo https://github.com/Ascension1337/Tenacity on toolchain 3154cc1a3e6424e44f438a95007d043ed5ceaaf6
[INFO] running `Command { std: CARGO_HOME="/workspace/cargo-home" RUSTUP_HOME="/workspace/rustup-home" "/workspace/cargo-home/bin/cargo" "+3154cc1a3e6424e44f438a95007d043ed5ceaaf6" "metadata" "--manifest-path" "Cargo.toml" "--no-deps", kill_on_drop: false }`
[INFO] crate git repo https://github.com/Ascension1337/Tenacity already has a lockfile, it will not be regenerated
[INFO] running `Command { std: CARGO_HOME="/workspace/cargo-home" RUSTUP_HOME="/workspace/rustup-home" "/workspace/cargo-home/bin/cargo" "+3154cc1a3e6424e44f438a95007d043ed5ceaaf6" "fetch" "--manifest-path" "Cargo.toml", kill_on_drop: false }`
[INFO] [stderr] warning: unused workspace dependency `tracing-subscriber`
[INFO] [stderr]   --> Cargo.toml:21:1
[INFO] [stderr]    |
[INFO] [stderr] 21 | tracing-subscriber = "0.3.23"
[INFO] [stderr]    | ^^^^^^^^^^^^^^^^^^
[INFO] [stderr]    |
[INFO] [stderr]    = note: `cargo::unused_workspace_dependencies` is set to `warn` by default
[INFO] [stderr] help: consider removing the workspace dependency `tracing-subscriber`
[INFO] [stderr] warning: workspace (manifest) generated 1 warning
[INFO] [stderr] warning: `package.homepage` is redundant with `package.repository`
[INFO] [stderr]  --> crates/tenacity-uia/Cargo.toml:8:1
[INFO] [stderr]   |
[INFO] [stderr] 7 | repository.workspace = true
[INFO] [stderr]   | ----------
[INFO] [stderr] 8 | homepage.workspace = true
[INFO] [stderr]   | ^^^^^^^^
[INFO] [stderr]   |
[INFO] [stderr]   = note: `cargo::redundant_homepage` is set to `warn` by default
[INFO] [stderr] help: consider removing `package.homepage`
[INFO] [stderr] warning: `tenacity-uia` (manifest) generated 1 warning
[INFO] [stderr] warning: `package.homepage` is redundant with `package.repository`
[INFO] [stderr]  --> crates/tenacity-engine/Cargo.toml:8:1
[INFO] [stderr]   |
[INFO] [stderr] 7 | repository.workspace = true
[INFO] [stderr]   | ----------
[INFO] [stderr] 8 | homepage.workspace = true
[INFO] [stderr]   | ^^^^^^^^
[INFO] [stderr]   |
[INFO] [stderr]   = note: `cargo::redundant_homepage` is set to `warn` by default
[INFO] [stderr] help: consider removing `package.homepage`
[INFO] [stderr] warning: `tenacity-engine` (manifest) generated 1 warning
[INFO] [stderr] warning: `package.homepage` is redundant with `package.repository`
[INFO] [stderr]  --> crates/tenacity-browser/Cargo.toml:8:1
[INFO] [stderr]   |
[INFO] [stderr] 7 | repository.workspace = true
[INFO] [stderr]   | ----------
[INFO] [stderr] 8 | homepage.workspace = true
[INFO] [stderr]   | ^^^^^^^^
[INFO] [stderr]   |
[INFO] [stderr]   = note: `cargo::redundant_homepage` is set to `warn` by default
[INFO] [stderr] help: consider removing `package.homepage`
[INFO] [stderr] warning: `tenacity-browser` (manifest) generated 1 warning
[INFO] [stderr] warning: `package.homepage` is redundant with `package.repository`
[INFO] [stderr]  --> crates/tenacity-cli/Cargo.toml:8:1
[INFO] [stderr]   |
[INFO] [stderr] 7 | repository.workspace = true
[INFO] [stderr]   | ----------
[INFO] [stderr] 8 | homepage.workspace = true
[INFO] [stderr]   | ^^^^^^^^
[INFO] [stderr]   |
[INFO] [stderr]   = note: `cargo::redundant_homepage` is set to `warn` by default
[INFO] [stderr] help: consider removing `package.homepage`
[INFO] [stderr] warning: `tenacity-cli` (manifest) generated 1 warning
[INFO] [stderr] warning: `package.homepage` is redundant with `package.repository`
[INFO] [stderr]  --> crates/tenacity-activities/Cargo.toml:8:1
[INFO] [stderr]   |
[INFO] [stderr] 7 | repository.workspace = true
[INFO] [stderr]   | ----------
[INFO] [stderr] 8 | homepage.workspace = true
[INFO] [stderr]   | ^^^^^^^^
[INFO] [stderr]   |
[INFO] [stderr]   = note: `cargo::redundant_homepage` is set to `warn` by default
[INFO] [stderr] help: consider removing `package.homepage`
[INFO] [stderr] warning: `tenacity-activities` (manifest) generated 1 warning
[INFO] [stderr] warning: `package.homepage` is redundant with `package.repository`
[INFO] [stderr]  --> crates/tenacity-core/Cargo.toml:8:1
[INFO] [stderr]   |
[INFO] [stderr] 7 | repository.workspace = true
[INFO] [stderr]   | ----------
[INFO] [stderr] 8 | homepage.workspace = true
[INFO] [stderr]   | ^^^^^^^^
[INFO] [stderr]   |
[INFO] [stderr]   = note: `cargo::redundant_homepage` is set to `warn` by default
[INFO] [stderr] help: consider removing `package.homepage`
[INFO] [stderr] warning: `tenacity-core` (manifest) generated 1 warning
[INFO] [stderr] warning: `package.homepage` is redundant with `package.repository`
[INFO] [stderr]  --> crates/tenacity-expr/Cargo.toml:8:1
[INFO] [stderr]   |
[INFO] [stderr] 7 | repository.workspace = true
[INFO] [stderr]   | ----------
[INFO] [stderr] 8 | homepage.workspace = true
[INFO] [stderr]   | ^^^^^^^^
[INFO] [stderr]   |
[INFO] [stderr]   = note: `cargo::redundant_homepage` is set to `warn` by default
[INFO] [stderr] help: consider removing `package.homepage`
[INFO] [stderr] warning: `tenacity-expr` (manifest) generated 1 warning
[INFO] [stderr] warning: `package.homepage` is redundant with `package.repository`
[INFO] [stderr]  --> crates/tenacity-recorder/Cargo.toml:8:1
[INFO] [stderr]   |
[INFO] [stderr] 7 | repository.workspace = true
[INFO] [stderr]   | ----------
[INFO] [stderr] 8 | homepage.workspace = true
[INFO] [stderr]   | ^^^^^^^^
[INFO] [stderr]   |
[INFO] [stderr]   = note: `cargo::redundant_homepage` is set to `warn` by default
[INFO] [stderr] help: consider removing `package.homepage`
[INFO] [stderr] warning: `tenacity-recorder` (manifest) generated 1 warning
[INFO] [stderr]     Updating crates.io index
[INFO] [stderr]  Downloading crates ...
[INFO] [stderr]   Downloaded plotters-backend v0.3.7
[INFO] [stderr]   Downloaded plotters-svg v0.3.7
[INFO] [stderr]   Downloaded plotters v0.3.7
[INFO] [stderr]   Downloaded ciborium-ll v0.2.2
[INFO] [stderr]   Downloaded cast v0.3.0
[INFO] [stderr]   Downloaded tinytemplate v1.2.1
[INFO] [stderr]   Downloaded ciborium-io v0.2.2
[INFO] [stderr]   Downloaded libredox v0.1.18
[INFO] [stderr]   Downloaded criterion-plot v0.5.0
[INFO] [stderr]   Downloaded cmov v0.5.4
[INFO] [stderr]   Downloaded thousands v0.2.0
[INFO] [stderr]   Downloaded anes v0.1.6
[INFO] [stderr]   Downloaded block-padding v0.4.2
[INFO] [stderr]   Downloaded oorandom v11.1.5
[INFO] [stderr]   Downloaded ciborium v0.2.2
[INFO] [stderr]   Downloaded async-trait v0.1.91
[INFO] [stderr]   Downloaded hybrid-array v0.4.13
[INFO] [stderr]   Downloaded phf_shared v0.14.0
[INFO] [stderr]   Downloaded phf_generator v0.14.0
[INFO] [stderr]   Downloaded phf v0.14.0
[INFO] [stderr]   Downloaded phf_macros v0.14.0
[INFO] [stderr]   Downloaded criterion v0.5.1
[INFO] [stderr]   Downloaded clap v4.6.4
[INFO] [stderr]   Downloaded md-5 v0.11.0
[INFO] [stderr]   Downloaded jetscii v0.5.3
[INFO] [stderr]   Downloaded cbc v0.2.1
[INFO] [stderr]   Downloaded windows-interface v0.56.0
[INFO] [stderr]   Downloaded aes v0.9.2
[INFO] [stderr]   Downloaded windows-core v0.56.0
[INFO] [stderr]   Downloaded windows-implement v0.56.0
[INFO] [stderr]   Downloaded html5gum v0.8.4
[INFO] [stderr]   Downloaded cfb v0.14.0
[INFO] [stderr]   Downloaded trash v5.2.6
[INFO] [stderr]   Downloaded rfd v0.17.2
[INFO] [stderr]   Downloaded clap_builder v4.6.2
[INFO] [stderr]   Downloaded zlib-rs v0.6.6
[INFO] [stderr]   Downloaded portable-atomic v1.14.0
[INFO] [stderr]   Downloaded fancy-regex v0.18.0
[INFO] [stderr]   Downloaded time v0.3.54
[INFO] [stderr]   Downloaded lzma-rust2 v0.16.5
[INFO] [stderr]   Downloaded rustls v0.23.42
[INFO] [stderr]   Downloaded aws-lc-rs v1.17.3
[INFO] [stderr]   Downloaded csv-core v0.1.13
[INFO] [stderr]   Downloaded quinn-proto v0.11.16
[INFO] [stderr]   Downloaded csv v1.4.0
[INFO] [stderr]   Downloaded zvariant_utils v3.5.0
[INFO] [stderr]   Downloaded zvariant v5.13.1
[INFO] [stderr]   Downloaded zbus_macros v5.18.0
[INFO] [stderr]   Downloaded zbus v5.18.0
[INFO] [stderr]   Downloaded zvariant_derive v5.13.1
[INFO] [stderr]   Downloaded umya-spreadsheet v3.0.1
[INFO] [stderr]   Downloaded windows v0.56.0
[INFO] [stderr]   Downloaded toml v1.1.3+spec-1.1.0
[INFO] [stderr]   Downloaded aws-lc-sys v0.43.0
[INFO] [stderr]   Downloaded camino v1.2.4
[INFO] [stderr]   Downloaded tao-macros v0.1.3
[INFO] [stderr]   Downloaded open v5.4.0
[INFO] running `Command { std: "docker" "create" "-v" "/var/lib/crater-agent-workspace/builds/worker-7-tc1/source:/opt/rustwide/workdir:ro,Z" "-v" "/var/lib/crater-agent-workspace/builds/worker-7-tc1/target:/opt/rustwide/target:rw,Z" "-v" "/var/lib/crater-agent-workspace/cargo-home:/opt/rustwide/cargo-home:ro,Z" "-v" "/var/lib/crater-agent-workspace/rustup-home:/opt/rustwide/rustup-home:ro,Z" "-m" "1610612736" "--network" "none" "ghcr.io/rust-lang/crates-build-env/linux@sha256:77db811e55d90add9212f6832c23229e3de5f1c1f9905e8cb07319ea15df73ac" "sleep" "infinity", kill_on_drop: false }`
[INFO] [stdout] bba08a0bd3bd899889d54d507b189fa8b767a05550ddc8fbfda8dd85307ff4c3
[INFO] running `Command { std: "docker" "start" "bba08a0bd3bd899889d54d507b189fa8b767a05550ddc8fbfda8dd85307ff4c3", kill_on_drop: false }`
[INFO] running `Command { std: "docker" "inspect" "bba08a0bd3bd899889d54d507b189fa8b767a05550ddc8fbfda8dd85307ff4c3", kill_on_drop: false }`
[INFO] running `Command { std: "docker" "exec" "-e" "SOURCE_DIR=/opt/rustwide/workdir" "-e" "CARGO_HOME=/opt/rustwide/cargo-home" "-e" "RUSTUP_HOME=/opt/rustwide/rustup-home" "-e" "CARGO_TARGET_DIR=/opt/rustwide/target" "-w" "/opt/rustwide/workdir" "--user" "0:0" "bba08a0bd3bd899889d54d507b189fa8b767a05550ddc8fbfda8dd85307ff4c3" "/opt/rustwide/cargo-home/bin/cargo" "+3154cc1a3e6424e44f438a95007d043ed5ceaaf6" "metadata" "--no-deps" "--format-version=1", kill_on_drop: false }`
[INFO] running `Command { std: "docker" "inspect" "bba08a0bd3bd899889d54d507b189fa8b767a05550ddc8fbfda8dd85307ff4c3", kill_on_drop: false }`
[INFO] running `Command { std: "docker" "exec" "-e" "SOURCE_DIR=/opt/rustwide/workdir" "-e" "CARGO_HOME=/opt/rustwide/cargo-home" "-e" "RUSTUP_HOME=/opt/rustwide/rustup-home" "-e" "CARGO_TARGET_DIR=/opt/rustwide/target" "-e" "CARGO_INCREMENTAL=0" "-e" "RUST_BACKTRACE=full" "-e" "RUSTFLAGS=--cap-lints=forbid -Znext-solver=coherence" "-e" "RUSTDOCFLAGS=--cap-lints=forbid" "-w" "/opt/rustwide/workdir" "--user" "0:0" "bba08a0bd3bd899889d54d507b189fa8b767a05550ddc8fbfda8dd85307ff4c3" "/opt/rustwide/cargo-home/bin/cargo" "+3154cc1a3e6424e44f438a95007d043ed5ceaaf6" "check" "--frozen" "--all" "--all-targets" "--message-format=json", kill_on_drop: false }`
[INFO] [stderr] warning: unused workspace dependency `tracing-subscriber`
[INFO] [stderr]   --> Cargo.toml:21:1
[INFO] [stderr]    |
[INFO] [stderr] 21 | tracing-subscriber = "0.3.23"
[INFO] [stderr]    | ^^^^^^^^^^^^^^^^^^
[INFO] [stderr]    |
[INFO] [stderr]    = note: `cargo::unused_workspace_dependencies` is set to `warn` by default
[INFO] [stderr] help: consider removing the workspace dependency `tracing-subscriber`
[INFO] [stderr] warning: workspace (manifest) generated 1 warning
[INFO] [stderr] warning: `package.homepage` is redundant with `package.repository`
[INFO] [stderr]  --> crates/tenacity-core/Cargo.toml:8:1
[INFO] [stderr]   |
[INFO] [stderr] 7 | repository.workspace = true
[INFO] [stderr]   | ----------
[INFO] [stderr] 8 | homepage.workspace = true
[INFO] [stderr]   | ^^^^^^^^
[INFO] [stderr]   |
[INFO] [stderr]   = note: `cargo::redundant_homepage` is set to `warn` by default
[INFO] [stderr] help: consider removing `package.homepage`
[INFO] [stderr] warning: `tenacity-core` (manifest) generated 1 warning
[INFO] [stderr] warning: `package.homepage` is redundant with `package.repository`
[INFO] [stderr]  --> crates/tenacity-expr/Cargo.toml:8:1
[INFO] [stderr]   |
[INFO] [stderr] 7 | repository.workspace = true
[INFO] [stderr]   | ----------
[INFO] [stderr] 8 | homepage.workspace = true
[INFO] [stderr]   | ^^^^^^^^
[INFO] [stderr]   |
[INFO] [stderr]   = note: `cargo::redundant_homepage` is set to `warn` by default
[INFO] [stderr] help: consider removing `package.homepage`
[INFO] [stderr] warning: `tenacity-expr` (manifest) generated 1 warning
[INFO] [stderr] warning: `package.homepage` is redundant with `package.repository`
[INFO] [stderr]  --> crates/tenacity-recorder/Cargo.toml:8:1
[INFO] [stderr]   |
[INFO] [stderr] 7 | repository.workspace = true
[INFO] [stderr]   | ----------
[INFO] [stderr] 8 | homepage.workspace = true
[INFO] [stderr]   | ^^^^^^^^
[INFO] [stderr]   |
[INFO] [stderr]   = note: `cargo::redundant_homepage` is set to `warn` by default
[INFO] [stderr] help: consider removing `package.homepage`
[INFO] [stderr] warning: `tenacity-recorder` (manifest) generated 1 warning
[INFO] [stderr] warning: `package.homepage` is redundant with `package.repository`
[INFO] [stderr]  --> crates/tenacity-uia/Cargo.toml:8:1
[INFO] [stderr]   |
[INFO] [stderr] 7 | repository.workspace = true
[INFO] [stderr]   | ----------
[INFO] [stderr] 8 | homepage.workspace = true
[INFO] [stderr]   | ^^^^^^^^
[INFO] [stderr]   |
[INFO] [stderr]   = note: `cargo::redundant_homepage` is set to `warn` by default
[INFO] [stderr] help: consider removing `package.homepage`
[INFO] [stderr] warning: `tenacity-uia` (manifest) generated 1 warning
[INFO] [stderr] warning: `package.homepage` is redundant with `package.repository`
[INFO] [stderr]  --> crates/tenacity-cli/Cargo.toml:8:1
[INFO] [stderr]   |
[INFO] [stderr] 7 | repository.workspace = true
[INFO] [stderr]   | ----------
[INFO] [stderr] 8 | homepage.workspace = true
[INFO] [stderr]   | ^^^^^^^^
[INFO] [stderr]   |
[INFO] [stderr]   = note: `cargo::redundant_homepage` is set to `warn` by default
[INFO] [stderr] help: consider removing `package.homepage`
[INFO] [stderr] warning: `tenacity-cli` (manifest) generated 1 warning
[INFO] [stderr] warning: `package.homepage` is redundant with `package.repository`
[INFO] [stderr]  --> crates/tenacity-engine/Cargo.toml:8:1
[INFO] [stderr]   |
[INFO] [stderr] 7 | repository.workspace = true
[INFO] [stderr]   | ----------
[INFO] [stderr] 8 | homepage.workspace = true
[INFO] [stderr]   | ^^^^^^^^
[INFO] [stderr]   |
[INFO] [stderr]   = note: `cargo::redundant_homepage` is set to `warn` by default
[INFO] [stderr] help: consider removing `package.homepage`
[INFO] [stderr] warning: `tenacity-engine` (manifest) generated 1 warning
[INFO] [stderr] warning: `package.homepage` is redundant with `package.repository`
[INFO] [stderr]  --> crates/tenacity-browser/Cargo.toml:8:1
[INFO] [stderr]   |
[INFO] [stderr] 7 | repository.workspace = true
[INFO] [stderr]   | ----------
[INFO] [stderr] 8 | homepage.workspace = true
[INFO] [stderr]   | ^^^^^^^^
[INFO] [stderr]   |
[INFO] [stderr]   = note: `cargo::redundant_homepage` is set to `warn` by default
[INFO] [stderr] help: consider removing `package.homepage`
[INFO] [stderr] warning: `tenacity-browser` (manifest) generated 1 warning
[INFO] [stderr] warning: `package.homepage` is redundant with `package.repository`
[INFO] [stderr]  --> crates/tenacity-activities/Cargo.toml:8:1
[INFO] [stderr]   |
[INFO] [stderr] 7 | repository.workspace = true
[INFO] [stderr]   | ----------
[INFO] [stderr] 8 | homepage.workspace = true
[INFO] [stderr]   | ^^^^^^^^
[INFO] [stderr]   |
[INFO] [stderr]   = note: `cargo::redundant_homepage` is set to `warn` by default
[INFO] [stderr] help: consider removing `package.homepage`
[INFO] [stderr] warning: `tenacity-activities` (manifest) generated 1 warning
[INFO] [stderr]    Compiling proc-macro2 v1.0.107
[INFO] [stderr]    Compiling quote v1.0.47
[INFO] [stderr]    Compiling serde_core v1.0.229
[INFO] [stderr]    Compiling serde v1.0.229
[INFO] [stderr]    Compiling smallvec v1.15.2
[INFO] [stderr]    Compiling heck v0.5.0
[INFO] [stderr]    Compiling winnow v0.5.40
[INFO] [stderr]    Compiling target-lexicon v0.12.16
[INFO] [stderr]    Compiling version-compare v0.2.1
[INFO] [stderr]    Compiling autocfg v1.5.1
[INFO] [stderr]     Checking pin-project-lite v0.2.17
[INFO] [stderr]     Checking memchr v2.8.3
[INFO] [stderr]    Compiling libc v0.2.189
[INFO] [stderr]     Checking futures-core v0.3.33
[INFO] [stderr]    Compiling siphasher v1.0.3
[INFO] [stderr]     Checking once_cell v1.21.4
[INFO] [stderr]    Compiling fastrand v2.5.0
[INFO] [stderr]    Compiling icu_normalizer_data v2.2.0
[INFO] [stderr]    Compiling icu_properties_data v2.2.0
[INFO] [stderr]     Checking slab v0.4.12
[INFO] [stderr]    Compiling phf_shared v0.13.1
[INFO] [stderr]     Checking futures-task v0.3.33
[INFO] [stderr]    Compiling dunce v1.0.5
[INFO] [stderr]    Compiling stable_deref_trait v1.2.1
[INFO] [stderr]    Compiling parking_lot_core v0.9.12
[INFO] [stderr]    Compiling time-core v0.1.9
[INFO] [stderr]    Compiling num-conv v0.2.2
[INFO] [stderr]    Compiling winnow v1.0.4
[INFO] [stderr]    Compiling anyhow v1.0.104
[INFO] [stderr]     Checking futures-channel v0.3.33
[INFO] [stderr]     Checking rand_core v0.10.1
[INFO] [stderr]    Compiling getrandom v0.4.3
[INFO] [stderr]     Checking typenum v1.20.1
[INFO] [stderr]    Compiling typeid v1.0.3
[INFO] [stderr]    Compiling litemap v0.8.2
[INFO] [stderr]    Compiling cfg-expr v0.15.8
[INFO] [stderr]    Compiling phf_generator v0.13.1
[INFO] [stderr]    Compiling phf_codegen v0.13.1
[INFO] [stderr]    Compiling strsim v0.11.1
[INFO] [stderr]    Compiling writeable v0.6.3
[INFO] [stderr]     Checking bytes v1.12.1
[INFO] [stderr]    Compiling ident_case v1.0.1
[INFO] [stderr]    Compiling erased-serde v0.4.10
[INFO] [stderr]    Compiling utf8_iter v1.0.4
[INFO] [stderr]    Compiling serde_json v1.0.151
[INFO] [stderr]    Compiling proc-macro-error-attr v1.0.4
[INFO] [stderr]     Checking log v0.4.33
[INFO] [stderr]    Compiling new_debug_unreachable v1.0.6
[INFO] [stderr]    Compiling syn v1.0.109
[INFO] [stderr]    Compiling scopeguard v1.2.0
[INFO] [stderr]    Compiling lock_api v0.4.14
[INFO] [stderr]    Compiling proc-macro-error v1.0.4
[INFO] [stderr]     Checking futures-io v0.3.33
[INFO] [stderr]    Compiling crossbeam-utils v0.8.22
[INFO] [stderr]    Compiling precomputed-hash v0.1.1
[INFO] [stderr]    Compiling quick-xml v0.41.0
[INFO] [stderr]    Compiling zmij v1.0.23
[INFO] [stderr]    Compiling crc32fast v1.5.0
[INFO] [stderr]    Compiling toml_writer v1.1.2+spec-1.1.0
[INFO] [stderr]    Compiling ctor-proc-macro v0.0.7
[INFO] [stderr]     Checking aho-corasick v1.1.4
[INFO] [stderr]    Compiling syn v2.0.119
[INFO] [stderr]    Compiling syn v3.0.3
[INFO] [stderr]    Compiling string_cache_codegen v0.6.1
[INFO] [stderr]     Checking regex-syntax v0.8.11
[INFO] [stderr]    Compiling jobserver v0.1.35
[INFO] [stderr]    Compiling cc v1.4.0
[INFO] [stderr]    Compiling web_atoms v0.2.5
[INFO] [stderr]    Compiling toml_parser v1.1.2+spec-1.1.0
[INFO] [stderr]    Compiling parking_lot v0.12.5
[INFO] [stderr]    Compiling percent-encoding v2.3.2
[INFO] [stderr]    Compiling dtoa v1.0.11
[INFO] [stderr]    Compiling dtoa-short v0.3.5
[INFO] [stderr]    Compiling form_urlencoded v1.2.2
[INFO] [stderr]    Compiling tendril v0.5.1
[INFO] [stderr]    Compiling selectors v0.36.1
[INFO] [stderr]    Compiling string_cache v0.9.0
[INFO] [stderr]    Compiling indexmap v1.9.3
[INFO] [stderr]    Compiling alloc-no-stdlib v2.0.4
[INFO] [stderr]    Compiling rustix v1.1.4
[INFO] [stderr]    Compiling heck v0.4.1
[INFO] [stderr]    Compiling byteorder v1.5.0
[INFO] [stderr]    Compiling unic-char-range v0.9.0
[INFO] [stderr]    Compiling unic-common v0.9.0
[INFO] [stderr]    Compiling camino v1.2.4
[INFO] [stderr]     Checking bitflags v2.13.1
[INFO] [stderr]     Checking uuid v1.24.0
[INFO] [stderr]    Compiling unic-char-property v0.9.0
[INFO] [stderr]    Compiling unic-ucd-version v0.9.0
[INFO] [stderr]    Compiling alloc-stdlib v0.2.4
[INFO] [stderr]     Checking hybrid-array v0.4.13
[INFO] [stderr]     Checking http v1.4.2
[INFO] [stderr]    Compiling servo_arc v0.4.3
[INFO] [stderr]     Checking socket2 v0.6.5
[INFO] [stderr]     Checking mio v1.2.2
[INFO] [stderr]    Compiling powerfmt v0.2.0
[INFO] [stderr]    Compiling fnv v1.0.7
[INFO] [stderr]    Compiling bit-vec v0.8.0
[INFO] [stderr]    Compiling deranged v0.5.8
[INFO] [stderr]    Compiling semver v1.0.28
[INFO] [stderr]    Compiling toml_datetime v1.1.1+spec-1.1.0
[INFO] [stderr]    Compiling serde_spanned v1.1.1
[INFO] [stderr]    Compiling toml v1.1.3+spec-1.1.0
[INFO] [stderr]     Checking linux-raw-sys v0.12.1
[INFO] [stderr]    Compiling rustc_version v0.4.1
[INFO] [stderr]     Checking hashbrown v0.17.1
[INFO] [stderr]    Compiling schemars v0.8.22
[INFO] [stderr]    Compiling regex-automata v0.4.16
[INFO] [stderr]    Compiling rustc-hash v2.1.3
[INFO] [stderr]    Compiling hashbrown v0.12.3
[INFO] [stderr]    Compiling cfb v0.7.3
[INFO] [stderr]    Compiling bit-set v0.8.0
[INFO] [stderr]    Compiling brotli-decompressor v5.0.3
[INFO] [stderr]    Compiling unic-ucd-ident v0.9.0
[INFO] [stderr]    Compiling num-traits v0.2.19
[INFO] [stderr]    Compiling foldhash v0.2.0
[INFO] [stderr]    Compiling base64 v0.22.1
[INFO] [stderr]    Compiling same-file v1.0.6
[INFO] [stderr]    Compiling dyn-clone v1.0.20
[INFO] [stderr]    Compiling walkdir v2.5.0
[INFO] [stderr]    Compiling infer v0.19.0
[INFO] [stderr]    Compiling serde-untagged v0.1.9
[INFO] [stderr]    Compiling ctor v0.8.0
[INFO] [stderr]    Compiling glob v0.3.4
[INFO] [stderr]    Compiling time v0.3.54
[INFO] [stderr]    Compiling brotli v8.0.4
[INFO] [stderr]    Compiling time-macros v0.2.32
[INFO] [stderr]     Checking indexmap v2.14.0
[INFO] [stderr]    Compiling gio v0.18.4
[INFO] [stderr]     Checking crypto-common v0.2.2
[INFO] [stderr]    Compiling cmake v0.1.58
[INFO] [stderr]    Compiling fs_extra v1.3.0
[INFO] [stderr]     Checking tracing-core v0.1.36
[INFO] [stderr]     Checking option-ext v0.2.0
[INFO] [stderr]     Checking raw-window-handle v0.6.2
[INFO] [stderr]    Compiling aws-lc-sys v0.43.0
[INFO] [stderr]     Checking cmov v0.5.4
[INFO] [stderr]     Checking dirs-sys v0.5.0
[INFO] [stderr]     Checking block-buffer v0.12.1
[INFO] [stderr]     Checking ctutils v0.4.2
[INFO] [stderr]    Compiling toml_datetime v0.7.5+spec-1.1.0
[INFO] [stderr]    Compiling memoffset v0.9.1
[INFO] [stderr]    Compiling aws-lc-rs v1.17.3
[INFO] [stderr]    Compiling winnow v0.7.15
[INFO] [stderr]     Checking simd-adler32 v0.3.10
[INFO] [stderr]     Checking const-oid v0.10.2
[INFO] [stderr]     Checking atomic-waker v1.1.2
[INFO] [stderr]     Checking digest v0.11.3
[INFO] [stderr]     Checking dirs v6.0.0
[INFO] [stderr]    Compiling embed-resource v3.0.11
[INFO] [stderr]    Compiling field-offset v0.3.6
[INFO] [stderr]     Checking futures-sink v0.3.33
[INFO] [stderr]     Checking cpufeatures v0.3.0
[INFO] [stderr]     Checking parking v2.2.1
[INFO] [stderr]     Checking iana-time-zone v0.1.65
[INFO] [stderr]    Compiling tauri-winres v0.3.6
[INFO] [stderr]    Compiling zstd-sys v2.0.16+zstd.1.5.7
[INFO] [stderr]    Compiling gtk v0.18.2
[INFO] [stderr]     Checking adler2 v2.0.1
[INFO] [stderr]     Checking miniz_oxide v0.8.9
[INFO] [stderr]     Checking http-body v1.1.0
[INFO] [stderr]     Checking regex v1.13.1
[INFO] [stderr]     Checking block-padding v0.4.2
[INFO] [stderr]     Checking generic-array v0.14.7
[INFO] [stderr]     Checking libloading v0.7.4
[INFO] [stderr]    Compiling x11 v2.21.0
[INFO] [stderr]    Compiling wayland-sys v0.31.11
[INFO] [stderr]    Compiling rustls v0.23.42
[INFO] [stderr]     Checking zlib-rs v0.6.6
[INFO] [stderr]    Compiling serde_derive v1.0.229
[INFO] [stderr]    Compiling thiserror-impl v2.0.19
[INFO] [stderr]     Checking dlib v0.5.3
[INFO] [stderr]     Checking inout v0.2.2
[INFO] [stderr]    Compiling wayland-backend v0.3.16
[INFO] [stderr]     Checking try-lock v0.2.5
[INFO] [stderr]     Checking tower-service v0.3.3
[INFO] [stderr]     Checking mime v0.3.17
[INFO] [stderr]    Compiling zstd-safe v7.2.4
[INFO] [stderr]     Checking want v0.3.1
[INFO] [stderr]     Checking cipher v0.5.2
[INFO] [stderr]     Checking crypto-common v0.1.7
[INFO] [stderr]    Compiling synstructure v0.13.2
[INFO] [stderr]    Compiling darling_core v0.23.0
[INFO] [stderr]    Compiling serde_derive_internals v0.29.1
[INFO] [stderr]    Compiling toml v0.9.12+spec-1.1.0
[INFO] [stderr]     Checking flate2 v1.1.9
[INFO] [stderr]     Checking block-buffer v0.10.4
[INFO] [stderr]    Compiling thiserror v2.0.19
[INFO] [stderr]    Compiling async-trait v0.1.91
[INFO] [stderr]    Compiling toml_edit v0.25.13+spec-1.1.0
[INFO] [stderr]    Compiling phf_shared v0.14.0
[INFO] [stderr]    Compiling cookie v0.18.1
[INFO] [stderr]    Compiling libdbus-sys v0.2.7
[INFO] [stderr]    Compiling x11-dl v2.21.0
[INFO] [stderr]    Compiling wayland-client v0.31.15
[INFO] [stderr]     Checking downcast-rs v1.2.1
[INFO] [stderr]     Checking bytemuck v1.25.2
[INFO] [stderr]    Compiling jetscii v0.5.3
[INFO] [stderr]     Checking scoped-tls v1.0.1
[INFO] [stderr]    Compiling phf_generator v0.14.0
[INFO] [stderr]     Checking digest v0.10.7
[INFO] [stderr]    Compiling fdeflate v0.3.7
[INFO] [stderr]     Checking event-listener v5.4.2
[INFO] [stderr]     Checking sha2 v0.11.0
[INFO] [stderr]     Checking hmac v0.13.0
[INFO] [stderr]    Compiling proc-macro-crate v3.5.0
[INFO] [stderr]    Compiling wayland-scanner v0.31.11
[INFO] [stderr]     Checking concurrent-queue v2.5.0
[INFO] [stderr]     Checking sync_wrapper v1.0.2
[INFO] [stderr]    Compiling zerofrom-derive v0.1.7
[INFO] [stderr]    Compiling yoke-derive v0.8.2
[INFO] [stderr]    Compiling zerovec-derive v0.11.3
[INFO] [stderr]    Compiling displaydoc v0.2.6
[INFO] [stderr]    Compiling thiserror-impl v1.0.69
[INFO] [stderr]    Compiling futures-macro v0.3.33
[INFO] [stderr]    Compiling phf_macros v0.13.1
[INFO] [stderr]    Compiling cssparser-macros v0.6.1
[INFO] [stderr]    Compiling derive_more-impl v2.1.1
[INFO] [stderr]    Compiling tokio-macros v2.7.1
[INFO] [stderr]    Compiling schemars_derive v0.8.22
[INFO] [stderr]    Compiling tracing-attributes v0.1.31
[INFO] [stderr]    Compiling enumflags2_derive v0.7.12
[INFO] [stderr]     Checking futures-util v0.3.33
[INFO] [stderr]    Compiling phf v0.13.1
[INFO] [stderr]     Checking tokio v1.53.1
[INFO] [stderr]     Checking unicode-ident v1.0.24
[INFO] [stderr]    Compiling cssparser v0.36.0
[INFO] [stderr]     Checking pxfm v0.1.30
[INFO] [stderr]    Compiling derive_more v2.1.1
[INFO] [stderr]     Checking thiserror v1.0.69
[INFO] [stderr]     Checking bumpalo v3.20.3
[INFO] [stderr]     Checking tower-layer v0.3.3
[INFO] [stderr]    Compiling bitflags v1.3.2
[INFO] [stderr]    Compiling zerofrom v0.1.8
[INFO] [stderr]    Compiling darling_macro v0.23.0
[INFO] [stderr]     Checking cpubits v0.1.1
[INFO] [stderr]    Compiling yoke v0.8.3
[INFO] [stderr]    Compiling markup5ever v0.38.0
[INFO] [stderr]     Checking ipnet v2.12.0
[INFO] [stderr]    Compiling darling v0.23.0
[INFO] [stderr]     Checking libbz2-rs-sys v0.2.5
[INFO] [stderr]    Compiling serde_with_macros v3.21.0
[INFO] [stderr]    Compiling html5ever v0.38.0
[INFO] [stderr]    Compiling zerovec v0.11.6
[INFO] [stderr]    Compiling zerotrie v0.2.4
[INFO] [stderr]     Checking tracing v0.1.44
[INFO] [stderr]     Checking bzip2 v0.6.1
[INFO] [stderr]    Compiling toml_datetime v0.6.3
[INFO] [stderr]    Compiling serde_spanned v0.6.9
[INFO] [stderr]    Compiling cargo-platform v0.1.9
[INFO] [stderr]     Checking tinystr v0.8.3
[INFO] [stderr]     Checking potential_utf v0.1.5
[INFO] [stderr]    Compiling jsonptr v0.6.3
[INFO] [stderr]     Checking icu_collections v2.2.0
[INFO] [stderr]    Compiling toml_edit v0.20.2
[INFO] [stderr]     Checking icu_locale_core v2.2.0
[INFO] [stderr]    Compiling cargo_metadata v0.19.2
[INFO] [stderr]    Compiling serde_with v3.21.0
[INFO] [stderr]    Compiling json-patch v3.0.1
[INFO] [stderr]    Compiling plist v1.10.0
[INFO] [stderr]     Checking futures-executor v0.3.33
[INFO] [stderr]    Compiling toml_edit v0.19.15
[INFO] [stderr]     Checking chrono v0.4.45
[INFO] [stderr]    Compiling dom_query v0.27.0
[INFO] [stderr]    Compiling cargo_toml v0.22.3
[INFO] [stderr]     Checking icu_provider v2.2.0
[INFO] [stderr]     Checking dpi v0.1.2
[INFO] [stderr]     Checking icu_properties v2.2.0
[INFO] [stderr]     Checking icu_normalizer v2.2.0
[INFO] [stderr]    Compiling zvariant_utils v3.5.0
[INFO] [stderr]     Checking moxcms v0.8.1
[INFO] [stderr]     Checking tenacity-expr v0.1.0 (/opt/rustwide/workdir/crates/tenacity-expr)
[INFO] [stderr]    Compiling zvariant_derive v5.13.1
[INFO] [stderr]     Checking tenacity-core v0.1.0 (/opt/rustwide/workdir/crates/tenacity-core)
[INFO] [stderr]    Compiling toml v0.8.2
[INFO] [stderr]    Compiling proc-macro-crate v2.0.2
[INFO] [stderr]    Compiling system-deps v6.2.2
[INFO] [stderr]    Compiling proc-macro-crate v1.3.1
[INFO] [stderr]     Checking idna_adapter v1.2.2
[INFO] [stderr]     Checking aes v0.9.2
[INFO] [stderr]     Checking idna v1.1.0
[INFO] [stderr]     Checking zopfli v0.8.3
[INFO] [stderr]    Compiling png v0.17.16
[INFO] [stderr]     Checking sha2 v0.10.9
[INFO] [stderr]     Checking url v2.5.8
[INFO] [stderr]    Compiling glib-sys v0.18.1
[INFO] [stderr]    Compiling gobject-sys v0.18.0
[INFO] [stderr]    Compiling gio-sys v0.18.1
[INFO] [stderr]    Compiling gdk-sys v0.18.2
[INFO] [stderr]    Compiling gdk-pixbuf-sys v0.18.0
[INFO] [stderr]    Compiling cairo-sys-rs v0.18.2
[INFO] [stderr]    Compiling atk-sys v0.18.2
[INFO] [stderr]    Compiling pango-sys v0.18.0
[INFO] [stderr]    Compiling glib-macros v0.18.5
[INFO] [stderr]    Compiling gtk-sys v0.18.2
[INFO] [stderr]    Compiling javascriptcore-rs-sys v1.1.1
[INFO] [stderr]     Checking tokio-util v0.7.19
[INFO] [stderr]    Compiling soup3-sys v0.5.0
[INFO] [stderr]    Compiling webkit2gtk-sys v2.0.2
[INFO] [stderr]    Compiling gtk3-macros v0.18.2
[INFO] [stderr]    Compiling gdkx11-sys v0.18.2
[INFO] [stderr]     Checking tower v0.5.3
[INFO] [stderr]     Checking urlpattern v0.3.0
[INFO] [stderr]     Checking lzma-rust2 v0.16.5
[INFO] [stderr]    Compiling phf_macros v0.14.0
[INFO] [stderr]    Compiling dlopen2_derive v0.4.3
[INFO] [stderr]     Checking pbkdf2 v0.13.0
[INFO] [stderr]     Checking h2 v0.4.15
[INFO] [stderr]     Checking png v0.18.1
[INFO] [stderr]     Checking event-listener-strategy v0.5.4
[INFO] [stderr]     Checking gethostname v1.1.0
[INFO] [stderr]     Checking futures-lite v2.6.1
[INFO] [stderr]     Checking sha1 v0.11.0
[INFO] [stderr]     Checking chacha20 v0.10.1
[INFO] [stderr]     Checking crossbeam-channel v0.5.16
[INFO] [stderr]     Checking encoding_rs v0.8.35
[INFO] [stderr]     Checking constant_time_eq v0.4.2
[INFO] [stderr]     Checking byteorder-lite v0.1.0
[INFO] [stderr]     Checking deflate64 v0.1.12
[INFO] [stderr]    Compiling tauri-runtime v2.11.3
[INFO] [stderr]     Checking typed-path v0.12.3
[INFO] [stderr]     Checking ppmd-rust v1.4.0
[INFO] [stderr]     Checking jiff-core v0.1.0
[INFO] [stderr]    Compiling wry v0.55.1
[INFO] [stderr]    Compiling rfd v0.17.2
[INFO] [stderr]     Checking web-time v1.1.0
[INFO] [stderr]     Checking x11rb-protocol v0.13.2
[INFO] [stderr]    Compiling tauri-utils v2.9.3
[INFO] [stderr]     Checking jiff v0.2.35
[INFO] [stderr]     Checking gdkwayland-sys v0.18.2
[INFO] [stderr]     Checking cfb v0.14.0
[INFO] [stderr]     Checking image v0.25.10
[INFO] [stderr]     Checking zstd v0.13.3
[INFO] [stderr]     Checking phf v0.14.0
[INFO] [stderr]     Checking rand v0.10.2
[INFO] [stderr]     Checking dbus v0.9.12
[INFO] [stderr]     Checking zip v8.6.0
[INFO] [stderr]     Checking html5gum v0.8.4
[INFO] [stderr]     Checking hyper v1.11.0
[INFO] [stderr]     Checking dlopen2 v0.8.2
[INFO] [stderr]     Checking tower-http v0.6.11
[INFO] [stderr]     Checking wayland-protocols v0.32.13
[INFO] [stderr]     Checking glib v0.18.5
[INFO] [stderr]    Compiling ico v0.5.0
[INFO] [stderr]     Checking fancy-regex v0.18.0
[INFO] [stderr]     Checking rgb v0.8.53
[INFO] [stderr]     Checking cbc v0.2.1
[INFO] [stderr]     Checking http-body-util v0.1.4
[INFO] [stderr]     Checking md-5 v0.11.0
[INFO] [stderr]     Checking csv-core v0.1.13
[INFO] [stderr]    Compiling async-io v2.6.0
[INFO] [stderr]     Checking imagesize v0.14.0
[INFO] [stderr]     Checking urlencoding v2.1.3
[INFO] [stderr]     Checking utf8parse v0.2.2
[INFO] [stderr]    Compiling getrandom v0.3.4
[INFO] [stderr]     Checking unicode-segmentation v1.13.3
[INFO] [stderr]     Checking ryu v1.0.23
[INFO] [stderr]     Checking hyper-util v0.1.20
[INFO] [stderr]     Checking pollster v0.4.0
[INFO] [stderr]    Compiling tauri-runtime-wry v2.11.4
[INFO] [stderr]     Checking windows-link v0.2.1
[INFO] [stderr]     Checking thousands v0.2.0
[INFO] [stderr]     Checking keyboard-types v0.7.0
[INFO] [stderr]     Checking csv v1.4.0
[INFO] [stderr]     Checking trash v5.2.6
[INFO] [stderr]     Checking anstyle-parse v1.0.0
[INFO] [stderr]     Checking tenacity-engine v0.1.0 (/opt/rustwide/workdir/crates/tenacity-engine)
[INFO] [stderr]    Compiling enumflags2 v0.7.12
[INFO] [stderr]    Compiling serialize-to-javascript-impl v0.1.2
[INFO] [stderr]     Checking polling v3.11.0
[INFO] [stderr]    Compiling serde_repr v0.1.21
[INFO] [stderr]     Checking anstyle v1.0.14
[INFO] [stderr]     Checking async-task v4.7.1
[INFO] [stderr]     Checking anstyle-query v1.1.5
[INFO] [stderr]     Checking colorchoice v1.0.5
[INFO] [stderr]    Compiling endi v1.1.1
[INFO] [stderr]     Checking is_terminal_polyfill v1.70.2
[INFO] [stderr]     Checking serialize-to-javascript v0.1.2
[INFO] [stderr]     Checking anstream v1.0.0
[INFO] [stderr]    Compiling zvariant v5.13.1
[INFO] [stderr]     Checking async-channel v2.5.0
[INFO] [stderr]     Checking umya-spreadsheet v3.0.1
[INFO] [stderr]    Compiling crossbeam-epoch v0.9.20
[INFO] [stderr]     Checking clap_lex v1.1.0
[INFO] [stderr]    Compiling zerocopy v0.8.55
[INFO] [stderr]     Checking async-signal v0.2.14
[INFO] [stderr]     Checking windows-result v0.4.1
[INFO] [stderr]     Checking clap_builder v4.6.2
[INFO] [stderr]     Checking windows-strings v0.5.1
[INFO] [stderr]     Checking async-lock v3.4.2
[INFO] [stderr]    Compiling windows-interface v0.59.3
[INFO] [stderr]    Compiling windows-implement v0.60.2
[INFO] [stderr]    Compiling zerocopy-derive v0.8.55
[INFO] [stderr]    Compiling clap_derive v4.6.4
[INFO] [stderr]     Checking piper v0.2.5
[INFO] [stderr]     Checking is-docker v0.2.0
[INFO] [stderr]    Compiling crossbeam-deque v0.8.7
[INFO] [stderr]    Compiling rfd v0.16.0
[INFO] [stderr]     Checking blocking v1.6.2
[INFO] [stderr]     Checking is-wsl v0.4.0
[INFO] [stderr]     Checking async-process v2.5.0
[INFO] [stderr]     Checking async-executor v1.14.0
[INFO] [stderr]     Checking async-broadcast v0.7.2
[INFO] [stderr]    Compiling async-recursion v1.1.1
[INFO] [stderr]     Checking tempfile v3.27.0
[INFO] [stderr]     Checking x11rb v0.13.2
[INFO] [stderr]     Checking ordered-stream v0.2.0
[INFO] [stderr]     Checking windows-core v0.62.2
[INFO] [stderr]     Checking either v1.17.0
[INFO] [stderr]     Checking hex v0.4.3
[INFO] [stderr]     Checking open v5.4.0
[INFO] [stderr]    Compiling owo-colors v4.3.0
[INFO] [stderr]     Checking plotters-backend v0.3.7
[INFO] [stderr]     Checking ciborium-io v0.2.2
[INFO] [stderr]     Checking rayon-core v1.13.0
[INFO] [stderr]     Checking itertools v0.10.5
[INFO] [stderr]     Checking windows-threading v0.2.1
[INFO] [stderr]     Checking arboard v3.6.1
[INFO] [stderr]     Checking plotters-svg v0.3.7
[INFO] [stderr]     Checking cast v0.3.0
[INFO] [stderr]     Checking clap v4.6.4
[INFO] [stderr]     Checking plotters v0.3.7
[INFO] [stderr]     Checking rayon v1.12.0
[INFO] [stderr]     Checking windows-future v0.3.2
[INFO] [stderr]     Checking windows-collections v0.3.2
[INFO] [stderr]     Checking windows-numerics v0.3.1
[INFO] [stderr]     Checking tinytemplate v1.2.1
[INFO] [stdout] error[E0425]: cannot find type `IMarshal` in module `windows_core::imp`
[INFO] [stdout]   --> /opt/rustwide/cargo-home/registry/src/index.crates.io-1949cf8c6b5b557f/windows-future-0.3.2/src/bindings.rs:87:51
[INFO] [stdout]    |
[INFO] [stdout] 87 |             } else if *iid == <windows_core::imp::IMarshal as windows_core::Interface>::IID {
[INFO] [stdout]    |                                                   ^^^^^^^^ not found in `windows_core::imp`
[INFO] [stdout] 
[INFO] [stdout] 
[INFO] [stdout] error[E0425]: cannot find function `marshaler` in module `windows_core::imp`
[INFO] [stdout]   --> /opt/rustwide/cargo-home/registry/src/index.crates.io-1949cf8c6b5b557f/windows-future-0.3.2/src/bindings.rs:89:43
[INFO] [stdout]    |
[INFO] [stdout] 89 |                 return windows_core::imp::marshaler(
[INFO] [stdout]    |                                           ^^^^^^^^^ not found in `windows_core::imp`
[INFO] [stdout] 
[INFO] [stdout] 
[INFO] [stdout] error[E0425]: cannot find type `IMarshal` in module `windows_core::imp`
[INFO] [stdout]    --> /opt/rustwide/cargo-home/registry/src/index.crates.io-1949cf8c6b5b557f/windows-future-0.3.2/src/bindings.rs:255:51
[INFO] [stdout]     |
[INFO] [stdout] 255 |             } else if *iid == <windows_core::imp::IMarshal as windows_core::Interface>::IID {
[INFO] [stdout]     |                                                   ^^^^^^^^ not found in `windows_core::imp`
[INFO] [stdout] 
[INFO] [stdout] 
[INFO] [stdout] error[E0425]: cannot find function `marshaler` in module `windows_core::imp`
[INFO] [stdout]    --> /opt/rustwide/cargo-home/registry/src/index.crates.io-1949cf8c6b5b557f/windows-future-0.3.2/src/bindings.rs:257:43
[INFO] [stdout]     |
[INFO] [stdout] 257 |                 return windows_core::imp::marshaler(
[INFO] [stdout]     |                                           ^^^^^^^^^ not found in `windows_core::imp`
[INFO] [stdout] 
[INFO] [stdout] 
[INFO] [stdout] error[E0425]: cannot find type `IMarshal` in module `windows_core::imp`
[INFO] [stdout]    --> /opt/rustwide/cargo-home/registry/src/index.crates.io-1949cf8c6b5b557f/windows-future-0.3.2/src/bindings.rs:422:364
[INFO] [stdout]     |
[INFO] [stdout] 422 | ... _ } else if * iid == < windows_core::imp::IMarshal as windows_core::Interface >::IID { ( * this ) . count . add_ref ( ) ; retur...
[INFO] [stdout]     |                                               ^^^^^^^^ not found in `windows_core::imp`
[INFO] [stdout] 
[INFO] [stdout] 
[INFO] [stdout] error[E0425]: cannot find function `marshaler` in module `windows_core::imp`
[INFO] [stdout]    --> /opt/rustwide/cargo-home/registry/src/index.crates.io-1949cf8c6b5b557f/windows-future-0.3.2/src/bindings.rs:422:470
[INFO] [stdout]     |
[INFO] [stdout] 422 | ... . add_ref ( ) ; return windows_core::imp::marshaler ( core::mem::transmute ( & mut ( * this ) . vtable as * mut _ as * mut core...
[INFO] [stdout]     |                                               ^^^^^^^^^ not found in `windows_core::imp`
[INFO] [stdout] 
[INFO] [stdout] 
[INFO] [stdout] error[E0425]: cannot find type `IMarshal` in module `windows_core::imp`
[INFO] [stdout]    --> /opt/rustwide/cargo-home/registry/src/index.crates.io-1949cf8c6b5b557f/windows-future-0.3.2/src/bindings.rs:572:51
[INFO] [stdout]     |
[INFO] [stdout] 572 |             } else if *iid == <windows_core::imp::IMarshal as windows_core::Interface>::IID {
[INFO] [stdout]     |                                                   ^^^^^^^^ not found in `windows_core::imp`
[INFO] [stdout] 
[INFO] [stdout] 
[INFO] [stdout] error[E0425]: cannot find function `marshaler` in module `windows_core::imp`
[INFO] [stdout]    --> /opt/rustwide/cargo-home/registry/src/index.crates.io-1949cf8c6b5b557f/windows-future-0.3.2/src/bindings.rs:574:43
[INFO] [stdout]     |
[INFO] [stdout] 574 |                 return windows_core::imp::marshaler(
[INFO] [stdout]     |                                           ^^^^^^^^^ not found in `windows_core::imp`
[INFO] [stdout] 
[INFO] [stdout] 
[INFO] [stdout] error[E0425]: cannot find type `IMarshal` in module `windows_core::imp`
[INFO] [stdout]    --> /opt/rustwide/cargo-home/registry/src/index.crates.io-1949cf8c6b5b557f/windows-future-0.3.2/src/bindings.rs:752:364
[INFO] [stdout]     |
[INFO] [stdout] 752 | ... _ } else if * iid == < windows_core::imp::IMarshal as windows_core::Interface >::IID { ( * this ) . count . add_ref ( ) ; retur...
[INFO] [stdout]     |                                               ^^^^^^^^ not found in `windows_core::imp`
[INFO] [stdout] 
[INFO] [stdout] 
[INFO] [stdout] error[E0425]: cannot find function `marshaler` in module `windows_core::imp`
[INFO] [stdout]    --> /opt/rustwide/cargo-home/registry/src/index.crates.io-1949cf8c6b5b557f/windows-future-0.3.2/src/bindings.rs:752:470
[INFO] [stdout]     |
[INFO] [stdout] 752 | ... . add_ref ( ) ; return windows_core::imp::marshaler ( core::mem::transmute ( & mut ( * this ) . vtable as * mut _ as * mut core...
[INFO] [stdout]     |                                               ^^^^^^^^^ not found in `windows_core::imp`
[INFO] [stdout] 
[INFO] [stdout] 
[INFO] [stdout] error[E0425]: cannot find type `IMarshal` in module `windows_core::imp`
[INFO] [stdout]    --> /opt/rustwide/cargo-home/registry/src/index.crates.io-1949cf8c6b5b557f/windows-future-0.3.2/src/bindings.rs:927:377
[INFO] [stdout]     |
[INFO] [stdout] 927 | ... _ } else if * iid == < windows_core::imp::IMarshal as windows_core::Interface >::IID { ( * this ) . count . add_ref ( ) ; retur...
[INFO] [stdout]     |                                               ^^^^^^^^ not found in `windows_core::imp`
[INFO] [stdout] 
[INFO] [stdout] 
[INFO] [stdout] error[E0425]: cannot find function `marshaler` in module `windows_core::imp`
[INFO] [stdout]    --> /opt/rustwide/cargo-home/registry/src/index.crates.io-1949cf8c6b5b557f/windows-future-0.3.2/src/bindings.rs:927:483
[INFO] [stdout]     |
[INFO] [stdout] 927 | ... . add_ref ( ) ; return windows_core::imp::marshaler ( core::mem::transmute ( & mut ( * this ) . vtable as * mut _ as * mut core...
[INFO] [stdout]     |                                               ^^^^^^^^^ not found in `windows_core::imp`
[INFO] [stdout] 
[INFO] [stdout] 
[INFO] [stdout] error[E0425]: cannot find function `submit` in crate `windows_threading`
[INFO] [stdout]    --> /opt/rustwide/cargo-home/registry/src/index.crates.io-1949cf8c6b5b557f/windows-future-0.3.2/src/async_spawn.rs:264:28
[INFO] [stdout]     |
[INFO] [stdout] 264 |         windows_threading::submit(move || {
[INFO] [stdout]     |                            ^^^^^^ not found in `windows_threading`
[INFO] [stdout] 
[INFO] [stdout] 
[INFO] [stdout] error[E0425]: cannot find function `submit` in crate `windows_threading`
[INFO] [stdout]    --> /opt/rustwide/cargo-home/registry/src/index.crates.io-1949cf8c6b5b557f/windows-future-0.3.2/src/async_spawn.rs:281:28
[INFO] [stdout]     |
[INFO] [stdout] 281 |         windows_threading::submit(move || {
[INFO] [stdout]     |                            ^^^^^^ not found in `windows_threading`
[INFO] [stdout] 
[INFO] [stdout] 
[INFO] [stdout] error[E0425]: cannot find function `submit` in crate `windows_threading`
[INFO] [stdout]    --> /opt/rustwide/cargo-home/registry/src/index.crates.io-1949cf8c6b5b557f/windows-future-0.3.2/src/async_spawn.rs:298:28
[INFO] [stdout]     |
[INFO] [stdout] 298 |         windows_threading::submit(move || {
[INFO] [stdout]     |                            ^^^^^^ not found in `windows_threading`
[INFO] [stdout] 
[INFO] [stdout] 
[INFO] [stdout] error[E0425]: cannot find function `submit` in crate `windows_threading`
[INFO] [stdout]    --> /opt/rustwide/cargo-home/registry/src/index.crates.io-1949cf8c6b5b557f/windows-future-0.3.2/src/async_spawn.rs:315:28
[INFO] [stdout]     |
[INFO] [stdout] 315 |         windows_threading::submit(move || {
[INFO] [stdout]     |                            ^^^^^^ not found in `windows_threading`
[INFO] [stdout] 
[INFO] [stdout] 
[INFO] [stderr]     Checking is-terminal v0.4.17
[INFO] [stderr]     Checking anes v0.1.6
[INFO] [stderr]     Checking oorandom v11.1.5
[INFO] [stderr]     Checking criterion-plot v0.5.0
[INFO] [stderr] error: could not compile `glib` (lib)
[INFO] [stderr] 
[INFO] [stderr] Caused by:
[INFO] [stderr]   process didn't exit successfully: `/opt/rustwide/rustup-home/toolchains/3154cc1a3e6424e44f438a95007d043ed5ceaaf6/bin/rustc --crate-name glib --edition=2021 /opt/rustwide/cargo-home/registry/src/index.crates.io-1949cf8c6b5b557f/glib-0.18.5/src/lib.rs --error-format=json --json=diagnostic-rendered-ansi,artifacts,future-incompat,unused-externs-silent --crate-type lib --emit=dep-info,metadata -C embed-bitcode=no -C debuginfo=2 --cfg 'feature="default"' --cfg 'feature="gio"' --cfg 'feature="gio_ffi"' --cfg 'feature="v2_58"' --cfg 'feature="v2_60"' --cfg 'feature="v2_62"' --cfg 'feature="v2_64"' --cfg 'feature="v2_66"' --cfg 'feature="v2_68"' --cfg 'feature="v2_70"' --check-cfg 'cfg(docsrs,test)' --check-cfg 'cfg(feature, values("compiletests", "default", "gio", "gio_ffi", "log", "log_macros", "rs-log", "v2_58", "v2_60", "v2_62", "v2_64", "v2_66", "v2_68", "v2_70", "v2_72", "v2_74", "v2_76", "v2_78"))' -C metadata=46a8bae53bd45e42 -C extra-filename=-2aebfb8def71ee29 --out-dir /opt/rustwide/target/debug/build/glib/2aebfb8def71ee29/out -L dependency=/opt/rustwide/target/debug/build/futures-core/42c39b4c1eaba9a6/out -L dependency=/opt/rustwide/target/debug/build/futures-macro/3ea3678a3d0348ca/out -L dependency=/opt/rustwide/target/debug/build/futures-task/3f1a155531c2b399/out -L dependency=/opt/rustwide/target/debug/build/futures-util/07cef85cd1ea476f/out -L dependency=/opt/rustwide/target/debug/build/glib-sys/9be634706427aac2/out -L dependency=/opt/rustwide/target/debug/build/gobject-sys/258981024672221f/out -L dependency=/opt/rustwide/target/debug/build/libc/6c469ea5525a8374/out -L dependency=/opt/rustwide/target/debug/build/pin-project-lite/bc36f7de3f04be06/out -L dependency=/opt/rustwide/target/debug/build/serde_core/71553de3b708d8ea/out -L dependency=/opt/rustwide/target/debug/build/slab/99d98220a54c26d9/out -L dependency=/opt/rustwide/target/debug/build/thiserror-impl/21f6dde10c58ba0d/out --extern bitflags=/opt/rustwide/target/debug/build/bitflags/5e5c84c16d40e852/out/libbitflags-5e5c84c16d40e852.rmeta --extern futures_channel=/opt/rustwide/target/debug/build/futures-channel/1ce50c2f68ba5b66/out/libfutures_channel-1ce50c2f68ba5b66.rmeta --extern futures_core=/opt/rustwide/target/debug/build/futures-core/42c39b4c1eaba9a6/out/libfutures_core-42c39b4c1eaba9a6.rmeta --extern futures_executor=/opt/rustwide/target/debug/build/futures-executor/8d98a87ca035199c/out/libfutures_executor-8d98a87ca035199c.rmeta --extern futures_task=/opt/rustwide/target/debug/build/futures-task/3f1a155531c2b399/out/libfutures_task-3f1a155531c2b399.rmeta --extern futures_util=/opt/rustwide/target/debug/build/futures-util/07cef85cd1ea476f/out/libfutures_util-07cef85cd1ea476f.rmeta --extern gio_ffi=/opt/rustwide/target/debug/build/gio-sys/2a7475da6173867f/out/libgio_sys-2a7475da6173867f.rmeta --extern glib_macros=/opt/rustwide/target/debug/build/glib-macros/fde75f4463269023/out/libglib_macros-fde75f4463269023.so --extern ffi=/opt/rustwide/target/debug/build/glib-sys/9be634706427aac2/out/libglib_sys-9be634706427aac2.rmeta --extern gobject_ffi=/opt/rustwide/target/debug/build/gobject-sys/258981024672221f/out/libgobject_sys-258981024672221f.rmeta --extern libc=/opt/rustwide/target/debug/build/libc/6c469ea5525a8374/out/liblibc-6c469ea5525a8374.rmeta --extern memchr=/opt/rustwide/target/debug/build/memchr/1dee75255e878028/out/libmemchr-1dee75255e878028.rmeta --extern once_cell=/opt/rustwide/target/debug/build/once_cell/c3517054d55a7dff/out/libonce_cell-c3517054d55a7dff.rmeta --extern smallvec=/opt/rustwide/target/debug/build/smallvec/9ee489883686cc0a/out/libsmallvec-9ee489883686cc0a.rmeta --extern thiserror=/opt/rustwide/target/debug/build/thiserror/e328227deb12ca03/out/libthiserror-e328227deb12ca03.rmeta --cap-lints allow --cap-lints=forbid -Znext-solver=coherence --force-warn=unused_crate_dependencies` (signal: 9, SIGKILL: kill)
[INFO] [stderr] warning: build failed, waiting for other jobs to finish...
[INFO] [stderr] error: could not compile `tauri-utils` (lib)
[INFO] [stderr] 
[INFO] [stderr] Caused by:
[INFO] [stderr]   process didn't exit successfully: `/opt/rustwide/rustup-home/toolchains/3154cc1a3e6424e44f438a95007d043ed5ceaaf6/bin/rustc --crate-name tauri_utils --edition=2021 /opt/rustwide/cargo-home/registry/src/index.crates.io-1949cf8c6b5b557f/tauri-utils-2.9.3/src/lib.rs --error-format=json --json=diagnostic-rendered-ansi,artifacts,future-incompat,unused-externs-silent --crate-type lib --emit=dep-info,metadata,link -Z embed-metadata=no -C embed-bitcode=no --cfg 'feature="brotli"' --cfg 'feature="build-2"' --cfg 'feature="cargo_metadata"' --cfg 'feature="compression"' --cfg 'feature="html-manipulation-2"' --cfg 'feature="proc-macro2"' --cfg 'feature="quote"' --cfg 'feature="resources"' --cfg 'feature="schema"' --cfg 'feature="schemars"' --cfg 'feature="swift-rs"' --cfg 'feature="walkdir"' --check-cfg 'cfg(docsrs,test)' --check-cfg 'cfg(feature, values("aes-gcm", "brotli", "build", "build-2", "cargo_metadata", "compression", "config-json5", "config-toml", "getrandom", "html-manipulation", "html-manipulation-2", "isolation", "json5", "proc-macro2", "process-relaunch-dangerous-allow-symlink-macos", "quote", "resources", "schema", "schemars", "serialize-to-javascript", "swift-rs", "walkdir"))' -C metadata=51b70113e68b3690 -C extra-filename=-7fcdfdc0df411854 --out-dir /opt/rustwide/target/debug/build/tauri-utils/7fcdfdc0df411854/out -L dependency=/opt/rustwide/target/debug/build/aho-corasick/4e6796ea30c261af/out -L dependency=/opt/rustwide/target/debug/build/alloc-no-stdlib/c41dc7f2ce2f8569/out -L dependency=/opt/rustwide/target/debug/build/alloc-stdlib/33d9f8416e93ad40/out -L dependency=/opt/rustwide/target/debug/build/base64/b82605a60faeadd6/out -L dependency=/opt/rustwide/target/debug/build/bit-set/ddcef44e2efe2375/out -L dependency=/opt/rustwide/target/debug/build/bit-vec/34fdd2c618577a7e/out -L dependency=/opt/rustwide/target/debug/build/bitflags/b5fcdb011b0296ca/out -L dependency=/opt/rustwide/target/debug/build/brotli-decompressor/c2f62b67f7c42982/out -L dependency=/opt/rustwide/target/debug/build/byteorder/5de14ccd75adbbe2/out -L dependency=/opt/rustwide/target/debug/build/bytes/9d5db70a86469ac7/out -L dependency=/opt/rustwide/target/debug/build/camino/ddbca89f0918e842/out -L dependency=/opt/rustwide/target/debug/build/cargo-platform/bafc5b381d49398c/out -L dependency=/opt/rustwide/target/debug/build/cfb/ab71ada6b019c527/out -L dependency=/opt/rustwide/target/debug/build/cfg-if/70389ec646bd910c/out -L dependency=/opt/rustwide/target/debug/build/cssparser-macros/1764f366fba05668/out -L dependency=/opt/rustwide/target/debug/build/cssparser/772a0f9fa64d4e1f/out -L dependency=/opt/rustwide/target/debug/build/ctor-proc-macro/cc31488d55e4c023/out -L dependency=/opt/rustwide/target/debug/build/deranged/67f6a6c963d88e6b/out -L dependency=/opt/rustwide/target/debug/build/derive_more-impl/b9c73b04ad40c7ef/out -L dependency=/opt/rustwide/target/debug/build/derive_more/0637196aee35e592/out -L dependency=/opt/rustwide/target/debug/build/displaydoc/baaf52a42e6d6196/out -L dependency=/opt/rustwide/target/debug/build/dtoa-short/6d5a33fd0ba1d241/out -L dependency=/opt/rustwide/target/debug/build/dtoa/20986eae19af17db/out -L dependency=/opt/rustwide/target/debug/build/dyn-clone/16df80c3630dc03e/out -L dependency=/opt/rustwide/target/debug/build/equivalent/e5e22d8b9df2b788/out -L dependency=/opt/rustwide/target/debug/build/erased-serde/022d590ceb6db22a/out -L dependency=/opt/rustwide/target/debug/build/fnv/ce71941155103232/out -L dependency=/opt/rustwide/target/debug/build/foldhash/1be881d2c560f16d/out -L dependency=/opt/rustwide/target/debug/build/form_urlencoded/cab4c3ecdf1d0613/out -L dependency=/opt/rustwide/target/debug/build/getrandom/4a3a43af718a4ba0/out -L dependency=/opt/rustwide/target/debug/build/hashbrown/7d1ecd9b8a4f5a9d/out -L dependency=/opt/rustwide/target/debug/build/hashbrown/98072608620e9fdd/out -L dependency=/opt/rustwide/target/debug/build/html5ever/8a69008673c354a3/out -L dependency=/opt/rustwide/target/debug/build/icu_collections/60af91671ca70bce/out -L dependency=/opt/rustwide/target/debug/build/icu_locale_core/9e63ea8fdccfdef4/out -L dependency=/opt/rustwide/target/debug/build/icu_normalizer/6a7fc238a5f6ba43/out -L dependency=/opt/rustwide/target/debug/build/icu_normalizer_data/c1105215835093ba/out -L dependency=/opt/rustwide/target/debug/build/icu_properties/95b8f93d4482edae/out -L dependency=/opt/rustwide/target/debug/build/icu_properties_data/032e2995b95e7508/out -L dependency=/opt/rustwide/target/debug/build/icu_provider/f94d667680b3fba8/out -L dependency=/opt/rustwide/target/debug/build/idna/dd4304a1013a0913/out -L dependency=/opt/rustwide/target/debug/build/idna_adapter/ca35c564bb7644bf/out -L dependency=/opt/rustwide/target/debug/build/indexmap/2160a7d32db1e889/out -L dependency=/opt/rustwide/target/debug/build/indexmap/d9bb6395f736edec/out -L dependency=/opt/rustwide/target/debug/build/itoa/664b0e44fa32d661/out -L dependency=/opt/rustwide/target/debug/build/jsonptr/9995eeddbd06b73b/out -L dependency=/opt/rustwide/target/debug/build/libc/b5bacc663e2d03e8/out -L dependency=/opt/rustwide/target/debug/build/litemap/904b19cece7f7afc/out -L dependency=/opt/rustwide/target/debug/build/lock_api/5ab717a77739e2bb/out -L dependency=/opt/rustwide/target/debug/build/log/12c20f4eb1287a82/out -L dependency=/opt/rustwide/target/debug/build/markup5ever/64a53b0ac259c2d4/out -L dependency=/opt/rustwide/target/debug/build/memchr/f66fc20702c794bf/out -L dependency=/opt/rustwide/target/debug/build/new_debug_unreachable/6236f4ce91d7a1a4/out -L dependency=/opt/rustwide/target/debug/build/num-conv/f396da52aeba9bad/out -L dependency=/opt/rustwide/target/debug/build/parking_lot/edab87b441f259ec/out -L dependency=/opt/rustwide/target/debug/build/parking_lot_core/dd2a41ae805f8ad5/out -L dependency=/opt/rustwide/target/debug/build/percent-encoding/48b0fecafc999626/out -L dependency=/opt/rustwide/target/debug/build/phf/f5c63aa95868c885/out -L dependency=/opt/rustwide/target/debug/build/phf_macros/72eff8474037e5b0/out -L dependency=/opt/rustwide/target/debug/build/phf_shared/cfd78b4f9742bc66/out -L dependency=/opt/rustwide/target/debug/build/potential_utf/ef508d8503fa18a9/out -L dependency=/opt/rustwide/target/debug/build/powerfmt/14183de241f1ffc5/out -L dependency=/opt/rustwide/target/debug/build/precomputed-hash/e01926561eceecf1/out -L dependency=/opt/rustwide/target/debug/build/proc-macro2/62e2d13e47da04c7/out -L dependency=/opt/rustwide/target/debug/build/quick-xml/55bffd00d50884b8/out -L dependency=/opt/rustwide/target/debug/build/regex-automata/5b913ce89bc28f90/out -L dependency=/opt/rustwide/target/debug/build/regex-syntax/8a1612fc429c14cd/out -L dependency=/opt/rustwide/target/debug/build/regex/6d10abbc1d0da56e/out -L dependency=/opt/rustwide/target/debug/build/rustc-hash/abe09c5e2faef993/out -L dependency=/opt/rustwide/target/debug/build/same-file/ee38715144bd0834/out -L dependency=/opt/rustwide/target/debug/build/schemars_derive/6e849daf076e2aa9/out -L dependency=/opt/rustwide/target/debug/build/scopeguard/f5ea75996f2caa23/out -L dependency=/opt/rustwide/target/debug/build/selectors/60f9d2f426106388/out -L dependency=/opt/rustwide/target/debug/build/semver/85a518e9fbb6615c/out -L dependency=/opt/rustwide/target/debug/build/serde/56da4e9b794e8026/out -L dependency=/opt/rustwide/target/debug/build/serde_core/b62c7c61f0c8e08b/out -L dependency=/opt/rustwide/target/debug/build/serde_derive/7fab2e977685643c/out -L dependency=/opt/rustwide/target/debug/build/serde_json/e28198d90c58c94f/out -L dependency=/opt/rustwide/target/debug/build/serde_spanned/c34672789b67b547/out -L dependency=/opt/rustwide/target/debug/build/serde_with_macros/8bf1f6f6eff591c8/out -L dependency=/opt/rustwide/target/debug/build/servo_arc/de53fbb145c9fa9d/out -L dependency=/opt/rustwide/target/debug/build/siphasher/aa819ac2f48018bc/out -L dependency=/opt/rustwide/target/debug/build/smallvec/e57fb55f091a7d38/out -L dependency=/opt/rustwide/target/debug/build/stable_deref_trait/d81fc2b2d46dcf54/out -L dependency=/opt/rustwide/target/debug/build/string_cache/1573219c672a0e64/out -L dependency=/opt/rustwide/target/debug/build/tendril/034008c88b9f8d3f/out -L dependency=/opt/rustwide/target/debug/build/thiserror-impl/21f6dde10c58ba0d/out -L dependency=/opt/rustwide/target/debug/build/thiserror-impl/e78f506f1eda1eac/out -L dependency=/opt/rustwide/target/debug/build/thiserror/9ddfd3f904660f5c/out -L dependency=/opt/rustwide/target/debug/build/thiserror/bcdbc5fee9e0ed64/out -L dependency=/opt/rustwide/target/debug/build/time-core/b91db77f271deac3/out -L dependency=/opt/rustwide/target/debug/build/time/96cbf7c939f65406/out -L dependency=/opt/rustwide/target/debug/build/tinystr/fa812e7e259bf93f/out -L dependency=/opt/rustwide/target/debug/build/toml_datetime/475f1db5544993e5/out -L dependency=/opt/rustwide/target/debug/build/toml_parser/839f7f87076a69de/out -L dependency=/opt/rustwide/target/debug/build/toml_writer/5eeab4eab9dd44e0/out -L dependency=/opt/rustwide/target/debug/build/typeid/f6c5209dcac4a7e0/out -L dependency=/opt/rustwide/target/debug/build/unic-char-property/ea84ac061045fd86/out -L dependency=/opt/rustwide/target/debug/build/unic-char-range/4ae1821288fe0c2b/out -L dependency=/opt/rustwide/target/debug/build/unic-common/63f36ac9ac89ddc4/out -L dependency=/opt/rustwide/target/debug/build/unic-ucd-ident/10ac676e6f52378e/out -L dependency=/opt/rustwide/target/debug/build/unic-ucd-version/e78c90bdb72bbab6/out -L dependency=/opt/rustwide/target/debug/build/unicode-ident/69fd460968039056/out -L dependency=/opt/rustwide/target/debug/build/url/aed6c05eae71a5be/out -L dependency=/opt/rustwide/target/debug/build/utf8_iter/fc5f020066d7e891/out -L dependency=/opt/rustwide/target/debug/build/uuid/d0dbde38bbf6011c/out -L dependency=/opt/rustwide/target/debug/build/web_atoms/d13be633ad960158/out -L dependency=/opt/rustwide/target/debug/build/winnow/da8fd241fbeea4fa/out -L dependency=/opt/rustwide/target/debug/build/writeable/c388121e83578feb/out -L dependency=/opt/rustwide/target/debug/build/yoke-derive/2675cd151b22b4ae/out -L dependency=/opt/rustwide/target/debug/build/yoke/80054db9cd8d77fc/out -L dependency=/opt/rustwide/target/debug/build/zerofrom-derive/5b43a6b227c93971/out -L dependency=/opt/rustwide/target/debug/build/zerofrom/4f782711b5a0421c/out -L dependency=/opt/rustwide/target/debug/build/zerotrie/e66ac2f1d5654089/out -L dependency=/opt/rustwide/target/debug/build/zerovec-derive/a279b98cb6881ea4/out -L dependency=/opt/rustwide/target/debug/build/zerovec/f8a9e53f01bb9ddd/out -L dependency=/opt/rustwide/target/debug/build/zmij/cad84720df51c5d8/out --extern anyhow=/opt/rustwide/target/debug/build/anyhow/d7cedbc3585c547c/out/libanyhow-d7cedbc3585c547c.rmeta --extern brotli=/opt/rustwide/target/debug/build/brotli/ff9a8c2956475c16/out/libbrotli-ff9a8c2956475c16.rmeta --extern cargo_metadata=/opt/rustwide/target/debug/build/cargo_metadata/677e38e9da71eaf9/out/libcargo_metadata-677e38e9da71eaf9.rmeta --extern ctor=/opt/rustwide/target/debug/build/ctor/1bb0d6b035b2aa66/out/libctor-1bb0d6b035b2aa66.rmeta --extern dom_query=/opt/rustwide/target/debug/build/dom_query/7d2720418cec5fce/out/libdom_query-7d2720418cec5fce.rmeta --extern dunce=/opt/rustwide/target/debug/build/dunce/5ee58d73dc6132df/out/libdunce-5ee58d73dc6132df.rmeta --extern glob=/opt/rustwide/target/debug/build/glob/2cb08d94636e3704/out/libglob-2cb08d94636e3704.rmeta --extern http=/opt/rustwide/target/debug/build/http/b3f356f101b1a1ef/out/libhttp-b3f356f101b1a1ef.rmeta --extern infer=/opt/rustwide/target/debug/build/infer/c1ae8a7fa1bec3cc/out/libinfer-c1ae8a7fa1bec3cc.rmeta --extern json_patch=/opt/rustwide/target/debug/build/json-patch/a4bb45d3a0930edb/out/libjson_patch-a4bb45d3a0930edb.rmeta --extern log=/opt/rustwide/target/debug/build/log/12c20f4eb1287a82/out/liblog-12c20f4eb1287a82.rmeta --extern memchr=/opt/rustwide/target/debug/build/memchr/f66fc20702c794bf/out/libmemchr-f66fc20702c794bf.rmeta --extern phf=/opt/rustwide/target/debug/build/phf/f5c63aa95868c885/out/libphf-f5c63aa95868c885.rmeta --extern plist=/opt/rustwide/target/debug/build/plist/f508ca61e87d551d/out/libplist-f508ca61e87d551d.rmeta --extern proc_macro2=/opt/rustwide/target/debug/build/proc-macro2/62e2d13e47da04c7/out/libproc_macro2-62e2d13e47da04c7.rmeta --extern quote=/opt/rustwide/target/debug/build/quote/1d2e640ead5fa3d4/out/libquote-1d2e640ead5fa3d4.rmeta --extern regex=/opt/rustwide/target/debug/build/regex/6d10abbc1d0da56e/out/libregex-6d10abbc1d0da56e.rmeta --extern schemars=/opt/rustwide/target/debug/build/schemars/194038c4089b8b0c/out/libschemars-194038c4089b8b0c.rmeta --extern semver=/opt/rustwide/target/debug/build/semver/85a518e9fbb6615c/out/libsemver-85a518e9fbb6615c.rmeta --extern serde=/opt/rustwide/target/debug/build/serde/56da4e9b794e8026/out/libserde-56da4e9b794e8026.rmeta --extern serde_untagged=/opt/rustwide/target/debug/build/serde-untagged/73d77839204fe042/out/libserde_untagged-73d77839204fe042.rmeta --extern serde_json=/opt/rustwide/target/debug/build/serde_json/e28198d90c58c94f/out/libserde_json-e28198d90c58c94f.rmeta --extern serde_with=/opt/rustwide/target/debug/build/serde_with/ab84341176757388/out/libserde_with-ab84341176757388.rmeta --extern thiserror=/opt/rustwide/target/debug/build/thiserror/9ddfd3f904660f5c/out/libthiserror-9ddfd3f904660f5c.rmeta --extern toml=/opt/rustwide/target/debug/build/toml/f8969cf1cecca08b/out/libtoml-f8969cf1cecca08b.rmeta --extern url=/opt/rustwide/target/debug/build/url/aed6c05eae71a5be/out/liburl-aed6c05eae71a5be.rmeta --extern urlpattern=/opt/rustwide/target/debug/build/urlpattern/012ff479a4f2a7c0/out/liburlpattern-012ff479a4f2a7c0.rmeta --extern uuid=/opt/rustwide/target/debug/build/uuid/d0dbde38bbf6011c/out/libuuid-d0dbde38bbf6011c.rmeta --extern walkdir=/opt/rustwide/target/debug/build/walkdir/4ef8431ecd05d17a/out/libwalkdir-4ef8431ecd05d17a.rmeta --cap-lints allow --cap-lints=forbid -Znext-solver=coherence --force-warn=unused_crate_dependencies` (signal: 9, SIGKILL: kill)
[INFO] [stdout] For more information about this error, try `rustc --explain E0425`.
[INFO] [stdout] 
[INFO] [stderr] error: could not compile `windows-future` (lib) due to 16 previous errors
[INFO] [stderr] warning: unused dependency `anyhow`
[INFO] [stderr]   --> crates/tenacity-engine/Cargo.toml:16:1
[INFO] [stderr]    |
[INFO] [stderr] 16 | anyhow = { workspace = true }
[INFO] [stderr]    | ^^^^^^^^^^^^^^^^^^^^^^^^^^^^^
[INFO] [stderr]    |
[INFO] [stderr]    = note: `cargo::unused_dependencies` is set to `warn` by default
[INFO] [stderr] help: consider removing the dependency on `anyhow`
[INFO] [stderr] warning: unused dependency `tracing`
[INFO] [stderr]   --> crates/tenacity-engine/Cargo.toml:19:1
[INFO] [stderr]    |
[INFO] [stderr] 19 | tracing = { workspace = true }
[INFO] [stderr]    | ^^^^^^^^^^^^^^^^^^^^^^^^^^^^^^
[INFO] [stderr]    |
[INFO] [stderr] help: consider removing the dependency on `tracing`
[INFO] [stderr] warning: `tenacity-engine` (manifest) generated 2 warnings
[INFO] running `Command { std: "docker" "inspect" "bba08a0bd3bd899889d54d507b189fa8b767a05550ddc8fbfda8dd85307ff4c3", kill_on_drop: false }`
[INFO] running `Command { std: "docker" "rm" "-f" "bba08a0bd3bd899889d54d507b189fa8b767a05550ddc8fbfda8dd85307ff4c3", kill_on_drop: false }`
[INFO] [stdout] bba08a0bd3bd899889d54d507b189fa8b767a05550ddc8fbfda8dd85307ff4c3
