[INFO] cloning repository https://github.com/ArthurTerra-ops/wallet_live
[INFO] running `Command { std: "git" "-c" "credential.helper=" "-c" "credential.helper=/workspace/cargo-home/bin/git-credential-null" "clone" "--bare" "https://github.com/ArthurTerra-ops/wallet_live" "/workspace/cache/git-repos/https%3A%2F%2Fgithub.com%2FArthurTerra-ops%2Fwallet_live", kill_on_drop: false }`
[INFO] [stderr] Cloning into bare repository '/workspace/cache/git-repos/https%3A%2F%2Fgithub.com%2FArthurTerra-ops%2Fwallet_live'...
[INFO] running `Command { std: "git" "rev-parse" "HEAD", kill_on_drop: false }`
[INFO] [stdout] de065577b95ddc2bac38aea220e78e0d8856752a
[INFO] checking ArthurTerra-ops/wallet_live against 3154cc1a3e6424e44f438a95007d043ed5ceaaf6+rustflags=-Znext-solver=coherence for pr-133502-30
[INFO] running `Command { std: "git" "clone" "/workspace/cache/git-repos/https%3A%2F%2Fgithub.com%2FArthurTerra-ops%2Fwallet_live" "/workspace/builds/worker-5-tc1/source", kill_on_drop: false }`
[INFO] [stderr] Cloning into '/workspace/builds/worker-5-tc1/source'...
[INFO] [stderr] done.
[INFO] started tweaking git repo https://github.com/ArthurTerra-ops/wallet_live
[INFO] finished tweaking git repo https://github.com/ArthurTerra-ops/wallet_live
[INFO] tweaked toml for git repo https://github.com/ArthurTerra-ops/wallet_live written to /workspace/builds/worker-5-tc1/source/Cargo.toml
[INFO] validating manifest of git repo https://github.com/ArthurTerra-ops/wallet_live on toolchain 3154cc1a3e6424e44f438a95007d043ed5ceaaf6
[INFO] running `Command { std: CARGO_HOME="/workspace/cargo-home" RUSTUP_HOME="/workspace/rustup-home" "/workspace/cargo-home/bin/cargo" "+3154cc1a3e6424e44f438a95007d043ed5ceaaf6" "metadata" "--manifest-path" "Cargo.toml" "--no-deps", kill_on_drop: false }`
[INFO] crate git repo https://github.com/ArthurTerra-ops/wallet_live already has a lockfile, it will not be regenerated
[INFO] running `Command { std: CARGO_HOME="/workspace/cargo-home" RUSTUP_HOME="/workspace/rustup-home" "/workspace/cargo-home/bin/cargo" "+3154cc1a3e6424e44f438a95007d043ed5ceaaf6" "fetch" "--manifest-path" "Cargo.toml", kill_on_drop: false }`
[INFO] [stderr]     Updating crates.io index
[INFO] [stderr]  Downloading crates ...
[INFO] [stderr]   Downloaded password-auth v1.0.0
[INFO] [stderr]   Downloaded cpubits v0.1.0
[INFO] [stderr]   Downloaded aes v0.9.0-rc.4
[INFO] [stderr]   Downloaded ct-codecs v1.1.6
[INFO] [stderr]   Downloaded ed25519-compact v2.2.0
[INFO] [stderr]   Downloaded jwt-simple v0.12.14
[INFO] [stderr]   Downloaded hybrid-array v0.4.8
[INFO] [stderr]   Downloaded superboring v0.1.7
[INFO] [stderr]   Downloaded insta v1.47.0
[INFO] [stderr]   Downloaded axum-extra v0.12.5
[INFO] running `Command { std: "docker" "create" "-v" "/var/lib/crater-agent-workspace/builds/worker-5-tc1/source:/opt/rustwide/workdir:ro,Z" "-v" "/var/lib/crater-agent-workspace/builds/worker-5-tc1/target:/opt/rustwide/target:rw,Z" "-v" "/var/lib/crater-agent-workspace/cargo-home:/opt/rustwide/cargo-home:ro,Z" "-v" "/var/lib/crater-agent-workspace/rustup-home:/opt/rustwide/rustup-home:ro,Z" "-m" "1610612736" "--network" "none" "ghcr.io/rust-lang/crates-build-env/linux@sha256:77db811e55d90add9212f6832c23229e3de5f1c1f9905e8cb07319ea15df73ac" "sleep" "infinity", kill_on_drop: false }`
[INFO] [stdout] 1cf2ec17a17116ecfc625a33a3fe882ebcde4af1823512c0ca0696bec3cf1ed8
[INFO] running `Command { std: "docker" "start" "1cf2ec17a17116ecfc625a33a3fe882ebcde4af1823512c0ca0696bec3cf1ed8", kill_on_drop: false }`
[INFO] running `Command { std: "docker" "inspect" "1cf2ec17a17116ecfc625a33a3fe882ebcde4af1823512c0ca0696bec3cf1ed8", kill_on_drop: false }`
[INFO] running `Command { std: "docker" "exec" "-e" "SOURCE_DIR=/opt/rustwide/workdir" "-e" "CARGO_HOME=/opt/rustwide/cargo-home" "-e" "RUSTUP_HOME=/opt/rustwide/rustup-home" "-e" "CARGO_TARGET_DIR=/opt/rustwide/target" "-w" "/opt/rustwide/workdir" "--user" "0:0" "1cf2ec17a17116ecfc625a33a3fe882ebcde4af1823512c0ca0696bec3cf1ed8" "/opt/rustwide/cargo-home/bin/cargo" "+3154cc1a3e6424e44f438a95007d043ed5ceaaf6" "metadata" "--no-deps" "--format-version=1", kill_on_drop: false }`
[INFO] running `Command { std: "docker" "inspect" "1cf2ec17a17116ecfc625a33a3fe882ebcde4af1823512c0ca0696bec3cf1ed8", kill_on_drop: false }`
[INFO] running `Command { std: "docker" "exec" "-e" "SOURCE_DIR=/opt/rustwide/workdir" "-e" "CARGO_HOME=/opt/rustwide/cargo-home" "-e" "RUSTUP_HOME=/opt/rustwide/rustup-home" "-e" "CARGO_TARGET_DIR=/opt/rustwide/target" "-e" "CARGO_INCREMENTAL=0" "-e" "RUST_BACKTRACE=full" "-e" "RUSTFLAGS=--cap-lints=forbid -Znext-solver=coherence" "-e" "RUSTDOCFLAGS=--cap-lints=forbid" "-w" "/opt/rustwide/workdir" "--user" "0:0" "1cf2ec17a17116ecfc625a33a3fe882ebcde4af1823512c0ca0696bec3cf1ed8" "/opt/rustwide/cargo-home/bin/cargo" "+3154cc1a3e6424e44f438a95007d043ed5ceaaf6" "check" "--frozen" "--all" "--all-targets" "--message-format=json", kill_on_drop: false }`
[INFO] [stderr]    Compiling libc v0.2.183
[INFO] [stderr]    Compiling zerocopy v0.8.47
[INFO] [stderr]     Checking generic-array v0.14.7
[INFO] [stderr]     Checking der v0.7.10
[INFO] [stderr]    Compiling serde_json v1.0.149
[INFO] [stderr]    Compiling num-traits v0.2.19
[INFO] [stderr]     Checking tracing v0.1.44
[INFO] [stderr]    Compiling zerofrom v0.1.6
[INFO] [stderr]    Compiling time-macros v0.2.27
[INFO] [stderr]    Compiling crypto-common v0.1.7
[INFO] [stderr]    Compiling tokio-macros v2.6.1
[INFO] [stderr]     Checking futures-sink v0.3.32
[INFO] [stderr]     Checking tinystr v0.8.2
[INFO] [stderr]     Checking zerotrie v0.2.3
[INFO] [stderr]     Checking icu_collections v2.1.1
[INFO] [stderr]    Compiling crossbeam-utils v0.8.21
[INFO] [stderr]    Compiling digest v0.10.7
[INFO] [stderr]    Compiling yoke v0.8.1
[INFO] [stderr]     Checking hybrid-array v0.4.8
[INFO] [stderr]     Checking futures-util v0.3.32
[INFO] [stderr]    Compiling hashbrown v0.15.5
[INFO] [stderr]     Checking icu_locale_core v2.1.1
[INFO] [stderr]    Compiling zerovec v0.11.5
[INFO] [stderr]     Checking icu_provider v2.1.1
[INFO] [stderr]    Compiling concurrent-queue v2.5.0
[INFO] [stderr]     Checking block-buffer v0.10.4
[INFO] [stderr]     Checking inout v0.1.4
[INFO] [stderr]    Compiling deranged v0.5.8
[INFO] [stderr]     Checking futures-channel v0.3.32
[INFO] [stderr]    Compiling crc-catalog v2.4.0
[INFO] [stderr]     Checking spki v0.7.3
[INFO] [stderr]    Compiling event-listener v5.4.1
[INFO] [stderr]     Checking icu_properties v2.1.2
[INFO] [stderr]     Checking icu_normalizer v2.1.1
[INFO] [stderr]     Checking num-integer v0.1.46
[INFO] [stderr]     Checking pkcs8 v0.10.2
[INFO] [stderr]    Compiling crc v3.4.0
[INFO] [stderr]    Compiling sha2 v0.10.9
[INFO] [stderr]     Checking sec1 v0.7.3
[INFO] [stderr]    Compiling hashlink v0.10.0
[INFO] [stderr]    Compiling potential_utf v0.1.4
[INFO] [stderr]     Checking inout v0.2.2
[INFO] [stderr]     Checking crypto-common v0.2.1
[INFO] [stderr]    Compiling crossbeam-queue v0.3.12
[INFO] [stderr]    Compiling hmac v0.12.1
[INFO] [stderr]    Compiling thiserror v2.0.18
[INFO] [stderr]    Compiling either v1.15.0
[INFO] [stderr]    Compiling mio v1.2.0
[INFO] [stderr]    Compiling getrandom v0.2.17
[INFO] [stderr]    Compiling socket2 v0.6.3
[INFO] [stderr]    Compiling parking_lot_core v0.9.12
[INFO] [stderr]     Checking rand_core v0.6.4
[INFO] [stderr]     Checking ff v0.13.1
[INFO] [stderr]     Checking crypto-bigint v0.5.5
[INFO] [stderr]     Checking group v0.13.0
[INFO] [stderr]    Compiling parking_lot v0.12.5
[INFO] [stderr]    Compiling tokio v1.50.0
[INFO] [stderr]     Checking universal-hash v0.5.1
[INFO] [stderr]    Compiling futures-intrusive v0.5.0
[INFO] [stderr]     Checking cipher v0.4.4
[INFO] [stderr]     Checking idna_adapter v1.2.1
[INFO] [stderr]     Checking hkdf v0.12.4
[INFO] [stderr]     Checking signature v2.2.0
[INFO] [stderr]     Checking rfc6979 v0.4.0
[INFO] [stderr]     Checking time v0.3.47
[INFO] [stderr]    Compiling base64 v0.22.1
[INFO] [stderr]     Checking polyval v0.6.2
[INFO] [stderr]     Checking idna v1.1.0
[INFO] [stderr]     Checking elliptic-curve v0.13.8
[INFO] [stderr]     Checking cipher v0.5.1
[INFO] [stderr]     Checking ecdsa v0.16.9
[INFO] [stderr]     Checking num-iter v0.1.45
[INFO] [stderr]    Compiling md-5 v0.10.6
[INFO] [stderr]    Compiling winnow v1.0.0
[INFO] [stderr]     Checking tracing-log v0.2.0
[INFO] [stderr]    Compiling bitflags v2.11.0
[INFO] [stderr]    Compiling whoami v1.6.1
[INFO] [stderr]     Checking sync_wrapper v1.0.2
[INFO] [stderr]    Compiling owo-colors v4.3.0
[INFO] [stderr]     Checking cpubits v0.1.0
[INFO] [stderr]     Checking tracing-subscriber v0.3.23
[INFO] [stderr]     Checking aes v0.9.0-rc.4
[INFO] [stderr]     Checking primeorder v0.13.6
[INFO] [stderr]     Checking url v2.5.8
[INFO] [stderr]     Checking ghash v0.5.1
[INFO] [stderr]     Checking ctr v0.9.2
[INFO] [stderr]     Checking aes v0.8.4
[INFO] [stderr]     Checking aead v0.5.2
[INFO] [stderr]     Checking pkcs1 v0.7.5
[INFO] [stderr]    Compiling basic-toml v0.1.10
[INFO] [stderr]    Compiling cookie v0.18.1
[INFO] [stderr]    Compiling getrandom v0.4.2
[INFO] [stderr]     Checking axum-core v0.5.6
[INFO] [stderr]     Checking aes-keywrap v0.9.0
[INFO] [stderr]     Checking getrandom v0.3.4
[INFO] [stderr]     Checking object v0.37.3
[INFO] [stderr]     Checking tracing-error v0.2.1
[INFO] [stderr]     Checking hmac-sha512 v1.1.12
[INFO] [stderr]     Checking blake2 v0.10.6
[INFO] [stderr]     Checking hmac-sha256 v1.1.14
[INFO] [stderr]     Checking password-hash v0.5.0
[INFO] [stderr]     Checking aes-gcm v0.10.3
[INFO] [stderr]     Checking atoi v2.0.0
[INFO] [stderr]    Compiling axum-macros v0.5.0
[INFO] [stderr]     Checking ct-codecs v1.1.6
[INFO] [stderr]     Checking rustc-demangle v0.1.27
[INFO] [stderr]     Checking blake2b_simd v1.0.4
[INFO] [stderr]     Checking eyre v0.6.12
[INFO] [stderr]     Checking ed25519-compact v2.2.0
[INFO] [stderr]     Checking argon2 v0.5.3
[INFO] [stderr]     Checking color-spantrace v0.3.0
[INFO] [stderr]     Checking p384 v0.13.1
[INFO] [stderr]     Checking p256 v0.13.2
[INFO] [stderr]     Checking k256 v0.13.4
[INFO] [stderr]     Checking coarsetime v0.1.37
[INFO] [stderr]     Checking hmac-sha1-compact v1.1.7
[INFO] [stderr]     Checking binstring v0.1.7
[INFO] [stderr]     Checking tempfile v3.27.0
[INFO] [stderr]     Checking password-auth v1.0.0
[INFO] [stderr]     Checking console v0.16.3
[INFO] [stderr]    Compiling askama_parser v0.15.6
[INFO] [stderr]     Checking insta v1.47.0
[INFO] [stderr]     Checking tokio-stream v0.1.18
[INFO] [stderr]     Checking hyper v1.8.1
[INFO] [stderr]     Checking tower v0.5.3
[INFO] [stderr]     Checking ppv-lite86 v0.2.21
[INFO] [stderr]     Checking rand_chacha v0.3.1
[INFO] [stderr]     Checking sqlx-core v0.8.6
[INFO] [stderr]     Checking hyper-util v0.1.20
[INFO] [stderr]     Checking rand v0.8.5
[INFO] [stderr]     Checking axum v0.8.8
[INFO] [stderr]     Checking num-bigint-dig v0.8.6
[INFO] [stderr]     Checking rsa v0.9.10
[INFO] [stderr]     Checking superboring v0.1.7
[INFO] [stderr]     Checking jwt-simple v0.12.14
[INFO] [stderr]     Checking backtrace v0.3.76
[INFO] [stderr]     Checking sqlx-postgres v0.8.6
[INFO] [stderr]     Checking color-eyre v0.6.5
[INFO] [stderr]    Compiling askama_derive v0.15.6
[INFO] [stderr]     Checking axum-extra v0.12.5
[INFO] [stderr]    Compiling askama_macros v0.15.6
[INFO] [stderr]     Checking askama v0.15.6
[INFO] [stderr]    Compiling sqlx-macros-core v0.8.6
[INFO] [stderr]    Compiling sqlx-macros v0.8.6
[INFO] [stderr]     Checking sqlx v0.8.6
[INFO] [stderr]     Checking wallet-live v0.1.0 (/opt/rustwide/workdir)
[INFO] [stdout] error: error communicating with database: Connection refused (os error 111)
[INFO] [stdout]   --> src/repository.rs:18:9
[INFO] [stdout]    |
[INFO] [stdout] 18 | /         sqlx::query_as!(
[INFO] [stdout] 19 | |             Asset,
[INFO] [stdout] 20 | |             "SELECT id, name, unit_value
[INFO] [stdout] 21 | |              FROM assets;"
[INFO] [stdout] 22 | |         )
[INFO] [stdout]    | |_________^
[INFO] [stdout]    |
[INFO] [stdout]    = note: this error originates in the macro `$crate::sqlx_macros::expand_query` which comes from the expansion of the macro `sqlx::query_as` (in Nightly builds, run with -Z macro-backtrace for more info)
[INFO] [stdout] 
[INFO] [stdout] 
[INFO] [stdout] error: error communicating with database: Connection refused (os error 111)
[INFO] [stdout]   --> src/repository.rs:18:9
[INFO] [stdout]    |
[INFO] [stdout] 18 | /         sqlx::query_as!(
[INFO] [stdout] 19 | |             Asset,
[INFO] [stdout] 20 | |             "SELECT id, name, unit_value
[INFO] [stdout] 21 | |              FROM assets;"
[INFO] [stdout] 22 | |         )
[INFO] [stdout]    | |_________^
[INFO] [stdout]    |
[INFO] [stdout]    = note: this error originates in the macro `$crate::sqlx_macros::expand_query` which comes from the expansion of the macro `sqlx::query_as` (in Nightly builds, run with -Z macro-backtrace for more info)
[INFO] [stdout] 
[INFO] [stdout] 
[INFO] [stdout] error: error communicating with database: Connection refused (os error 111)
[INFO] [stdout]   --> src/repository.rs:28:9
[INFO] [stdout]    |
[INFO] [stdout] 28 | /         sqlx::query_as!(
[INFO] [stdout] 29 | |             Asset,
[INFO] [stdout] 30 | |             "INSERT INTO assets (name, unit_value)
[INFO] [stdout] 31 | |              VALUES ($1, $2)
[INFO] [stdout] ...  |
[INFO] [stdout] 34 | |             unit_value
[INFO] [stdout] 35 | |         )
[INFO] [stdout]    | |_________^
[INFO] [stdout]    |
[INFO] [stdout]    = note: this error originates in the macro `$crate::sqlx_macros::expand_query` which comes from the expansion of the macro `sqlx::query_as` (in Nightly builds, run with -Z macro-backtrace for more info)
[INFO] [stdout] 
[INFO] [stdout] 
[INFO] [stdout] error: error communicating with database: Connection refused (os error 111)
[INFO] [stdout]   --> src/repository.rs:28:9
[INFO] [stdout]    |
[INFO] [stdout] 28 | /         sqlx::query_as!(
[INFO] [stdout] 29 | |             Asset,
[INFO] [stdout] 30 | |             "INSERT INTO assets (name, unit_value)
[INFO] [stdout] 31 | |              VALUES ($1, $2)
[INFO] [stdout] ...  |
[INFO] [stdout] 34 | |             unit_value
[INFO] [stdout] 35 | |         )
[INFO] [stdout]    | |_________^
[INFO] [stdout]    |
[INFO] [stdout]    = note: this error originates in the macro `$crate::sqlx_macros::expand_query` which comes from the expansion of the macro `sqlx::query_as` (in Nightly builds, run with -Z macro-backtrace for more info)
[INFO] [stdout] 
[INFO] [stdout] 
[INFO] [stdout] error: error communicating with database: Connection refused (os error 111)
[INFO] [stdout]   --> src/repository.rs:46:9
[INFO] [stdout]    |
[INFO] [stdout] 46 | /         sqlx::query_as!(
[INFO] [stdout] 47 | |             Asset,
[INFO] [stdout] 48 | |             "UPDATE assets
[INFO] [stdout] 49 | |              SET name=COALESCE($2, name),
[INFO] [stdout] ...  |
[INFO] [stdout] 55 | |             unit_value
[INFO] [stdout] 56 | |         )
[INFO] [stdout]    | |_________^
[INFO] [stdout]    |
[INFO] [stdout]    = note: this error originates in the macro `$crate::sqlx_macros::expand_query` which comes from the expansion of the macro `sqlx::query_as` (in Nightly builds, run with -Z macro-backtrace for more info)
[INFO] [stdout] 
[INFO] [stdout] 
[INFO] [stdout] error: error communicating with database: Connection refused (os error 111)
[INFO] [stdout]   --> src/repository.rs:62:9
[INFO] [stdout]    |
[INFO] [stdout] 62 | /         sqlx::query_as!(
[INFO] [stdout] 63 | |             UserRecord,
[INFO] [stdout] 64 | |             "INSERT INTO users (username, password_hash)
[INFO] [stdout] 65 | |              VALUES ($1, $2)
[INFO] [stdout] ...  |
[INFO] [stdout] 68 | |             password_hash,
[INFO] [stdout] 69 | |         )
[INFO] [stdout]    | |_________^
[INFO] [stdout]    |
[INFO] [stdout]    = note: this error originates in the macro `$crate::sqlx_macros::expand_query` which comes from the expansion of the macro `sqlx::query_as` (in Nightly builds, run with -Z macro-backtrace for more info)
[INFO] [stdout] 
[INFO] [stdout] 
[INFO] [stdout] error: error communicating with database: Connection refused (os error 111)
[INFO] [stdout]   --> src/repository.rs:75:9
[INFO] [stdout]    |
[INFO] [stdout] 75 | /         sqlx::query_as!(
[INFO] [stdout] 76 | |             UserRecord,
[INFO] [stdout] 77 | |             "SELECT id, username, password_hash
[INFO] [stdout] 78 | |              FROM users
[INFO] [stdout] 79 | |              WHERE username = $1;",
[INFO] [stdout] 80 | |             username
[INFO] [stdout] 81 | |         )
[INFO] [stdout]    | |_________^
[INFO] [stdout]    |
[INFO] [stdout]    = note: this error originates in the macro `$crate::sqlx_macros::expand_query` which comes from the expansion of the macro `sqlx::query_as` (in Nightly builds, run with -Z macro-backtrace for more info)
[INFO] [stdout] 
[INFO] [stdout] 
[INFO] [stdout] error: error communicating with database: Connection refused (os error 111)
[INFO] [stdout]    --> src/repository.rs:147:5
[INFO] [stdout]     |
[INFO] [stdout] 147 | /     sqlx::query_as!(
[INFO] [stdout] 148 | |         UserRecord,
[INFO] [stdout] 149 | |         r#"UPDATE users
[INFO] [stdout] 150 | |            SET username = COALESCE($2, username),
[INFO] [stdout] ...   |
[INFO] [stdout] 156 | |         payload.password_hash
[INFO] [stdout] 157 | |     )
[INFO] [stdout]     | |_____^
[INFO] [stdout]     |
[INFO] [stdout]     = note: this error originates in the macro `$crate::sqlx_macros::expand_query` which comes from the expansion of the macro `sqlx::query_as` (in Nightly builds, run with -Z macro-backtrace for more info)
[INFO] [stdout] 
[INFO] [stdout] 
[INFO] [stdout] error: error communicating with database: Connection refused (os error 111)
[INFO] [stdout]   --> src/repository.rs:46:9
[INFO] [stdout]    |
[INFO] [stdout] 46 | /         sqlx::query_as!(
[INFO] [stdout] 47 | |             Asset,
[INFO] [stdout] 48 | |             "UPDATE assets
[INFO] [stdout] 49 | |              SET name=COALESCE($2, name),
[INFO] [stdout] ...  |
[INFO] [stdout] 55 | |             unit_value
[INFO] [stdout] 56 | |         )
[INFO] [stdout]    | |_________^
[INFO] [stdout]    |
[INFO] [stdout]    = note: this error originates in the macro `$crate::sqlx_macros::expand_query` which comes from the expansion of the macro `sqlx::query_as` (in Nightly builds, run with -Z macro-backtrace for more info)
[INFO] [stdout] 
[INFO] [stdout] 
[INFO] [stdout] error: error communicating with database: Connection refused (os error 111)
[INFO] [stdout]   --> src/repository.rs:62:9
[INFO] [stdout]    |
[INFO] [stdout] 62 | /         sqlx::query_as!(
[INFO] [stdout] 63 | |             UserRecord,
[INFO] [stdout] 64 | |             "INSERT INTO users (username, password_hash)
[INFO] [stdout] 65 | |              VALUES ($1, $2)
[INFO] [stdout] ...  |
[INFO] [stdout] 68 | |             password_hash,
[INFO] [stdout] 69 | |         )
[INFO] [stdout]    | |_________^
[INFO] [stdout]    |
[INFO] [stdout]    = note: this error originates in the macro `$crate::sqlx_macros::expand_query` which comes from the expansion of the macro `sqlx::query_as` (in Nightly builds, run with -Z macro-backtrace for more info)
[INFO] [stdout] 
[INFO] [stdout] 
[INFO] [stdout] error: error communicating with database: Connection refused (os error 111)
[INFO] [stdout]   --> src/repository.rs:75:9
[INFO] [stdout]    |
[INFO] [stdout] 75 | /         sqlx::query_as!(
[INFO] [stdout] 76 | |             UserRecord,
[INFO] [stdout] 77 | |             "SELECT id, username, password_hash
[INFO] [stdout] 78 | |              FROM users
[INFO] [stdout] 79 | |              WHERE username = $1;",
[INFO] [stdout] 80 | |             username
[INFO] [stdout] 81 | |         )
[INFO] [stdout]    | |_________^
[INFO] [stdout]    |
[INFO] [stdout]    = note: this error originates in the macro `$crate::sqlx_macros::expand_query` which comes from the expansion of the macro `sqlx::query_as` (in Nightly builds, run with -Z macro-backtrace for more info)
[INFO] [stdout] 
[INFO] [stdout] 
[INFO] [stdout] error: error communicating with database: Connection refused (os error 111)
[INFO] [stdout]    --> src/repository.rs:147:5
[INFO] [stdout]     |
[INFO] [stdout] 147 | /     sqlx::query_as!(
[INFO] [stdout] 148 | |         UserRecord,
[INFO] [stdout] 149 | |         r#"UPDATE users
[INFO] [stdout] 150 | |            SET username = COALESCE($2, username),
[INFO] [stdout] ...   |
[INFO] [stdout] 156 | |         payload.password_hash
[INFO] [stdout] 157 | |     )
[INFO] [stdout]     | |_____^
[INFO] [stdout]     |
[INFO] [stdout]     = note: this error originates in the macro `$crate::sqlx_macros::expand_query` which comes from the expansion of the macro `sqlx::query_as` (in Nightly builds, run with -Z macro-backtrace for more info)
[INFO] [stdout] 
[INFO] [stdout] 
[INFO] [stdout] warning: unused import: `types::Json`
[INFO] [stdout]  --> src/models.rs:2:30
[INFO] [stdout]   |
[INFO] [stdout] 2 | use sqlx::{prelude::FromRow, types::Json};
[INFO] [stdout]   |                              ^^^^^^^^^^^
[INFO] [stdout]   |
[INFO] [stdout]   = note: `#[warn(unused_imports)]` (part of `#[warn(unused)]`) on by default
[INFO] [stdout] 
[INFO] [stdout] 
[INFO] [stdout] warning: unused import: `http::StatusCode`
[INFO] [stdout]  --> src/routes/api.rs:1:64
[INFO] [stdout]   |
[INFO] [stdout] 1 | use axum::{Json, Router, routing::get, extract::{Path, State}, http::StatusCode};
[INFO] [stdout]   |                                                                ^^^^^^^^^^^^^^^^
[INFO] [stdout] 
[INFO] [stdout] 
[INFO] [stdout] warning: unused import: `error::AppError::*`
[INFO] [stdout]  --> src/routes/api.rs:7:5
[INFO] [stdout]   |
[INFO] [stdout] 7 |     error::AppError::*,
[INFO] [stdout]   |     ^^^^^^^^^^^^^^^^^^
[INFO] [stdout] 
[INFO] [stdout] 
[INFO] [stdout] warning: unused import: `post`
[INFO] [stdout]  --> src/routes/frontend.rs:5:20
[INFO] [stdout]   |
[INFO] [stdout] 5 |     routing::{get, post},
[INFO] [stdout]   |                    ^^^^
[INFO] [stdout] 
[INFO] [stdout] 
[INFO] [stdout] warning: unused import: `PurchaseHistoryRecord`
[INFO] [stdout]  --> src/repository.rs:8:51
[INFO] [stdout]   |
[INFO] [stdout] 8 |     models::{Asset, UserRecord, OwnedAssetRecord, PurchaseHistoryRecord, UpdateUserPayload},
[INFO] [stdout]   |                                                   ^^^^^^^^^^^^^^^^^^^^^
[INFO] [stdout] 
[INFO] [stdout] 
[INFO] [stdout] warning: unused import: `sqlx::types::Json`
[INFO] [stdout]   --> src/repository.rs:10:5
[INFO] [stdout]    |
[INFO] [stdout] 10 | use sqlx::types::Json;
[INFO] [stdout]    |     ^^^^^^^^^^^^^^^^^
[INFO] [stdout] 
[INFO] [stdout] 
[INFO] [stdout] warning: unused import: `types::Json`
[INFO] [stdout]  --> src/models.rs:2:30
[INFO] [stdout]   |
[INFO] [stdout] 2 | use sqlx::{prelude::FromRow, types::Json};
[INFO] [stdout]   |                              ^^^^^^^^^^^
[INFO] [stdout]   |
[INFO] [stdout]   = note: `#[warn(unused_imports)]` (part of `#[warn(unused)]`) on by default
[INFO] [stdout] 
[INFO] [stdout] 
[INFO] [stdout] warning: unused import: `http::StatusCode`
[INFO] [stdout]  --> src/routes/api.rs:1:64
[INFO] [stdout]   |
[INFO] [stdout] 1 | use axum::{Json, Router, routing::get, extract::{Path, State}, http::StatusCode};
[INFO] [stdout]   |                                                                ^^^^^^^^^^^^^^^^
[INFO] [stdout] 
[INFO] [stdout] 
[INFO] [stdout] warning: unused import: `error::AppError::*`
[INFO] [stdout]  --> src/routes/api.rs:7:5
[INFO] [stdout]   |
[INFO] [stdout] 7 |     error::AppError::*,
[INFO] [stdout]   |     ^^^^^^^^^^^^^^^^^^
[INFO] [stdout] 
[INFO] [stdout] 
[INFO] [stdout] warning: unused import: `post`
[INFO] [stdout]  --> src/routes/frontend.rs:5:20
[INFO] [stdout]   |
[INFO] [stdout] 5 |     routing::{get, post},
[INFO] [stdout]   |                    ^^^^
[INFO] [stdout] 
[INFO] [stdout] 
[INFO] [stdout] warning: unused import: `PurchaseHistoryRecord`
[INFO] [stdout]  --> src/repository.rs:8:51
[INFO] [stdout]   |
[INFO] [stdout] 8 |     models::{Asset, UserRecord, OwnedAssetRecord, PurchaseHistoryRecord, UpdateUserPayload},
[INFO] [stdout]   |                                                   ^^^^^^^^^^^^^^^^^^^^^
[INFO] [stdout] 
[INFO] [stdout] 
[INFO] [stdout] warning: unused import: `sqlx::types::Json`
[INFO] [stdout]   --> src/repository.rs:10:5
[INFO] [stdout]    |
[INFO] [stdout] 10 | use sqlx::types::Json;
[INFO] [stdout]    |     ^^^^^^^^^^^^^^^^^
[INFO] [stdout] 
[INFO] [stdout] 
[INFO] [stderr] error: could not compile `wallet-live` (bin "wallet-live") due to 6 previous errors; 6 warnings emitted
[INFO] [stderr] warning: build failed, waiting for other jobs to finish...
[INFO] [stderr] error: could not compile `wallet-live` (bin "wallet-live" test) due to 6 previous errors; 6 warnings emitted
[INFO] running `Command { std: "docker" "inspect" "1cf2ec17a17116ecfc625a33a3fe882ebcde4af1823512c0ca0696bec3cf1ed8", kill_on_drop: false }`
[INFO] running `Command { std: "docker" "rm" "-f" "1cf2ec17a17116ecfc625a33a3fe882ebcde4af1823512c0ca0696bec3cf1ed8", kill_on_drop: false }`
[INFO] [stdout] 1cf2ec17a17116ecfc625a33a3fe882ebcde4af1823512c0ca0696bec3cf1ed8
